2025-10-06 00:38:33.684 130554 DEBUG oslo_service.service [req-579d205c-0932-4a09-a96e-df51bd03e268 - - - - -] api.vendordata_dynamic_read_timeout = 5 log_opt_values /usr/lib/python3/dist-packages/oslo_config/cfg.py:2609
2025-10-06 00:38:33.684 130554 DEBUG oslo_service.service [req-579d205c-0932-4a09-a96e-df51bd03e268 - - - - -] api.vendordata_dynamic_ssl_certfile = log_opt_values /usr/lib/python3/dist-packages/oslo_config/cfg.py:2609
2025-10-06 00:38:33.685 130554 DEBUG oslo_service.service [req-579d205c-0932-4a09-a96e-df51bd03e268 - - - - -] api.vendordata_dynamic_targets = [] log_opt_values /usr/lib/python3/dist-packages/oslo_config/cfg.py:2609
2025-10-06 00:38:33.685 130554 DEBUG oslo_service.service [req-579d205c-0932-4a09-a96e-df51bd03e268 - - - - -] api.vendordata_jsonfile_path = None log_opt_values /usr/lib/python3/dist-packages/oslo_config/cfg.py:2609
2025-10-06 00:38:33.685 130554 DEBUG oslo_service.service [req-579d205c-0932-4a09-a96e-df51bd03e268 - - - - -] api.vendordata_providers = ['StaticJSON'] log_opt_values /usr/lib/python3/dist-packages/oslo_config/cfg.py:2609
2025-10-06 00:38:33.685 130554 DEBUG oslo_service.service [req-579d205c-0932-4a09-a96e-df51bd03e268 - - - - -] cache.backend = dogpile.cache.null log_opt_values /usr/lib/python3/dist-packages/oslo_config/cfg.py:2609
2025-10-06 00:38:33.685 130554 DEBUG oslo_service.service [req-579d205c-0932-4a09-a96e-df51bd03e268 - - - - -] cache.backend_argument = **** log_opt_values /usr/lib/python3/dist-packages/oslo_config/cfg.py:2609
2025-10-06 00:38:33.685 130554 DEBUG oslo_service.service [req-579d205c-0932-4a09-a96e-df51bd03e268 - - - - -] cache.config_prefix = cache.oslo log_opt_values /usr/lib/python3/dist-packages/oslo_config/cfg.py:2609
2025-10-06 00:38:33.686 130554 DEBUG oslo_service.service [req-579d205c-0932-4a09-a96e-df51bd03e268 - - - - -] cache.debug_cache_backend = False log_opt_values /usr/lib/python3/dist-packages/oslo_config/cfg.py:2609
2025-10-06 00:38:33.686 130554 DEBUG oslo_service.service [req-579d205c-0932-4a09-a96e-df51bd03e268 - - - - -] cache.enabled = False log_opt_values /usr/lib/python3/dist-packages/oslo_config/cfg.py:2609
2025-10-06 00:38:33.686 130554 DEBUG oslo_service.service [req-579d205c-0932-4a09-a96e-df51bd03e268 - - - - -] cache.expiration_time = 600 log_opt_values /usr/lib/python3/dist-packages/oslo_config/cfg.py:2609
2025-10-06 00:38:33.686 130554 DEBUG oslo_service.service [req-579d205c-0932-4a09-a96e-df51bd03e268 - - - - -] cache.memcache_dead_retry = 300 log_opt_values /usr/lib/python3/dist-packages/oslo_config/cfg.py:2609
2025-10-06 00:38:33.686 130554 DEBUG oslo_service.service [req-579d205c-0932-4a09-a96e-df51bd03e268 - - - - -] cache.memcache_pool_connection_get_timeout = 10 log_opt_values /usr/lib/python3/dist-packages/oslo_config/cfg.py:2609
2025-10-06 00:38:33.686 130554 DEBUG oslo_service.service [req-579d205c-0932-4a09-a96e-df51bd03e268 - - - - -] cache.memcache_pool_flush_on_reconnect = False log_opt_values /usr/lib/python3/dist-packages/oslo_config/cfg.py:2609
2025-10-06 00:38:33.687 130554 DEBUG oslo_service.service [req-579d205c-0932-4a09-a96e-df51bd03e268 - - - - -] cache.memcache_pool_maxsize = 10 log_opt_values /usr/lib/python3/dist-packages/oslo_config/cfg.py:2609
2025-10-06 00:38:33.687 130554 DEBUG oslo_service.service [req-579d205c-0932-4a09-a96e-df51bd03e268 - - - - -] cache.memcache_pool_unused_timeout = 60 log_opt_values /usr/lib/python3/dist-packages/oslo_config/cfg.py:2609
2025-10-06 00:38:33.687 130554 DEBUG oslo_service.service [req-579d205c-0932-4a09-a96e-df51bd03e268 - - - - -] cache.memcache_servers = ['localhost:11211'] log_opt_values /usr/lib/python3/dist-packages/oslo_config/cfg.py:2609
2025-10-06 00:38:33.687 130554 DEBUG oslo_service.service [req-579d205c-0932-4a09-a96e-df51bd03e268 - - - - -] cache.memcache_socket_timeout = 1.0 log_opt_values /usr/lib/python3/dist-packages/oslo_config/cfg.py:2609
2025-10-06 00:38:33.687 130554 DEBUG oslo_service.service [req-579d205c-0932-4a09-a96e-df51bd03e268 - - - - -] cache.proxies = [] log_opt_values /usr/lib/python3/dist-packages/oslo_config/cfg.py:2609
2025-10-06 00:38:33.687 130554 DEBUG oslo_service.service [req-579d205c-0932-4a09-a96e-df51bd03e268 - - - - -] cache.tls_allowed_ciphers = None log_opt_values /usr/lib/python3/dist-packages/oslo_config/cfg.py:2609
2025-10-06 00:38:33.688 130554 DEBUG oslo_service.service [req-579d205c-0932-4a09-a96e-df51bd03e268 - - - - -] cache.tls_cafile = None log_opt_values /usr/lib/python3/dist-packages/oslo_config/cfg.py:2609
2025-10-06 00:38:33.688 130554 DEBUG oslo_service.service [req-579d205c-0932-4a09-a96e-df51bd03e268 - - - - -] cache.tls_certfile = None log_opt_values /usr/lib/python3/dist-packages/oslo_config/cfg.py:2609
2025-10-06 00:38:33.688 130554 DEBUG oslo_service.service [req-579d205c-0932-4a09-a96e-df51bd03e268 - - - - -] cache.tls_enabled = False log_opt_values /usr/lib/python3/dist-packages/oslo_config/cfg.py:2609
2025-10-06 00:38:33.688 130554 DEBUG oslo_service.service [req-579d205c-0932-4a09-a96e-df51bd03e268 - - - - -] cache.tls_keyfile = None log_opt_values /usr/lib/python3/dist-packages/oslo_config/cfg.py:2609
2025-10-06 00:38:33.688 130554 DEBUG oslo_service.service [req-579d205c-0932-4a09-a96e-df51bd03e268 - - - - -] cinder.auth_section = None log_opt_values /usr/lib/python3/dist-packages/oslo_config/cfg.py:2609
2025-10-06 00:38:33.688 130554 DEBUG oslo_service.service [req-579d205c-0932-4a09-a96e-df51bd03e268 - - - - -] cinder.auth_type = None log_opt_values /usr/lib/python3/dist-packages/oslo_config/cfg.py:2609
2025-10-06 00:38:33.689 130554 DEBUG oslo_service.service [req-579d205c-0932-4a09-a96e-df51bd03e268 - - - - -] cinder.cafile = None log_opt_values /usr/lib/python3/dist-packages/oslo_config/cfg.py:2609
2025-10-06 00:38:33.689 130554 DEBUG oslo_service.service [req-579d205c-0932-4a09-a96e-df51bd03e268 - - - - -] cinder.catalog_info = volumev3::publicURL log_opt_values /usr/lib/python3/dist-packages/oslo_config/cfg.py:2609
2025-10-06 00:38:33.689 130554 DEBUG oslo_service.service [req-579d205c-0932-4a09-a96e-df51bd03e268 - - - - -] cinder.certfile = None log_opt_values /usr/lib/python3/dist-packages/oslo_config/cfg.py:2609
2025-10-06 00:38:33.689 130554 DEBUG oslo_service.service [req-579d205c-0932-4a09-a96e-df51bd03e268 - - - - -] cinder.collect_timing = False log_opt_values /usr/lib/python3/dist-packages/oslo_config/cfg.py:2609
2025-10-06 00:38:33.689 130554 DEBUG oslo_service.service [req-579d205c-0932-4a09-a96e-df51bd03e268 - - - - -] cinder.cross_az_attach = True log_opt_values /usr/lib/python3/dist-packages/oslo_config/cfg.py:2609
2025-10-06 00:38:33.689 130554 DEBUG oslo_service.service [req-579d205c-0932-4a09-a96e-df51bd03e268 - - - - -] cinder.debug = False log_opt_values /usr/lib/python3/dist-packages/oslo_config/cfg.py:2609
2025-10-06 00:38:33.689 130554 DEBUG oslo_service.service [req-579d205c-0932-4a09-a96e-df51bd03e268 - - - - -] cinder.endpoint_template = None log_opt_values /usr/lib/python3/dist-packages/oslo_config/cfg.py:2609
2025-10-06 00:38:33.690 130554 DEBUG oslo_service.service [req-579d205c-0932-4a09-a96e-df51bd03e268 - - - - -] cinder.http_retries = 3 log_opt_values /usr/lib/python3/dist-packages/oslo_config/cfg.py:2609
2025-10-06 00:38:33.690 130554 DEBUG oslo_service.service [req-579d205c-0932-4a09-a96e-df51bd03e268 - - - - -] cinder.insecure = False log_opt_values /usr/lib/python3/dist-packages/oslo_config/cfg.py:2609
2025-10-06 00:38:33.690 130554 DEBUG oslo_service.service [req-579d205c-0932-4a09-a96e-df51bd03e268 - - - - -] cinder.keyfile = None log_opt_values /usr/lib/python3/dist-packages/oslo_config/cfg.py:2609
2025-10-06 00:38:33.690 130554 DEBUG oslo_service.service [req-579d205c-0932-4a09-a96e-df51bd03e268 - - - - -] cinder.os_region_name = None log_opt_values /usr/lib/python3/dist-packages/oslo_config/cfg.py:2609
2025-10-06 00:38:33.690 130554 DEBUG oslo_service.service [req-579d205c-0932-4a09-a96e-df51bd03e268 - - - - -] cinder.split_loggers = False log_opt_values /usr/lib/python3/dist-packages/oslo_config/cfg.py:2609
2025-10-06 00:38:33.690 130554 DEBUG oslo_service.service [req-579d205c-0932-4a09-a96e-df51bd03e268 - - - - -] cinder.timeout = None log_opt_values /usr/lib/python3/dist-packages/oslo_config/cfg.py:2609
2025-10-06 00:38:33.691 130554 DEBUG oslo_service.service [req-579d205c-0932-4a09-a96e-df51bd03e268 - - - - -] compute.consecutive_build_service_disable_threshold = 10 log_opt_values /usr/lib/python3/dist-packages/oslo_config/cfg.py:2609
2025-10-06 00:38:33.691 130554 DEBUG oslo_service.service [req-579d205c-0932-4a09-a96e-df51bd03e268 - - - - -] compute.cpu_dedicated_set = None log_opt_values /usr/lib/python3/dist-packages/oslo_config/cfg.py:2609
2025-10-06 00:38:33.691 130554 DEBUG oslo_service.service [req-579d205c-0932-4a09-a96e-df51bd03e268 - - - - -] compute.cpu_shared_set = None log_opt_values /usr/lib/python3/dist-packages/oslo_config/cfg.py:2609
2025-10-06 00:38:33.691 130554 DEBUG oslo_service.service [req-579d205c-0932-4a09-a96e-df51bd03e268 - - - - -] compute.image_type_exclude_list = [] log_opt_values /usr/lib/python3/dist-packages/oslo_config/cfg.py:2609
2025-10-06 00:38:33.691 130554 DEBUG oslo_service.service [req-579d205c-0932-4a09-a96e-df51bd03e268 - - - - -] compute.live_migration_wait_for_vif_plug = True log_opt_values /usr/lib/python3/dist-packages/oslo_config/cfg.py:2609
2025-10-06 00:38:33.691 130554 DEBUG oslo_service.service [req-579d205c-0932-4a09-a96e-df51bd03e268 - - - - -] compute.max_concurrent_disk_ops = 0 log_opt_values /usr/lib/python3/dist-packages/oslo_config/cfg.py:2609
2025-10-06 00:38:33.692 130554 DEBUG oslo_service.service [req-579d205c-0932-4a09-a96e-df51bd03e268 - - - - -] compute.max_disk_devices_to_attach = -1 log_opt_values /usr/lib/python3/dist-packages/oslo_config/cfg.py:2609
2025-10-06 00:38:33.692 130554 DEBUG oslo_service.service [req-579d205c-0932-4a09-a96e-df51bd03e268 - - - - -] compute.packing_host_numa_cells_allocation_strategy = True log_opt_values /usr/lib/python3/dist-packages/oslo_config/cfg.py:2609
2025-10-06 00:38:33.692 130554 DEBUG oslo_service.service [req-579d205c-0932-4a09-a96e-df51bd03e268 - - - - -] compute.provider_config_location = /etc/nova/provider_config/ log_opt_values /usr/lib/python3/dist-packages/oslo_config/cfg.py:2609
2025-10-06 00:38:33.692 130554 DEBUG oslo_service.service [req-579d205c-0932-4a09-a96e-df51bd03e268 - - - - -] compute.resource_provider_association_refresh = 300 log_opt_values /usr/lib/python3/dist-packages/oslo_config/cfg.py:2609
2025-10-06 00:38:33.692 130554 DEBUG oslo_service.service [req-579d205c-0932-4a09-a96e-df51bd03e268 - - - - -] compute.shutdown_retry_interval = 10 log_opt_values /usr/lib/python3/dist-packages/oslo_config/cfg.py:2609
2025-10-06 00:38:33.692 130554 DEBUG oslo_service.service [req-579d205c-0932-4a09-a96e-df51bd03e268 - - - - -] compute.vmdk_allowed_types = ['streamOptimized', 'monolithicSparse'] log_opt_values /usr/lib/python3/dist-packages/oslo_config/cfg.py:2609
2025-10-06 00:38:33.693 130554 DEBUG oslo_service.service [req-579d205c-0932-4a09-a96e-df51bd03e268 - - - - -] conductor.workers = 4 log_opt_values /usr/lib/python3/dist-packages/oslo_config/cfg.py:2609
2025-10-06 00:38:33.693 130554 DEBUG oslo_service.service [req-579d205c-0932-4a09-a96e-df51bd03e268 - - - - -] console.allowed_origins = [] log_opt_values /usr/lib/python3/dist-packages/oslo_config/cfg.py:2609
2025-10-06 00:38:33.693 130554 DEBUG oslo_service.service [req-579d205c-0932-4a09-a96e-df51bd03e268 - - - - -] console.ssl_ciphers = None log_opt_values /usr/lib/python3/dist-packages/oslo_config/cfg.py:2609
2025-10-06 00:38:33.693 130554 DEBUG oslo_service.service [req-579d205c-0932-4a09-a96e-df51bd03e268 - - - - -] console.ssl_minimum_version = default log_opt_values /usr/lib/python3/dist-packages/oslo_config/cfg.py:2609
2025-10-06 00:38:33.693 130554 DEBUG oslo_service.service [req-579d205c-0932-4a09-a96e-df51bd03e268 - - - - -] consoleauth.token_ttl = 600 log_opt_values /usr/lib/python3/dist-packages/oslo_config/cfg.py:2609
2025-10-06 00:38:33.693 130554 DEBUG oslo_service.service [req-579d205c-0932-4a09-a96e-df51bd03e268 - - - - -] cyborg.cafile = None log_opt_values /usr/lib/python3/dist-packages/oslo_config/cfg.py:2609
2025-10-06 00:38:33.693 130554 DEBUG oslo_service.service [req-579d205c-0932-4a09-a96e-df51bd03e268 - - - - -] cyborg.certfile = None log_opt_values /usr/lib/python3/dist-packages/oslo_config/cfg.py:2609
2025-10-06 00:38:33.694 130554 DEBUG oslo_service.service [req-579d205c-0932-4a09-a96e-df51bd03e268 - - - - -] cyborg.collect_timing = False log_opt_values /usr/lib/python3/dist-packages/oslo_config/cfg.py:2609
2025-10-06 00:38:33.694 130554 DEBUG oslo_service.service [req-579d205c-0932-4a09-a96e-df51bd03e268 - - - - -] cyborg.connect_retries = None log_opt_values /usr/lib/python3/dist-packages/oslo_config/cfg.py:2609
2025-10-06 00:38:33.694 130554 DEBUG oslo_service.service [req-579d205c-0932-4a09-a96e-df51bd03e268 - - - - -] cyborg.connect_retry_delay = None log_opt_values /usr/lib/python3/dist-packages/oslo_config/cfg.py:2609
2025-10-06 00:38:33.694 130554 DEBUG oslo_service.service [req-579d205c-0932-4a09-a96e-df51bd03e268 - - - - -] cyborg.endpoint_override = None log_opt_values /usr/lib/python3/dist-packages/oslo_config/cfg.py:2609
2025-10-06 00:38:33.694 130554 DEBUG oslo_service.service [req-579d205c-0932-4a09-a96e-df51bd03e268 - - - - -] cyborg.insecure = False log_opt_values /usr/lib/python3/dist-packages/oslo_config/cfg.py:2609
2025-10-06 00:38:33.695 130554 DEBUG oslo_service.service [req-579d205c-0932-4a09-a96e-df51bd03e268 - - - - -] cyborg.keyfile = None log_opt_values /usr/lib/python3/dist-packages/oslo_config/cfg.py:2609
2025-10-06 00:38:33.695 130554 DEBUG oslo_service.service [req-579d205c-0932-4a09-a96e-df51bd03e268 - - - - -] cyborg.max_version = None log_opt_values /usr/lib/python3/dist-packages/oslo_config/cfg.py:2609
2025-10-06 00:38:33.695 130554 DEBUG oslo_service.service [req-579d205c-0932-4a09-a96e-df51bd03e268 - - - - -] cyborg.min_version = None log_opt_values /usr/lib/python3/dist-packages/oslo_config/cfg.py:2609
2025-10-06 00:38:33.695 130554 DEBUG oslo_service.service [req-579d205c-0932-4a09-a96e-df51bd03e268 - - - - -] cyborg.region_name = None log_opt_values /usr/lib/python3/dist-packages/oslo_config/cfg.py:2609
2025-10-06 00:38:33.695 130554 DEBUG oslo_service.service [req-579d205c-0932-4a09-a96e-df51bd03e268 - - - - -] cyborg.service_name = None log_opt_values /usr/lib/python3/dist-packages/oslo_config/cfg.py:2609
2025-10-06 00:38:33.695 130554 DEBUG oslo_service.service [req-579d205c-0932-4a09-a96e-df51bd03e268 - - - - -] cyborg.service_type = accelerator log_opt_values /usr/lib/python3/dist-packages/oslo_config/cfg.py:2609
2025-10-06 00:38:33.695 131336 DEBUG oslo_messaging._drivers.amqpdriver [-] Listener is running poll /usr/lib/python3/dist-packages/oslo_messaging/_drivers/amqpdriver.py:343
2025-10-06 00:38:33.696 130554 DEBUG oslo_service.service [req-579d205c-0932-4a09-a96e-df51bd03e268 - - - - -] cyborg.split_loggers = False log_opt_values /usr/lib/python3/dist-packages/oslo_config/cfg.py:2609
2025-10-06 00:38:33.696 131336 DEBUG oslo_messaging._drivers.amqpdriver [-] AMQPListener connection consume poll /usr/lib/python3/dist-packages/oslo_messaging/_drivers/amqpdriver.py:357
2025-10-06 00:38:33.696 130554 DEBUG oslo_service.service [req-579d205c-0932-4a09-a96e-df51bd03e268 - - - - -] cyborg.status_code_retries = None log_opt_values /usr/lib/python3/dist-packages/oslo_config/cfg.py:2609
2025-10-06 00:38:33.696 130554 DEBUG oslo_service.service [req-579d205c-0932-4a09-a96e-df51bd03e268 - - - - -] cyborg.status_code_retry_delay = None log_opt_values /usr/lib/python3/dist-packages/oslo_config/cfg.py:2609
2025-10-06 00:38:33.696 130554 DEBUG oslo_service.service [req-579d205c-0932-4a09-a96e-df51bd03e268 - - - - -] cyborg.timeout = None log_opt_values /usr/lib/python3/dist-packages/oslo_config/cfg.py:2609
2025-10-06 00:38:33.696 130554 DEBUG oslo_service.service [req-579d205c-0932-4a09-a96e-df51bd03e268 - - - - -] cyborg.valid_interfaces = ['internal', 'public'] log_opt_values /usr/lib/python3/dist-packages/oslo_config/cfg.py:2609
2025-10-06 00:38:33.696 130554 DEBUG oslo_service.service [req-579d205c-0932-4a09-a96e-df51bd03e268 - - - - -] cyborg.version = None log_opt_values /usr/lib/python3/dist-packages/oslo_config/cfg.py:2609
2025-10-06 00:38:33.697 130554 DEBUG oslo_service.service [req-579d205c-0932-4a09-a96e-df51bd03e268 - - - - -] database.backend = sqlalchemy log_opt_values /usr/lib/python3/dist-packages/oslo_config/cfg.py:2609
2025-10-06 00:38:33.697 130554 DEBUG oslo_service.service [req-579d205c-0932-4a09-a96e-df51bd03e268 - - - - -] database.connection = **** log_opt_values /usr/lib/python3/dist-packages/oslo_config/cfg.py:2609
2025-10-06 00:38:33.697 130554 DEBUG oslo_service.service [req-579d205c-0932-4a09-a96e-df51bd03e268 - - - - -] database.connection_debug = 0 log_opt_values /usr/lib/python3/dist-packages/oslo_config/cfg.py:2609
2025-10-06 00:38:33.697 130554 DEBUG oslo_service.service [req-579d205c-0932-4a09-a96e-df51bd03e268 - - - - -] database.connection_parameters = log_opt_values /usr/lib/python3/dist-packages/oslo_config/cfg.py:2609
2025-10-06 00:38:33.697 130554 DEBUG oslo_service.service [req-579d205c-0932-4a09-a96e-df51bd03e268 - - - - -] database.connection_recycle_time = 3600 log_opt_values /usr/lib/python3/dist-packages/oslo_config/cfg.py:2609
2025-10-06 00:38:33.697 130554 DEBUG oslo_service.service [req-579d205c-0932-4a09-a96e-df51bd03e268 - - - - -] database.connection_trace = False log_opt_values /usr/lib/python3/dist-packages/oslo_config/cfg.py:2609
2025-10-06 00:38:33.697 130554 DEBUG oslo_service.service [req-579d205c-0932-4a09-a96e-df51bd03e268 - - - - -] database.db_inc_retry_interval = True log_opt_values /usr/lib/python3/dist-packages/oslo_config/cfg.py:2609
2025-10-06 00:38:33.698 130554 DEBUG oslo_service.service [req-579d205c-0932-4a09-a96e-df51bd03e268 - - - - -] database.db_max_retries = 20 log_opt_values /usr/lib/python3/dist-packages/oslo_config/cfg.py:2609
2025-10-06 00:38:33.698 130554 DEBUG oslo_service.service [req-579d205c-0932-4a09-a96e-df51bd03e268 - - - - -] database.db_max_retry_interval = 10 log_opt_values /usr/lib/python3/dist-packages/oslo_config/cfg.py:2609
2025-10-06 00:38:33.698 130554 DEBUG oslo_service.service [req-579d205c-0932-4a09-a96e-df51bd03e268 - - - - -] database.db_retry_interval = 1 log_opt_values /usr/lib/python3/dist-packages/oslo_config/cfg.py:2609
2025-10-06 00:38:33.698 130554 DEBUG oslo_service.service [req-579d205c-0932-4a09-a96e-df51bd03e268 - - - - -] database.max_overflow = 50 log_opt_values /usr/lib/python3/dist-packages/oslo_config/cfg.py:2609
2025-10-06 00:38:33.698 130554 DEBUG oslo_service.service [req-579d205c-0932-4a09-a96e-df51bd03e268 - - - - -] database.max_pool_size = 4 log_opt_values /usr/lib/python3/dist-packages/oslo_config/cfg.py:2609
2025-10-06 00:38:33.699 130554 DEBUG oslo_service.service [req-579d205c-0932-4a09-a96e-df51bd03e268 - - - - -] database.max_retries = 10 log_opt_values /usr/lib/python3/dist-packages/oslo_config/cfg.py:2609
2025-10-06 00:38:33.699 130554 DEBUG oslo_service.service [req-579d205c-0932-4a09-a96e-df51bd03e268 - - - - -] database.mysql_enable_ndb = False log_opt_values /usr/lib/python3/dist-packages/oslo_config/cfg.py:2609
2025-10-06 00:38:33.699 130554 DEBUG oslo_service.service [req-579d205c-0932-4a09-a96e-df51bd03e268 - - - - -] database.mysql_sql_mode = TRADITIONAL log_opt_values /usr/lib/python3/dist-packages/oslo_config/cfg.py:2609
2025-10-06 00:38:33.699 130554 DEBUG oslo_service.service [req-579d205c-0932-4a09-a96e-df51bd03e268 - - - - -] database.pool_timeout = None log_opt_values /usr/lib/python3/dist-packages/oslo_config/cfg.py:2609
2025-10-06 00:38:33.700 130554 DEBUG oslo_service.service [req-579d205c-0932-4a09-a96e-df51bd03e268 - - - - -] database.retry_interval = 10 log_opt_values /usr/lib/python3/dist-packages/oslo_config/cfg.py:2609
2025-10-06 00:38:33.699 131336 DEBUG nova.service [req-237f41f5-2c48-49f1-957f-42733ba39873 - - - - -] Join ServiceGroup membership for this service scheduler start /usr/lib/python3/dist-packages/nova/service.py:199
2025-10-06 00:38:33.700 130554 DEBUG oslo_service.service [req-579d205c-0932-4a09-a96e-df51bd03e268 - - - - -] database.slave_connection = **** log_opt_values /usr/lib/python3/dist-packages/oslo_config/cfg.py:2609
2025-10-06 00:38:33.700 131336 DEBUG nova.servicegroup.drivers.db [req-237f41f5-2c48-49f1-957f-42733ba39873 - - - - -] DB_Driver: join new ServiceGroup member juju-2ee950-0-lxd-7 to the scheduler group, service = join /usr/lib/python3/dist-packages/nova/servicegroup/drivers/db.py:44
2025-10-06 00:38:33.700 130554 DEBUG oslo_service.service [req-579d205c-0932-4a09-a96e-df51bd03e268 - - - - -] database.sqlite_synchronous = True log_opt_values /usr/lib/python3/dist-packages/oslo_config/cfg.py:2609
2025-10-06 00:38:33.700 131335 DEBUG oslo_messaging._drivers.amqpdriver [-] Listener is running poll /usr/lib/python3/dist-packages/oslo_messaging/_drivers/amqpdriver.py:343
2025-10-06 00:38:33.700 130554 DEBUG oslo_service.service [req-579d205c-0932-4a09-a96e-df51bd03e268 - - - - -] database.use_db_reconnect = False log_opt_values /usr/lib/python3/dist-packages/oslo_config/cfg.py:2609
2025-10-06 00:38:33.700 131335 DEBUG oslo_messaging._drivers.amqpdriver [-] AMQPListener connection consume poll /usr/lib/python3/dist-packages/oslo_messaging/_drivers/amqpdriver.py:357
2025-10-06 00:38:33.700 130554 DEBUG oslo_service.service [req-579d205c-0932-4a09-a96e-df51bd03e268 - - - - -] api_database.backend = sqlalchemy log_opt_values /usr/lib/python3/dist-packages/oslo_config/cfg.py:2609
2025-10-06 00:38:33.700 131333 DEBUG oslo_messaging._drivers.amqpdriver [-] Listener is running poll /usr/lib/python3/dist-packages/oslo_messaging/_drivers/amqpdriver.py:343
2025-10-06 00:38:33.701 130554 DEBUG oslo_service.service [req-579d205c-0932-4a09-a96e-df51bd03e268 - - - - -] api_database.connection = **** log_opt_values /usr/lib/python3/dist-packages/oslo_config/cfg.py:2609
2025-10-06 00:38:33.701 130554 DEBUG oslo_service.service [req-579d205c-0932-4a09-a96e-df51bd03e268 - - - - -] api_database.connection_debug = 0 log_opt_values /usr/lib/python3/dist-packages/oslo_config/cfg.py:2609
2025-10-06 00:38:33.701 130554 DEBUG oslo_service.service [req-579d205c-0932-4a09-a96e-df51bd03e268 - - - - -] api_database.connection_parameters = log_opt_values /usr/lib/python3/dist-packages/oslo_config/cfg.py:2609
2025-10-06 00:38:33.701 131333 DEBUG oslo_messaging._drivers.amqpdriver [-] AMQPListener connection consume poll /usr/lib/python3/dist-packages/oslo_messaging/_drivers/amqpdriver.py:357
2025-10-06 00:38:33.701 130554 DEBUG oslo_service.service [req-579d205c-0932-4a09-a96e-df51bd03e268 - - - - -] api_database.connection_recycle_time = 3600 log_opt_values /usr/lib/python3/dist-packages/oslo_config/cfg.py:2609
2025-10-06 00:38:33.701 131335 DEBUG nova.service [req-b2c08c60-7d84-4ff3-99e1-2f624f4cab5b - - - - -] Join ServiceGroup membership for this service scheduler start /usr/lib/python3/dist-packages/nova/service.py:199
2025-10-06 00:38:33.701 130554 DEBUG oslo_service.service [req-579d205c-0932-4a09-a96e-df51bd03e268 - - - - -] api_database.connection_trace = False log_opt_values /usr/lib/python3/dist-packages/oslo_config/cfg.py:2609
2025-10-06 00:38:33.701 131335 DEBUG nova.servicegroup.drivers.db [req-b2c08c60-7d84-4ff3-99e1-2f624f4cab5b - - - - -] DB_Driver: join new ServiceGroup member juju-2ee950-0-lxd-7 to the scheduler group, service = join /usr/lib/python3/dist-packages/nova/servicegroup/drivers/db.py:44
2025-10-06 00:38:33.701 130554 DEBUG oslo_service.service [req-579d205c-0932-4a09-a96e-df51bd03e268 - - - - -] api_database.db_inc_retry_interval = True log_opt_values /usr/lib/python3/dist-packages/oslo_config/cfg.py:2609
2025-10-06 00:38:33.701 131333 DEBUG nova.service [req-e1469ab9-db15-4caa-b7e5-e42d6ca59a5a - - - - -] Join ServiceGroup membership for this service scheduler start /usr/lib/python3/dist-packages/nova/service.py:199
2025-10-06 00:38:33.701 130554 DEBUG oslo_service.service [req-579d205c-0932-4a09-a96e-df51bd03e268 - - - - -] api_database.db_max_retries = 20 log_opt_values /usr/lib/python3/dist-packages/oslo_config/cfg.py:2609
2025-10-06 00:38:33.702 131333 DEBUG nova.servicegroup.drivers.db [req-e1469ab9-db15-4caa-b7e5-e42d6ca59a5a - - - - -] DB_Driver: join new ServiceGroup member juju-2ee950-0-lxd-7 to the scheduler group, service = join /usr/lib/python3/dist-packages/nova/servicegroup/drivers/db.py:44
2025-10-06 00:38:33.702 130554 DEBUG oslo_service.service [req-579d205c-0932-4a09-a96e-df51bd03e268 - - - - -] api_database.db_max_retry_interval = 10 log_opt_values /usr/lib/python3/dist-packages/oslo_config/cfg.py:2609
2025-10-06 00:38:33.702 130554 DEBUG oslo_service.service [req-579d205c-0932-4a09-a96e-df51bd03e268 - - - - -] api_database.db_retry_interval = 1 log_opt_values /usr/lib/python3/dist-packages/oslo_config/cfg.py:2609
2025-10-06 00:38:33.702 130554 DEBUG oslo_service.service [req-579d205c-0932-4a09-a96e-df51bd03e268 - - - - -] api_database.max_overflow = 50 log_opt_values /usr/lib/python3/dist-packages/oslo_config/cfg.py:2609
2025-10-06 00:38:33.702 130554 DEBUG oslo_service.service [req-579d205c-0932-4a09-a96e-df51bd03e268 - - - - -] api_database.max_pool_size = 4 log_opt_values /usr/lib/python3/dist-packages/oslo_config/cfg.py:2609
2025-10-06 00:38:33.702 130554 DEBUG oslo_service.service [req-579d205c-0932-4a09-a96e-df51bd03e268 - - - - -] api_database.max_retries = 10 log_opt_values /usr/lib/python3/dist-packages/oslo_config/cfg.py:2609
2025-10-06 00:38:33.702 130554 DEBUG oslo_service.service [req-579d205c-0932-4a09-a96e-df51bd03e268 - - - - -] api_database.mysql_enable_ndb = False log_opt_values /usr/lib/python3/dist-packages/oslo_config/cfg.py:2609
2025-10-06 00:38:33.703 130554 DEBUG oslo_service.service [req-579d205c-0932-4a09-a96e-df51bd03e268 - - - - -] api_database.mysql_sql_mode = TRADITIONAL log_opt_values /usr/lib/python3/dist-packages/oslo_config/cfg.py:2609
2025-10-06 00:38:33.703 130554 DEBUG oslo_service.service [req-579d205c-0932-4a09-a96e-df51bd03e268 - - - - -] api_database.pool_timeout = None log_opt_values /usr/lib/python3/dist-packages/oslo_config/cfg.py:2609
2025-10-06 00:38:33.703 130554 DEBUG oslo_service.service [req-579d205c-0932-4a09-a96e-df51bd03e268 - - - - -] api_database.retry_interval = 10 log_opt_values /usr/lib/python3/dist-packages/oslo_config/cfg.py:2609
2025-10-06 00:38:33.703 130554 DEBUG oslo_service.service [req-579d205c-0932-4a09-a96e-df51bd03e268 - - - - -] api_database.slave_connection = **** log_opt_values /usr/lib/python3/dist-packages/oslo_config/cfg.py:2609
2025-10-06 00:38:33.703 130554 DEBUG oslo_service.service [req-579d205c-0932-4a09-a96e-df51bd03e268 - - - - -] api_database.sqlite_synchronous = True log_opt_values /usr/lib/python3/dist-packages/oslo_config/cfg.py:2609
2025-10-06 00:38:33.703 131336 DEBUG oslo_messaging._drivers.amqpdriver [-] AMQPListener connection timeout poll /usr/lib/python3/dist-packages/oslo_messaging/_drivers/amqpdriver.py:360
2025-10-06 00:38:33.703 130554 DEBUG oslo_service.service [req-579d205c-0932-4a09-a96e-df51bd03e268 - - - - -] devices.enabled_mdev_types = [] log_opt_values /usr/lib/python3/dist-packages/oslo_config/cfg.py:2609
2025-10-06 00:38:33.704 131336 DEBUG oslo_messaging._drivers.amqpdriver [-] Listener is running poll /usr/lib/python3/dist-packages/oslo_messaging/_drivers/amqpdriver.py:343
2025-10-06 00:38:33.704 131336 DEBUG oslo_messaging._drivers.amqpdriver [-] AMQPListener connection consume poll /usr/lib/python3/dist-packages/oslo_messaging/_drivers/amqpdriver.py:357
2025-10-06 00:38:33.704 130554 DEBUG oslo_service.service [req-579d205c-0932-4a09-a96e-df51bd03e268 - - - - -] ephemeral_storage_encryption.cipher = aes-xts-plain64 log_opt_values /usr/lib/python3/dist-packages/oslo_config/cfg.py:2609
2025-10-06 00:38:33.704 130554 DEBUG oslo_service.service [req-579d205c-0932-4a09-a96e-df51bd03e268 - - - - -] ephemeral_storage_encryption.enabled = False log_opt_values /usr/lib/python3/dist-packages/oslo_config/cfg.py:2609
2025-10-06 00:38:33.704 130554 DEBUG oslo_service.service [req-579d205c-0932-4a09-a96e-df51bd03e268 - - - - -] ephemeral_storage_encryption.key_size = 512 log_opt_values /usr/lib/python3/dist-packages/oslo_config/cfg.py:2609
2025-10-06 00:38:33.704 130554 WARNING oslo_config.cfg [req-579d205c-0932-4a09-a96e-df51bd03e268 - - - - -] Deprecated: Option "api_servers" from group "glance" is deprecated for removal ( Support for image service configuration via standard keystoneauth1 Adapter options was added in the 17.0.0 Queens release. The api_servers option was retained temporarily to allow consumers time to cut over to a real load balancing solution. ). Its value may be silently ignored in the future.
2025-10-06 00:38:33.704 130554 DEBUG oslo_service.service [req-579d205c-0932-4a09-a96e-df51bd03e268 - - - - -] glance.api_servers = ['http://252.57.122.151:9292'] log_opt_values /usr/lib/python3/dist-packages/oslo_config/cfg.py:2609
2025-10-06 00:38:33.705 130554 DEBUG oslo_service.service [req-579d205c-0932-4a09-a96e-df51bd03e268 - - - - -] glance.cafile = None log_opt_values /usr/lib/python3/dist-packages/oslo_config/cfg.py:2609
2025-10-06 00:38:33.705 130554 DEBUG oslo_service.service [req-579d205c-0932-4a09-a96e-df51bd03e268 - - - - -] glance.certfile = None log_opt_values /usr/lib/python3/dist-packages/oslo_config/cfg.py:2609
2025-10-06 00:38:33.705 130554 DEBUG oslo_service.service [req-579d205c-0932-4a09-a96e-df51bd03e268 - - - - -] glance.collect_timing = False log_opt_values /usr/lib/python3/dist-packages/oslo_config/cfg.py:2609
2025-10-06 00:38:33.705 130554 DEBUG oslo_service.service [req-579d205c-0932-4a09-a96e-df51bd03e268 - - - - -] glance.connect_retries = None log_opt_values /usr/lib/python3/dist-packages/oslo_config/cfg.py:2609
2025-10-06 00:38:33.705 130554 DEBUG oslo_service.service [req-579d205c-0932-4a09-a96e-df51bd03e268 - - - - -] glance.connect_retry_delay = None log_opt_values /usr/lib/python3/dist-packages/oslo_config/cfg.py:2609
2025-10-06 00:38:33.706 130554 DEBUG oslo_service.service [req-579d205c-0932-4a09-a96e-df51bd03e268 - - - - -] glance.debug = False log_opt_values /usr/lib/python3/dist-packages/oslo_config/cfg.py:2609
2025-10-06 00:38:33.706 130554 DEBUG oslo_service.service [req-579d205c-0932-4a09-a96e-df51bd03e268 - - - - -] glance.default_trusted_certificate_ids = [] log_opt_values /usr/lib/python3/dist-packages/oslo_config/cfg.py:2609
2025-10-06 00:38:33.706 130554 DEBUG oslo_service.service [req-579d205c-0932-4a09-a96e-df51bd03e268 - - - - -] glance.enable_certificate_validation = False log_opt_values /usr/lib/python3/dist-packages/oslo_config/cfg.py:2609
2025-10-06 00:38:33.706 130554 DEBUG oslo_service.service [req-579d205c-0932-4a09-a96e-df51bd03e268 - - - - -] glance.enable_rbd_download = False log_opt_values /usr/lib/python3/dist-packages/oslo_config/cfg.py:2609
2025-10-06 00:38:33.706 130554 DEBUG oslo_service.service [req-579d205c-0932-4a09-a96e-df51bd03e268 - - - - -] glance.endpoint_override = None log_opt_values /usr/lib/python3/dist-packages/oslo_config/cfg.py:2609
2025-10-06 00:38:33.706 130554 DEBUG oslo_service.service [req-579d205c-0932-4a09-a96e-df51bd03e268 - - - - -] glance.insecure = False log_opt_values /usr/lib/python3/dist-packages/oslo_config/cfg.py:2609
2025-10-06 00:38:33.707 130554 DEBUG oslo_service.service [req-579d205c-0932-4a09-a96e-df51bd03e268 - - - - -] glance.keyfile = None log_opt_values /usr/lib/python3/dist-packages/oslo_config/cfg.py:2609
2025-10-06 00:38:33.707 130554 DEBUG oslo_service.service [req-579d205c-0932-4a09-a96e-df51bd03e268 - - - - -] glance.max_version = None log_opt_values /usr/lib/python3/dist-packages/oslo_config/cfg.py:2609
2025-10-06 00:38:33.707 130554 DEBUG oslo_service.service [req-579d205c-0932-4a09-a96e-df51bd03e268 - - - - -] glance.min_version = None log_opt_values /usr/lib/python3/dist-packages/oslo_config/cfg.py:2609
2025-10-06 00:38:33.707 130554 DEBUG oslo_service.service [req-579d205c-0932-4a09-a96e-df51bd03e268 - - - - -] glance.num_retries = 3 log_opt_values /usr/lib/python3/dist-packages/oslo_config/cfg.py:2609
2025-10-06 00:38:33.707 130554 DEBUG oslo_service.service [req-579d205c-0932-4a09-a96e-df51bd03e268 - - - - -] glance.rbd_ceph_conf = log_opt_values /usr/lib/python3/dist-packages/oslo_config/cfg.py:2609
2025-10-06 00:38:33.707 130554 DEBUG oslo_service.service [req-579d205c-0932-4a09-a96e-df51bd03e268 - - - - -] glance.rbd_connect_timeout = 5 log_opt_values /usr/lib/python3/dist-packages/oslo_config/cfg.py:2609
2025-10-06 00:38:33.707 130554 DEBUG oslo_service.service [req-579d205c-0932-4a09-a96e-df51bd03e268 - - - - -] glance.rbd_pool = log_opt_values /usr/lib/python3/dist-packages/oslo_config/cfg.py:2609
2025-10-06 00:38:33.708 130554 DEBUG oslo_service.service [req-579d205c-0932-4a09-a96e-df51bd03e268 - - - - -] glance.rbd_user = log_opt_values /usr/lib/python3/dist-packages/oslo_config/cfg.py:2609
2025-10-06 00:38:33.708 130554 DEBUG oslo_service.service [req-579d205c-0932-4a09-a96e-df51bd03e268 - - - - -] glance.region_name = None log_opt_values /usr/lib/python3/dist-packages/oslo_config/cfg.py:2609
2025-10-06 00:38:33.708 130554 DEBUG oslo_service.service [req-579d205c-0932-4a09-a96e-df51bd03e268 - - - - -] glance.service_name = None log_opt_values /usr/lib/python3/dist-packages/oslo_config/cfg.py:2609
2025-10-06 00:38:33.708 130554 DEBUG oslo_service.service [req-579d205c-0932-4a09-a96e-df51bd03e268 - - - - -] glance.service_type = image log_opt_values /usr/lib/python3/dist-packages/oslo_config/cfg.py:2609
2025-10-06 00:38:33.708 130554 DEBUG oslo_service.service [req-579d205c-0932-4a09-a96e-df51bd03e268 - - - - -] glance.split_loggers = False log_opt_values /usr/lib/python3/dist-packages/oslo_config/cfg.py:2609
2025-10-06 00:38:33.708 130554 DEBUG oslo_service.service [req-579d205c-0932-4a09-a96e-df51bd03e268 - - - - -] glance.status_code_retries = None log_opt_values /usr/lib/python3/dist-packages/oslo_config/cfg.py:2609
2025-10-06 00:38:33.709 130554 DEBUG oslo_service.service [req-579d205c-0932-4a09-a96e-df51bd03e268 - - - - -] glance.status_code_retry_delay = None log_opt_values /usr/lib/python3/dist-packages/oslo_config/cfg.py:2609
2025-10-06 00:38:33.709 131333 DEBUG oslo_messaging._drivers.amqpdriver [-] AMQPListener connection timeout poll /usr/lib/python3/dist-packages/oslo_messaging/_drivers/amqpdriver.py:360
2025-10-06 00:38:33.709 131333 DEBUG oslo_messaging._drivers.amqpdriver [-] Listener is running poll /usr/lib/python3/dist-packages/oslo_messaging/_drivers/amqpdriver.py:343
2025-10-06 00:38:33.709 130554 DEBUG oslo_service.service [req-579d205c-0932-4a09-a96e-df51bd03e268 - - - - -] glance.timeout = None log_opt_values /usr/lib/python3/dist-packages/oslo_config/cfg.py:2609
2025-10-06 00:38:33.709 131333 DEBUG oslo_messaging._drivers.amqpdriver [-] AMQPListener connection consume poll /usr/lib/python3/dist-packages/oslo_messaging/_drivers/amqpdriver.py:357
2025-10-06 00:38:33.709 130554 DEBUG oslo_service.service [req-579d205c-0932-4a09-a96e-df51bd03e268 - - - - -] glance.valid_interfaces = ['internal', 'public'] log_opt_values /usr/lib/python3/dist-packages/oslo_config/cfg.py:2609
2025-10-06 00:38:33.709 130554 DEBUG oslo_service.service [req-579d205c-0932-4a09-a96e-df51bd03e268 - - - - -] glance.verify_glance_signatures = False log_opt_values /usr/lib/python3/dist-packages/oslo_config/cfg.py:2609
2025-10-06 00:38:33.709 131335 DEBUG oslo_messaging._drivers.amqpdriver [-] AMQPListener connection timeout poll /usr/lib/python3/dist-packages/oslo_messaging/_drivers/amqpdriver.py:360
2025-10-06 00:38:33.709 130554 DEBUG oslo_service.service [req-579d205c-0932-4a09-a96e-df51bd03e268 - - - - -] glance.version = None log_opt_values /usr/lib/python3/dist-packages/oslo_config/cfg.py:2609
2025-10-06 00:38:33.709 131335 DEBUG oslo_messaging._drivers.amqpdriver [-] Listener is running poll /usr/lib/python3/dist-packages/oslo_messaging/_drivers/amqpdriver.py:343
2025-10-06 00:38:33.709 131335 DEBUG oslo_messaging._drivers.amqpdriver [-] AMQPListener connection consume poll /usr/lib/python3/dist-packages/oslo_messaging/_drivers/amqpdriver.py:357
2025-10-06 00:38:33.709 130554 DEBUG oslo_service.service [req-579d205c-0932-4a09-a96e-df51bd03e268 - - - - -] guestfs.debug = False log_opt_values /usr/lib/python3/dist-packages/oslo_config/cfg.py:2609
2025-10-06 00:38:33.710 130554 DEBUG oslo_service.service [req-579d205c-0932-4a09-a96e-df51bd03e268 - - - - -] hyperv.config_drive_cdrom = False log_opt_values /usr/lib/python3/dist-packages/oslo_config/cfg.py:2609
2025-10-06 00:38:33.710 130554 DEBUG oslo_service.service [req-579d205c-0932-4a09-a96e-df51bd03e268 - - - - -] hyperv.config_drive_inject_password = False log_opt_values /usr/lib/python3/dist-packages/oslo_config/cfg.py:2609
2025-10-06 00:38:33.710 130554 DEBUG oslo_service.service [req-579d205c-0932-4a09-a96e-df51bd03e268 - - - - -] hyperv.dynamic_memory_ratio = 1.0 log_opt_values /usr/lib/python3/dist-packages/oslo_config/cfg.py:2609
2025-10-06 00:38:33.710 130554 DEBUG oslo_service.service [req-579d205c-0932-4a09-a96e-df51bd03e268 - - - - -] hyperv.enable_instance_metrics_collection = False log_opt_values /usr/lib/python3/dist-packages/oslo_config/cfg.py:2609
2025-10-06 00:38:33.710 130554 DEBUG oslo_service.service [req-579d205c-0932-4a09-a96e-df51bd03e268 - - - - -] hyperv.enable_remotefx = False log_opt_values /usr/lib/python3/dist-packages/oslo_config/cfg.py:2609
2025-10-06 00:38:33.710 130554 DEBUG oslo_service.service [req-579d205c-0932-4a09-a96e-df51bd03e268 - - - - -] hyperv.instances_path_share = log_opt_values /usr/lib/python3/dist-packages/oslo_config/cfg.py:2609
2025-10-06 00:38:33.710 130554 DEBUG oslo_service.service [req-579d205c-0932-4a09-a96e-df51bd03e268 - - - - -] hyperv.iscsi_initiator_list = [] log_opt_values /usr/lib/python3/dist-packages/oslo_config/cfg.py:2609
2025-10-06 00:38:33.711 130554 DEBUG oslo_service.service [req-579d205c-0932-4a09-a96e-df51bd03e268 - - - - -] hyperv.limit_cpu_features = False log_opt_values /usr/lib/python3/dist-packages/oslo_config/cfg.py:2609
2025-10-06 00:38:33.711 130554 DEBUG oslo_service.service [req-579d205c-0932-4a09-a96e-df51bd03e268 - - - - -] hyperv.mounted_disk_query_retry_count = 10 log_opt_values /usr/lib/python3/dist-packages/oslo_config/cfg.py:2609
2025-10-06 00:38:33.711 130554 DEBUG oslo_service.service [req-579d205c-0932-4a09-a96e-df51bd03e268 - - - - -] hyperv.mounted_disk_query_retry_interval = 5 log_opt_values /usr/lib/python3/dist-packages/oslo_config/cfg.py:2609
2025-10-06 00:38:33.711 131334 DEBUG oslo_messaging._drivers.amqpdriver [-] Listener is running poll /usr/lib/python3/dist-packages/oslo_messaging/_drivers/amqpdriver.py:343
2025-10-06 00:38:33.711 130554 DEBUG oslo_service.service [req-579d205c-0932-4a09-a96e-df51bd03e268 - - - - -] hyperv.power_state_check_timeframe = 60 log_opt_values /usr/lib/python3/dist-packages/oslo_config/cfg.py:2609
2025-10-06 00:38:33.711 130554 DEBUG oslo_service.service [req-579d205c-0932-4a09-a96e-df51bd03e268 - - - - -] hyperv.power_state_event_polling_interval = 2 log_opt_values /usr/lib/python3/dist-packages/oslo_config/cfg.py:2609
2025-10-06 00:38:33.711 131334 DEBUG oslo_messaging._drivers.amqpdriver [-] AMQPListener connection consume poll /usr/lib/python3/dist-packages/oslo_messaging/_drivers/amqpdriver.py:357
2025-10-06 00:38:33.711 130554 DEBUG oslo_service.service [req-579d205c-0932-4a09-a96e-df51bd03e268 - - - - -] hyperv.qemu_img_cmd = qemu-img.exe log_opt_values /usr/lib/python3/dist-packages/oslo_config/cfg.py:2609
2025-10-06 00:38:33.712 130554 DEBUG oslo_service.service [req-579d205c-0932-4a09-a96e-df51bd03e268 - - - - -] hyperv.use_multipath_io = False log_opt_values /usr/lib/python3/dist-packages/oslo_config/cfg.py:2609
2025-10-06 00:38:33.712 130554 DEBUG oslo_service.service [req-579d205c-0932-4a09-a96e-df51bd03e268 - - - - -] hyperv.volume_attach_retry_count = 10 log_opt_values /usr/lib/python3/dist-packages/oslo_config/cfg.py:2609
2025-10-06 00:38:33.712 130554 DEBUG oslo_service.service [req-579d205c-0932-4a09-a96e-df51bd03e268 - - - - -] hyperv.volume_attach_retry_interval = 5 log_opt_values /usr/lib/python3/dist-packages/oslo_config/cfg.py:2609
2025-10-06 00:38:33.712 130554 DEBUG oslo_service.service [req-579d205c-0932-4a09-a96e-df51bd03e268 - - - - -] hyperv.vswitch_name = None log_opt_values /usr/lib/python3/dist-packages/oslo_config/cfg.py:2609
2025-10-06 00:38:33.712 131334 DEBUG nova.service [req-e65ae044-d5cb-4219-8ef6-756fa23a2113 - - - - -] Join ServiceGroup membership for this service scheduler start /usr/lib/python3/dist-packages/nova/service.py:199
2025-10-06 00:38:33.712 130554 DEBUG oslo_service.service [req-579d205c-0932-4a09-a96e-df51bd03e268 - - - - -] hyperv.wait_soft_reboot_seconds = 60 log_opt_values /usr/lib/python3/dist-packages/oslo_config/cfg.py:2609
2025-10-06 00:38:33.712 130554 DEBUG oslo_service.service [req-579d205c-0932-4a09-a96e-df51bd03e268 - - - - -] mks.enabled = False log_opt_values /usr/lib/python3/dist-packages/oslo_config/cfg.py:2609
2025-10-06 00:38:33.712 131334 DEBUG nova.servicegroup.drivers.db [req-e65ae044-d5cb-4219-8ef6-756fa23a2113 - - - - -] DB_Driver: join new ServiceGroup member juju-2ee950-0-lxd-7 to the scheduler group, service = join /usr/lib/python3/dist-packages/nova/servicegroup/drivers/db.py:44
2025-10-06 00:38:33.713 130554 DEBUG oslo_service.service [req-579d205c-0932-4a09-a96e-df51bd03e268 - - - - -] mks.mksproxy_base_url = http://127.0.0.1:6090/ log_opt_values /usr/lib/python3/dist-packages/oslo_config/cfg.py:2609
2025-10-06 00:38:33.713 130554 DEBUG oslo_service.service [req-579d205c-0932-4a09-a96e-df51bd03e268 - - - - -] image_cache.manager_interval = 2400 log_opt_values /usr/lib/python3/dist-packages/oslo_config/cfg.py:2609
2025-10-06 00:38:33.713 130554 DEBUG oslo_service.service [req-579d205c-0932-4a09-a96e-df51bd03e268 - - - - -] image_cache.precache_concurrency = 1 log_opt_values /usr/lib/python3/dist-packages/oslo_config/cfg.py:2609
2025-10-06 00:38:33.713 130554 DEBUG oslo_service.service [req-579d205c-0932-4a09-a96e-df51bd03e268 - - - - -] image_cache.remove_unused_base_images = True log_opt_values /usr/lib/python3/dist-packages/oslo_config/cfg.py:2609
2025-10-06 00:38:33.714 130554 DEBUG oslo_service.service [req-579d205c-0932-4a09-a96e-df51bd03e268 - - - - -] image_cache.remove_unused_original_minimum_age_seconds = 86400 log_opt_values /usr/lib/python3/dist-packages/oslo_config/cfg.py:2609
2025-10-06 00:38:33.714 130554 DEBUG oslo_service.service [req-579d205c-0932-4a09-a96e-df51bd03e268 - - - - -] image_cache.remove_unused_resized_minimum_age_seconds = 3600 log_opt_values /usr/lib/python3/dist-packages/oslo_config/cfg.py:2609
2025-10-06 00:38:33.714 130554 DEBUG oslo_service.service [req-579d205c-0932-4a09-a96e-df51bd03e268 - - - - -] image_cache.subdirectory_name = _base log_opt_values /usr/lib/python3/dist-packages/oslo_config/cfg.py:2609
2025-10-06 00:38:33.714 130554 DEBUG oslo_service.service [req-579d205c-0932-4a09-a96e-df51bd03e268 - - - - -] ironic.api_max_retries = 60 log_opt_values /usr/lib/python3/dist-packages/oslo_config/cfg.py:2609
2025-10-06 00:38:33.715 131334 DEBUG oslo_messaging._drivers.amqpdriver [-] AMQPListener connection timeout poll /usr/lib/python3/dist-packages/oslo_messaging/_drivers/amqpdriver.py:360
2025-10-06 00:38:33.715 131334 DEBUG oslo_messaging._drivers.amqpdriver [-] Listener is running poll /usr/lib/python3/dist-packages/oslo_messaging/_drivers/amqpdriver.py:343
2025-10-06 00:38:33.715 131334 DEBUG oslo_messaging._drivers.amqpdriver [-] AMQPListener connection consume poll /usr/lib/python3/dist-packages/oslo_messaging/_drivers/amqpdriver.py:357
2025-10-06 00:38:33.714 130554 DEBUG oslo_service.service [req-579d205c-0932-4a09-a96e-df51bd03e268 - - - - -] ironic.api_retry_interval = 2 log_opt_values /usr/lib/python3/dist-packages/oslo_config/cfg.py:2609
2025-10-06 00:38:33.716 130554 DEBUG oslo_service.service [req-579d205c-0932-4a09-a96e-df51bd03e268 - - - - -] ironic.auth_section = None log_opt_values /usr/lib/python3/dist-packages/oslo_config/cfg.py:2609
2025-10-06 00:38:33.716 130554 DEBUG oslo_service.service [req-579d205c-0932-4a09-a96e-df51bd03e268 - - - - -] ironic.auth_type = None log_opt_values /usr/lib/python3/dist-packages/oslo_config/cfg.py:2609
2025-10-06 00:38:33.716 130554 DEBUG oslo_service.service [req-579d205c-0932-4a09-a96e-df51bd03e268 - - - - -] ironic.cafile = None log_opt_values /usr/lib/python3/dist-packages/oslo_config/cfg.py:2609
2025-10-06 00:38:33.716 130554 DEBUG oslo_service.service [req-579d205c-0932-4a09-a96e-df51bd03e268 - - - - -] ironic.certfile = None log_opt_values /usr/lib/python3/dist-packages/oslo_config/cfg.py:2609
2025-10-06 00:38:33.716 130554 DEBUG oslo_service.service [req-579d205c-0932-4a09-a96e-df51bd03e268 - - - - -] ironic.collect_timing = False log_opt_values /usr/lib/python3/dist-packages/oslo_config/cfg.py:2609
2025-10-06 00:38:33.716 130554 DEBUG oslo_service.service [req-579d205c-0932-4a09-a96e-df51bd03e268 - - - - -] ironic.connect_retries = None log_opt_values /usr/lib/python3/dist-packages/oslo_config/cfg.py:2609
2025-10-06 00:38:33.717 130554 DEBUG oslo_service.service [req-579d205c-0932-4a09-a96e-df51bd03e268 - - - - -] ironic.connect_retry_delay = None log_opt_values /usr/lib/python3/dist-packages/oslo_config/cfg.py:2609
2025-10-06 00:38:33.717 130554 DEBUG oslo_service.service [req-579d205c-0932-4a09-a96e-df51bd03e268 - - - - -] ironic.endpoint_override = None log_opt_values /usr/lib/python3/dist-packages/oslo_config/cfg.py:2609
2025-10-06 00:38:33.717 130554 DEBUG oslo_service.service [req-579d205c-0932-4a09-a96e-df51bd03e268 - - - - -] ironic.insecure = False log_opt_values /usr/lib/python3/dist-packages/oslo_config/cfg.py:2609
2025-10-06 00:38:33.717 130554 DEBUG oslo_service.service [req-579d205c-0932-4a09-a96e-df51bd03e268 - - - - -] ironic.keyfile = None log_opt_values /usr/lib/python3/dist-packages/oslo_config/cfg.py:2609
2025-10-06 00:38:33.717 130554 DEBUG oslo_service.service [req-579d205c-0932-4a09-a96e-df51bd03e268 - - - - -] ironic.max_version = None log_opt_values /usr/lib/python3/dist-packages/oslo_config/cfg.py:2609
2025-10-06 00:38:33.717 130554 DEBUG oslo_service.service [req-579d205c-0932-4a09-a96e-df51bd03e268 - - - - -] ironic.min_version = None log_opt_values /usr/lib/python3/dist-packages/oslo_config/cfg.py:2609
2025-10-06 00:38:33.717 130554 DEBUG oslo_service.service [req-579d205c-0932-4a09-a96e-df51bd03e268 - - - - -] ironic.partition_key = None log_opt_values /usr/lib/python3/dist-packages/oslo_config/cfg.py:2609
2025-10-06 00:38:33.718 130554 DEBUG oslo_service.service [req-579d205c-0932-4a09-a96e-df51bd03e268 - - - - -] ironic.peer_list = [] log_opt_values /usr/lib/python3/dist-packages/oslo_config/cfg.py:2609
2025-10-06 00:38:33.718 130554 DEBUG oslo_service.service [req-579d205c-0932-4a09-a96e-df51bd03e268 - - - - -] ironic.region_name = None log_opt_values /usr/lib/python3/dist-packages/oslo_config/cfg.py:2609
2025-10-06 00:38:33.718 130554 DEBUG oslo_service.service [req-579d205c-0932-4a09-a96e-df51bd03e268 - - - - -] ironic.serial_console_state_timeout = 10 log_opt_values /usr/lib/python3/dist-packages/oslo_config/cfg.py:2609
2025-10-06 00:38:33.718 130554 DEBUG oslo_service.service [req-579d205c-0932-4a09-a96e-df51bd03e268 - - - - -] ironic.service_name = None log_opt_values /usr/lib/python3/dist-packages/oslo_config/cfg.py:2609
2025-10-06 00:38:33.718 130554 DEBUG oslo_service.service [req-579d205c-0932-4a09-a96e-df51bd03e268 - - - - -] ironic.service_type = baremetal log_opt_values /usr/lib/python3/dist-packages/oslo_config/cfg.py:2609
2025-10-06 00:38:33.718 130554 DEBUG oslo_service.service [req-579d205c-0932-4a09-a96e-df51bd03e268 - - - - -] ironic.split_loggers = False log_opt_values /usr/lib/python3/dist-packages/oslo_config/cfg.py:2609
2025-10-06 00:38:33.719 130554 DEBUG oslo_service.service [req-579d205c-0932-4a09-a96e-df51bd03e268 - - - - -] ironic.status_code_retries = None log_opt_values /usr/lib/python3/dist-packages/oslo_config/cfg.py:2609
2025-10-06 00:38:33.719 130554 DEBUG oslo_service.service [req-579d205c-0932-4a09-a96e-df51bd03e268 - - - - -] ironic.status_code_retry_delay = None log_opt_values /usr/lib/python3/dist-packages/oslo_config/cfg.py:2609
2025-10-06 00:38:33.719 130554 DEBUG oslo_service.service [req-579d205c-0932-4a09-a96e-df51bd03e268 - - - - -] ironic.timeout = None log_opt_values /usr/lib/python3/dist-packages/oslo_config/cfg.py:2609
2025-10-06 00:38:33.719 130554 DEBUG oslo_service.service [req-579d205c-0932-4a09-a96e-df51bd03e268 - - - - -] ironic.valid_interfaces = ['internal', 'public'] log_opt_values /usr/lib/python3/dist-packages/oslo_config/cfg.py:2609
2025-10-06 00:38:33.719 130554 DEBUG oslo_service.service [req-579d205c-0932-4a09-a96e-df51bd03e268 - - - - -] ironic.version = None log_opt_values /usr/lib/python3/dist-packages/oslo_config/cfg.py:2609
2025-10-06 00:38:33.719 130554 DEBUG oslo_service.service [req-579d205c-0932-4a09-a96e-df51bd03e268 - - - - -] key_manager.backend = barbican log_opt_values /usr/lib/python3/dist-packages/oslo_config/cfg.py:2609
2025-10-06 00:38:33.720 130554 DEBUG oslo_service.service [req-579d205c-0932-4a09-a96e-df51bd03e268 - - - - -] key_manager.fixed_key = **** log_opt_values /usr/lib/python3/dist-packages/oslo_config/cfg.py:2609
2025-10-06 00:38:33.720 130554 DEBUG oslo_service.service [req-579d205c-0932-4a09-a96e-df51bd03e268 - - - - -] barbican.auth_endpoint = http://localhost/identity/v3 log_opt_values /usr/lib/python3/dist-packages/oslo_config/cfg.py:2609
