2025-10-06 00:38:49.620 136129 DEBUG oslo_service.service [req-f2b2c403-b6bf-43bb-9050-3210ea7d47bc - - - - -] update_resources_interval = 0 log_opt_values /usr/lib/python3/dist-packages/oslo_config/cfg.py:2602
2025-10-06 00:38:49.620 136129 DEBUG oslo_service.service [req-f2b2c403-b6bf-43bb-9050-3210ea7d47bc - - - - -] use_cow_images = True log_opt_values /usr/lib/python3/dist-packages/oslo_config/cfg.py:2602
2025-10-06 00:38:49.621 136129 DEBUG oslo_service.service [req-f2b2c403-b6bf-43bb-9050-3210ea7d47bc - - - - -] use_eventlog = False log_opt_values /usr/lib/python3/dist-packages/oslo_config/cfg.py:2602
2025-10-06 00:38:49.621 136129 DEBUG oslo_service.service [req-f2b2c403-b6bf-43bb-9050-3210ea7d47bc - - - - -] use_journal = False log_opt_values /usr/lib/python3/dist-packages/oslo_config/cfg.py:2602
2025-10-06 00:38:49.621 136129 DEBUG oslo_service.service [req-f2b2c403-b6bf-43bb-9050-3210ea7d47bc - - - - -] use_json = False log_opt_values /usr/lib/python3/dist-packages/oslo_config/cfg.py:2602
2025-10-06 00:38:49.621 136129 DEBUG oslo_service.service [req-f2b2c403-b6bf-43bb-9050-3210ea7d47bc - - - - -] use_rootwrap_daemon = False log_opt_values /usr/lib/python3/dist-packages/oslo_config/cfg.py:2602
2025-10-06 00:38:49.621 136129 DEBUG oslo_service.service [req-f2b2c403-b6bf-43bb-9050-3210ea7d47bc - - - - -] use_stderr = False log_opt_values /usr/lib/python3/dist-packages/oslo_config/cfg.py:2602
2025-10-06 00:38:49.621 136633 DEBUG nova.service [req-cae29fa6-3893-41de-9bf0-9af8ebee6102 - - - - -] Creating RPC server for service scheduler start /usr/lib/python3/dist-packages/nova/service.py:182
2025-10-06 00:38:49.622 136129 DEBUG oslo_service.service [req-f2b2c403-b6bf-43bb-9050-3210ea7d47bc - - - - -] use_syslog = False log_opt_values /usr/lib/python3/dist-packages/oslo_config/cfg.py:2602
2025-10-06 00:38:49.622 136129 DEBUG oslo_service.service [req-f2b2c403-b6bf-43bb-9050-3210ea7d47bc - - - - -] vcpu_pin_set = None log_opt_values /usr/lib/python3/dist-packages/oslo_config/cfg.py:2602
2025-10-06 00:38:49.622 136129 DEBUG oslo_service.service [req-f2b2c403-b6bf-43bb-9050-3210ea7d47bc - - - - -] vif_plugging_is_fatal = True log_opt_values /usr/lib/python3/dist-packages/oslo_config/cfg.py:2602
2025-10-06 00:38:49.622 136129 DEBUG oslo_service.service [req-f2b2c403-b6bf-43bb-9050-3210ea7d47bc - - - - -] vif_plugging_timeout = 300 log_opt_values /usr/lib/python3/dist-packages/oslo_config/cfg.py:2602
2025-10-06 00:38:49.622 136129 DEBUG oslo_service.service [req-f2b2c403-b6bf-43bb-9050-3210ea7d47bc - - - - -] virt_mkfs = [] log_opt_values /usr/lib/python3/dist-packages/oslo_config/cfg.py:2602
2025-10-06 00:38:49.623 136129 DEBUG oslo_service.service [req-f2b2c403-b6bf-43bb-9050-3210ea7d47bc - - - - -] volume_usage_poll_interval = 0 log_opt_values /usr/lib/python3/dist-packages/oslo_config/cfg.py:2602
2025-10-06 00:38:49.623 136129 DEBUG oslo_service.service [req-f2b2c403-b6bf-43bb-9050-3210ea7d47bc - - - - -] watch_log_file = False log_opt_values /usr/lib/python3/dist-packages/oslo_config/cfg.py:2602
2025-10-06 00:38:49.623 136129 DEBUG oslo_service.service [req-f2b2c403-b6bf-43bb-9050-3210ea7d47bc - - - - -] web = /usr/share/spice-html5 log_opt_values /usr/lib/python3/dist-packages/oslo_config/cfg.py:2602
2025-10-06 00:38:49.623 136129 DEBUG oslo_service.service [req-f2b2c403-b6bf-43bb-9050-3210ea7d47bc - - - - -] oslo_concurrency.disable_process_locking = False log_opt_values /usr/lib/python3/dist-packages/oslo_config/cfg.py:2609
2025-10-06 00:38:49.624 136129 DEBUG oslo_service.service [req-f2b2c403-b6bf-43bb-9050-3210ea7d47bc - - - - -] oslo_concurrency.lock_path = /var/lock/nova log_opt_values /usr/lib/python3/dist-packages/oslo_config/cfg.py:2609
2025-10-06 00:38:49.623 136623 DEBUG oslo_db.sqlalchemy.engines [req-6452d864-f6c6-4f60-9861-f2d43db727da - - - - -] MySQL server mode set to STRICT_TRANS_TABLES,STRICT_ALL_TABLES,NO_ZERO_IN_DATE,NO_ZERO_DATE,ERROR_FOR_DIVISION_BY_ZERO,TRADITIONAL,NO_ENGINE_SUBSTITUTION _check_effective_sql_mode /usr/lib/python3/dist-packages/oslo_db/sqlalchemy/engines.py:314
2025-10-06 00:38:49.624 136129 WARNING oslo_config.cfg [req-f2b2c403-b6bf-43bb-9050-3210ea7d47bc - - - - -] Deprecated: Option "auth_strategy" from group "api" is deprecated for removal ( The only non-default choice, ``noauth2``, is for internal development and testing purposes only and should not be used in deployments. This option and its middleware, NoAuthMiddleware[V2_18], will be removed in a future release. ). Its value may be silently ignored in the future.
2025-10-06 00:38:49.624 136129 DEBUG oslo_service.service [req-f2b2c403-b6bf-43bb-9050-3210ea7d47bc - - - - -] api.auth_strategy = keystone log_opt_values /usr/lib/python3/dist-packages/oslo_config/cfg.py:2609
2025-10-06 00:38:49.624 136129 DEBUG oslo_service.service [req-f2b2c403-b6bf-43bb-9050-3210ea7d47bc - - - - -] api.compute_link_prefix = None log_opt_values /usr/lib/python3/dist-packages/oslo_config/cfg.py:2609
2025-10-06 00:38:49.625 136129 DEBUG oslo_service.service [req-f2b2c403-b6bf-43bb-9050-3210ea7d47bc - - - - -] api.config_drive_skip_versions = 1.0 2007-01-19 2007-03-01 2007-08-29 2007-10-10 2007-12-15 2008-02-01 2008-09-01 log_opt_values /usr/lib/python3/dist-packages/oslo_config/cfg.py:2609
2025-10-06 00:38:49.625 136129 DEBUG oslo_service.service [req-f2b2c403-b6bf-43bb-9050-3210ea7d47bc - - - - -] api.dhcp_domain = novalocal log_opt_values /usr/lib/python3/dist-packages/oslo_config/cfg.py:2609
2025-10-06 00:38:49.625 136129 DEBUG oslo_service.service [req-f2b2c403-b6bf-43bb-9050-3210ea7d47bc - - - - -] api.enable_instance_password = True log_opt_values /usr/lib/python3/dist-packages/oslo_config/cfg.py:2609
2025-10-06 00:38:49.625 136129 DEBUG oslo_service.service [req-f2b2c403-b6bf-43bb-9050-3210ea7d47bc - - - - -] api.glance_link_prefix = None log_opt_values /usr/lib/python3/dist-packages/oslo_config/cfg.py:2609
2025-10-06 00:38:49.625 136129 DEBUG oslo_service.service [req-f2b2c403-b6bf-43bb-9050-3210ea7d47bc - - - - -] api.instance_list_cells_batch_fixed_size = 100 log_opt_values /usr/lib/python3/dist-packages/oslo_config/cfg.py:2609
2025-10-06 00:38:49.626 136129 DEBUG oslo_service.service [req-f2b2c403-b6bf-43bb-9050-3210ea7d47bc - - - - -] api.instance_list_cells_batch_strategy = distributed log_opt_values /usr/lib/python3/dist-packages/oslo_config/cfg.py:2609
2025-10-06 00:38:49.626 136129 DEBUG oslo_service.service [req-f2b2c403-b6bf-43bb-9050-3210ea7d47bc - - - - -] api.instance_list_per_project_cells = False log_opt_values /usr/lib/python3/dist-packages/oslo_config/cfg.py:2609
2025-10-06 00:38:49.626 136129 DEBUG oslo_service.service [req-f2b2c403-b6bf-43bb-9050-3210ea7d47bc - - - - -] api.list_records_by_skipping_down_cells = True log_opt_values /usr/lib/python3/dist-packages/oslo_config/cfg.py:2609
2025-10-06 00:38:49.626 136129 DEBUG oslo_service.service [req-f2b2c403-b6bf-43bb-9050-3210ea7d47bc - - - - -] api.local_metadata_per_cell = False log_opt_values /usr/lib/python3/dist-packages/oslo_config/cfg.py:2609
2025-10-06 00:38:49.626 136129 DEBUG oslo_service.service [req-f2b2c403-b6bf-43bb-9050-3210ea7d47bc - - - - -] api.max_limit = 1000 log_opt_values /usr/lib/python3/dist-packages/oslo_config/cfg.py:2609
2025-10-06 00:38:49.627 136129 DEBUG oslo_service.service [req-f2b2c403-b6bf-43bb-9050-3210ea7d47bc - - - - -] api.metadata_cache_expiration = 15 log_opt_values /usr/lib/python3/dist-packages/oslo_config/cfg.py:2609
2025-10-06 00:38:49.627 136129 DEBUG oslo_service.service [req-f2b2c403-b6bf-43bb-9050-3210ea7d47bc - - - - -] api.neutron_default_tenant_id = default log_opt_values /usr/lib/python3/dist-packages/oslo_config/cfg.py:2609
2025-10-06 00:38:49.627 136129 DEBUG oslo_service.service [req-f2b2c403-b6bf-43bb-9050-3210ea7d47bc - - - - -] api.use_forwarded_for = False log_opt_values /usr/lib/python3/dist-packages/oslo_config/cfg.py:2609
2025-10-06 00:38:49.627 136129 DEBUG oslo_service.service [req-f2b2c403-b6bf-43bb-9050-3210ea7d47bc - - - - -] api.use_neutron_default_nets = False log_opt_values /usr/lib/python3/dist-packages/oslo_config/cfg.py:2609
2025-10-06 00:38:49.627 136129 DEBUG oslo_service.service [req-f2b2c403-b6bf-43bb-9050-3210ea7d47bc - - - - -] api.vendordata_dynamic_connect_timeout = 5 log_opt_values /usr/lib/python3/dist-packages/oslo_config/cfg.py:2609
2025-10-06 00:38:49.627 136129 DEBUG oslo_service.service [req-f2b2c403-b6bf-43bb-9050-3210ea7d47bc - - - - -] api.vendordata_dynamic_failure_fatal = False log_opt_values /usr/lib/python3/dist-packages/oslo_config/cfg.py:2609
2025-10-06 00:38:49.628 136129 DEBUG oslo_service.service [req-f2b2c403-b6bf-43bb-9050-3210ea7d47bc - - - - -] api.vendordata_dynamic_read_timeout = 5 log_opt_values /usr/lib/python3/dist-packages/oslo_config/cfg.py:2609
2025-10-06 00:38:49.628 136129 DEBUG oslo_service.service [req-f2b2c403-b6bf-43bb-9050-3210ea7d47bc - - - - -] api.vendordata_dynamic_ssl_certfile = log_opt_values /usr/lib/python3/dist-packages/oslo_config/cfg.py:2609
2025-10-06 00:38:49.628 136129 DEBUG oslo_service.service [req-f2b2c403-b6bf-43bb-9050-3210ea7d47bc - - - - -] api.vendordata_dynamic_targets = [] log_opt_values /usr/lib/python3/dist-packages/oslo_config/cfg.py:2609
2025-10-06 00:38:49.628 136129 DEBUG oslo_service.service [req-f2b2c403-b6bf-43bb-9050-3210ea7d47bc - - - - -] api.vendordata_jsonfile_path = None log_opt_values /usr/lib/python3/dist-packages/oslo_config/cfg.py:2609
2025-10-06 00:38:49.628 136129 DEBUG oslo_service.service [req-f2b2c403-b6bf-43bb-9050-3210ea7d47bc - - - - -] api.vendordata_providers = ['StaticJSON'] log_opt_values /usr/lib/python3/dist-packages/oslo_config/cfg.py:2609
2025-10-06 00:38:49.629 136129 DEBUG oslo_service.service [req-f2b2c403-b6bf-43bb-9050-3210ea7d47bc - - - - -] cache.backend = dogpile.cache.null log_opt_values /usr/lib/python3/dist-packages/oslo_config/cfg.py:2609
2025-10-06 00:38:49.629 136129 DEBUG oslo_service.service [req-f2b2c403-b6bf-43bb-9050-3210ea7d47bc - - - - -] cache.backend_argument = **** log_opt_values /usr/lib/python3/dist-packages/oslo_config/cfg.py:2609
2025-10-06 00:38:49.629 136129 DEBUG oslo_service.service [req-f2b2c403-b6bf-43bb-9050-3210ea7d47bc - - - - -] cache.config_prefix = cache.oslo log_opt_values /usr/lib/python3/dist-packages/oslo_config/cfg.py:2609
2025-10-06 00:38:49.629 136129 DEBUG oslo_service.service [req-f2b2c403-b6bf-43bb-9050-3210ea7d47bc - - - - -] cache.debug_cache_backend = False log_opt_values /usr/lib/python3/dist-packages/oslo_config/cfg.py:2609
2025-10-06 00:38:49.629 136129 DEBUG oslo_service.service [req-f2b2c403-b6bf-43bb-9050-3210ea7d47bc - - - - -] cache.enabled = False log_opt_values /usr/lib/python3/dist-packages/oslo_config/cfg.py:2609
2025-10-06 00:38:49.630 136129 DEBUG oslo_service.service [req-f2b2c403-b6bf-43bb-9050-3210ea7d47bc - - - - -] cache.expiration_time = 600 log_opt_values /usr/lib/python3/dist-packages/oslo_config/cfg.py:2609
2025-10-06 00:38:49.630 136129 DEBUG oslo_service.service [req-f2b2c403-b6bf-43bb-9050-3210ea7d47bc - - - - -] cache.memcache_dead_retry = 300 log_opt_values /usr/lib/python3/dist-packages/oslo_config/cfg.py:2609
2025-10-06 00:38:49.630 136129 DEBUG oslo_service.service [req-f2b2c403-b6bf-43bb-9050-3210ea7d47bc - - - - -] cache.memcache_pool_connection_get_timeout = 10 log_opt_values /usr/lib/python3/dist-packages/oslo_config/cfg.py:2609
2025-10-06 00:38:49.630 136129 DEBUG oslo_service.service [req-f2b2c403-b6bf-43bb-9050-3210ea7d47bc - - - - -] cache.memcache_pool_flush_on_reconnect = False log_opt_values /usr/lib/python3/dist-packages/oslo_config/cfg.py:2609
2025-10-06 00:38:49.630 136129 DEBUG oslo_service.service [req-f2b2c403-b6bf-43bb-9050-3210ea7d47bc - - - - -] cache.memcache_pool_maxsize = 10 log_opt_values /usr/lib/python3/dist-packages/oslo_config/cfg.py:2609
2025-10-06 00:38:49.630 136129 DEBUG oslo_service.service [req-f2b2c403-b6bf-43bb-9050-3210ea7d47bc - - - - -] cache.memcache_pool_unused_timeout = 60 log_opt_values /usr/lib/python3/dist-packages/oslo_config/cfg.py:2609
2025-10-06 00:38:49.631 136129 DEBUG oslo_service.service [req-f2b2c403-b6bf-43bb-9050-3210ea7d47bc - - - - -] cache.memcache_servers = ['localhost:11211'] log_opt_values /usr/lib/python3/dist-packages/oslo_config/cfg.py:2609
2025-10-06 00:38:49.631 136129 DEBUG oslo_service.service [req-f2b2c403-b6bf-43bb-9050-3210ea7d47bc - - - - -] cache.memcache_socket_timeout = 1.0 log_opt_values /usr/lib/python3/dist-packages/oslo_config/cfg.py:2609
2025-10-06 00:38:49.631 136129 DEBUG oslo_service.service [req-f2b2c403-b6bf-43bb-9050-3210ea7d47bc - - - - -] cache.proxies = [] log_opt_values /usr/lib/python3/dist-packages/oslo_config/cfg.py:2609
2025-10-06 00:38:49.631 136129 DEBUG oslo_service.service [req-f2b2c403-b6bf-43bb-9050-3210ea7d47bc - - - - -] cache.tls_allowed_ciphers = None log_opt_values /usr/lib/python3/dist-packages/oslo_config/cfg.py:2609
2025-10-06 00:38:49.631 136129 DEBUG oslo_service.service [req-f2b2c403-b6bf-43bb-9050-3210ea7d47bc - - - - -] cache.tls_cafile = None log_opt_values /usr/lib/python3/dist-packages/oslo_config/cfg.py:2609
2025-10-06 00:38:49.631 136129 DEBUG oslo_service.service [req-f2b2c403-b6bf-43bb-9050-3210ea7d47bc - - - - -] cache.tls_certfile = None log_opt_values /usr/lib/python3/dist-packages/oslo_config/cfg.py:2609
2025-10-06 00:38:49.632 136129 DEBUG oslo_service.service [req-f2b2c403-b6bf-43bb-9050-3210ea7d47bc - - - - -] cache.tls_enabled = False log_opt_values /usr/lib/python3/dist-packages/oslo_config/cfg.py:2609
2025-10-06 00:38:49.632 136129 DEBUG oslo_service.service [req-f2b2c403-b6bf-43bb-9050-3210ea7d47bc - - - - -] cache.tls_keyfile = None log_opt_values /usr/lib/python3/dist-packages/oslo_config/cfg.py:2609
2025-10-06 00:38:49.632 136129 DEBUG oslo_service.service [req-f2b2c403-b6bf-43bb-9050-3210ea7d47bc - - - - -] cinder.auth_section = None log_opt_values /usr/lib/python3/dist-packages/oslo_config/cfg.py:2609
2025-10-06 00:38:49.632 136129 DEBUG oslo_service.service [req-f2b2c403-b6bf-43bb-9050-3210ea7d47bc - - - - -] cinder.auth_type = None log_opt_values /usr/lib/python3/dist-packages/oslo_config/cfg.py:2609
2025-10-06 00:38:49.632 136129 DEBUG oslo_service.service [req-f2b2c403-b6bf-43bb-9050-3210ea7d47bc - - - - -] cinder.cafile = None log_opt_values /usr/lib/python3/dist-packages/oslo_config/cfg.py:2609
2025-10-06 00:38:49.632 136129 DEBUG oslo_service.service [req-f2b2c403-b6bf-43bb-9050-3210ea7d47bc - - - - -] cinder.catalog_info = volumev3::publicURL log_opt_values /usr/lib/python3/dist-packages/oslo_config/cfg.py:2609
2025-10-06 00:38:49.633 136129 DEBUG oslo_service.service [req-f2b2c403-b6bf-43bb-9050-3210ea7d47bc - - - - -] cinder.certfile = None log_opt_values /usr/lib/python3/dist-packages/oslo_config/cfg.py:2609
2025-10-06 00:38:49.633 136129 DEBUG oslo_service.service [req-f2b2c403-b6bf-43bb-9050-3210ea7d47bc - - - - -] cinder.collect_timing = False log_opt_values /usr/lib/python3/dist-packages/oslo_config/cfg.py:2609
2025-10-06 00:38:49.633 136129 DEBUG oslo_service.service [req-f2b2c403-b6bf-43bb-9050-3210ea7d47bc - - - - -] cinder.cross_az_attach = True log_opt_values /usr/lib/python3/dist-packages/oslo_config/cfg.py:2609
2025-10-06 00:38:49.633 136129 DEBUG oslo_service.service [req-f2b2c403-b6bf-43bb-9050-3210ea7d47bc - - - - -] cinder.debug = False log_opt_values /usr/lib/python3/dist-packages/oslo_config/cfg.py:2609
2025-10-06 00:38:49.633 136129 DEBUG oslo_service.service [req-f2b2c403-b6bf-43bb-9050-3210ea7d47bc - - - - -] cinder.endpoint_template = None log_opt_values /usr/lib/python3/dist-packages/oslo_config/cfg.py:2609
2025-10-06 00:38:49.633 136129 DEBUG oslo_service.service [req-f2b2c403-b6bf-43bb-9050-3210ea7d47bc - - - - -] cinder.http_retries = 3 log_opt_values /usr/lib/python3/dist-packages/oslo_config/cfg.py:2609
2025-10-06 00:38:49.634 136129 DEBUG oslo_service.service [req-f2b2c403-b6bf-43bb-9050-3210ea7d47bc - - - - -] cinder.insecure = False log_opt_values /usr/lib/python3/dist-packages/oslo_config/cfg.py:2609
2025-10-06 00:38:49.634 136129 DEBUG oslo_service.service [req-f2b2c403-b6bf-43bb-9050-3210ea7d47bc - - - - -] cinder.keyfile = None log_opt_values /usr/lib/python3/dist-packages/oslo_config/cfg.py:2609
2025-10-06 00:38:49.634 136129 DEBUG oslo_service.service [req-f2b2c403-b6bf-43bb-9050-3210ea7d47bc - - - - -] cinder.os_region_name = None log_opt_values /usr/lib/python3/dist-packages/oslo_config/cfg.py:2609
2025-10-06 00:38:49.634 136129 DEBUG oslo_service.service [req-f2b2c403-b6bf-43bb-9050-3210ea7d47bc - - - - -] cinder.split_loggers = False log_opt_values /usr/lib/python3/dist-packages/oslo_config/cfg.py:2609
2025-10-06 00:38:49.635 136129 DEBUG oslo_service.service [req-f2b2c403-b6bf-43bb-9050-3210ea7d47bc - - - - -] cinder.timeout = None log_opt_values /usr/lib/python3/dist-packages/oslo_config/cfg.py:2609
2025-10-06 00:38:49.635 136129 DEBUG oslo_service.service [req-f2b2c403-b6bf-43bb-9050-3210ea7d47bc - - - - -] compute.consecutive_build_service_disable_threshold = 10 log_opt_values /usr/lib/python3/dist-packages/oslo_config/cfg.py:2609
2025-10-06 00:38:49.636 136129 DEBUG oslo_service.service [req-f2b2c403-b6bf-43bb-9050-3210ea7d47bc - - - - -] compute.cpu_dedicated_set = None log_opt_values /usr/lib/python3/dist-packages/oslo_config/cfg.py:2609
2025-10-06 00:38:49.636 136129 DEBUG oslo_service.service [req-f2b2c403-b6bf-43bb-9050-3210ea7d47bc - - - - -] compute.cpu_shared_set = None log_opt_values /usr/lib/python3/dist-packages/oslo_config/cfg.py:2609
2025-10-06 00:38:49.638 136129 DEBUG oslo_service.service [req-f2b2c403-b6bf-43bb-9050-3210ea7d47bc - - - - -] compute.image_type_exclude_list = [] log_opt_values /usr/lib/python3/dist-packages/oslo_config/cfg.py:2609
2025-10-06 00:38:49.638 136129 DEBUG oslo_service.service [req-f2b2c403-b6bf-43bb-9050-3210ea7d47bc - - - - -] compute.live_migration_wait_for_vif_plug = True log_opt_values /usr/lib/python3/dist-packages/oslo_config/cfg.py:2609
2025-10-06 00:38:49.639 136129 DEBUG oslo_service.service [req-f2b2c403-b6bf-43bb-9050-3210ea7d47bc - - - - -] compute.max_concurrent_disk_ops = 0 log_opt_values /usr/lib/python3/dist-packages/oslo_config/cfg.py:2609
2025-10-06 00:38:49.639 136129 DEBUG oslo_service.service [req-f2b2c403-b6bf-43bb-9050-3210ea7d47bc - - - - -] compute.max_disk_devices_to_attach = -1 log_opt_values /usr/lib/python3/dist-packages/oslo_config/cfg.py:2609
2025-10-06 00:38:49.640 136129 DEBUG oslo_service.service [req-f2b2c403-b6bf-43bb-9050-3210ea7d47bc - - - - -] compute.packing_host_numa_cells_allocation_strategy = True log_opt_values /usr/lib/python3/dist-packages/oslo_config/cfg.py:2609
2025-10-06 00:38:49.640 136129 DEBUG oslo_service.service [req-f2b2c403-b6bf-43bb-9050-3210ea7d47bc - - - - -] compute.provider_config_location = /etc/nova/provider_config/ log_opt_values /usr/lib/python3/dist-packages/oslo_config/cfg.py:2609
2025-10-06 00:38:49.640 136129 DEBUG oslo_service.service [req-f2b2c403-b6bf-43bb-9050-3210ea7d47bc - - - - -] compute.resource_provider_association_refresh = 300 log_opt_values /usr/lib/python3/dist-packages/oslo_config/cfg.py:2609
2025-10-06 00:38:49.641 136129 DEBUG oslo_service.service [req-f2b2c403-b6bf-43bb-9050-3210ea7d47bc - - - - -] compute.shutdown_retry_interval = 10 log_opt_values /usr/lib/python3/dist-packages/oslo_config/cfg.py:2609
2025-10-06 00:38:49.641 136129 DEBUG oslo_service.service [req-f2b2c403-b6bf-43bb-9050-3210ea7d47bc - - - - -] compute.vmdk_allowed_types = ['streamOptimized', 'monolithicSparse'] log_opt_values /usr/lib/python3/dist-packages/oslo_config/cfg.py:2609
2025-10-06 00:38:49.641 136129 DEBUG oslo_service.service [req-f2b2c403-b6bf-43bb-9050-3210ea7d47bc - - - - -] conductor.workers = 4 log_opt_values /usr/lib/python3/dist-packages/oslo_config/cfg.py:2609
2025-10-06 00:38:49.641 136129 DEBUG oslo_service.service [req-f2b2c403-b6bf-43bb-9050-3210ea7d47bc - - - - -] console.allowed_origins = [] log_opt_values /usr/lib/python3/dist-packages/oslo_config/cfg.py:2609
2025-10-06 00:38:49.642 136129 DEBUG oslo_service.service [req-f2b2c403-b6bf-43bb-9050-3210ea7d47bc - - - - -] console.ssl_ciphers = None log_opt_values /usr/lib/python3/dist-packages/oslo_config/cfg.py:2609
2025-10-06 00:38:49.642 136129 DEBUG oslo_service.service [req-f2b2c403-b6bf-43bb-9050-3210ea7d47bc - - - - -] console.ssl_minimum_version = default log_opt_values /usr/lib/python3/dist-packages/oslo_config/cfg.py:2609
2025-10-06 00:38:49.642 136129 DEBUG oslo_service.service [req-f2b2c403-b6bf-43bb-9050-3210ea7d47bc - - - - -] consoleauth.token_ttl = 600 log_opt_values /usr/lib/python3/dist-packages/oslo_config/cfg.py:2609
2025-10-06 00:38:49.642 136129 DEBUG oslo_service.service [req-f2b2c403-b6bf-43bb-9050-3210ea7d47bc - - - - -] cyborg.cafile = None log_opt_values /usr/lib/python3/dist-packages/oslo_config/cfg.py:2609
2025-10-06 00:38:49.643 136129 DEBUG oslo_service.service [req-f2b2c403-b6bf-43bb-9050-3210ea7d47bc - - - - -] cyborg.certfile = None log_opt_values /usr/lib/python3/dist-packages/oslo_config/cfg.py:2609
2025-10-06 00:38:49.643 136129 DEBUG oslo_service.service [req-f2b2c403-b6bf-43bb-9050-3210ea7d47bc - - - - -] cyborg.collect_timing = False log_opt_values /usr/lib/python3/dist-packages/oslo_config/cfg.py:2609
2025-10-06 00:38:49.643 136129 DEBUG oslo_service.service [req-f2b2c403-b6bf-43bb-9050-3210ea7d47bc - - - - -] cyborg.connect_retries = None log_opt_values /usr/lib/python3/dist-packages/oslo_config/cfg.py:2609
2025-10-06 00:38:49.643 136129 DEBUG oslo_service.service [req-f2b2c403-b6bf-43bb-9050-3210ea7d47bc - - - - -] cyborg.connect_retry_delay = None log_opt_values /usr/lib/python3/dist-packages/oslo_config/cfg.py:2609
2025-10-06 00:38:49.643 136129 DEBUG oslo_service.service [req-f2b2c403-b6bf-43bb-9050-3210ea7d47bc - - - - -] cyborg.endpoint_override = None log_opt_values /usr/lib/python3/dist-packages/oslo_config/cfg.py:2609
2025-10-06 00:38:49.643 136129 DEBUG oslo_service.service [req-f2b2c403-b6bf-43bb-9050-3210ea7d47bc - - - - -] cyborg.insecure = False log_opt_values /usr/lib/python3/dist-packages/oslo_config/cfg.py:2609
2025-10-06 00:38:49.644 136129 DEBUG oslo_service.service [req-f2b2c403-b6bf-43bb-9050-3210ea7d47bc - - - - -] cyborg.keyfile = None log_opt_values /usr/lib/python3/dist-packages/oslo_config/cfg.py:2609
2025-10-06 00:38:49.645 136633 DEBUG oslo_messaging._drivers.amqpdriver [-] Listener is running poll /usr/lib/python3/dist-packages/oslo_messaging/_drivers/amqpdriver.py:343
2025-10-06 00:38:49.652 136639 DEBUG oslo_messaging._drivers.amqpdriver [-] Listener is running poll /usr/lib/python3/dist-packages/oslo_messaging/_drivers/amqpdriver.py:343
2025-10-06 00:38:49.653 136623 DEBUG nova.service [req-6452d864-f6c6-4f60-9861-f2d43db727da - - - - -] Creating RPC server for service scheduler start /usr/lib/python3/dist-packages/nova/service.py:182
2025-10-06 00:38:49.656 136649 DEBUG oslo_messaging._drivers.amqpdriver [-] Listener is running poll /usr/lib/python3/dist-packages/oslo_messaging/_drivers/amqpdriver.py:343
2025-10-06 00:38:49.698 136633 DEBUG oslo_messaging._drivers.amqpdriver [-] AMQPListener connection consume poll /usr/lib/python3/dist-packages/oslo_messaging/_drivers/amqpdriver.py:357
2025-10-06 00:38:49.698 136639 DEBUG oslo_messaging._drivers.amqpdriver [-] AMQPListener connection consume poll /usr/lib/python3/dist-packages/oslo_messaging/_drivers/amqpdriver.py:357
2025-10-06 00:38:49.698 136649 DEBUG oslo_messaging._drivers.amqpdriver [-] AMQPListener connection consume poll /usr/lib/python3/dist-packages/oslo_messaging/_drivers/amqpdriver.py:357
2025-10-06 00:38:49.698 136129 DEBUG oslo_service.service [req-f2b2c403-b6bf-43bb-9050-3210ea7d47bc - - - - -] cyborg.max_version = None log_opt_values /usr/lib/python3/dist-packages/oslo_config/cfg.py:2609
2025-10-06 00:38:49.698 136129 DEBUG oslo_service.service [req-f2b2c403-b6bf-43bb-9050-3210ea7d47bc - - - - -] cyborg.min_version = None log_opt_values /usr/lib/python3/dist-packages/oslo_config/cfg.py:2609
2025-10-06 00:38:49.698 136639 DEBUG nova.service [req-7bf34fba-6d42-4f62-9e83-b765b789b2c1 - - - - -] Join ServiceGroup membership for this service scheduler start /usr/lib/python3/dist-packages/nova/service.py:199
2025-10-06 00:38:49.699 136129 DEBUG oslo_service.service [req-f2b2c403-b6bf-43bb-9050-3210ea7d47bc - - - - -] cyborg.region_name = None log_opt_values /usr/lib/python3/dist-packages/oslo_config/cfg.py:2609
2025-10-06 00:38:49.699 136639 DEBUG nova.servicegroup.drivers.db [req-7bf34fba-6d42-4f62-9e83-b765b789b2c1 - - - - -] DB_Driver: join new ServiceGroup member juju-2ee950-0-lxd-7 to the scheduler group, service = join /usr/lib/python3/dist-packages/nova/servicegroup/drivers/db.py:44
2025-10-06 00:38:49.699 136633 DEBUG nova.service [req-cae29fa6-3893-41de-9bf0-9af8ebee6102 - - - - -] Join ServiceGroup membership for this service scheduler start /usr/lib/python3/dist-packages/nova/service.py:199
2025-10-06 00:38:49.699 136129 DEBUG oslo_service.service [req-f2b2c403-b6bf-43bb-9050-3210ea7d47bc - - - - -] cyborg.service_name = None log_opt_values /usr/lib/python3/dist-packages/oslo_config/cfg.py:2609
2025-10-06 00:38:49.699 136633 DEBUG nova.servicegroup.drivers.db [req-cae29fa6-3893-41de-9bf0-9af8ebee6102 - - - - -] DB_Driver: join new ServiceGroup member juju-2ee950-0-lxd-7 to the scheduler group, service = join /usr/lib/python3/dist-packages/nova/servicegroup/drivers/db.py:44
2025-10-06 00:38:49.699 136129 DEBUG oslo_service.service [req-f2b2c403-b6bf-43bb-9050-3210ea7d47bc - - - - -] cyborg.service_type = accelerator log_opt_values /usr/lib/python3/dist-packages/oslo_config/cfg.py:2609
2025-10-06 00:38:49.700 136129 DEBUG oslo_service.service [req-f2b2c403-b6bf-43bb-9050-3210ea7d47bc - - - - -] cyborg.split_loggers = False log_opt_values /usr/lib/python3/dist-packages/oslo_config/cfg.py:2609
2025-10-06 00:38:49.700 136129 DEBUG oslo_service.service [req-f2b2c403-b6bf-43bb-9050-3210ea7d47bc - - - - -] cyborg.status_code_retries = None log_opt_values /usr/lib/python3/dist-packages/oslo_config/cfg.py:2609
2025-10-06 00:38:49.700 136129 DEBUG oslo_service.service [req-f2b2c403-b6bf-43bb-9050-3210ea7d47bc - - - - -] cyborg.status_code_retry_delay = None log_opt_values /usr/lib/python3/dist-packages/oslo_config/cfg.py:2609
2025-10-06 00:38:49.700 136649 DEBUG nova.service [req-f3401107-4fb0-4fc1-a938-28250ac8fbcb - - - - -] Join ServiceGroup membership for this service scheduler start /usr/lib/python3/dist-packages/nova/service.py:199
2025-10-06 00:38:49.701 136129 DEBUG oslo_service.service [req-f2b2c403-b6bf-43bb-9050-3210ea7d47bc - - - - -] cyborg.timeout = None log_opt_values /usr/lib/python3/dist-packages/oslo_config/cfg.py:2609
2025-10-06 00:38:49.701 136649 DEBUG nova.servicegroup.drivers.db [req-f3401107-4fb0-4fc1-a938-28250ac8fbcb - - - - -] DB_Driver: join new ServiceGroup member juju-2ee950-0-lxd-7 to the scheduler group, service = join /usr/lib/python3/dist-packages/nova/servicegroup/drivers/db.py:44
2025-10-06 00:38:49.701 136129 DEBUG oslo_service.service [req-f2b2c403-b6bf-43bb-9050-3210ea7d47bc - - - - -] cyborg.valid_interfaces = ['internal', 'public'] log_opt_values /usr/lib/python3/dist-packages/oslo_config/cfg.py:2609
2025-10-06 00:38:49.701 136129 DEBUG oslo_service.service [req-f2b2c403-b6bf-43bb-9050-3210ea7d47bc - - - - -] cyborg.version = None log_opt_values /usr/lib/python3/dist-packages/oslo_config/cfg.py:2609
2025-10-06 00:38:49.701 136129 DEBUG oslo_service.service [req-f2b2c403-b6bf-43bb-9050-3210ea7d47bc - - - - -] database.backend = sqlalchemy log_opt_values /usr/lib/python3/dist-packages/oslo_config/cfg.py:2609
2025-10-06 00:38:49.702 136129 DEBUG oslo_service.service [req-f2b2c403-b6bf-43bb-9050-3210ea7d47bc - - - - -] database.connection = **** log_opt_values /usr/lib/python3/dist-packages/oslo_config/cfg.py:2609
2025-10-06 00:38:49.702 136639 DEBUG oslo_messaging._drivers.amqpdriver [-] AMQPListener connection timeout poll /usr/lib/python3/dist-packages/oslo_messaging/_drivers/amqpdriver.py:360
2025-10-06 00:38:49.702 136633 DEBUG oslo_messaging._drivers.amqpdriver [-] AMQPListener connection timeout poll /usr/lib/python3/dist-packages/oslo_messaging/_drivers/amqpdriver.py:360
2025-10-06 00:38:49.702 136639 DEBUG oslo_messaging._drivers.amqpdriver [-] Listener is running poll /usr/lib/python3/dist-packages/oslo_messaging/_drivers/amqpdriver.py:343
2025-10-06 00:38:49.702 136633 DEBUG oslo_messaging._drivers.amqpdriver [-] Listener is running poll /usr/lib/python3/dist-packages/oslo_messaging/_drivers/amqpdriver.py:343
2025-10-06 00:38:49.702 136639 DEBUG oslo_messaging._drivers.amqpdriver [-] AMQPListener connection consume poll /usr/lib/python3/dist-packages/oslo_messaging/_drivers/amqpdriver.py:357
2025-10-06 00:38:49.702 136633 DEBUG oslo_messaging._drivers.amqpdriver [-] AMQPListener connection consume poll /usr/lib/python3/dist-packages/oslo_messaging/_drivers/amqpdriver.py:357
2025-10-06 00:38:49.702 136129 DEBUG oslo_service.service [req-f2b2c403-b6bf-43bb-9050-3210ea7d47bc - - - - -] database.connection_debug = 0 log_opt_values /usr/lib/python3/dist-packages/oslo_config/cfg.py:2609
2025-10-06 00:38:49.702 136129 DEBUG oslo_service.service [req-f2b2c403-b6bf-43bb-9050-3210ea7d47bc - - - - -] database.connection_parameters = log_opt_values /usr/lib/python3/dist-packages/oslo_config/cfg.py:2609
2025-10-06 00:38:49.702 136129 DEBUG oslo_service.service [req-f2b2c403-b6bf-43bb-9050-3210ea7d47bc - - - - -] database.connection_recycle_time = 3600 log_opt_values /usr/lib/python3/dist-packages/oslo_config/cfg.py:2609
2025-10-06 00:38:49.703 136129 DEBUG oslo_service.service [req-f2b2c403-b6bf-43bb-9050-3210ea7d47bc - - - - -] database.connection_trace = False log_opt_values /usr/lib/python3/dist-packages/oslo_config/cfg.py:2609
2025-10-06 00:38:49.703 136129 DEBUG oslo_service.service [req-f2b2c403-b6bf-43bb-9050-3210ea7d47bc - - - - -] database.db_inc_retry_interval = True log_opt_values /usr/lib/python3/dist-packages/oslo_config/cfg.py:2609
2025-10-06 00:38:49.703 136649 DEBUG oslo_messaging._drivers.amqpdriver [-] AMQPListener connection timeout poll /usr/lib/python3/dist-packages/oslo_messaging/_drivers/amqpdriver.py:360
2025-10-06 00:38:49.703 136649 DEBUG oslo_messaging._drivers.amqpdriver [-] Listener is running poll /usr/lib/python3/dist-packages/oslo_messaging/_drivers/amqpdriver.py:343
2025-10-06 00:38:49.703 136129 DEBUG oslo_service.service [req-f2b2c403-b6bf-43bb-9050-3210ea7d47bc - - - - -] database.db_max_retries = 20 log_opt_values /usr/lib/python3/dist-packages/oslo_config/cfg.py:2609
2025-10-06 00:38:49.703 136649 DEBUG oslo_messaging._drivers.amqpdriver [-] AMQPListener connection consume poll /usr/lib/python3/dist-packages/oslo_messaging/_drivers/amqpdriver.py:357
2025-10-06 00:38:49.703 136129 DEBUG oslo_service.service [req-f2b2c403-b6bf-43bb-9050-3210ea7d47bc - - - - -] database.db_max_retry_interval = 10 log_opt_values /usr/lib/python3/dist-packages/oslo_config/cfg.py:2609
2025-10-06 00:38:49.703 136129 DEBUG oslo_service.service [req-f2b2c403-b6bf-43bb-9050-3210ea7d47bc - - - - -] database.db_retry_interval = 1 log_opt_values /usr/lib/python3/dist-packages/oslo_config/cfg.py:2609
2025-10-06 00:38:49.704 136129 DEBUG oslo_service.service [req-f2b2c403-b6bf-43bb-9050-3210ea7d47bc - - - - -] database.max_overflow = 50 log_opt_values /usr/lib/python3/dist-packages/oslo_config/cfg.py:2609
2025-10-06 00:38:49.704 136129 DEBUG oslo_service.service [req-f2b2c403-b6bf-43bb-9050-3210ea7d47bc - - - - -] database.max_pool_size = 4 log_opt_values /usr/lib/python3/dist-packages/oslo_config/cfg.py:2609
2025-10-06 00:38:49.704 136129 DEBUG oslo_service.service [req-f2b2c403-b6bf-43bb-9050-3210ea7d47bc - - - - -] database.max_retries = 10 log_opt_values /usr/lib/python3/dist-packages/oslo_config/cfg.py:2609
2025-10-06 00:38:49.704 136129 DEBUG oslo_service.service [req-f2b2c403-b6bf-43bb-9050-3210ea7d47bc - - - - -] database.mysql_enable_ndb = False log_opt_values /usr/lib/python3/dist-packages/oslo_config/cfg.py:2609
2025-10-06 00:38:49.705 136129 DEBUG oslo_service.service [req-f2b2c403-b6bf-43bb-9050-3210ea7d47bc - - - - -] database.mysql_sql_mode = TRADITIONAL log_opt_values /usr/lib/python3/dist-packages/oslo_config/cfg.py:2609
2025-10-06 00:38:49.705 136129 DEBUG oslo_service.service [req-f2b2c403-b6bf-43bb-9050-3210ea7d47bc - - - - -] database.pool_timeout = None log_opt_values /usr/lib/python3/dist-packages/oslo_config/cfg.py:2609
2025-10-06 00:38:49.705 136129 DEBUG oslo_service.service [req-f2b2c403-b6bf-43bb-9050-3210ea7d47bc - - - - -] database.retry_interval = 10 log_opt_values /usr/lib/python3/dist-packages/oslo_config/cfg.py:2609
2025-10-06 00:38:49.705 136129 DEBUG oslo_service.service [req-f2b2c403-b6bf-43bb-9050-3210ea7d47bc - - - - -] database.slave_connection = **** log_opt_values /usr/lib/python3/dist-packages/oslo_config/cfg.py:2609
2025-10-06 00:38:49.706 136129 DEBUG oslo_service.service [req-f2b2c403-b6bf-43bb-9050-3210ea7d47bc - - - - -] database.sqlite_synchronous = True log_opt_values /usr/lib/python3/dist-packages/oslo_config/cfg.py:2609
2025-10-06 00:38:49.706 136129 DEBUG oslo_service.service [req-f2b2c403-b6bf-43bb-9050-3210ea7d47bc - - - - -] database.use_db_reconnect = False log_opt_values /usr/lib/python3/dist-packages/oslo_config/cfg.py:2609
2025-10-06 00:38:49.706 136129 DEBUG oslo_service.service [req-f2b2c403-b6bf-43bb-9050-3210ea7d47bc - - - - -] api_database.backend = sqlalchemy log_opt_values /usr/lib/python3/dist-packages/oslo_config/cfg.py:2609
2025-10-06 00:38:49.706 136129 DEBUG oslo_service.service [req-f2b2c403-b6bf-43bb-9050-3210ea7d47bc - - - - -] api_database.connection = **** log_opt_values /usr/lib/python3/dist-packages/oslo_config/cfg.py:2609
2025-10-06 00:38:49.707 136129 DEBUG oslo_service.service [req-f2b2c403-b6bf-43bb-9050-3210ea7d47bc - - - - -] api_database.connection_debug = 0 log_opt_values /usr/lib/python3/dist-packages/oslo_config/cfg.py:2609
2025-10-06 00:38:49.707 136129 DEBUG oslo_service.service [req-f2b2c403-b6bf-43bb-9050-3210ea7d47bc - - - - -] api_database.connection_parameters = log_opt_values /usr/lib/python3/dist-packages/oslo_config/cfg.py:2609
2025-10-06 00:38:49.707 136129 DEBUG oslo_service.service [req-f2b2c403-b6bf-43bb-9050-3210ea7d47bc - - - - -] api_database.connection_recycle_time = 3600 log_opt_values /usr/lib/python3/dist-packages/oslo_config/cfg.py:2609
2025-10-06 00:38:49.707 136129 DEBUG oslo_service.service [req-f2b2c403-b6bf-43bb-9050-3210ea7d47bc - - - - -] api_database.connection_trace = False log_opt_values /usr/lib/python3/dist-packages/oslo_config/cfg.py:2609
2025-10-06 00:38:49.708 136129 DEBUG oslo_service.service [req-f2b2c403-b6bf-43bb-9050-3210ea7d47bc - - - - -] api_database.db_inc_retry_interval = True log_opt_values /usr/lib/python3/dist-packages/oslo_config/cfg.py:2609
2025-10-06 00:38:49.708 136129 DEBUG oslo_service.service [req-f2b2c403-b6bf-43bb-9050-3210ea7d47bc - - - - -] api_database.db_max_retries = 20 log_opt_values /usr/lib/python3/dist-packages/oslo_config/cfg.py:2609
2025-10-06 00:38:49.708 136129 DEBUG oslo_service.service [req-f2b2c403-b6bf-43bb-9050-3210ea7d47bc - - - - -] api_database.db_max_retry_interval = 10 log_opt_values /usr/lib/python3/dist-packages/oslo_config/cfg.py:2609
2025-10-06 00:38:49.708 136129 DEBUG oslo_service.service [req-f2b2c403-b6bf-43bb-9050-3210ea7d47bc - - - - -] api_database.db_retry_interval = 1 log_opt_values /usr/lib/python3/dist-packages/oslo_config/cfg.py:2609
2025-10-06 00:38:49.708 136129 DEBUG oslo_service.service [req-f2b2c403-b6bf-43bb-9050-3210ea7d47bc - - - - -] api_database.max_overflow = 50 log_opt_values /usr/lib/python3/dist-packages/oslo_config/cfg.py:2609
2025-10-06 00:38:49.709 136129 DEBUG oslo_service.service [req-f2b2c403-b6bf-43bb-9050-3210ea7d47bc - - - - -] api_database.max_pool_size = 4 log_opt_values /usr/lib/python3/dist-packages/oslo_config/cfg.py:2609
2025-10-06 00:38:49.709 136129 DEBUG oslo_service.service [req-f2b2c403-b6bf-43bb-9050-3210ea7d47bc - - - - -] api_database.max_retries = 10 log_opt_values /usr/lib/python3/dist-packages/oslo_config/cfg.py:2609
2025-10-06 00:38:49.709 136129 DEBUG oslo_service.service [req-f2b2c403-b6bf-43bb-9050-3210ea7d47bc - - - - -] api_database.mysql_enable_ndb = False log_opt_values /usr/lib/python3/dist-packages/oslo_config/cfg.py:2609
2025-10-06 00:38:49.709 136129 DEBUG oslo_service.service [req-f2b2c403-b6bf-43bb-9050-3210ea7d47bc - - - - -] api_database.mysql_sql_mode = TRADITIONAL log_opt_values /usr/lib/python3/dist-packages/oslo_config/cfg.py:2609
2025-10-06 00:38:49.709 136129 DEBUG oslo_service.service [req-f2b2c403-b6bf-43bb-9050-3210ea7d47bc - - - - -] api_database.pool_timeout = None log_opt_values /usr/lib/python3/dist-packages/oslo_config/cfg.py:2609
2025-10-06 00:38:49.710 136129 DEBUG oslo_service.service [req-f2b2c403-b6bf-43bb-9050-3210ea7d47bc - - - - -] api_database.retry_interval = 10 log_opt_values /usr/lib/python3/dist-packages/oslo_config/cfg.py:2609
2025-10-06 00:38:49.710 136129 DEBUG oslo_service.service [req-f2b2c403-b6bf-43bb-9050-3210ea7d47bc - - - - -] api_database.slave_connection = **** log_opt_values /usr/lib/python3/dist-packages/oslo_config/cfg.py:2609
2025-10-06 00:38:49.711 136129 DEBUG oslo_service.service [req-f2b2c403-b6bf-43bb-9050-3210ea7d47bc - - - - -] api_database.sqlite_synchronous = True log_opt_values /usr/lib/python3/dist-packages/oslo_config/cfg.py:2609
2025-10-06 00:38:49.711 136129 DEBUG oslo_service.service [req-f2b2c403-b6bf-43bb-9050-3210ea7d47bc - - - - -] devices.enabled_mdev_types = [] log_opt_values /usr/lib/python3/dist-packages/oslo_config/cfg.py:2609
2025-10-06 00:38:49.712 136129 DEBUG oslo_service.service [req-f2b2c403-b6bf-43bb-9050-3210ea7d47bc - - - - -] ephemeral_storage_encryption.cipher = aes-xts-plain64 log_opt_values /usr/lib/python3/dist-packages/oslo_config/cfg.py:2609
2025-10-06 00:38:49.712 136129 DEBUG oslo_service.service [req-f2b2c403-b6bf-43bb-9050-3210ea7d47bc - - - - -] ephemeral_storage_encryption.enabled = False log_opt_values /usr/lib/python3/dist-packages/oslo_config/cfg.py:2609
2025-10-06 00:38:49.712 136129 DEBUG oslo_service.service [req-f2b2c403-b6bf-43bb-9050-3210ea7d47bc - - - - -] ephemeral_storage_encryption.key_size = 512 log_opt_values /usr/lib/python3/dist-packages/oslo_config/cfg.py:2609
2025-10-06 00:38:49.712 136129 WARNING oslo_config.cfg [req-f2b2c403-b6bf-43bb-9050-3210ea7d47bc - - - - -] Deprecated: Option "api_servers" from group "glance" is deprecated for removal ( Support for image service configuration via standard keystoneauth1 Adapter options was added in the 17.0.0 Queens release. The api_servers option was retained temporarily to allow consumers time to cut over to a real load balancing solution. ). Its value may be silently ignored in the future.
2025-10-06 00:38:49.713 136129 DEBUG oslo_service.service [req-f2b2c403-b6bf-43bb-9050-3210ea7d47bc - - - - -] glance.api_servers = ['http://252.57.122.151:9292'] log_opt_values /usr/lib/python3/dist-packages/oslo_config/cfg.py:2609
2025-10-06 00:38:49.713 136129 DEBUG oslo_service.service [req-f2b2c403-b6bf-43bb-9050-3210ea7d47bc - - - - -] glance.cafile = None log_opt_values /usr/lib/python3/dist-packages/oslo_config/cfg.py:2609
2025-10-06 00:38:49.713 136129 DEBUG oslo_service.service [req-f2b2c403-b6bf-43bb-9050-3210ea7d47bc - - - - -] glance.certfile = None log_opt_values /usr/lib/python3/dist-packages/oslo_config/cfg.py:2609
2025-10-06 00:38:49.713 136129 DEBUG oslo_service.service [req-f2b2c403-b6bf-43bb-9050-3210ea7d47bc - - - - -] glance.collect_timing = False log_opt_values /usr/lib/python3/dist-packages/oslo_config/cfg.py:2609
2025-10-06 00:38:49.714 136129 DEBUG oslo_service.service [req-f2b2c403-b6bf-43bb-9050-3210ea7d47bc - - - - -] glance.connect_retries = None log_opt_values /usr/lib/python3/dist-packages/oslo_config/cfg.py:2609
2025-10-06 00:38:49.714 136129 DEBUG oslo_service.service [req-f2b2c403-b6bf-43bb-9050-3210ea7d47bc - - - - -] glance.connect_retry_delay = None log_opt_values /usr/lib/python3/dist-packages/oslo_config/cfg.py:2609
2025-10-06 00:38:49.714 136129 DEBUG oslo_service.service [req-f2b2c403-b6bf-43bb-9050-3210ea7d47bc - - - - -] glance.debug = False log_opt_values /usr/lib/python3/dist-packages/oslo_config/cfg.py:2609
2025-10-06 00:38:49.714 136129 DEBUG oslo_service.service [req-f2b2c403-b6bf-43bb-9050-3210ea7d47bc - - - - -] glance.default_trusted_certificate_ids = [] log_opt_values /usr/lib/python3/dist-packages/oslo_config/cfg.py:2609
2025-10-06 00:38:49.714 136129 DEBUG oslo_service.service [req-f2b2c403-b6bf-43bb-9050-3210ea7d47bc - - - - -] glance.enable_certificate_validation = False log_opt_values /usr/lib/python3/dist-packages/oslo_config/cfg.py:2609
2025-10-06 00:38:49.715 136129 DEBUG oslo_service.service [req-f2b2c403-b6bf-43bb-9050-3210ea7d47bc - - - - -] glance.enable_rbd_download = False log_opt_values /usr/lib/python3/dist-packages/oslo_config/cfg.py:2609
2025-10-06 00:38:49.715 136129 DEBUG oslo_service.service [req-f2b2c403-b6bf-43bb-9050-3210ea7d47bc - - - - -] glance.endpoint_override = None log_opt_values /usr/lib/python3/dist-packages/oslo_config/cfg.py:2609
2025-10-06 00:38:49.715 136129 DEBUG oslo_service.service [req-f2b2c403-b6bf-43bb-9050-3210ea7d47bc - - - - -] glance.insecure = False log_opt_values /usr/lib/python3/dist-packages/oslo_config/cfg.py:2609
2025-10-06 00:38:49.715 136129 DEBUG oslo_service.service [req-f2b2c403-b6bf-43bb-9050-3210ea7d47bc - - - - -] glance.keyfile = None log_opt_values /usr/lib/python3/dist-packages/oslo_config/cfg.py:2609
2025-10-06 00:38:49.715 136129 DEBUG oslo_service.service [req-f2b2c403-b6bf-43bb-9050-3210ea7d47bc - - - - -] glance.max_version = None log_opt_values /usr/lib/python3/dist-packages/oslo_config/cfg.py:2609
2025-10-06 00:38:49.716 136129 DEBUG oslo_service.service [req-f2b2c403-b6bf-43bb-9050-3210ea7d47bc - - - - -] glance.min_version = None log_opt_values /usr/lib/python3/dist-packages/oslo_config/cfg.py:2609
2025-10-06 00:38:49.716 136129 DEBUG oslo_service.service [req-f2b2c403-b6bf-43bb-9050-3210ea7d47bc - - - - -] glance.num_retries = 3 log_opt_values /usr/lib/python3/dist-packages/oslo_config/cfg.py:2609
2025-10-06 00:38:49.716 136129 DEBUG oslo_service.service [req-f2b2c403-b6bf-43bb-9050-3210ea7d47bc - - - - -] glance.rbd_ceph_conf = log_opt_values /usr/lib/python3/dist-packages/oslo_config/cfg.py:2609
2025-10-06 00:38:49.717 136129 DEBUG oslo_service.service [req-f2b2c403-b6bf-43bb-9050-3210ea7d47bc - - - - -] glance.rbd_connect_timeout = 5 log_opt_values /usr/lib/python3/dist-packages/oslo_config/cfg.py:2609
2025-10-06 00:38:49.718 136129 DEBUG oslo_service.service [req-f2b2c403-b6bf-43bb-9050-3210ea7d47bc - - - - -] glance.rbd_pool = log_opt_values /usr/lib/python3/dist-packages/oslo_config/cfg.py:2609
2025-10-06 00:38:49.719 136129 DEBUG oslo_service.service [req-f2b2c403-b6bf-43bb-9050-3210ea7d47bc - - - - -] glance.rbd_user = log_opt_values /usr/lib/python3/dist-packages/oslo_config/cfg.py:2609
2025-10-06 00:38:49.719 136129 DEBUG oslo_service.service [req-f2b2c403-b6bf-43bb-9050-3210ea7d47bc - - - - -] glance.region_name = None log_opt_values /usr/lib/python3/dist-packages/oslo_config/cfg.py:2609
2025-10-06 00:38:49.719 136623 DEBUG oslo_messaging._drivers.amqpdriver [-] Listener is running poll /usr/lib/python3/dist-packages/oslo_messaging/_drivers/amqpdriver.py:343
2025-10-06 00:38:49.719 136623 DEBUG oslo_messaging._drivers.amqpdriver [-] AMQPListener connection consume poll /usr/lib/python3/dist-packages/oslo_messaging/_drivers/amqpdriver.py:357
2025-10-06 00:38:49.719 136129 DEBUG oslo_service.service [req-f2b2c403-b6bf-43bb-9050-3210ea7d47bc - - - - -] glance.service_name = None log_opt_values /usr/lib/python3/dist-packages/oslo_config/cfg.py:2609
2025-10-06 00:38:49.719 136129 DEBUG oslo_service.service [req-f2b2c403-b6bf-43bb-9050-3210ea7d47bc - - - - -] glance.service_type = image log_opt_values /usr/lib/python3/dist-packages/oslo_config/cfg.py:2609
2025-10-06 00:38:49.720 136129 DEBUG oslo_service.service [req-f2b2c403-b6bf-43bb-9050-3210ea7d47bc - - - - -] glance.split_loggers = False log_opt_values /usr/lib/python3/dist-packages/oslo_config/cfg.py:2609
2025-10-06 00:38:49.720 136129 DEBUG oslo_service.service [req-f2b2c403-b6bf-43bb-9050-3210ea7d47bc - - - - -] glance.status_code_retries = None log_opt_values /usr/lib/python3/dist-packages/oslo_config/cfg.py:2609
2025-10-06 00:38:49.720 136623 DEBUG nova.service [req-6452d864-f6c6-4f60-9861-f2d43db727da - - - - -] Join ServiceGroup membership for this service scheduler start /usr/lib/python3/dist-packages/nova/service.py:199
2025-10-06 00:38:49.720 136129 DEBUG oslo_service.service [req-f2b2c403-b6bf-43bb-9050-3210ea7d47bc - - - - -] glance.status_code_retry_delay = None log_opt_values /usr/lib/python3/dist-packages/oslo_config/cfg.py:2609
2025-10-06 00:38:49.720 136129 DEBUG oslo_service.service [req-f2b2c403-b6bf-43bb-9050-3210ea7d47bc - - - - -] glance.timeout = None log_opt_values /usr/lib/python3/dist-packages/oslo_config/cfg.py:2609
2025-10-06 00:38:49.720 136129 DEBUG oslo_service.service [req-f2b2c403-b6bf-43bb-9050-3210ea7d47bc - - - - -] glance.valid_interfaces = ['internal', 'public'] log_opt_values /usr/lib/python3/dist-packages/oslo_config/cfg.py:2609
2025-10-06 00:38:49.720 136623 DEBUG nova.servicegroup.drivers.db [req-6452d864-f6c6-4f60-9861-f2d43db727da - - - - -] DB_Driver: join new ServiceGroup member juju-2ee950-0-lxd-7 to the scheduler group, service = join /usr/lib/python3/dist-packages/nova/servicegroup/drivers/db.py:44
2025-10-06 00:38:49.721 136129 DEBUG oslo_service.service [req-f2b2c403-b6bf-43bb-9050-3210ea7d47bc - - - - -] glance.verify_glance_signatures = False log_opt_values /usr/lib/python3/dist-packages/oslo_config/cfg.py:2609
2025-10-06 00:38:49.721 136129 DEBUG oslo_service.service [req-f2b2c403-b6bf-43bb-9050-3210ea7d47bc - - - - -] glance.version = None log_opt_values /usr/lib/python3/dist-packages/oslo_config/cfg.py:2609
2025-10-06 00:38:49.721 136129 DEBUG oslo_service.service [req-f2b2c403-b6bf-43bb-9050-3210ea7d47bc - - - - -] guestfs.debug = False log_opt_values /usr/lib/python3/dist-packages/oslo_config/cfg.py:2609
2025-10-06 00:38:49.721 136129 DEBUG oslo_service.service [req-f2b2c403-b6bf-43bb-9050-3210ea7d47bc - - - - -] hyperv.config_drive_cdrom = False log_opt_values /usr/lib/python3/dist-packages/oslo_config/cfg.py:2609
2025-10-06 00:38:49.721 136129 DEBUG oslo_service.service [req-f2b2c403-b6bf-43bb-9050-3210ea7d47bc - - - - -] hyperv.config_drive_inject_password = False log_opt_values /usr/lib/python3/dist-packages/oslo_config/cfg.py:2609
2025-10-06 00:38:49.722 136129 DEBUG oslo_service.service [req-f2b2c403-b6bf-43bb-9050-3210ea7d47bc - - - - -] hyperv.dynamic_memory_ratio = 1.0 log_opt_values /usr/lib/python3/dist-packages/oslo_config/cfg.py:2609
2025-10-06 00:38:49.722 136129 DEBUG oslo_service.service [req-f2b2c403-b6bf-43bb-9050-3210ea7d47bc - - - - -] hyperv.enable_instance_metrics_collection = False log_opt_values /usr/lib/python3/dist-packages/oslo_config/cfg.py:2609
2025-10-06 00:38:49.722 136129 DEBUG oslo_service.service [req-f2b2c403-b6bf-43bb-9050-3210ea7d47bc - - - - -] hyperv.enable_remotefx = False log_opt_values /usr/lib/python3/dist-packages/oslo_config/cfg.py:2609
2025-10-06 00:38:49.722 136129 DEBUG oslo_service.service [req-f2b2c403-b6bf-43bb-9050-3210ea7d47bc - - - - -] hyperv.instances_path_share = log_opt_values /usr/lib/python3/dist-packages/oslo_config/cfg.py:2609
2025-10-06 00:38:49.722 136129 DEBUG oslo_service.service [req-f2b2c403-b6bf-43bb-9050-3210ea7d47bc - - - - -] hyperv.iscsi_initiator_list = [] log_opt_values /usr/lib/python3/dist-packages/oslo_config/cfg.py:2609
2025-10-06 00:38:49.722 136129 DEBUG oslo_service.service [req-f2b2c403-b6bf-43bb-9050-3210ea7d47bc - - - - -] hyperv.limit_cpu_features = False log_opt_values /usr/lib/python3/dist-packages/oslo_config/cfg.py:2609
2025-10-06 00:38:49.723 136623 DEBUG oslo_messaging._drivers.amqpdriver [-] AMQPListener connection timeout poll /usr/lib/python3/dist-packages/oslo_messaging/_drivers/amqpdriver.py:360
2025-10-06 00:38:49.723 136623 DEBUG oslo_messaging._drivers.amqpdriver [-] Listener is running poll /usr/lib/python3/dist-packages/oslo_messaging/_drivers/amqpdriver.py:343
2025-10-06 00:38:49.723 136623 DEBUG oslo_messaging._drivers.amqpdriver [-] AMQPListener connection consume poll /usr/lib/python3/dist-packages/oslo_messaging/_drivers/amqpdriver.py:357
2025-10-06 00:38:49.723 136129 DEBUG oslo_service.service [req-f2b2c403-b6bf-43bb-9050-3210ea7d47bc - - - - -] hyperv.mounted_disk_query_retry_count = 10 log_opt_values /usr/lib/python3/dist-packages/oslo_config/cfg.py:2609
2025-10-06 00:38:49.723 136129 DEBUG oslo_service.service [req-f2b2c403-b6bf-43bb-9050-3210ea7d47bc - - - - -] hyperv.mounted_disk_query_retry_interval = 5 log_opt_values /usr/lib/python3/dist-packages/oslo_config/cfg.py:2609
2025-10-06 00:38:49.723 136129 DEBUG oslo_service.service [req-f2b2c403-b6bf-43bb-9050-3210ea7d47bc - - - - -] hyperv.power_state_check_timeframe = 60 log_opt_values /usr/lib/python3/dist-packages/oslo_config/cfg.py:2609
2025-10-06 00:38:49.723 136129 DEBUG oslo_service.service [req-f2b2c403-b6bf-43bb-9050-3210ea7d47bc - - - - -] hyperv.power_state_event_polling_interval = 2 log_opt_values /usr/lib/python3/dist-packages/oslo_config/cfg.py:2609
2025-10-06 00:38:49.724 136129 DEBUG oslo_service.service [req-f2b2c403-b6bf-43bb-9050-3210ea7d47bc - - - - -] hyperv.qemu_img_cmd = qemu-img.exe log_opt_values /usr/lib/python3/dist-packages/oslo_config/cfg.py:2609
2025-10-06 00:38:49.724 136129 DEBUG oslo_service.service [req-f2b2c403-b6bf-43bb-9050-3210ea7d47bc - - - - -] hyperv.use_multipath_io = False log_opt_values /usr/lib/python3/dist-packages/oslo_config/cfg.py:2609
2025-10-06 00:38:49.724 136129 DEBUG oslo_service.service [req-f2b2c403-b6bf-43bb-9050-3210ea7d47bc - - - - -] hyperv.volume_attach_retry_count = 10 log_opt_values /usr/lib/python3/dist-packages/oslo_config/cfg.py:2609
