2025-10-02 00:35:28.476 128743 DEBUG oslo_service.service [req-e544ccea-2f96-48d2-99e9-5989642fd071 - - - - -] oslo_policy.enforce_scope = False log_opt_values /usr/lib/python3/dist-packages/oslo_config/cfg.py:2609
2025-10-02 00:35:28.476 128743 DEBUG oslo_service.service [req-e544ccea-2f96-48d2-99e9-5989642fd071 - - - - -] oslo_policy.policy_default_rule = default log_opt_values /usr/lib/python3/dist-packages/oslo_config/cfg.py:2609
2025-10-02 00:35:28.476 128743 DEBUG oslo_service.service [req-e544ccea-2f96-48d2-99e9-5989642fd071 - - - - -] oslo_policy.policy_dirs = ['policy.d'] log_opt_values /usr/lib/python3/dist-packages/oslo_config/cfg.py:2609
2025-10-02 00:35:28.476 128743 DEBUG oslo_service.service [req-e544ccea-2f96-48d2-99e9-5989642fd071 - - - - -] oslo_policy.policy_file = policy.yaml log_opt_values /usr/lib/python3/dist-packages/oslo_config/cfg.py:2609
2025-10-02 00:35:28.476 128743 DEBUG oslo_service.service [req-e544ccea-2f96-48d2-99e9-5989642fd071 - - - - -] oslo_policy.remote_content_type = application/x-www-form-urlencoded log_opt_values /usr/lib/python3/dist-packages/oslo_config/cfg.py:2609
2025-10-02 00:35:28.477 128743 DEBUG oslo_service.service [req-e544ccea-2f96-48d2-99e9-5989642fd071 - - - - -] oslo_policy.remote_ssl_ca_crt_file = None log_opt_values /usr/lib/python3/dist-packages/oslo_config/cfg.py:2609
2025-10-02 00:35:28.477 128743 DEBUG oslo_service.service [req-e544ccea-2f96-48d2-99e9-5989642fd071 - - - - -] oslo_policy.remote_ssl_client_crt_file = None log_opt_values /usr/lib/python3/dist-packages/oslo_config/cfg.py:2609
2025-10-02 00:35:28.477 128743 DEBUG oslo_service.service [req-e544ccea-2f96-48d2-99e9-5989642fd071 - - - - -] oslo_policy.remote_ssl_client_key_file = None log_opt_values /usr/lib/python3/dist-packages/oslo_config/cfg.py:2609
2025-10-02 00:35:28.477 128743 DEBUG oslo_service.service [req-e544ccea-2f96-48d2-99e9-5989642fd071 - - - - -] oslo_policy.remote_ssl_verify_server_crt = False log_opt_values /usr/lib/python3/dist-packages/oslo_config/cfg.py:2609
2025-10-02 00:35:28.477 128743 DEBUG oslo_service.service [req-e544ccea-2f96-48d2-99e9-5989642fd071 - - - - -] oslo_versionedobjects.fatal_exception_format_errors = False log_opt_values /usr/lib/python3/dist-packages/oslo_config/cfg.py:2609
2025-10-02 00:35:28.477 128743 DEBUG oslo_service.service [req-e544ccea-2f96-48d2-99e9-5989642fd071 - - - - -] oslo_middleware.http_basic_auth_user_file = /etc/htpasswd log_opt_values /usr/lib/python3/dist-packages/oslo_config/cfg.py:2609
2025-10-02 00:35:28.478 128743 DEBUG oslo_service.service [req-e544ccea-2f96-48d2-99e9-5989642fd071 - - - - -] profiler.connection_string = messaging:// log_opt_values /usr/lib/python3/dist-packages/oslo_config/cfg.py:2609
2025-10-02 00:35:28.478 128743 DEBUG oslo_service.service [req-e544ccea-2f96-48d2-99e9-5989642fd071 - - - - -] profiler.enabled = False log_opt_values /usr/lib/python3/dist-packages/oslo_config/cfg.py:2609
2025-10-02 00:35:28.478 128743 DEBUG oslo_service.service [req-e544ccea-2f96-48d2-99e9-5989642fd071 - - - - -] profiler.es_doc_type = notification log_opt_values /usr/lib/python3/dist-packages/oslo_config/cfg.py:2609
2025-10-02 00:35:28.478 128743 DEBUG oslo_service.service [req-e544ccea-2f96-48d2-99e9-5989642fd071 - - - - -] profiler.es_scroll_size = 10000 log_opt_values /usr/lib/python3/dist-packages/oslo_config/cfg.py:2609
2025-10-02 00:35:28.478 128743 DEBUG oslo_service.service [req-e544ccea-2f96-48d2-99e9-5989642fd071 - - - - -] profiler.es_scroll_time = 2m log_opt_values /usr/lib/python3/dist-packages/oslo_config/cfg.py:2609
2025-10-02 00:35:28.479 128743 DEBUG oslo_service.service [req-e544ccea-2f96-48d2-99e9-5989642fd071 - - - - -] profiler.filter_error_trace = False log_opt_values /usr/lib/python3/dist-packages/oslo_config/cfg.py:2609
2025-10-02 00:35:28.479 128743 DEBUG oslo_service.service [req-e544ccea-2f96-48d2-99e9-5989642fd071 - - - - -] profiler.hmac_keys = SECRET_KEY log_opt_values /usr/lib/python3/dist-packages/oslo_config/cfg.py:2609
2025-10-02 00:35:28.479 128743 DEBUG oslo_service.service [req-e544ccea-2f96-48d2-99e9-5989642fd071 - - - - -] profiler.sentinel_service_name = mymaster log_opt_values /usr/lib/python3/dist-packages/oslo_config/cfg.py:2609
2025-10-02 00:35:28.479 128743 DEBUG oslo_service.service [req-e544ccea-2f96-48d2-99e9-5989642fd071 - - - - -] profiler.socket_timeout = 0.1 log_opt_values /usr/lib/python3/dist-packages/oslo_config/cfg.py:2609
2025-10-02 00:35:28.479 128743 DEBUG oslo_service.service [req-e544ccea-2f96-48d2-99e9-5989642fd071 - - - - -] profiler.trace_sqlalchemy = False log_opt_values /usr/lib/python3/dist-packages/oslo_config/cfg.py:2609
2025-10-02 00:35:28.480 128743 DEBUG oslo_service.service [req-e544ccea-2f96-48d2-99e9-5989642fd071 - - - - -] remote_debug.host = None log_opt_values /usr/lib/python3/dist-packages/oslo_config/cfg.py:2609
2025-10-02 00:35:28.480 128743 DEBUG oslo_service.service [req-e544ccea-2f96-48d2-99e9-5989642fd071 - - - - -] remote_debug.port = None log_opt_values /usr/lib/python3/dist-packages/oslo_config/cfg.py:2609
2025-10-02 00:35:28.480 128743 DEBUG oslo_service.service [req-e544ccea-2f96-48d2-99e9-5989642fd071 - - - - -] oslo_messaging_rabbit.amqp_auto_delete = False log_opt_values /usr/lib/python3/dist-packages/oslo_config/cfg.py:2609
2025-10-02 00:35:28.480 128743 DEBUG oslo_service.service [req-e544ccea-2f96-48d2-99e9-5989642fd071 - - - - -] oslo_messaging_rabbit.amqp_durable_queues = False log_opt_values /usr/lib/python3/dist-packages/oslo_config/cfg.py:2609
2025-10-02 00:35:28.480 128743 DEBUG oslo_service.service [req-e544ccea-2f96-48d2-99e9-5989642fd071 - - - - -] oslo_messaging_rabbit.conn_pool_min_size = 2 log_opt_values /usr/lib/python3/dist-packages/oslo_config/cfg.py:2609
2025-10-02 00:35:28.481 128743 DEBUG oslo_service.service [req-e544ccea-2f96-48d2-99e9-5989642fd071 - - - - -] oslo_messaging_rabbit.conn_pool_ttl = 1200 log_opt_values /usr/lib/python3/dist-packages/oslo_config/cfg.py:2609
2025-10-02 00:35:28.481 128743 DEBUG oslo_service.service [req-e544ccea-2f96-48d2-99e9-5989642fd071 - - - - -] oslo_messaging_rabbit.direct_mandatory_flag = True log_opt_values /usr/lib/python3/dist-packages/oslo_config/cfg.py:2609
2025-10-02 00:35:28.481 128743 DEBUG oslo_service.service [req-e544ccea-2f96-48d2-99e9-5989642fd071 - - - - -] oslo_messaging_rabbit.enable_cancel_on_failover = False log_opt_values /usr/lib/python3/dist-packages/oslo_config/cfg.py:2609
2025-10-02 00:35:28.482 128743 DEBUG oslo_service.service [req-e544ccea-2f96-48d2-99e9-5989642fd071 - - - - -] oslo_messaging_rabbit.heartbeat_in_pthread = False log_opt_values /usr/lib/python3/dist-packages/oslo_config/cfg.py:2609
2025-10-02 00:35:28.482 128743 DEBUG oslo_service.service [req-e544ccea-2f96-48d2-99e9-5989642fd071 - - - - -] oslo_messaging_rabbit.heartbeat_rate = 2 log_opt_values /usr/lib/python3/dist-packages/oslo_config/cfg.py:2609
2025-10-02 00:35:28.482 128743 DEBUG oslo_service.service [req-e544ccea-2f96-48d2-99e9-5989642fd071 - - - - -] oslo_messaging_rabbit.heartbeat_timeout_threshold = 60 log_opt_values /usr/lib/python3/dist-packages/oslo_config/cfg.py:2609
2025-10-02 00:35:28.482 128743 DEBUG oslo_service.service [req-e544ccea-2f96-48d2-99e9-5989642fd071 - - - - -] oslo_messaging_rabbit.kombu_compression = None log_opt_values /usr/lib/python3/dist-packages/oslo_config/cfg.py:2609
2025-10-02 00:35:28.482 128743 DEBUG oslo_service.service [req-e544ccea-2f96-48d2-99e9-5989642fd071 - - - - -] oslo_messaging_rabbit.kombu_failover_strategy = round-robin log_opt_values /usr/lib/python3/dist-packages/oslo_config/cfg.py:2609
2025-10-02 00:35:28.483 128743 DEBUG oslo_service.service [req-e544ccea-2f96-48d2-99e9-5989642fd071 - - - - -] oslo_messaging_rabbit.kombu_missing_consumer_retry_timeout = 60 log_opt_values /usr/lib/python3/dist-packages/oslo_config/cfg.py:2609
2025-10-02 00:35:28.483 128743 DEBUG oslo_service.service [req-e544ccea-2f96-48d2-99e9-5989642fd071 - - - - -] oslo_messaging_rabbit.kombu_reconnect_delay = 1.0 log_opt_values /usr/lib/python3/dist-packages/oslo_config/cfg.py:2609
2025-10-02 00:35:28.483 128743 DEBUG oslo_service.service [req-e544ccea-2f96-48d2-99e9-5989642fd071 - - - - -] oslo_messaging_rabbit.rabbit_ha_queues = False log_opt_values /usr/lib/python3/dist-packages/oslo_config/cfg.py:2609
2025-10-02 00:35:28.483 128743 DEBUG oslo_service.service [req-e544ccea-2f96-48d2-99e9-5989642fd071 - - - - -] oslo_messaging_rabbit.rabbit_interval_max = 30 log_opt_values /usr/lib/python3/dist-packages/oslo_config/cfg.py:2609
2025-10-02 00:35:28.483 128743 DEBUG oslo_service.service [req-e544ccea-2f96-48d2-99e9-5989642fd071 - - - - -] oslo_messaging_rabbit.rabbit_login_method = AMQPLAIN log_opt_values /usr/lib/python3/dist-packages/oslo_config/cfg.py:2609
2025-10-02 00:35:28.483 128743 DEBUG oslo_service.service [req-e544ccea-2f96-48d2-99e9-5989642fd071 - - - - -] oslo_messaging_rabbit.rabbit_qos_prefetch_count = 0 log_opt_values /usr/lib/python3/dist-packages/oslo_config/cfg.py:2609
2025-10-02 00:35:28.484 128743 DEBUG oslo_service.service [req-e544ccea-2f96-48d2-99e9-5989642fd071 - - - - -] oslo_messaging_rabbit.rabbit_quorum_queue = False log_opt_values /usr/lib/python3/dist-packages/oslo_config/cfg.py:2609
2025-10-02 00:35:28.484 128743 DEBUG oslo_service.service [req-e544ccea-2f96-48d2-99e9-5989642fd071 - - - - -] oslo_messaging_rabbit.rabbit_retry_backoff = 2 log_opt_values /usr/lib/python3/dist-packages/oslo_config/cfg.py:2609
2025-10-02 00:35:28.484 128743 DEBUG oslo_service.service [req-e544ccea-2f96-48d2-99e9-5989642fd071 - - - - -] oslo_messaging_rabbit.rabbit_retry_interval = 1 log_opt_values /usr/lib/python3/dist-packages/oslo_config/cfg.py:2609
2025-10-02 00:35:28.484 128743 DEBUG oslo_service.service [req-e544ccea-2f96-48d2-99e9-5989642fd071 - - - - -] oslo_messaging_rabbit.rabbit_transient_queues_ttl = 1800 log_opt_values /usr/lib/python3/dist-packages/oslo_config/cfg.py:2609
2025-10-02 00:35:28.484 128743 DEBUG oslo_service.service [req-e544ccea-2f96-48d2-99e9-5989642fd071 - - - - -] oslo_messaging_rabbit.rpc_conn_pool_size = 30 log_opt_values /usr/lib/python3/dist-packages/oslo_config/cfg.py:2609
2025-10-02 00:35:28.484 128743 DEBUG oslo_service.service [req-e544ccea-2f96-48d2-99e9-5989642fd071 - - - - -] oslo_messaging_rabbit.ssl = False log_opt_values /usr/lib/python3/dist-packages/oslo_config/cfg.py:2609
2025-10-02 00:35:28.485 128743 DEBUG oslo_service.service [req-e544ccea-2f96-48d2-99e9-5989642fd071 - - - - -] oslo_messaging_rabbit.ssl_ca_file = log_opt_values /usr/lib/python3/dist-packages/oslo_config/cfg.py:2609
2025-10-02 00:35:28.485 128743 DEBUG oslo_service.service [req-e544ccea-2f96-48d2-99e9-5989642fd071 - - - - -] oslo_messaging_rabbit.ssl_cert_file = log_opt_values /usr/lib/python3/dist-packages/oslo_config/cfg.py:2609
2025-10-02 00:35:28.485 128743 DEBUG oslo_service.service [req-e544ccea-2f96-48d2-99e9-5989642fd071 - - - - -] oslo_messaging_rabbit.ssl_key_file = log_opt_values /usr/lib/python3/dist-packages/oslo_config/cfg.py:2609
2025-10-02 00:35:28.486 128743 DEBUG oslo_service.service [req-e544ccea-2f96-48d2-99e9-5989642fd071 - - - - -] oslo_messaging_rabbit.ssl_version = log_opt_values /usr/lib/python3/dist-packages/oslo_config/cfg.py:2609
2025-10-02 00:35:28.486 128743 DEBUG oslo_service.service [req-e544ccea-2f96-48d2-99e9-5989642fd071 - - - - -] oslo_messaging_notifications.driver = ['messagingv2'] log_opt_values /usr/lib/python3/dist-packages/oslo_config/cfg.py:2609
2025-10-02 00:35:28.486 128743 DEBUG oslo_service.service [req-e544ccea-2f96-48d2-99e9-5989642fd071 - - - - -] oslo_messaging_notifications.retry = -1 log_opt_values /usr/lib/python3/dist-packages/oslo_config/cfg.py:2609
2025-10-02 00:35:28.486 128743 DEBUG oslo_service.service [req-e544ccea-2f96-48d2-99e9-5989642fd071 - - - - -] oslo_messaging_notifications.topics = ['notifications'] log_opt_values /usr/lib/python3/dist-packages/oslo_config/cfg.py:2609
2025-10-02 00:35:28.487 128743 DEBUG oslo_service.service [req-e544ccea-2f96-48d2-99e9-5989642fd071 - - - - -] oslo_messaging_notifications.transport_url = **** log_opt_values /usr/lib/python3/dist-packages/oslo_config/cfg.py:2609
2025-10-02 00:35:28.487 128743 DEBUG oslo_service.service [req-e544ccea-2f96-48d2-99e9-5989642fd071 - - - - -] oslo_limit.auth_section = None log_opt_values /usr/lib/python3/dist-packages/oslo_config/cfg.py:2609
2025-10-02 00:35:28.487 128743 DEBUG oslo_service.service [req-e544ccea-2f96-48d2-99e9-5989642fd071 - - - - -] oslo_limit.auth_type = None log_opt_values /usr/lib/python3/dist-packages/oslo_config/cfg.py:2609
2025-10-02 00:35:28.487 128743 DEBUG oslo_service.service [req-e544ccea-2f96-48d2-99e9-5989642fd071 - - - - -] oslo_limit.cafile = None log_opt_values /usr/lib/python3/dist-packages/oslo_config/cfg.py:2609
2025-10-02 00:35:28.487 128743 DEBUG oslo_service.service [req-e544ccea-2f96-48d2-99e9-5989642fd071 - - - - -] oslo_limit.certfile = None log_opt_values /usr/lib/python3/dist-packages/oslo_config/cfg.py:2609
2025-10-02 00:35:28.488 128743 DEBUG oslo_service.service [req-e544ccea-2f96-48d2-99e9-5989642fd071 - - - - -] oslo_limit.collect_timing = False log_opt_values /usr/lib/python3/dist-packages/oslo_config/cfg.py:2609
2025-10-02 00:35:28.488 128743 DEBUG oslo_service.service [req-e544ccea-2f96-48d2-99e9-5989642fd071 - - - - -] oslo_limit.connect_retries = None log_opt_values /usr/lib/python3/dist-packages/oslo_config/cfg.py:2609
2025-10-02 00:35:28.488 128743 DEBUG oslo_service.service [req-e544ccea-2f96-48d2-99e9-5989642fd071 - - - - -] oslo_limit.connect_retry_delay = None log_opt_values /usr/lib/python3/dist-packages/oslo_config/cfg.py:2609
2025-10-02 00:35:28.488 128743 DEBUG oslo_service.service [req-e544ccea-2f96-48d2-99e9-5989642fd071 - - - - -] oslo_limit.endpoint_id = None log_opt_values /usr/lib/python3/dist-packages/oslo_config/cfg.py:2609
2025-10-02 00:35:28.488 128743 DEBUG oslo_service.service [req-e544ccea-2f96-48d2-99e9-5989642fd071 - - - - -] oslo_limit.endpoint_override = None log_opt_values /usr/lib/python3/dist-packages/oslo_config/cfg.py:2609
2025-10-02 00:35:28.489 128743 DEBUG oslo_service.service [req-e544ccea-2f96-48d2-99e9-5989642fd071 - - - - -] oslo_limit.insecure = False log_opt_values /usr/lib/python3/dist-packages/oslo_config/cfg.py:2609
2025-10-02 00:35:28.489 128743 DEBUG oslo_service.service [req-e544ccea-2f96-48d2-99e9-5989642fd071 - - - - -] oslo_limit.keyfile = None log_opt_values /usr/lib/python3/dist-packages/oslo_config/cfg.py:2609
2025-10-02 00:35:28.489 128743 DEBUG oslo_service.service [req-e544ccea-2f96-48d2-99e9-5989642fd071 - - - - -] oslo_limit.max_version = None log_opt_values /usr/lib/python3/dist-packages/oslo_config/cfg.py:2609
2025-10-02 00:35:28.489 128743 DEBUG oslo_service.service [req-e544ccea-2f96-48d2-99e9-5989642fd071 - - - - -] oslo_limit.min_version = None log_opt_values /usr/lib/python3/dist-packages/oslo_config/cfg.py:2609
2025-10-02 00:35:28.490 128743 DEBUG oslo_service.service [req-e544ccea-2f96-48d2-99e9-5989642fd071 - - - - -] oslo_limit.region_name = None log_opt_values /usr/lib/python3/dist-packages/oslo_config/cfg.py:2609
2025-10-02 00:35:28.490 128743 DEBUG oslo_service.service [req-e544ccea-2f96-48d2-99e9-5989642fd071 - - - - -] oslo_limit.service_name = None log_opt_values /usr/lib/python3/dist-packages/oslo_config/cfg.py:2609
2025-10-02 00:35:28.490 128743 DEBUG oslo_service.service [req-e544ccea-2f96-48d2-99e9-5989642fd071 - - - - -] oslo_limit.service_type = None log_opt_values /usr/lib/python3/dist-packages/oslo_config/cfg.py:2609
2025-10-02 00:35:28.490 128743 DEBUG oslo_service.service [req-e544ccea-2f96-48d2-99e9-5989642fd071 - - - - -] oslo_limit.split_loggers = False log_opt_values /usr/lib/python3/dist-packages/oslo_config/cfg.py:2609
2025-10-02 00:35:28.491 128743 DEBUG oslo_service.service [req-e544ccea-2f96-48d2-99e9-5989642fd071 - - - - -] oslo_limit.status_code_retries = None log_opt_values /usr/lib/python3/dist-packages/oslo_config/cfg.py:2609
2025-10-02 00:35:28.491 128743 DEBUG oslo_service.service [req-e544ccea-2f96-48d2-99e9-5989642fd071 - - - - -] oslo_limit.status_code_retry_delay = None log_opt_values /usr/lib/python3/dist-packages/oslo_config/cfg.py:2609
2025-10-02 00:35:28.491 128743 DEBUG oslo_service.service [req-e544ccea-2f96-48d2-99e9-5989642fd071 - - - - -] oslo_limit.timeout = None log_opt_values /usr/lib/python3/dist-packages/oslo_config/cfg.py:2609
2025-10-02 00:35:28.491 128743 DEBUG oslo_service.service [req-e544ccea-2f96-48d2-99e9-5989642fd071 - - - - -] oslo_limit.valid_interfaces = None log_opt_values /usr/lib/python3/dist-packages/oslo_config/cfg.py:2609
2025-10-02 00:35:28.492 128743 DEBUG oslo_service.service [req-e544ccea-2f96-48d2-99e9-5989642fd071 - - - - -] oslo_limit.version = None log_opt_values /usr/lib/python3/dist-packages/oslo_config/cfg.py:2609
2025-10-02 00:35:28.492 128743 DEBUG oslo_service.service [req-e544ccea-2f96-48d2-99e9-5989642fd071 - - - - -] oslo_reports.file_event_handler = None log_opt_values /usr/lib/python3/dist-packages/oslo_config/cfg.py:2609
2025-10-02 00:35:28.492 128743 DEBUG oslo_service.service [req-e544ccea-2f96-48d2-99e9-5989642fd071 - - - - -] oslo_reports.file_event_handler_interval = 1 log_opt_values /usr/lib/python3/dist-packages/oslo_config/cfg.py:2609
2025-10-02 00:35:28.492 128743 DEBUG oslo_service.service [req-e544ccea-2f96-48d2-99e9-5989642fd071 - - - - -] oslo_reports.log_dir = None log_opt_values /usr/lib/python3/dist-packages/oslo_config/cfg.py:2609
2025-10-02 00:35:28.493 128743 DEBUG oslo_service.service [req-e544ccea-2f96-48d2-99e9-5989642fd071 - - - - -] ******************************************************************************** log_opt_values /usr/lib/python3/dist-packages/oslo_config/cfg.py:2613
2025-10-02 00:35:29.308 129084 DEBUG oslo_messaging._drivers.amqpdriver [-] AMQPListener connection timeout poll /usr/lib/python3/dist-packages/oslo_messaging/_drivers/amqpdriver.py:360
2025-10-02 00:35:29.309 129084 DEBUG oslo_messaging._drivers.amqpdriver [-] Listener is running poll /usr/lib/python3/dist-packages/oslo_messaging/_drivers/amqpdriver.py:343
2025-10-02 00:35:29.309 129084 DEBUG oslo_messaging._drivers.amqpdriver [-] AMQPListener connection consume poll /usr/lib/python3/dist-packages/oslo_messaging/_drivers/amqpdriver.py:357
2025-10-02 00:35:29.345 129100 DEBUG oslo_messaging._drivers.amqpdriver [-] AMQPListener connection timeout poll /usr/lib/python3/dist-packages/oslo_messaging/_drivers/amqpdriver.py:360
2025-10-02 00:35:29.345 129100 DEBUG oslo_messaging._drivers.amqpdriver [-] Listener is running poll /usr/lib/python3/dist-packages/oslo_messaging/_drivers/amqpdriver.py:343
2025-10-02 00:35:29.346 129100 DEBUG oslo_messaging._drivers.amqpdriver [-] AMQPListener connection consume poll /usr/lib/python3/dist-packages/oslo_messaging/_drivers/amqpdriver.py:357
2025-10-02 00:35:29.350 129095 DEBUG oslo_messaging._drivers.amqpdriver [-] AMQPListener connection timeout poll /usr/lib/python3/dist-packages/oslo_messaging/_drivers/amqpdriver.py:360
2025-10-02 00:35:29.350 129095 DEBUG oslo_messaging._drivers.amqpdriver [-] Listener is running poll /usr/lib/python3/dist-packages/oslo_messaging/_drivers/amqpdriver.py:343
2025-10-02 00:35:29.350 129095 DEBUG oslo_messaging._drivers.amqpdriver [-] AMQPListener connection consume poll /usr/lib/python3/dist-packages/oslo_messaging/_drivers/amqpdriver.py:357
2025-10-02 00:35:29.431 129090 DEBUG oslo_messaging._drivers.amqpdriver [-] AMQPListener connection timeout poll /usr/lib/python3/dist-packages/oslo_messaging/_drivers/amqpdriver.py:360
2025-10-02 00:35:29.431 129090 DEBUG oslo_messaging._drivers.amqpdriver [-] Listener is running poll /usr/lib/python3/dist-packages/oslo_messaging/_drivers/amqpdriver.py:343
2025-10-02 00:35:29.431 129090 DEBUG oslo_messaging._drivers.amqpdriver [-] AMQPListener connection consume poll /usr/lib/python3/dist-packages/oslo_messaging/_drivers/amqpdriver.py:357
2025-10-02 00:35:31.311 129084 DEBUG oslo_messaging._drivers.amqpdriver [-] AMQPListener connection timeout poll /usr/lib/python3/dist-packages/oslo_messaging/_drivers/amqpdriver.py:360
2025-10-02 00:35:31.311 129084 DEBUG oslo_messaging._drivers.amqpdriver [-] Listener is running poll /usr/lib/python3/dist-packages/oslo_messaging/_drivers/amqpdriver.py:343
2025-10-02 00:35:31.311 129084 DEBUG oslo_messaging._drivers.amqpdriver [-] AMQPListener connection consume poll /usr/lib/python3/dist-packages/oslo_messaging/_drivers/amqpdriver.py:357
2025-10-02 00:35:31.348 129100 DEBUG oslo_messaging._drivers.amqpdriver [-] AMQPListener connection timeout poll /usr/lib/python3/dist-packages/oslo_messaging/_drivers/amqpdriver.py:360
2025-10-02 00:35:31.349 129100 DEBUG oslo_messaging._drivers.amqpdriver [-] Listener is running poll /usr/lib/python3/dist-packages/oslo_messaging/_drivers/amqpdriver.py:343
2025-10-02 00:35:31.349 129100 DEBUG oslo_messaging._drivers.amqpdriver [-] AMQPListener connection consume poll /usr/lib/python3/dist-packages/oslo_messaging/_drivers/amqpdriver.py:357
2025-10-02 00:35:31.351 129095 DEBUG oslo_messaging._drivers.amqpdriver [-] AMQPListener connection timeout poll /usr/lib/python3/dist-packages/oslo_messaging/_drivers/amqpdriver.py:360
2025-10-02 00:35:31.351 129095 DEBUG oslo_messaging._drivers.amqpdriver [-] Listener is running poll /usr/lib/python3/dist-packages/oslo_messaging/_drivers/amqpdriver.py:343
2025-10-02 00:35:31.351 129095 DEBUG oslo_messaging._drivers.amqpdriver [-] AMQPListener connection consume poll /usr/lib/python3/dist-packages/oslo_messaging/_drivers/amqpdriver.py:357
2025-10-02 00:35:31.432 129090 DEBUG oslo_messaging._drivers.amqpdriver [-] AMQPListener connection timeout poll /usr/lib/python3/dist-packages/oslo_messaging/_drivers/amqpdriver.py:360
2025-10-02 00:35:31.432 129090 DEBUG oslo_messaging._drivers.amqpdriver [-] Listener is running poll /usr/lib/python3/dist-packages/oslo_messaging/_drivers/amqpdriver.py:343
2025-10-02 00:35:31.432 129090 DEBUG oslo_messaging._drivers.amqpdriver [-] AMQPListener connection consume poll /usr/lib/python3/dist-packages/oslo_messaging/_drivers/amqpdriver.py:357
2025-10-02 00:35:35.312 129084 DEBUG oslo_messaging._drivers.amqpdriver [-] AMQPListener connection timeout poll /usr/lib/python3/dist-packages/oslo_messaging/_drivers/amqpdriver.py:360
2025-10-02 00:35:35.312 129084 DEBUG oslo_messaging._drivers.amqpdriver [-] Listener is running poll /usr/lib/python3/dist-packages/oslo_messaging/_drivers/amqpdriver.py:343
2025-10-02 00:35:35.312 129084 DEBUG oslo_messaging._drivers.amqpdriver [-] AMQPListener connection consume poll /usr/lib/python3/dist-packages/oslo_messaging/_drivers/amqpdriver.py:357
2025-10-02 00:35:35.352 129100 DEBUG oslo_messaging._drivers.amqpdriver [-] AMQPListener connection timeout poll /usr/lib/python3/dist-packages/oslo_messaging/_drivers/amqpdriver.py:360
2025-10-02 00:35:35.352 129100 DEBUG oslo_messaging._drivers.amqpdriver [-] Listener is running poll /usr/lib/python3/dist-packages/oslo_messaging/_drivers/amqpdriver.py:343
2025-10-02 00:35:35.352 129100 DEBUG oslo_messaging._drivers.amqpdriver [-] AMQPListener connection consume poll /usr/lib/python3/dist-packages/oslo_messaging/_drivers/amqpdriver.py:357
2025-10-02 00:35:35.354 129095 DEBUG oslo_messaging._drivers.amqpdriver [-] AMQPListener connection timeout poll /usr/lib/python3/dist-packages/oslo_messaging/_drivers/amqpdriver.py:360
2025-10-02 00:35:35.354 129095 DEBUG oslo_messaging._drivers.amqpdriver [-] Listener is running poll /usr/lib/python3/dist-packages/oslo_messaging/_drivers/amqpdriver.py:343
2025-10-02 00:35:35.354 129095 DEBUG oslo_messaging._drivers.amqpdriver [-] AMQPListener connection consume poll /usr/lib/python3/dist-packages/oslo_messaging/_drivers/amqpdriver.py:357
2025-10-02 00:35:35.435 129090 DEBUG oslo_messaging._drivers.amqpdriver [-] AMQPListener connection timeout poll /usr/lib/python3/dist-packages/oslo_messaging/_drivers/amqpdriver.py:360
2025-10-02 00:35:35.435 129090 DEBUG oslo_messaging._drivers.amqpdriver [-] Listener is running poll /usr/lib/python3/dist-packages/oslo_messaging/_drivers/amqpdriver.py:343
2025-10-02 00:35:35.436 129090 DEBUG oslo_messaging._drivers.amqpdriver [-] AMQPListener connection consume poll /usr/lib/python3/dist-packages/oslo_messaging/_drivers/amqpdriver.py:357
2025-10-02 00:35:43.314 129084 DEBUG oslo_service.periodic_task [req-279065bd-5ffe-4c22-97cb-40c762a96cd0 - - - - -] Running periodic task SchedulerManager._discover_hosts_in_cells run_periodic_tasks /usr/lib/python3/dist-packages/oslo_service/periodic_task.py:210
2025-10-02 00:35:43.315 129084 DEBUG oslo_db.sqlalchemy.engines [req-279065bd-5ffe-4c22-97cb-40c762a96cd0 - - - - -] Parent process 128743 forked (129084) with an open database connection, which is being discarded and recreated. checkout /usr/lib/python3/dist-packages/oslo_db/sqlalchemy/engines.py:413
2025-10-02 00:35:43.317 129084 DEBUG oslo_messaging._drivers.amqpdriver [-] AMQPListener connection timeout poll /usr/lib/python3/dist-packages/oslo_messaging/_drivers/amqpdriver.py:360
2025-10-02 00:35:43.317 129084 DEBUG oslo_messaging._drivers.amqpdriver [-] Listener is running poll /usr/lib/python3/dist-packages/oslo_messaging/_drivers/amqpdriver.py:343
2025-10-02 00:35:43.317 129084 DEBUG oslo_messaging._drivers.amqpdriver [-] AMQPListener connection consume poll /usr/lib/python3/dist-packages/oslo_messaging/_drivers/amqpdriver.py:357
2025-10-02 00:35:43.335 129084 DEBUG oslo_concurrency.lockutils [req-279065bd-5ffe-4c22-97cb-40c762a96cd0 - - - - -] Lock "97de163d-72f3-4b7a-af61-6f527a7a8ec4" acquired by "nova.context.set_target_cell..get_or_set_cached_cell_and_set_connections" :: waited 0.000s inner /usr/lib/python3/dist-packages/oslo_concurrency/lockutils.py:386
2025-10-02 00:35:43.337 129084 DEBUG oslo_concurrency.lockutils [req-279065bd-5ffe-4c22-97cb-40c762a96cd0 - - - - -] Lock "97de163d-72f3-4b7a-af61-6f527a7a8ec4" "released" by "nova.context.set_target_cell..get_or_set_cached_cell_and_set_connections" :: held 0.003s inner /usr/lib/python3/dist-packages/oslo_concurrency/lockutils.py:400
2025-10-02 00:35:43.342 129084 DEBUG oslo_db.sqlalchemy.engines [req-279065bd-5ffe-4c22-97cb-40c762a96cd0 - - - - -] MySQL server mode set to STRICT_TRANS_TABLES,STRICT_ALL_TABLES,NO_ZERO_IN_DATE,NO_ZERO_DATE,ERROR_FOR_DIVISION_BY_ZERO,TRADITIONAL,NO_ENGINE_SUBSTITUTION _check_effective_sql_mode /usr/lib/python3/dist-packages/oslo_db/sqlalchemy/engines.py:314
2025-10-02 00:35:43.355 129100 DEBUG oslo_messaging._drivers.amqpdriver [-] AMQPListener connection timeout poll /usr/lib/python3/dist-packages/oslo_messaging/_drivers/amqpdriver.py:360
2025-10-02 00:35:43.355 129100 DEBUG oslo_messaging._drivers.amqpdriver [-] Listener is running poll /usr/lib/python3/dist-packages/oslo_messaging/_drivers/amqpdriver.py:343
2025-10-02 00:35:43.355 129100 DEBUG oslo_messaging._drivers.amqpdriver [-] AMQPListener connection consume poll /usr/lib/python3/dist-packages/oslo_messaging/_drivers/amqpdriver.py:357
2025-10-02 00:35:43.355 129095 DEBUG oslo_messaging._drivers.amqpdriver [-] AMQPListener connection timeout poll /usr/lib/python3/dist-packages/oslo_messaging/_drivers/amqpdriver.py:360
2025-10-02 00:35:43.355 129095 DEBUG oslo_messaging._drivers.amqpdriver [-] Listener is running poll /usr/lib/python3/dist-packages/oslo_messaging/_drivers/amqpdriver.py:343
2025-10-02 00:35:43.356 129095 DEBUG oslo_messaging._drivers.amqpdriver [-] AMQPListener connection consume poll /usr/lib/python3/dist-packages/oslo_messaging/_drivers/amqpdriver.py:357
2025-10-02 00:35:43.395 129084 INFO nova.scheduler.manager [req-279065bd-5ffe-4c22-97cb-40c762a96cd0 - - - - -] Discovered 1 new hosts: cell1:cn-jenkins-deploy-platform-juju-os-581-1
2025-10-02 00:35:43.437 129090 DEBUG oslo_messaging._drivers.amqpdriver [-] AMQPListener connection timeout poll /usr/lib/python3/dist-packages/oslo_messaging/_drivers/amqpdriver.py:360
2025-10-02 00:35:43.437 129090 DEBUG oslo_messaging._drivers.amqpdriver [-] Listener is running poll /usr/lib/python3/dist-packages/oslo_messaging/_drivers/amqpdriver.py:343
2025-10-02 00:35:43.437 129090 DEBUG oslo_messaging._drivers.amqpdriver [-] AMQPListener connection consume poll /usr/lib/python3/dist-packages/oslo_messaging/_drivers/amqpdriver.py:357
2025-10-02 00:35:48.350 129100 DEBUG oslo_service.periodic_task [req-53a5bc3c-15e9-486b-9a66-ad9e068395f7 - - - - -] Running periodic task SchedulerManager._discover_hosts_in_cells run_periodic_tasks /usr/lib/python3/dist-packages/oslo_service/periodic_task.py:210
2025-10-02 00:35:48.351 129100 DEBUG oslo_db.sqlalchemy.engines [req-53a5bc3c-15e9-486b-9a66-ad9e068395f7 - - - - -] Parent process 128743 forked (129100) with an open database connection, which is being discarded and recreated. checkout /usr/lib/python3/dist-packages/oslo_db/sqlalchemy/engines.py:413
2025-10-02 00:35:48.358 129100 DEBUG oslo_concurrency.lockutils [req-53a5bc3c-15e9-486b-9a66-ad9e068395f7 - - - - -] Lock "97de163d-72f3-4b7a-af61-6f527a7a8ec4" acquired by "nova.context.set_target_cell..get_or_set_cached_cell_and_set_connections" :: waited 0.000s inner /usr/lib/python3/dist-packages/oslo_concurrency/lockutils.py:386
2025-10-02 00:35:48.360 129100 DEBUG oslo_concurrency.lockutils [req-53a5bc3c-15e9-486b-9a66-ad9e068395f7 - - - - -] Lock "97de163d-72f3-4b7a-af61-6f527a7a8ec4" "released" by "nova.context.set_target_cell..get_or_set_cached_cell_and_set_connections" :: held 0.002s inner /usr/lib/python3/dist-packages/oslo_concurrency/lockutils.py:400
2025-10-02 00:35:48.366 129100 DEBUG oslo_db.sqlalchemy.engines [req-53a5bc3c-15e9-486b-9a66-ad9e068395f7 - - - - -] MySQL server mode set to STRICT_TRANS_TABLES,STRICT_ALL_TABLES,NO_ZERO_IN_DATE,NO_ZERO_DATE,ERROR_FOR_DIVISION_BY_ZERO,TRADITIONAL,NO_ENGINE_SUBSTITUTION _check_effective_sql_mode /usr/lib/python3/dist-packages/oslo_db/sqlalchemy/engines.py:314
2025-10-02 00:36:04.431 129090 DEBUG oslo_service.periodic_task [req-5ac832f3-ab1a-40b6-ac42-cbef18caf3d9 - - - - -] Running periodic task SchedulerManager._discover_hosts_in_cells run_periodic_tasks /usr/lib/python3/dist-packages/oslo_service/periodic_task.py:210
2025-10-02 00:36:04.432 129090 DEBUG oslo_db.sqlalchemy.engines [req-5ac832f3-ab1a-40b6-ac42-cbef18caf3d9 - - - - -] Parent process 128743 forked (129090) with an open database connection, which is being discarded and recreated. checkout /usr/lib/python3/dist-packages/oslo_db/sqlalchemy/engines.py:413
2025-10-02 00:36:04.439 129090 DEBUG oslo_concurrency.lockutils [req-5ac832f3-ab1a-40b6-ac42-cbef18caf3d9 - - - - -] Lock "97de163d-72f3-4b7a-af61-6f527a7a8ec4" acquired by "nova.context.set_target_cell..get_or_set_cached_cell_and_set_connections" :: waited 0.000s inner /usr/lib/python3/dist-packages/oslo_concurrency/lockutils.py:386
2025-10-02 00:36:04.440 129090 DEBUG oslo_concurrency.lockutils [req-5ac832f3-ab1a-40b6-ac42-cbef18caf3d9 - - - - -] Lock "97de163d-72f3-4b7a-af61-6f527a7a8ec4" "released" by "nova.context.set_target_cell..get_or_set_cached_cell_and_set_connections" :: held 0.002s inner /usr/lib/python3/dist-packages/oslo_concurrency/lockutils.py:400
2025-10-02 00:36:04.446 129090 DEBUG oslo_db.sqlalchemy.engines [req-5ac832f3-ab1a-40b6-ac42-cbef18caf3d9 - - - - -] MySQL server mode set to STRICT_TRANS_TABLES,STRICT_ALL_TABLES,NO_ZERO_IN_DATE,NO_ZERO_DATE,ERROR_FOR_DIVISION_BY_ZERO,TRADITIONAL,NO_ENGINE_SUBSTITUTION _check_effective_sql_mode /usr/lib/python3/dist-packages/oslo_db/sqlalchemy/engines.py:314
2025-10-02 00:36:13.301 129084 DEBUG oslo_messaging._drivers.amqpdriver [-] AMQPListener connection timeout poll /usr/lib/python3/dist-packages/oslo_messaging/_drivers/amqpdriver.py:360
2025-10-02 00:36:13.301 129084 DEBUG oslo_messaging._drivers.amqpdriver [-] Listener is running poll /usr/lib/python3/dist-packages/oslo_messaging/_drivers/amqpdriver.py:343
2025-10-02 00:36:13.302 129084 DEBUG oslo_messaging._drivers.amqpdriver [-] AMQPListener connection consume poll /usr/lib/python3/dist-packages/oslo_messaging/_drivers/amqpdriver.py:357
2025-10-02 00:36:13.339 129100 DEBUG oslo_messaging._drivers.amqpdriver [-] AMQPListener connection timeout poll /usr/lib/python3/dist-packages/oslo_messaging/_drivers/amqpdriver.py:360
2025-10-02 00:36:13.340 129100 DEBUG oslo_messaging._drivers.amqpdriver [-] Listener is running poll /usr/lib/python3/dist-packages/oslo_messaging/_drivers/amqpdriver.py:343
2025-10-02 00:36:13.340 129100 DEBUG oslo_messaging._drivers.amqpdriver [-] AMQPListener connection consume poll /usr/lib/python3/dist-packages/oslo_messaging/_drivers/amqpdriver.py:357
2025-10-02 00:36:13.346 129095 DEBUG oslo_messaging._drivers.amqpdriver [-] AMQPListener connection timeout poll /usr/lib/python3/dist-packages/oslo_messaging/_drivers/amqpdriver.py:360
2025-10-02 00:36:13.346 129095 DEBUG oslo_messaging._drivers.amqpdriver [-] Listener is running poll /usr/lib/python3/dist-packages/oslo_messaging/_drivers/amqpdriver.py:343
2025-10-02 00:36:13.346 129095 DEBUG oslo_messaging._drivers.amqpdriver [-] AMQPListener connection consume poll /usr/lib/python3/dist-packages/oslo_messaging/_drivers/amqpdriver.py:357
2025-10-02 00:36:13.397 129084 DEBUG oslo_service.periodic_task [req-279065bd-5ffe-4c22-97cb-40c762a96cd0 - - - - -] Running periodic task SchedulerManager._discover_hosts_in_cells run_periodic_tasks /usr/lib/python3/dist-packages/oslo_service/periodic_task.py:210
2025-10-02 00:36:13.401 129084 DEBUG oslo_concurrency.lockutils [req-f33599c1-2d23-4ebf-81e4-963e27881eda - - - - -] Lock "97de163d-72f3-4b7a-af61-6f527a7a8ec4" acquired by "nova.context.set_target_cell..get_or_set_cached_cell_and_set_connections" :: waited 0.000s inner /usr/lib/python3/dist-packages/oslo_concurrency/lockutils.py:386
2025-10-02 00:36:13.401 129084 DEBUG oslo_concurrency.lockutils [req-f33599c1-2d23-4ebf-81e4-963e27881eda - - - - -] Lock "97de163d-72f3-4b7a-af61-6f527a7a8ec4" "released" by "nova.context.set_target_cell..get_or_set_cached_cell_and_set_connections" :: held 0.000s inner /usr/lib/python3/dist-packages/oslo_concurrency/lockutils.py:400
2025-10-02 00:36:13.427 129090 DEBUG oslo_messaging._drivers.amqpdriver [-] AMQPListener connection timeout poll /usr/lib/python3/dist-packages/oslo_messaging/_drivers/amqpdriver.py:360
2025-10-02 00:36:13.427 129090 DEBUG oslo_messaging._drivers.amqpdriver [-] Listener is running poll /usr/lib/python3/dist-packages/oslo_messaging/_drivers/amqpdriver.py:343
2025-10-02 00:36:13.427 129090 DEBUG oslo_messaging._drivers.amqpdriver [-] AMQPListener connection consume poll /usr/lib/python3/dist-packages/oslo_messaging/_drivers/amqpdriver.py:357
2025-10-02 00:36:18.385 129100 DEBUG oslo_service.periodic_task [req-53a5bc3c-15e9-486b-9a66-ad9e068395f7 - - - - -] Running periodic task SchedulerManager._discover_hosts_in_cells run_periodic_tasks /usr/lib/python3/dist-packages/oslo_service/periodic_task.py:210
2025-10-02 00:36:18.389 129100 DEBUG oslo_concurrency.lockutils [req-687b0c35-3f15-4244-9b14-c988a2d2cee1 - - - - -] Lock "97de163d-72f3-4b7a-af61-6f527a7a8ec4" acquired by "nova.context.set_target_cell..get_or_set_cached_cell_and_set_connections" :: waited 0.000s inner /usr/lib/python3/dist-packages/oslo_concurrency/lockutils.py:386
2025-10-02 00:36:18.390 129100 DEBUG oslo_concurrency.lockutils [req-687b0c35-3f15-4244-9b14-c988a2d2cee1 - - - - -] Lock "97de163d-72f3-4b7a-af61-6f527a7a8ec4" "released" by "nova.context.set_target_cell..get_or_set_cached_cell_and_set_connections" :: held 0.000s inner /usr/lib/python3/dist-packages/oslo_concurrency/lockutils.py:400
2025-10-02 00:36:27.352 129095 DEBUG oslo_service.periodic_task [req-030f7c39-1281-462d-a627-3524e8a69c56 - - - - -] Running periodic task SchedulerManager._discover_hosts_in_cells run_periodic_tasks /usr/lib/python3/dist-packages/oslo_service/periodic_task.py:210
2025-10-02 00:36:27.353 129095 DEBUG oslo_db.sqlalchemy.engines [req-030f7c39-1281-462d-a627-3524e8a69c56 - - - - -] Parent process 128743 forked (129095) with an open database connection, which is being discarded and recreated. checkout /usr/lib/python3/dist-packages/oslo_db/sqlalchemy/engines.py:413
2025-10-02 00:36:27.359 129095 DEBUG oslo_concurrency.lockutils [req-030f7c39-1281-462d-a627-3524e8a69c56 - - - - -] Lock "97de163d-72f3-4b7a-af61-6f527a7a8ec4" acquired by "nova.context.set_target_cell..get_or_set_cached_cell_and_set_connections" :: waited 0.000s inner /usr/lib/python3/dist-packages/oslo_concurrency/lockutils.py:386
2025-10-02 00:36:27.361 129095 DEBUG oslo_concurrency.lockutils [req-030f7c39-1281-462d-a627-3524e8a69c56 - - - - -] Lock "97de163d-72f3-4b7a-af61-6f527a7a8ec4" "released" by "nova.context.set_target_cell..get_or_set_cached_cell_and_set_connections" :: held 0.002s inner /usr/lib/python3/dist-packages/oslo_concurrency/lockutils.py:400
2025-10-02 00:36:27.366 129095 DEBUG oslo_db.sqlalchemy.engines [req-030f7c39-1281-462d-a627-3524e8a69c56 - - - - -] MySQL server mode set to STRICT_TRANS_TABLES,STRICT_ALL_TABLES,NO_ZERO_IN_DATE,NO_ZERO_DATE,ERROR_FOR_DIVISION_BY_ZERO,TRADITIONAL,NO_ENGINE_SUBSTITUTION _check_effective_sql_mode /usr/lib/python3/dist-packages/oslo_db/sqlalchemy/engines.py:314
2025-10-02 00:36:34.458 129090 DEBUG oslo_service.periodic_task [req-5ac832f3-ab1a-40b6-ac42-cbef18caf3d9 - - - - -] Running periodic task SchedulerManager._discover_hosts_in_cells run_periodic_tasks /usr/lib/python3/dist-packages/oslo_service/periodic_task.py:210
2025-10-02 00:36:34.462 129090 DEBUG oslo_concurrency.lockutils [req-d5521a03-e394-434b-9476-71e7b942cbc8 - - - - -] Lock "97de163d-72f3-4b7a-af61-6f527a7a8ec4" acquired by "nova.context.set_target_cell..get_or_set_cached_cell_and_set_connections" :: waited 0.000s inner /usr/lib/python3/dist-packages/oslo_concurrency/lockutils.py:386
2025-10-02 00:36:34.463 129090 DEBUG oslo_concurrency.lockutils [req-d5521a03-e394-434b-9476-71e7b942cbc8 - - - - -] Lock "97de163d-72f3-4b7a-af61-6f527a7a8ec4" "released" by "nova.context.set_target_cell..get_or_set_cached_cell_and_set_connections" :: held 0.000s inner /usr/lib/python3/dist-packages/oslo_concurrency/lockutils.py:400
2025-10-02 00:36:43.406 129084 DEBUG oslo_service.periodic_task [req-f33599c1-2d23-4ebf-81e4-963e27881eda - - - - -] Running periodic task SchedulerManager._discover_hosts_in_cells run_periodic_tasks /usr/lib/python3/dist-packages/oslo_service/periodic_task.py:210
2025-10-02 00:36:43.409 129084 DEBUG oslo_concurrency.lockutils [req-e95f152b-8f90-42fa-a6f8-83f42eab2c40 - - - - -] Lock "97de163d-72f3-4b7a-af61-6f527a7a8ec4" acquired by "nova.context.set_target_cell..get_or_set_cached_cell_and_set_connections" :: waited 0.000s inner /usr/lib/python3/dist-packages/oslo_concurrency/lockutils.py:386
2025-10-02 00:36:43.410 129084 DEBUG oslo_concurrency.lockutils [req-e95f152b-8f90-42fa-a6f8-83f42eab2c40 - - - - -] Lock "97de163d-72f3-4b7a-af61-6f527a7a8ec4" "released" by "nova.context.set_target_cell..get_or_set_cached_cell_and_set_connections" :: held 0.000s inner /usr/lib/python3/dist-packages/oslo_concurrency/lockutils.py:400
2025-10-02 00:36:45.305 129084 DEBUG oslo_messaging._drivers.amqpdriver [-] AMQPListener connection timeout poll /usr/lib/python3/dist-packages/oslo_messaging/_drivers/amqpdriver.py:360
2025-10-02 00:36:45.305 129084 DEBUG oslo_messaging._drivers.amqpdriver [-] Listener is running poll /usr/lib/python3/dist-packages/oslo_messaging/_drivers/amqpdriver.py:343
2025-10-02 00:36:45.305 129084 DEBUG oslo_messaging._drivers.amqpdriver [-] AMQPListener connection consume poll /usr/lib/python3/dist-packages/oslo_messaging/_drivers/amqpdriver.py:357
2025-10-02 00:36:45.343 129100 DEBUG oslo_messaging._drivers.amqpdriver [-] AMQPListener connection timeout poll /usr/lib/python3/dist-packages/oslo_messaging/_drivers/amqpdriver.py:360
2025-10-02 00:36:45.343 129100 DEBUG oslo_messaging._drivers.amqpdriver [-] Listener is running poll /usr/lib/python3/dist-packages/oslo_messaging/_drivers/amqpdriver.py:343
2025-10-02 00:36:45.343 129100 DEBUG oslo_messaging._drivers.amqpdriver [-] AMQPListener connection consume poll /usr/lib/python3/dist-packages/oslo_messaging/_drivers/amqpdriver.py:357
2025-10-02 00:36:45.349 129095 DEBUG oslo_messaging._drivers.amqpdriver [-] AMQPListener connection timeout poll /usr/lib/python3/dist-packages/oslo_messaging/_drivers/amqpdriver.py:360
2025-10-02 00:36:45.350 129095 DEBUG oslo_messaging._drivers.amqpdriver [-] Listener is running poll /usr/lib/python3/dist-packages/oslo_messaging/_drivers/amqpdriver.py:343
2025-10-02 00:36:45.350 129095 DEBUG oslo_messaging._drivers.amqpdriver [-] AMQPListener connection consume poll /usr/lib/python3/dist-packages/oslo_messaging/_drivers/amqpdriver.py:357
2025-10-02 00:36:45.430 129090 DEBUG oslo_messaging._drivers.amqpdriver [-] AMQPListener connection timeout poll /usr/lib/python3/dist-packages/oslo_messaging/_drivers/amqpdriver.py:360
2025-10-02 00:36:45.430 129090 DEBUG oslo_messaging._drivers.amqpdriver [-] Listener is running poll /usr/lib/python3/dist-packages/oslo_messaging/_drivers/amqpdriver.py:343
2025-10-02 00:36:45.431 129090 DEBUG oslo_messaging._drivers.amqpdriver [-] AMQPListener connection consume poll /usr/lib/python3/dist-packages/oslo_messaging/_drivers/amqpdriver.py:357
2025-10-02 00:36:48.397 129100 DEBUG oslo_service.periodic_task [req-687b0c35-3f15-4244-9b14-c988a2d2cee1 - - - - -] Running periodic task SchedulerManager._discover_hosts_in_cells run_periodic_tasks /usr/lib/python3/dist-packages/oslo_service/periodic_task.py:210
2025-10-02 00:36:48.401 129100 DEBUG oslo_concurrency.lockutils [req-dfce1903-76b4-4b4e-960f-a42252949c05 - - - - -] Lock "97de163d-72f3-4b7a-af61-6f527a7a8ec4" acquired by "nova.context.set_target_cell..get_or_set_cached_cell_and_set_connections" :: waited 0.000s inner /usr/lib/python3/dist-packages/oslo_concurrency/lockutils.py:386
2025-10-02 00:36:48.401 129100 DEBUG oslo_concurrency.lockutils [req-dfce1903-76b4-4b4e-960f-a42252949c05 - - - - -] Lock "97de163d-72f3-4b7a-af61-6f527a7a8ec4" "released" by "nova.context.set_target_cell..get_or_set_cached_cell_and_set_connections" :: held 0.000s inner /usr/lib/python3/dist-packages/oslo_concurrency/lockutils.py:400
2025-10-02 00:36:57.385 129095 DEBUG oslo_service.periodic_task [req-030f7c39-1281-462d-a627-3524e8a69c56 - - - - -] Running periodic task SchedulerManager._discover_hosts_in_cells run_periodic_tasks /usr/lib/python3/dist-packages/oslo_service/periodic_task.py:210
2025-10-02 00:36:57.389 129095 DEBUG oslo_concurrency.lockutils [req-368aaea8-58de-41c4-9ca0-8d989721e54f - - - - -] Lock "97de163d-72f3-4b7a-af61-6f527a7a8ec4" acquired by "nova.context.set_target_cell..get_or_set_cached_cell_and_set_connections" :: waited 0.000s inner /usr/lib/python3/dist-packages/oslo_concurrency/lockutils.py:386
2025-10-02 00:36:57.390 129095 DEBUG oslo_concurrency.lockutils [req-368aaea8-58de-41c4-9ca0-8d989721e54f - - - - -] Lock "97de163d-72f3-4b7a-af61-6f527a7a8ec4" "released" by "nova.context.set_target_cell..get_or_set_cached_cell_and_set_connections" :: held 0.000s inner /usr/lib/python3/dist-packages/oslo_concurrency/lockutils.py:400
2025-10-02 00:37:04.467 129090 DEBUG oslo_service.periodic_task [req-d5521a03-e394-434b-9476-71e7b942cbc8 - - - - -] Running periodic task SchedulerManager._discover_hosts_in_cells run_periodic_tasks /usr/lib/python3/dist-packages/oslo_service/periodic_task.py:210
2025-10-02 00:37:04.471 129090 DEBUG oslo_concurrency.lockutils [req-5185952d-1a85-49f3-96ec-faa5b9fa1f09 - - - - -] Lock "97de163d-72f3-4b7a-af61-6f527a7a8ec4" acquired by "nova.context.set_target_cell..get_or_set_cached_cell_and_set_connections" :: waited 0.000s inner /usr/lib/python3/dist-packages/oslo_concurrency/lockutils.py:386
2025-10-02 00:37:04.471 129090 DEBUG oslo_concurrency.lockutils [req-5185952d-1a85-49f3-96ec-faa5b9fa1f09 - - - - -] Lock "97de163d-72f3-4b7a-af61-6f527a7a8ec4" "released" by "nova.context.set_target_cell..get_or_set_cached_cell_and_set_connections" :: held 0.000s inner /usr/lib/python3/dist-packages/oslo_concurrency/lockutils.py:400
2025-10-02 00:37:13.413 129084 DEBUG oslo_service.periodic_task [req-e95f152b-8f90-42fa-a6f8-83f42eab2c40 - - - - -] Running periodic task SchedulerManager._discover_hosts_in_cells run_periodic_tasks /usr/lib/python3/dist-packages/oslo_service/periodic_task.py:210
2025-10-02 00:37:13.417 129084 DEBUG oslo_concurrency.lockutils [req-84576d34-f829-49ad-91fe-3f6381722d12 - - - - -] Lock "97de163d-72f3-4b7a-af61-6f527a7a8ec4" acquired by "nova.context.set_target_cell..get_or_set_cached_cell_and_set_connections" :: waited 0.000s inner /usr/lib/python3/dist-packages/oslo_concurrency/lockutils.py:386
2025-10-02 00:37:13.418 129084 DEBUG oslo_concurrency.lockutils [req-84576d34-f829-49ad-91fe-3f6381722d12 - - - - -] Lock "97de163d-72f3-4b7a-af61-6f527a7a8ec4" "released" by "nova.context.set_target_cell..get_or_set_cached_cell_and_set_connections" :: held 0.000s inner /usr/lib/python3/dist-packages/oslo_concurrency/lockutils.py:400
2025-10-02 00:37:18.407 129100 DEBUG oslo_service.periodic_task [req-dfce1903-76b4-4b4e-960f-a42252949c05 - - - - -] Running periodic task SchedulerManager._discover_hosts_in_cells run_periodic_tasks /usr/lib/python3/dist-packages/oslo_service/periodic_task.py:210
2025-10-02 00:37:18.411 129100 DEBUG oslo_concurrency.lockutils [req-a4824a7e-01d5-429a-b606-5d0f2601b3b4 - - - - -] Lock "97de163d-72f3-4b7a-af61-6f527a7a8ec4" acquired by "nova.context.set_target_cell..get_or_set_cached_cell_and_set_connections" :: waited 0.000s inner /usr/lib/python3/dist-packages/oslo_concurrency/lockutils.py:386
2025-10-02 00:37:18.411 129100 DEBUG oslo_concurrency.lockutils [req-a4824a7e-01d5-429a-b606-5d0f2601b3b4 - - - - -] Lock "97de163d-72f3-4b7a-af61-6f527a7a8ec4" "released" by "nova.context.set_target_cell..get_or_set_cached_cell_and_set_connections" :: held 0.000s inner /usr/lib/python3/dist-packages/oslo_concurrency/lockutils.py:400
2025-10-02 00:37:22.598 128743 INFO oslo_service.service [req-e544ccea-2f96-48d2-99e9-5989642fd071 - - - - -] Caught SIGTERM, stopping children
2025-10-02 00:37:22.598 128743 DEBUG oslo_concurrency.lockutils [req-e544ccea-2f96-48d2-99e9-5989642fd071 - - - - -] Acquired lock "singleton_lock" lock /usr/lib/python3/dist-packages/oslo_concurrency/lockutils.py:294
2025-10-02 00:37:22.598 128743 DEBUG oslo_concurrency.lockutils [req-e544ccea-2f96-48d2-99e9-5989642fd071 - - - - -] Releasing lock "singleton_lock" lock /usr/lib/python3/dist-packages/oslo_concurrency/lockutils.py:312
2025-10-02 00:37:22.599 128743 DEBUG oslo_service.service [req-e544ccea-2f96-48d2-99e9-5989642fd071 - - - - -] Stop services. stop /usr/lib/python3/dist-packages/oslo_service/service.py:695
2025-10-02 00:37:22.599 128743 DEBUG oslo_service.service [req-e544ccea-2f96-48d2-99e9-5989642fd071 - - - - -] Killing children. stop /usr/lib/python3/dist-packages/oslo_service/service.py:700
2025-10-02 00:37:22.600 128743 INFO oslo_service.service [req-e544ccea-2f96-48d2-99e9-5989642fd071 - - - - -] Waiting on 4 children to exit
2025-10-02 00:37:22.606 128743 INFO oslo_service.service [req-e544ccea-2f96-48d2-99e9-5989642fd071 - - - - -] Child 129090 killed by signal 15
2025-10-02 00:37:22.606 128743 INFO oslo_service.service [req-e544ccea-2f96-48d2-99e9-5989642fd071 - - - - -] Child 129095 killed by signal 15
2025-10-02 00:37:22.606 128743 INFO oslo_service.service [req-e544ccea-2f96-48d2-99e9-5989642fd071 - - - - -] Child 129084 killed by signal 15
2025-10-02 00:37:22.607 128743 INFO oslo_service.service [req-e544ccea-2f96-48d2-99e9-5989642fd071 - - - - -] Child 129100 killed by signal 15
2025-10-02 00:37:24.127 151150 DEBUG oslo_db.sqlalchemy.engines [req-c149285d-c3e6-49bb-98bc-d0ba2bdeb999 - - - - -] MySQL server mode set to STRICT_TRANS_TABLES,STRICT_ALL_TABLES,NO_ZERO_IN_DATE,NO_ZERO_DATE,ERROR_FOR_DIVISION_BY_ZERO,TRADITIONAL,NO_ENGINE_SUBSTITUTION _check_effective_sql_mode /usr/lib/python3/dist-packages/oslo_db/sqlalchemy/engines.py:314
2025-10-02 00:37:24.160 151150 DEBUG nova.scheduler.host_manager [req-c149285d-c3e6-49bb-98bc-d0ba2bdeb999 - - - - -] Found 1 cells: 97de163d-72f3-4b7a-af61-6f527a7a8ec4 refresh_cells_caches /usr/lib/python3/dist-packages/nova/scheduler/host_manager.py:730
2025-10-02 00:37:24.160 151150 DEBUG nova.scheduler.host_manager [req-c149285d-c3e6-49bb-98bc-d0ba2bdeb999 - - - - -] Found 0 disabled cells: refresh_cells_caches /usr/lib/python3/dist-packages/nova/scheduler/host_manager.py:742
2025-10-02 00:37:24.165 151150 WARNING nova.scheduler.filters.availability_zone_filter [req-c149285d-c3e6-49bb-98bc-d0ba2bdeb999 - - - - -] The 'AvailabilityZoneFilter' is deprecated since the 24.0.0 (Xena) release. Since the 18.0.0 (Rocky) release, nova has supported mapping AZs to placement aggregates. The feature is enabled by the 'query_placement_for_availability_zone' config option and is now enabled by default. As such, the 'AvailabilityZoneFilter' is no longer required. Nova is currently configured to use both placement and the AvailabilityZoneFilter for AZ enforcement.
2025-10-02 00:37:24.239 151150 DEBUG nova.scheduler.host_manager [req-c149285d-c3e6-49bb-98bc-d0ba2bdeb999 - - - - -] START:_async_init_instance_info _async_init_instance_info /usr/lib/python3/dist-packages/nova/scheduler/host_manager.py:411
2025-10-02 00:37:24.241 151150 DEBUG oslo_concurrency.lockutils [req-22d396c2-a965-43d4-88fd-a238db6518d1 - - - - -] Lock "97de163d-72f3-4b7a-af61-6f527a7a8ec4" acquired by "nova.context.set_target_cell..get_or_set_cached_cell_and_set_connections" :: waited 0.000s inner /usr/lib/python3/dist-packages/oslo_concurrency/lockutils.py:386
2025-10-02 00:37:24.243 151150 DEBUG oslo_concurrency.lockutils [req-22d396c2-a965-43d4-88fd-a238db6518d1 - - - - -] Lock "97de163d-72f3-4b7a-af61-6f527a7a8ec4" "released" by "nova.context.set_target_cell..get_or_set_cached_cell_and_set_connections" :: held 0.001s inner /usr/lib/python3/dist-packages/oslo_concurrency/lockutils.py:400
