2025-10-02 00:37:24.659 151545 DEBUG nova.service [req-34476baa-b9c5-4940-b816-687322805cbf - - - - -] Join ServiceGroup membership for this service scheduler start /usr/lib/python3/dist-packages/nova/service.py:199
2025-10-02 00:37:24.660 151150 DEBUG oslo_service.service [req-b5ca1408-afd6-4360-b122-245c7ab4ace8 - - - - -] cinder.cafile = None log_opt_values /usr/lib/python3/dist-packages/oslo_config/cfg.py:2609
2025-10-02 00:37:24.660 151545 DEBUG nova.servicegroup.drivers.db [req-34476baa-b9c5-4940-b816-687322805cbf - - - - -] DB_Driver: join new ServiceGroup member juju-52b9b3-0-lxd-7 to the scheduler group, service = join /usr/lib/python3/dist-packages/nova/servicegroup/drivers/db.py:44
2025-10-02 00:37:24.660 151150 DEBUG oslo_service.service [req-b5ca1408-afd6-4360-b122-245c7ab4ace8 - - - - -] cinder.catalog_info = volumev3::publicURL log_opt_values /usr/lib/python3/dist-packages/oslo_config/cfg.py:2609
2025-10-02 00:37:24.660 151150 DEBUG oslo_service.service [req-b5ca1408-afd6-4360-b122-245c7ab4ace8 - - - - -] cinder.certfile = None log_opt_values /usr/lib/python3/dist-packages/oslo_config/cfg.py:2609
2025-10-02 00:37:24.660 151150 DEBUG oslo_service.service [req-b5ca1408-afd6-4360-b122-245c7ab4ace8 - - - - -] cinder.collect_timing = False log_opt_values /usr/lib/python3/dist-packages/oslo_config/cfg.py:2609
2025-10-02 00:37:24.660 151543 DEBUG oslo_messaging._drivers.amqpdriver [-] Listener is running poll /usr/lib/python3/dist-packages/oslo_messaging/_drivers/amqpdriver.py:343
2025-10-02 00:37:24.660 151150 DEBUG oslo_service.service [req-b5ca1408-afd6-4360-b122-245c7ab4ace8 - - - - -] cinder.cross_az_attach = True log_opt_values /usr/lib/python3/dist-packages/oslo_config/cfg.py:2609
2025-10-02 00:37:24.660 151543 DEBUG oslo_messaging._drivers.amqpdriver [-] AMQPListener connection consume poll /usr/lib/python3/dist-packages/oslo_messaging/_drivers/amqpdriver.py:357
2025-10-02 00:37:24.661 151150 DEBUG oslo_service.service [req-b5ca1408-afd6-4360-b122-245c7ab4ace8 - - - - -] cinder.debug = False log_opt_values /usr/lib/python3/dist-packages/oslo_config/cfg.py:2609
2025-10-02 00:37:24.661 151150 DEBUG oslo_service.service [req-b5ca1408-afd6-4360-b122-245c7ab4ace8 - - - - -] cinder.endpoint_template = None log_opt_values /usr/lib/python3/dist-packages/oslo_config/cfg.py:2609
2025-10-02 00:37:24.661 151150 DEBUG oslo_service.service [req-b5ca1408-afd6-4360-b122-245c7ab4ace8 - - - - -] cinder.http_retries = 3 log_opt_values /usr/lib/python3/dist-packages/oslo_config/cfg.py:2609
2025-10-02 00:37:24.661 151150 DEBUG oslo_service.service [req-b5ca1408-afd6-4360-b122-245c7ab4ace8 - - - - -] cinder.insecure = False log_opt_values /usr/lib/python3/dist-packages/oslo_config/cfg.py:2609
2025-10-02 00:37:24.661 151543 DEBUG nova.service [req-43164a5c-49e9-451e-8694-a36e5197f9c9 - - - - -] Join ServiceGroup membership for this service scheduler start /usr/lib/python3/dist-packages/nova/service.py:199
2025-10-02 00:37:24.661 151543 DEBUG nova.servicegroup.drivers.db [req-43164a5c-49e9-451e-8694-a36e5197f9c9 - - - - -] DB_Driver: join new ServiceGroup member juju-52b9b3-0-lxd-7 to the scheduler group, service = join /usr/lib/python3/dist-packages/nova/servicegroup/drivers/db.py:44
2025-10-02 00:37:24.661 151150 DEBUG oslo_service.service [req-b5ca1408-afd6-4360-b122-245c7ab4ace8 - - - - -] cinder.keyfile = None log_opt_values /usr/lib/python3/dist-packages/oslo_config/cfg.py:2609
2025-10-02 00:37:24.662 151150 DEBUG oslo_service.service [req-b5ca1408-afd6-4360-b122-245c7ab4ace8 - - - - -] cinder.os_region_name = None log_opt_values /usr/lib/python3/dist-packages/oslo_config/cfg.py:2609
2025-10-02 00:37:24.663 151150 DEBUG oslo_service.service [req-b5ca1408-afd6-4360-b122-245c7ab4ace8 - - - - -] cinder.split_loggers = False log_opt_values /usr/lib/python3/dist-packages/oslo_config/cfg.py:2609
2025-10-02 00:37:24.663 151545 DEBUG oslo_messaging._drivers.amqpdriver [-] AMQPListener connection timeout poll /usr/lib/python3/dist-packages/oslo_messaging/_drivers/amqpdriver.py:360
2025-10-02 00:37:24.663 151545 DEBUG oslo_messaging._drivers.amqpdriver [-] Listener is running poll /usr/lib/python3/dist-packages/oslo_messaging/_drivers/amqpdriver.py:343
2025-10-02 00:37:24.663 151545 DEBUG oslo_messaging._drivers.amqpdriver [-] AMQPListener connection consume poll /usr/lib/python3/dist-packages/oslo_messaging/_drivers/amqpdriver.py:357
2025-10-02 00:37:24.663 151150 DEBUG oslo_service.service [req-b5ca1408-afd6-4360-b122-245c7ab4ace8 - - - - -] cinder.timeout = None log_opt_values /usr/lib/python3/dist-packages/oslo_config/cfg.py:2609
2025-10-02 00:37:24.663 151150 DEBUG oslo_service.service [req-b5ca1408-afd6-4360-b122-245c7ab4ace8 - - - - -] compute.consecutive_build_service_disable_threshold = 10 log_opt_values /usr/lib/python3/dist-packages/oslo_config/cfg.py:2609
2025-10-02 00:37:24.664 151150 DEBUG oslo_service.service [req-b5ca1408-afd6-4360-b122-245c7ab4ace8 - - - - -] compute.cpu_dedicated_set = None log_opt_values /usr/lib/python3/dist-packages/oslo_config/cfg.py:2609
2025-10-02 00:37:24.664 151150 DEBUG oslo_service.service [req-b5ca1408-afd6-4360-b122-245c7ab4ace8 - - - - -] compute.cpu_shared_set = None log_opt_values /usr/lib/python3/dist-packages/oslo_config/cfg.py:2609
2025-10-02 00:37:24.664 151543 DEBUG oslo_messaging._drivers.amqpdriver [-] AMQPListener connection timeout poll /usr/lib/python3/dist-packages/oslo_messaging/_drivers/amqpdriver.py:360
2025-10-02 00:37:24.664 151150 DEBUG oslo_service.service [req-b5ca1408-afd6-4360-b122-245c7ab4ace8 - - - - -] compute.image_type_exclude_list = [] log_opt_values /usr/lib/python3/dist-packages/oslo_config/cfg.py:2609
2025-10-02 00:37:24.664 151543 DEBUG oslo_messaging._drivers.amqpdriver [-] Listener is running poll /usr/lib/python3/dist-packages/oslo_messaging/_drivers/amqpdriver.py:343
2025-10-02 00:37:24.664 151543 DEBUG oslo_messaging._drivers.amqpdriver [-] AMQPListener connection consume poll /usr/lib/python3/dist-packages/oslo_messaging/_drivers/amqpdriver.py:357
2025-10-02 00:37:24.664 151150 DEBUG oslo_service.service [req-b5ca1408-afd6-4360-b122-245c7ab4ace8 - - - - -] compute.live_migration_wait_for_vif_plug = True log_opt_values /usr/lib/python3/dist-packages/oslo_config/cfg.py:2609
2025-10-02 00:37:24.665 151150 DEBUG oslo_service.service [req-b5ca1408-afd6-4360-b122-245c7ab4ace8 - - - - -] compute.max_concurrent_disk_ops = 0 log_opt_values /usr/lib/python3/dist-packages/oslo_config/cfg.py:2609
2025-10-02 00:37:24.664 151546 DEBUG oslo_messaging._drivers.amqpdriver [-] Listener is running poll /usr/lib/python3/dist-packages/oslo_messaging/_drivers/amqpdriver.py:343
2025-10-02 00:37:24.665 151150 DEBUG oslo_service.service [req-b5ca1408-afd6-4360-b122-245c7ab4ace8 - - - - -] compute.max_disk_devices_to_attach = -1 log_opt_values /usr/lib/python3/dist-packages/oslo_config/cfg.py:2609
2025-10-02 00:37:24.665 151546 DEBUG oslo_messaging._drivers.amqpdriver [-] AMQPListener connection consume poll /usr/lib/python3/dist-packages/oslo_messaging/_drivers/amqpdriver.py:357
2025-10-02 00:37:24.665 151150 DEBUG oslo_service.service [req-b5ca1408-afd6-4360-b122-245c7ab4ace8 - - - - -] compute.packing_host_numa_cells_allocation_strategy = True log_opt_values /usr/lib/python3/dist-packages/oslo_config/cfg.py:2609
2025-10-02 00:37:24.665 151150 DEBUG oslo_service.service [req-b5ca1408-afd6-4360-b122-245c7ab4ace8 - - - - -] compute.provider_config_location = /etc/nova/provider_config/ log_opt_values /usr/lib/python3/dist-packages/oslo_config/cfg.py:2609
2025-10-02 00:37:24.665 151546 DEBUG nova.service [req-86176acd-03dd-4bdb-8c5f-52cec18c3c4c - - - - -] Join ServiceGroup membership for this service scheduler start /usr/lib/python3/dist-packages/nova/service.py:199
2025-10-02 00:37:24.665 151150 DEBUG oslo_service.service [req-b5ca1408-afd6-4360-b122-245c7ab4ace8 - - - - -] compute.resource_provider_association_refresh = 300 log_opt_values /usr/lib/python3/dist-packages/oslo_config/cfg.py:2609
2025-10-02 00:37:24.666 151546 DEBUG nova.servicegroup.drivers.db [req-86176acd-03dd-4bdb-8c5f-52cec18c3c4c - - - - -] DB_Driver: join new ServiceGroup member juju-52b9b3-0-lxd-7 to the scheduler group, service = join /usr/lib/python3/dist-packages/nova/servicegroup/drivers/db.py:44
2025-10-02 00:37:24.666 151150 DEBUG oslo_service.service [req-b5ca1408-afd6-4360-b122-245c7ab4ace8 - - - - -] compute.shutdown_retry_interval = 10 log_opt_values /usr/lib/python3/dist-packages/oslo_config/cfg.py:2609
2025-10-02 00:37:24.666 151150 DEBUG oslo_service.service [req-b5ca1408-afd6-4360-b122-245c7ab4ace8 - - - - -] compute.vmdk_allowed_types = ['streamOptimized', 'monolithicSparse'] log_opt_values /usr/lib/python3/dist-packages/oslo_config/cfg.py:2609
2025-10-02 00:37:24.667 151150 DEBUG oslo_service.service [req-b5ca1408-afd6-4360-b122-245c7ab4ace8 - - - - -] conductor.workers = 4 log_opt_values /usr/lib/python3/dist-packages/oslo_config/cfg.py:2609
2025-10-02 00:37:24.667 151150 DEBUG oslo_service.service [req-b5ca1408-afd6-4360-b122-245c7ab4ace8 - - - - -] console.allowed_origins = [] log_opt_values /usr/lib/python3/dist-packages/oslo_config/cfg.py:2609
2025-10-02 00:37:24.667 151150 DEBUG oslo_service.service [req-b5ca1408-afd6-4360-b122-245c7ab4ace8 - - - - -] console.ssl_ciphers = None log_opt_values /usr/lib/python3/dist-packages/oslo_config/cfg.py:2609
2025-10-02 00:37:24.667 151150 DEBUG oslo_service.service [req-b5ca1408-afd6-4360-b122-245c7ab4ace8 - - - - -] console.ssl_minimum_version = default log_opt_values /usr/lib/python3/dist-packages/oslo_config/cfg.py:2609
2025-10-02 00:37:24.668 151546 DEBUG oslo_messaging._drivers.amqpdriver [-] AMQPListener connection timeout poll /usr/lib/python3/dist-packages/oslo_messaging/_drivers/amqpdriver.py:360
2025-10-02 00:37:24.669 151546 DEBUG oslo_messaging._drivers.amqpdriver [-] Listener is running poll /usr/lib/python3/dist-packages/oslo_messaging/_drivers/amqpdriver.py:343
2025-10-02 00:37:24.670 151546 DEBUG oslo_messaging._drivers.amqpdriver [-] AMQPListener connection consume poll /usr/lib/python3/dist-packages/oslo_messaging/_drivers/amqpdriver.py:357
2025-10-02 00:37:24.669 151150 DEBUG oslo_service.service [req-b5ca1408-afd6-4360-b122-245c7ab4ace8 - - - - -] consoleauth.token_ttl = 600 log_opt_values /usr/lib/python3/dist-packages/oslo_config/cfg.py:2609
2025-10-02 00:37:24.670 151150 DEBUG oslo_service.service [req-b5ca1408-afd6-4360-b122-245c7ab4ace8 - - - - -] cyborg.cafile = None log_opt_values /usr/lib/python3/dist-packages/oslo_config/cfg.py:2609
2025-10-02 00:37:24.670 151150 DEBUG oslo_service.service [req-b5ca1408-afd6-4360-b122-245c7ab4ace8 - - - - -] cyborg.certfile = None log_opt_values /usr/lib/python3/dist-packages/oslo_config/cfg.py:2609
2025-10-02 00:37:24.670 151150 DEBUG oslo_service.service [req-b5ca1408-afd6-4360-b122-245c7ab4ace8 - - - - -] cyborg.collect_timing = False log_opt_values /usr/lib/python3/dist-packages/oslo_config/cfg.py:2609
2025-10-02 00:37:24.671 151150 DEBUG oslo_service.service [req-b5ca1408-afd6-4360-b122-245c7ab4ace8 - - - - -] cyborg.connect_retries = None log_opt_values /usr/lib/python3/dist-packages/oslo_config/cfg.py:2609
2025-10-02 00:37:24.671 151150 DEBUG oslo_service.service [req-b5ca1408-afd6-4360-b122-245c7ab4ace8 - - - - -] cyborg.connect_retry_delay = None log_opt_values /usr/lib/python3/dist-packages/oslo_config/cfg.py:2609
2025-10-02 00:37:24.671 151150 DEBUG oslo_service.service [req-b5ca1408-afd6-4360-b122-245c7ab4ace8 - - - - -] cyborg.endpoint_override = None log_opt_values /usr/lib/python3/dist-packages/oslo_config/cfg.py:2609
2025-10-02 00:37:24.671 151150 DEBUG oslo_service.service [req-b5ca1408-afd6-4360-b122-245c7ab4ace8 - - - - -] cyborg.insecure = False log_opt_values /usr/lib/python3/dist-packages/oslo_config/cfg.py:2609
2025-10-02 00:37:24.671 151150 DEBUG oslo_service.service [req-b5ca1408-afd6-4360-b122-245c7ab4ace8 - - - - -] cyborg.keyfile = None log_opt_values /usr/lib/python3/dist-packages/oslo_config/cfg.py:2609
2025-10-02 00:37:24.671 151542 DEBUG nova.service [req-15f7ca11-dbc0-4fa7-ab6a-ba457b0ed46a - - - - -] Creating RPC server for service scheduler start /usr/lib/python3/dist-packages/nova/service.py:182
2025-10-02 00:37:24.672 151150 DEBUG oslo_service.service [req-b5ca1408-afd6-4360-b122-245c7ab4ace8 - - - - -] cyborg.max_version = None log_opt_values /usr/lib/python3/dist-packages/oslo_config/cfg.py:2609
2025-10-02 00:37:24.672 151150 DEBUG oslo_service.service [req-b5ca1408-afd6-4360-b122-245c7ab4ace8 - - - - -] cyborg.min_version = None log_opt_values /usr/lib/python3/dist-packages/oslo_config/cfg.py:2609
2025-10-02 00:37:24.672 151150 DEBUG oslo_service.service [req-b5ca1408-afd6-4360-b122-245c7ab4ace8 - - - - -] cyborg.region_name = None log_opt_values /usr/lib/python3/dist-packages/oslo_config/cfg.py:2609
2025-10-02 00:37:24.673 151150 DEBUG oslo_service.service [req-b5ca1408-afd6-4360-b122-245c7ab4ace8 - - - - -] cyborg.service_name = None log_opt_values /usr/lib/python3/dist-packages/oslo_config/cfg.py:2609
2025-10-02 00:37:24.673 151150 DEBUG oslo_service.service [req-b5ca1408-afd6-4360-b122-245c7ab4ace8 - - - - -] cyborg.service_type = accelerator log_opt_values /usr/lib/python3/dist-packages/oslo_config/cfg.py:2609
2025-10-02 00:37:24.673 151150 DEBUG oslo_service.service [req-b5ca1408-afd6-4360-b122-245c7ab4ace8 - - - - -] cyborg.split_loggers = False log_opt_values /usr/lib/python3/dist-packages/oslo_config/cfg.py:2609
2025-10-02 00:37:24.673 151150 DEBUG oslo_service.service [req-b5ca1408-afd6-4360-b122-245c7ab4ace8 - - - - -] cyborg.status_code_retries = None log_opt_values /usr/lib/python3/dist-packages/oslo_config/cfg.py:2609
2025-10-02 00:37:24.673 151150 DEBUG oslo_service.service [req-b5ca1408-afd6-4360-b122-245c7ab4ace8 - - - - -] cyborg.status_code_retry_delay = None log_opt_values /usr/lib/python3/dist-packages/oslo_config/cfg.py:2609
2025-10-02 00:37:24.674 151150 DEBUG oslo_service.service [req-b5ca1408-afd6-4360-b122-245c7ab4ace8 - - - - -] cyborg.timeout = None log_opt_values /usr/lib/python3/dist-packages/oslo_config/cfg.py:2609
2025-10-02 00:37:24.674 151150 DEBUG oslo_service.service [req-b5ca1408-afd6-4360-b122-245c7ab4ace8 - - - - -] cyborg.valid_interfaces = ['internal', 'public'] log_opt_values /usr/lib/python3/dist-packages/oslo_config/cfg.py:2609
2025-10-02 00:37:24.674 151150 DEBUG oslo_service.service [req-b5ca1408-afd6-4360-b122-245c7ab4ace8 - - - - -] cyborg.version = None log_opt_values /usr/lib/python3/dist-packages/oslo_config/cfg.py:2609
2025-10-02 00:37:24.674 151150 DEBUG oslo_service.service [req-b5ca1408-afd6-4360-b122-245c7ab4ace8 - - - - -] database.backend = sqlalchemy log_opt_values /usr/lib/python3/dist-packages/oslo_config/cfg.py:2609
2025-10-02 00:37:24.675 151150 DEBUG oslo_service.service [req-b5ca1408-afd6-4360-b122-245c7ab4ace8 - - - - -] database.connection = **** log_opt_values /usr/lib/python3/dist-packages/oslo_config/cfg.py:2609
2025-10-02 00:37:24.675 151150 DEBUG oslo_service.service [req-b5ca1408-afd6-4360-b122-245c7ab4ace8 - - - - -] database.connection_debug = 0 log_opt_values /usr/lib/python3/dist-packages/oslo_config/cfg.py:2609
2025-10-02 00:37:24.675 151150 DEBUG oslo_service.service [req-b5ca1408-afd6-4360-b122-245c7ab4ace8 - - - - -] database.connection_parameters = log_opt_values /usr/lib/python3/dist-packages/oslo_config/cfg.py:2609
2025-10-02 00:37:24.675 151150 DEBUG oslo_service.service [req-b5ca1408-afd6-4360-b122-245c7ab4ace8 - - - - -] database.connection_recycle_time = 3600 log_opt_values /usr/lib/python3/dist-packages/oslo_config/cfg.py:2609
2025-10-02 00:37:24.676 151150 DEBUG oslo_service.service [req-b5ca1408-afd6-4360-b122-245c7ab4ace8 - - - - -] database.connection_trace = False log_opt_values /usr/lib/python3/dist-packages/oslo_config/cfg.py:2609
2025-10-02 00:37:24.676 151150 DEBUG oslo_service.service [req-b5ca1408-afd6-4360-b122-245c7ab4ace8 - - - - -] database.db_inc_retry_interval = True log_opt_values /usr/lib/python3/dist-packages/oslo_config/cfg.py:2609
2025-10-02 00:37:24.676 151150 DEBUG oslo_service.service [req-b5ca1408-afd6-4360-b122-245c7ab4ace8 - - - - -] database.db_max_retries = 20 log_opt_values /usr/lib/python3/dist-packages/oslo_config/cfg.py:2609
2025-10-02 00:37:24.676 151150 DEBUG oslo_service.service [req-b5ca1408-afd6-4360-b122-245c7ab4ace8 - - - - -] database.db_max_retry_interval = 10 log_opt_values /usr/lib/python3/dist-packages/oslo_config/cfg.py:2609
2025-10-02 00:37:24.676 151150 DEBUG oslo_service.service [req-b5ca1408-afd6-4360-b122-245c7ab4ace8 - - - - -] database.db_retry_interval = 1 log_opt_values /usr/lib/python3/dist-packages/oslo_config/cfg.py:2609
2025-10-02 00:37:24.676 151150 DEBUG oslo_service.service [req-b5ca1408-afd6-4360-b122-245c7ab4ace8 - - - - -] database.max_overflow = 50 log_opt_values /usr/lib/python3/dist-packages/oslo_config/cfg.py:2609
2025-10-02 00:37:24.677 151150 DEBUG oslo_service.service [req-b5ca1408-afd6-4360-b122-245c7ab4ace8 - - - - -] database.max_pool_size = 4 log_opt_values /usr/lib/python3/dist-packages/oslo_config/cfg.py:2609
2025-10-02 00:37:24.677 151150 DEBUG oslo_service.service [req-b5ca1408-afd6-4360-b122-245c7ab4ace8 - - - - -] database.max_retries = 10 log_opt_values /usr/lib/python3/dist-packages/oslo_config/cfg.py:2609
2025-10-02 00:37:24.677 151150 DEBUG oslo_service.service [req-b5ca1408-afd6-4360-b122-245c7ab4ace8 - - - - -] database.mysql_enable_ndb = False log_opt_values /usr/lib/python3/dist-packages/oslo_config/cfg.py:2609
2025-10-02 00:37:24.677 151150 DEBUG oslo_service.service [req-b5ca1408-afd6-4360-b122-245c7ab4ace8 - - - - -] database.mysql_sql_mode = TRADITIONAL log_opt_values /usr/lib/python3/dist-packages/oslo_config/cfg.py:2609
2025-10-02 00:37:24.678 151150 DEBUG oslo_service.service [req-b5ca1408-afd6-4360-b122-245c7ab4ace8 - - - - -] database.pool_timeout = None log_opt_values /usr/lib/python3/dist-packages/oslo_config/cfg.py:2609
2025-10-02 00:37:24.678 151150 DEBUG oslo_service.service [req-b5ca1408-afd6-4360-b122-245c7ab4ace8 - - - - -] database.retry_interval = 10 log_opt_values /usr/lib/python3/dist-packages/oslo_config/cfg.py:2609
2025-10-02 00:37:24.678 151150 DEBUG oslo_service.service [req-b5ca1408-afd6-4360-b122-245c7ab4ace8 - - - - -] database.slave_connection = **** log_opt_values /usr/lib/python3/dist-packages/oslo_config/cfg.py:2609
2025-10-02 00:37:24.679 151150 DEBUG oslo_service.service [req-b5ca1408-afd6-4360-b122-245c7ab4ace8 - - - - -] database.sqlite_synchronous = True log_opt_values /usr/lib/python3/dist-packages/oslo_config/cfg.py:2609
2025-10-02 00:37:24.679 151150 DEBUG oslo_service.service [req-b5ca1408-afd6-4360-b122-245c7ab4ace8 - - - - -] database.use_db_reconnect = False log_opt_values /usr/lib/python3/dist-packages/oslo_config/cfg.py:2609
2025-10-02 00:37:24.679 151150 DEBUG oslo_service.service [req-b5ca1408-afd6-4360-b122-245c7ab4ace8 - - - - -] api_database.backend = sqlalchemy log_opt_values /usr/lib/python3/dist-packages/oslo_config/cfg.py:2609
2025-10-02 00:37:24.679 151150 DEBUG oslo_service.service [req-b5ca1408-afd6-4360-b122-245c7ab4ace8 - - - - -] api_database.connection = **** log_opt_values /usr/lib/python3/dist-packages/oslo_config/cfg.py:2609
2025-10-02 00:37:24.679 151150 DEBUG oslo_service.service [req-b5ca1408-afd6-4360-b122-245c7ab4ace8 - - - - -] api_database.connection_debug = 0 log_opt_values /usr/lib/python3/dist-packages/oslo_config/cfg.py:2609
2025-10-02 00:37:24.680 151150 DEBUG oslo_service.service [req-b5ca1408-afd6-4360-b122-245c7ab4ace8 - - - - -] api_database.connection_parameters = log_opt_values /usr/lib/python3/dist-packages/oslo_config/cfg.py:2609
2025-10-02 00:37:24.680 151150 DEBUG oslo_service.service [req-b5ca1408-afd6-4360-b122-245c7ab4ace8 - - - - -] api_database.connection_recycle_time = 3600 log_opt_values /usr/lib/python3/dist-packages/oslo_config/cfg.py:2609
2025-10-02 00:37:24.680 151150 DEBUG oslo_service.service [req-b5ca1408-afd6-4360-b122-245c7ab4ace8 - - - - -] api_database.connection_trace = False log_opt_values /usr/lib/python3/dist-packages/oslo_config/cfg.py:2609
2025-10-02 00:37:24.680 151150 DEBUG oslo_service.service [req-b5ca1408-afd6-4360-b122-245c7ab4ace8 - - - - -] api_database.db_inc_retry_interval = True log_opt_values /usr/lib/python3/dist-packages/oslo_config/cfg.py:2609
2025-10-02 00:37:24.680 151150 DEBUG oslo_service.service [req-b5ca1408-afd6-4360-b122-245c7ab4ace8 - - - - -] api_database.db_max_retries = 20 log_opt_values /usr/lib/python3/dist-packages/oslo_config/cfg.py:2609
2025-10-02 00:37:24.681 151150 DEBUG oslo_service.service [req-b5ca1408-afd6-4360-b122-245c7ab4ace8 - - - - -] api_database.db_max_retry_interval = 10 log_opt_values /usr/lib/python3/dist-packages/oslo_config/cfg.py:2609
2025-10-02 00:37:24.681 151150 DEBUG oslo_service.service [req-b5ca1408-afd6-4360-b122-245c7ab4ace8 - - - - -] api_database.db_retry_interval = 1 log_opt_values /usr/lib/python3/dist-packages/oslo_config/cfg.py:2609
2025-10-02 00:37:24.681 151150 DEBUG oslo_service.service [req-b5ca1408-afd6-4360-b122-245c7ab4ace8 - - - - -] api_database.max_overflow = 50 log_opt_values /usr/lib/python3/dist-packages/oslo_config/cfg.py:2609
2025-10-02 00:37:24.681 151150 DEBUG oslo_service.service [req-b5ca1408-afd6-4360-b122-245c7ab4ace8 - - - - -] api_database.max_pool_size = 4 log_opt_values /usr/lib/python3/dist-packages/oslo_config/cfg.py:2609
2025-10-02 00:37:24.681 151150 DEBUG oslo_service.service [req-b5ca1408-afd6-4360-b122-245c7ab4ace8 - - - - -] api_database.max_retries = 10 log_opt_values /usr/lib/python3/dist-packages/oslo_config/cfg.py:2609
2025-10-02 00:37:24.682 151150 DEBUG oslo_service.service [req-b5ca1408-afd6-4360-b122-245c7ab4ace8 - - - - -] api_database.mysql_enable_ndb = False log_opt_values /usr/lib/python3/dist-packages/oslo_config/cfg.py:2609
2025-10-02 00:37:24.682 151150 DEBUG oslo_service.service [req-b5ca1408-afd6-4360-b122-245c7ab4ace8 - - - - -] api_database.mysql_sql_mode = TRADITIONAL log_opt_values /usr/lib/python3/dist-packages/oslo_config/cfg.py:2609
2025-10-02 00:37:24.682 151150 DEBUG oslo_service.service [req-b5ca1408-afd6-4360-b122-245c7ab4ace8 - - - - -] api_database.pool_timeout = None log_opt_values /usr/lib/python3/dist-packages/oslo_config/cfg.py:2609
2025-10-02 00:37:24.682 151150 DEBUG oslo_service.service [req-b5ca1408-afd6-4360-b122-245c7ab4ace8 - - - - -] api_database.retry_interval = 10 log_opt_values /usr/lib/python3/dist-packages/oslo_config/cfg.py:2609
2025-10-02 00:37:24.682 151150 DEBUG oslo_service.service [req-b5ca1408-afd6-4360-b122-245c7ab4ace8 - - - - -] api_database.slave_connection = **** log_opt_values /usr/lib/python3/dist-packages/oslo_config/cfg.py:2609
2025-10-02 00:37:24.683 151150 DEBUG oslo_service.service [req-b5ca1408-afd6-4360-b122-245c7ab4ace8 - - - - -] api_database.sqlite_synchronous = True log_opt_values /usr/lib/python3/dist-packages/oslo_config/cfg.py:2609
2025-10-02 00:37:24.683 151150 DEBUG oslo_service.service [req-b5ca1408-afd6-4360-b122-245c7ab4ace8 - - - - -] devices.enabled_mdev_types = [] log_opt_values /usr/lib/python3/dist-packages/oslo_config/cfg.py:2609
2025-10-02 00:37:24.683 151150 DEBUG oslo_service.service [req-b5ca1408-afd6-4360-b122-245c7ab4ace8 - - - - -] ephemeral_storage_encryption.cipher = aes-xts-plain64 log_opt_values /usr/lib/python3/dist-packages/oslo_config/cfg.py:2609
2025-10-02 00:37:24.683 151150 DEBUG oslo_service.service [req-b5ca1408-afd6-4360-b122-245c7ab4ace8 - - - - -] ephemeral_storage_encryption.enabled = False log_opt_values /usr/lib/python3/dist-packages/oslo_config/cfg.py:2609
2025-10-02 00:37:24.684 151150 DEBUG oslo_service.service [req-b5ca1408-afd6-4360-b122-245c7ab4ace8 - - - - -] ephemeral_storage_encryption.key_size = 512 log_opt_values /usr/lib/python3/dist-packages/oslo_config/cfg.py:2609
2025-10-02 00:37:24.684 151150 WARNING oslo_config.cfg [req-b5ca1408-afd6-4360-b122-245c7ab4ace8 - - - - -] Deprecated: Option "api_servers" from group "glance" is deprecated for removal ( Support for image service configuration via standard keystoneauth1 Adapter options was added in the 17.0.0 Queens release. The api_servers option was retained temporarily to allow consumers time to cut over to a real load balancing solution. ). Its value may be silently ignored in the future.
2025-10-02 00:37:24.684 151150 DEBUG oslo_service.service [req-b5ca1408-afd6-4360-b122-245c7ab4ace8 - - - - -] glance.api_servers = ['http://252.57.240.104:9292'] log_opt_values /usr/lib/python3/dist-packages/oslo_config/cfg.py:2609
2025-10-02 00:37:24.685 151150 DEBUG oslo_service.service [req-b5ca1408-afd6-4360-b122-245c7ab4ace8 - - - - -] glance.cafile = None log_opt_values /usr/lib/python3/dist-packages/oslo_config/cfg.py:2609
2025-10-02 00:37:24.685 151150 DEBUG oslo_service.service [req-b5ca1408-afd6-4360-b122-245c7ab4ace8 - - - - -] glance.certfile = None log_opt_values /usr/lib/python3/dist-packages/oslo_config/cfg.py:2609
2025-10-02 00:37:24.685 151150 DEBUG oslo_service.service [req-b5ca1408-afd6-4360-b122-245c7ab4ace8 - - - - -] glance.collect_timing = False log_opt_values /usr/lib/python3/dist-packages/oslo_config/cfg.py:2609
2025-10-02 00:37:24.685 151150 DEBUG oslo_service.service [req-b5ca1408-afd6-4360-b122-245c7ab4ace8 - - - - -] glance.connect_retries = None log_opt_values /usr/lib/python3/dist-packages/oslo_config/cfg.py:2609
2025-10-02 00:37:24.686 151150 DEBUG oslo_service.service [req-b5ca1408-afd6-4360-b122-245c7ab4ace8 - - - - -] glance.connect_retry_delay = None log_opt_values /usr/lib/python3/dist-packages/oslo_config/cfg.py:2609
2025-10-02 00:37:24.686 151150 DEBUG oslo_service.service [req-b5ca1408-afd6-4360-b122-245c7ab4ace8 - - - - -] glance.debug = False log_opt_values /usr/lib/python3/dist-packages/oslo_config/cfg.py:2609
2025-10-02 00:37:24.686 151150 DEBUG oslo_service.service [req-b5ca1408-afd6-4360-b122-245c7ab4ace8 - - - - -] glance.default_trusted_certificate_ids = [] log_opt_values /usr/lib/python3/dist-packages/oslo_config/cfg.py:2609
2025-10-02 00:37:24.686 151150 DEBUG oslo_service.service [req-b5ca1408-afd6-4360-b122-245c7ab4ace8 - - - - -] glance.enable_certificate_validation = False log_opt_values /usr/lib/python3/dist-packages/oslo_config/cfg.py:2609
2025-10-02 00:37:24.686 151150 DEBUG oslo_service.service [req-b5ca1408-afd6-4360-b122-245c7ab4ace8 - - - - -] glance.enable_rbd_download = False log_opt_values /usr/lib/python3/dist-packages/oslo_config/cfg.py:2609
2025-10-02 00:37:24.686 151150 DEBUG oslo_service.service [req-b5ca1408-afd6-4360-b122-245c7ab4ace8 - - - - -] glance.endpoint_override = None log_opt_values /usr/lib/python3/dist-packages/oslo_config/cfg.py:2609
2025-10-02 00:37:24.687 151150 DEBUG oslo_service.service [req-b5ca1408-afd6-4360-b122-245c7ab4ace8 - - - - -] glance.insecure = False log_opt_values /usr/lib/python3/dist-packages/oslo_config/cfg.py:2609
2025-10-02 00:37:24.687 151150 DEBUG oslo_service.service [req-b5ca1408-afd6-4360-b122-245c7ab4ace8 - - - - -] glance.keyfile = None log_opt_values /usr/lib/python3/dist-packages/oslo_config/cfg.py:2609
2025-10-02 00:37:24.687 151150 DEBUG oslo_service.service [req-b5ca1408-afd6-4360-b122-245c7ab4ace8 - - - - -] glance.max_version = None log_opt_values /usr/lib/python3/dist-packages/oslo_config/cfg.py:2609
2025-10-02 00:37:24.687 151150 DEBUG oslo_service.service [req-b5ca1408-afd6-4360-b122-245c7ab4ace8 - - - - -] glance.min_version = None log_opt_values /usr/lib/python3/dist-packages/oslo_config/cfg.py:2609
2025-10-02 00:37:24.687 151150 DEBUG oslo_service.service [req-b5ca1408-afd6-4360-b122-245c7ab4ace8 - - - - -] glance.num_retries = 3 log_opt_values /usr/lib/python3/dist-packages/oslo_config/cfg.py:2609
2025-10-02 00:37:24.688 151150 DEBUG oslo_service.service [req-b5ca1408-afd6-4360-b122-245c7ab4ace8 - - - - -] glance.rbd_ceph_conf = log_opt_values /usr/lib/python3/dist-packages/oslo_config/cfg.py:2609
2025-10-02 00:37:24.688 151150 DEBUG oslo_service.service [req-b5ca1408-afd6-4360-b122-245c7ab4ace8 - - - - -] glance.rbd_connect_timeout = 5 log_opt_values /usr/lib/python3/dist-packages/oslo_config/cfg.py:2609
2025-10-02 00:37:24.688 151150 DEBUG oslo_service.service [req-b5ca1408-afd6-4360-b122-245c7ab4ace8 - - - - -] glance.rbd_pool = log_opt_values /usr/lib/python3/dist-packages/oslo_config/cfg.py:2609
2025-10-02 00:37:24.689 151150 DEBUG oslo_service.service [req-b5ca1408-afd6-4360-b122-245c7ab4ace8 - - - - -] glance.rbd_user = log_opt_values /usr/lib/python3/dist-packages/oslo_config/cfg.py:2609
2025-10-02 00:37:24.689 151150 DEBUG oslo_service.service [req-b5ca1408-afd6-4360-b122-245c7ab4ace8 - - - - -] glance.region_name = None log_opt_values /usr/lib/python3/dist-packages/oslo_config/cfg.py:2609
2025-10-02 00:37:24.689 151150 DEBUG oslo_service.service [req-b5ca1408-afd6-4360-b122-245c7ab4ace8 - - - - -] glance.service_name = None log_opt_values /usr/lib/python3/dist-packages/oslo_config/cfg.py:2609
2025-10-02 00:37:24.689 151150 DEBUG oslo_service.service [req-b5ca1408-afd6-4360-b122-245c7ab4ace8 - - - - -] glance.service_type = image log_opt_values /usr/lib/python3/dist-packages/oslo_config/cfg.py:2609
2025-10-02 00:37:24.689 151150 DEBUG oslo_service.service [req-b5ca1408-afd6-4360-b122-245c7ab4ace8 - - - - -] glance.split_loggers = False log_opt_values /usr/lib/python3/dist-packages/oslo_config/cfg.py:2609
2025-10-02 00:37:24.690 151150 DEBUG oslo_service.service [req-b5ca1408-afd6-4360-b122-245c7ab4ace8 - - - - -] glance.status_code_retries = None log_opt_values /usr/lib/python3/dist-packages/oslo_config/cfg.py:2609
2025-10-02 00:37:24.690 151150 DEBUG oslo_service.service [req-b5ca1408-afd6-4360-b122-245c7ab4ace8 - - - - -] glance.status_code_retry_delay = None log_opt_values /usr/lib/python3/dist-packages/oslo_config/cfg.py:2609
2025-10-02 00:37:24.690 151150 DEBUG oslo_service.service [req-b5ca1408-afd6-4360-b122-245c7ab4ace8 - - - - -] glance.timeout = None log_opt_values /usr/lib/python3/dist-packages/oslo_config/cfg.py:2609
2025-10-02 00:37:24.690 151150 DEBUG oslo_service.service [req-b5ca1408-afd6-4360-b122-245c7ab4ace8 - - - - -] glance.valid_interfaces = ['internal', 'public'] log_opt_values /usr/lib/python3/dist-packages/oslo_config/cfg.py:2609
2025-10-02 00:37:24.690 151150 DEBUG oslo_service.service [req-b5ca1408-afd6-4360-b122-245c7ab4ace8 - - - - -] glance.verify_glance_signatures = False log_opt_values /usr/lib/python3/dist-packages/oslo_config/cfg.py:2609
2025-10-02 00:37:24.691 151150 DEBUG oslo_service.service [req-b5ca1408-afd6-4360-b122-245c7ab4ace8 - - - - -] glance.version = None log_opt_values /usr/lib/python3/dist-packages/oslo_config/cfg.py:2609
2025-10-02 00:37:24.691 151150 DEBUG oslo_service.service [req-b5ca1408-afd6-4360-b122-245c7ab4ace8 - - - - -] guestfs.debug = False log_opt_values /usr/lib/python3/dist-packages/oslo_config/cfg.py:2609
2025-10-02 00:37:24.691 151150 DEBUG oslo_service.service [req-b5ca1408-afd6-4360-b122-245c7ab4ace8 - - - - -] hyperv.config_drive_cdrom = False log_opt_values /usr/lib/python3/dist-packages/oslo_config/cfg.py:2609
2025-10-02 00:37:24.691 151150 DEBUG oslo_service.service [req-b5ca1408-afd6-4360-b122-245c7ab4ace8 - - - - -] hyperv.config_drive_inject_password = False log_opt_values /usr/lib/python3/dist-packages/oslo_config/cfg.py:2609
2025-10-02 00:37:24.691 151150 DEBUG oslo_service.service [req-b5ca1408-afd6-4360-b122-245c7ab4ace8 - - - - -] hyperv.dynamic_memory_ratio = 1.0 log_opt_values /usr/lib/python3/dist-packages/oslo_config/cfg.py:2609
2025-10-02 00:37:24.691 151150 DEBUG oslo_service.service [req-b5ca1408-afd6-4360-b122-245c7ab4ace8 - - - - -] hyperv.enable_instance_metrics_collection = False log_opt_values /usr/lib/python3/dist-packages/oslo_config/cfg.py:2609
2025-10-02 00:37:24.692 151150 DEBUG oslo_service.service [req-b5ca1408-afd6-4360-b122-245c7ab4ace8 - - - - -] hyperv.enable_remotefx = False log_opt_values /usr/lib/python3/dist-packages/oslo_config/cfg.py:2609
2025-10-02 00:37:24.692 151150 DEBUG oslo_service.service [req-b5ca1408-afd6-4360-b122-245c7ab4ace8 - - - - -] hyperv.instances_path_share = log_opt_values /usr/lib/python3/dist-packages/oslo_config/cfg.py:2609
2025-10-02 00:37:24.692 151150 DEBUG oslo_service.service [req-b5ca1408-afd6-4360-b122-245c7ab4ace8 - - - - -] hyperv.iscsi_initiator_list = [] log_opt_values /usr/lib/python3/dist-packages/oslo_config/cfg.py:2609
2025-10-02 00:37:24.692 151150 DEBUG oslo_service.service [req-b5ca1408-afd6-4360-b122-245c7ab4ace8 - - - - -] hyperv.limit_cpu_features = False log_opt_values /usr/lib/python3/dist-packages/oslo_config/cfg.py:2609
2025-10-02 00:37:24.692 151150 DEBUG oslo_service.service [req-b5ca1408-afd6-4360-b122-245c7ab4ace8 - - - - -] hyperv.mounted_disk_query_retry_count = 10 log_opt_values /usr/lib/python3/dist-packages/oslo_config/cfg.py:2609
2025-10-02 00:37:24.693 151150 DEBUG oslo_service.service [req-b5ca1408-afd6-4360-b122-245c7ab4ace8 - - - - -] hyperv.mounted_disk_query_retry_interval = 5 log_opt_values /usr/lib/python3/dist-packages/oslo_config/cfg.py:2609
2025-10-02 00:37:24.693 151150 DEBUG oslo_service.service [req-b5ca1408-afd6-4360-b122-245c7ab4ace8 - - - - -] hyperv.power_state_check_timeframe = 60 log_opt_values /usr/lib/python3/dist-packages/oslo_config/cfg.py:2609
2025-10-02 00:37:24.693 151150 DEBUG oslo_service.service [req-b5ca1408-afd6-4360-b122-245c7ab4ace8 - - - - -] hyperv.power_state_event_polling_interval = 2 log_opt_values /usr/lib/python3/dist-packages/oslo_config/cfg.py:2609
2025-10-02 00:37:24.693 151150 DEBUG oslo_service.service [req-b5ca1408-afd6-4360-b122-245c7ab4ace8 - - - - -] hyperv.qemu_img_cmd = qemu-img.exe log_opt_values /usr/lib/python3/dist-packages/oslo_config/cfg.py:2609
2025-10-02 00:37:24.694 151150 DEBUG oslo_service.service [req-b5ca1408-afd6-4360-b122-245c7ab4ace8 - - - - -] hyperv.use_multipath_io = False log_opt_values /usr/lib/python3/dist-packages/oslo_config/cfg.py:2609
2025-10-02 00:37:24.694 151150 DEBUG oslo_service.service [req-b5ca1408-afd6-4360-b122-245c7ab4ace8 - - - - -] hyperv.volume_attach_retry_count = 10 log_opt_values /usr/lib/python3/dist-packages/oslo_config/cfg.py:2609
2025-10-02 00:37:24.694 151150 DEBUG oslo_service.service [req-b5ca1408-afd6-4360-b122-245c7ab4ace8 - - - - -] hyperv.volume_attach_retry_interval = 5 log_opt_values /usr/lib/python3/dist-packages/oslo_config/cfg.py:2609
2025-10-02 00:37:24.694 151542 DEBUG oslo_messaging._drivers.amqpdriver [-] Listener is running poll /usr/lib/python3/dist-packages/oslo_messaging/_drivers/amqpdriver.py:343
2025-10-02 00:37:24.694 151150 DEBUG oslo_service.service [req-b5ca1408-afd6-4360-b122-245c7ab4ace8 - - - - -] hyperv.vswitch_name = None log_opt_values /usr/lib/python3/dist-packages/oslo_config/cfg.py:2609
2025-10-02 00:37:24.694 151542 DEBUG oslo_messaging._drivers.amqpdriver [-] AMQPListener connection consume poll /usr/lib/python3/dist-packages/oslo_messaging/_drivers/amqpdriver.py:357
2025-10-02 00:37:24.694 151150 DEBUG oslo_service.service [req-b5ca1408-afd6-4360-b122-245c7ab4ace8 - - - - -] hyperv.wait_soft_reboot_seconds = 60 log_opt_values /usr/lib/python3/dist-packages/oslo_config/cfg.py:2609
2025-10-02 00:37:24.695 151150 DEBUG oslo_service.service [req-b5ca1408-afd6-4360-b122-245c7ab4ace8 - - - - -] mks.enabled = False log_opt_values /usr/lib/python3/dist-packages/oslo_config/cfg.py:2609
2025-10-02 00:37:24.695 151542 DEBUG nova.service [req-15f7ca11-dbc0-4fa7-ab6a-ba457b0ed46a - - - - -] Join ServiceGroup membership for this service scheduler start /usr/lib/python3/dist-packages/nova/service.py:199
2025-10-02 00:37:24.695 151150 DEBUG oslo_service.service [req-b5ca1408-afd6-4360-b122-245c7ab4ace8 - - - - -] mks.mksproxy_base_url = http://127.0.0.1:6090/ log_opt_values /usr/lib/python3/dist-packages/oslo_config/cfg.py:2609
2025-10-02 00:37:24.695 151542 DEBUG nova.servicegroup.drivers.db [req-15f7ca11-dbc0-4fa7-ab6a-ba457b0ed46a - - - - -] DB_Driver: join new ServiceGroup member juju-52b9b3-0-lxd-7 to the scheduler group, service = join /usr/lib/python3/dist-packages/nova/servicegroup/drivers/db.py:44
2025-10-02 00:37:24.695 151150 DEBUG oslo_service.service [req-b5ca1408-afd6-4360-b122-245c7ab4ace8 - - - - -] image_cache.manager_interval = 2400 log_opt_values /usr/lib/python3/dist-packages/oslo_config/cfg.py:2609
2025-10-02 00:37:24.696 151150 DEBUG oslo_service.service [req-b5ca1408-afd6-4360-b122-245c7ab4ace8 - - - - -] image_cache.precache_concurrency = 1 log_opt_values /usr/lib/python3/dist-packages/oslo_config/cfg.py:2609
2025-10-02 00:37:24.696 151150 DEBUG oslo_service.service [req-b5ca1408-afd6-4360-b122-245c7ab4ace8 - - - - -] image_cache.remove_unused_base_images = True log_opt_values /usr/lib/python3/dist-packages/oslo_config/cfg.py:2609
2025-10-02 00:37:24.696 151150 DEBUG oslo_service.service [req-b5ca1408-afd6-4360-b122-245c7ab4ace8 - - - - -] image_cache.remove_unused_original_minimum_age_seconds = 86400 log_opt_values /usr/lib/python3/dist-packages/oslo_config/cfg.py:2609
2025-10-02 00:37:24.696 151150 DEBUG oslo_service.service [req-b5ca1408-afd6-4360-b122-245c7ab4ace8 - - - - -] image_cache.remove_unused_resized_minimum_age_seconds = 3600 log_opt_values /usr/lib/python3/dist-packages/oslo_config/cfg.py:2609
2025-10-02 00:37:24.696 151150 DEBUG oslo_service.service [req-b5ca1408-afd6-4360-b122-245c7ab4ace8 - - - - -] image_cache.subdirectory_name = _base log_opt_values /usr/lib/python3/dist-packages/oslo_config/cfg.py:2609
2025-10-02 00:37:24.697 151150 DEBUG oslo_service.service [req-b5ca1408-afd6-4360-b122-245c7ab4ace8 - - - - -] ironic.api_max_retries = 60 log_opt_values /usr/lib/python3/dist-packages/oslo_config/cfg.py:2609
2025-10-02 00:37:24.697 151150 DEBUG oslo_service.service [req-b5ca1408-afd6-4360-b122-245c7ab4ace8 - - - - -] ironic.api_retry_interval = 2 log_opt_values /usr/lib/python3/dist-packages/oslo_config/cfg.py:2609
2025-10-02 00:37:24.697 151150 DEBUG oslo_service.service [req-b5ca1408-afd6-4360-b122-245c7ab4ace8 - - - - -] ironic.auth_section = None log_opt_values /usr/lib/python3/dist-packages/oslo_config/cfg.py:2609
2025-10-02 00:37:24.697 151150 DEBUG oslo_service.service [req-b5ca1408-afd6-4360-b122-245c7ab4ace8 - - - - -] ironic.auth_type = None log_opt_values /usr/lib/python3/dist-packages/oslo_config/cfg.py:2609
2025-10-02 00:37:24.697 151150 DEBUG oslo_service.service [req-b5ca1408-afd6-4360-b122-245c7ab4ace8 - - - - -] ironic.cafile = None log_opt_values /usr/lib/python3/dist-packages/oslo_config/cfg.py:2609
2025-10-02 00:37:24.697 151150 DEBUG oslo_service.service [req-b5ca1408-afd6-4360-b122-245c7ab4ace8 - - - - -] ironic.certfile = None log_opt_values /usr/lib/python3/dist-packages/oslo_config/cfg.py:2609
2025-10-02 00:37:24.697 151542 DEBUG oslo_messaging._drivers.amqpdriver [-] AMQPListener connection timeout poll /usr/lib/python3/dist-packages/oslo_messaging/_drivers/amqpdriver.py:360
2025-10-02 00:37:24.698 151150 DEBUG oslo_service.service [req-b5ca1408-afd6-4360-b122-245c7ab4ace8 - - - - -] ironic.collect_timing = False log_opt_values /usr/lib/python3/dist-packages/oslo_config/cfg.py:2609
2025-10-02 00:37:24.698 151542 DEBUG oslo_messaging._drivers.amqpdriver [-] Listener is running poll /usr/lib/python3/dist-packages/oslo_messaging/_drivers/amqpdriver.py:343
2025-10-02 00:37:24.698 151150 DEBUG oslo_service.service [req-b5ca1408-afd6-4360-b122-245c7ab4ace8 - - - - -] ironic.connect_retries = None log_opt_values /usr/lib/python3/dist-packages/oslo_config/cfg.py:2609
2025-10-02 00:37:24.698 151542 DEBUG oslo_messaging._drivers.amqpdriver [-] AMQPListener connection consume poll /usr/lib/python3/dist-packages/oslo_messaging/_drivers/amqpdriver.py:357
2025-10-02 00:37:24.698 151150 DEBUG oslo_service.service [req-b5ca1408-afd6-4360-b122-245c7ab4ace8 - - - - -] ironic.connect_retry_delay = None log_opt_values /usr/lib/python3/dist-packages/oslo_config/cfg.py:2609
2025-10-02 00:37:24.698 151150 DEBUG oslo_service.service [req-b5ca1408-afd6-4360-b122-245c7ab4ace8 - - - - -] ironic.endpoint_override = None log_opt_values /usr/lib/python3/dist-packages/oslo_config/cfg.py:2609
2025-10-02 00:37:24.698 151150 DEBUG oslo_service.service [req-b5ca1408-afd6-4360-b122-245c7ab4ace8 - - - - -] ironic.insecure = False log_opt_values /usr/lib/python3/dist-packages/oslo_config/cfg.py:2609
2025-10-02 00:37:24.698 151150 DEBUG oslo_service.service [req-b5ca1408-afd6-4360-b122-245c7ab4ace8 - - - - -] ironic.keyfile = None log_opt_values /usr/lib/python3/dist-packages/oslo_config/cfg.py:2609
2025-10-02 00:37:24.699 151150 DEBUG oslo_service.service [req-b5ca1408-afd6-4360-b122-245c7ab4ace8 - - - - -] ironic.max_version = None log_opt_values /usr/lib/python3/dist-packages/oslo_config/cfg.py:2609
2025-10-02 00:37:24.699 151150 DEBUG oslo_service.service [req-b5ca1408-afd6-4360-b122-245c7ab4ace8 - - - - -] ironic.min_version = None log_opt_values /usr/lib/python3/dist-packages/oslo_config/cfg.py:2609
2025-10-02 00:37:24.699 151150 DEBUG oslo_service.service [req-b5ca1408-afd6-4360-b122-245c7ab4ace8 - - - - -] ironic.partition_key = None log_opt_values /usr/lib/python3/dist-packages/oslo_config/cfg.py:2609
2025-10-02 00:37:24.699 151150 DEBUG oslo_service.service [req-b5ca1408-afd6-4360-b122-245c7ab4ace8 - - - - -] ironic.peer_list = [] log_opt_values /usr/lib/python3/dist-packages/oslo_config/cfg.py:2609
2025-10-02 00:37:24.699 151150 DEBUG oslo_service.service [req-b5ca1408-afd6-4360-b122-245c7ab4ace8 - - - - -] ironic.region_name = None log_opt_values /usr/lib/python3/dist-packages/oslo_config/cfg.py:2609
2025-10-02 00:37:24.699 151150 DEBUG oslo_service.service [req-b5ca1408-afd6-4360-b122-245c7ab4ace8 - - - - -] ironic.serial_console_state_timeout = 10 log_opt_values /usr/lib/python3/dist-packages/oslo_config/cfg.py:2609
2025-10-02 00:37:24.700 151150 DEBUG oslo_service.service [req-b5ca1408-afd6-4360-b122-245c7ab4ace8 - - - - -] ironic.service_name = None log_opt_values /usr/lib/python3/dist-packages/oslo_config/cfg.py:2609
2025-10-02 00:37:24.700 151150 DEBUG oslo_service.service [req-b5ca1408-afd6-4360-b122-245c7ab4ace8 - - - - -] ironic.service_type = baremetal log_opt_values /usr/lib/python3/dist-packages/oslo_config/cfg.py:2609
2025-10-02 00:37:24.700 151150 DEBUG oslo_service.service [req-b5ca1408-afd6-4360-b122-245c7ab4ace8 - - - - -] ironic.split_loggers = False log_opt_values /usr/lib/python3/dist-packages/oslo_config/cfg.py:2609
2025-10-02 00:37:24.700 151150 DEBUG oslo_service.service [req-b5ca1408-afd6-4360-b122-245c7ab4ace8 - - - - -] ironic.status_code_retries = None log_opt_values /usr/lib/python3/dist-packages/oslo_config/cfg.py:2609
2025-10-02 00:37:24.700 151150 DEBUG oslo_service.service [req-b5ca1408-afd6-4360-b122-245c7ab4ace8 - - - - -] ironic.status_code_retry_delay = None log_opt_values /usr/lib/python3/dist-packages/oslo_config/cfg.py:2609
2025-10-02 00:37:24.700 151150 DEBUG oslo_service.service [req-b5ca1408-afd6-4360-b122-245c7ab4ace8 - - - - -] ironic.timeout = None log_opt_values /usr/lib/python3/dist-packages/oslo_config/cfg.py:2609
2025-10-02 00:37:24.700 151150 DEBUG oslo_service.service [req-b5ca1408-afd6-4360-b122-245c7ab4ace8 - - - - -] ironic.valid_interfaces = ['internal', 'public'] log_opt_values /usr/lib/python3/dist-packages/oslo_config/cfg.py:2609
2025-10-02 00:37:24.701 151150 DEBUG oslo_service.service [req-b5ca1408-afd6-4360-b122-245c7ab4ace8 - - - - -] ironic.version = None log_opt_values /usr/lib/python3/dist-packages/oslo_config/cfg.py:2609
2025-10-02 00:37:24.701 151150 DEBUG oslo_service.service [req-b5ca1408-afd6-4360-b122-245c7ab4ace8 - - - - -] key_manager.backend = barbican log_opt_values /usr/lib/python3/dist-packages/oslo_config/cfg.py:2609
2025-10-02 00:37:24.701 151150 DEBUG oslo_service.service [req-b5ca1408-afd6-4360-b122-245c7ab4ace8 - - - - -] key_manager.fixed_key = **** log_opt_values /usr/lib/python3/dist-packages/oslo_config/cfg.py:2609
2025-10-02 00:37:24.701 151150 DEBUG oslo_service.service [req-b5ca1408-afd6-4360-b122-245c7ab4ace8 - - - - -] barbican.auth_endpoint = http://localhost/identity/v3 log_opt_values /usr/lib/python3/dist-packages/oslo_config/cfg.py:2609
2025-10-02 00:37:24.701 151150 DEBUG oslo_service.service [req-b5ca1408-afd6-4360-b122-245c7ab4ace8 - - - - -] barbican.barbican_api_version = None log_opt_values /usr/lib/python3/dist-packages/oslo_config/cfg.py:2609
2025-10-02 00:37:24.702 151150 DEBUG oslo_service.service [req-b5ca1408-afd6-4360-b122-245c7ab4ace8 - - - - -] barbican.barbican_endpoint = None log_opt_values /usr/lib/python3/dist-packages/oslo_config/cfg.py:2609
2025-10-02 00:37:24.703 151150 DEBUG oslo_service.service [req-b5ca1408-afd6-4360-b122-245c7ab4ace8 - - - - -] barbican.barbican_endpoint_type = public log_opt_values /usr/lib/python3/dist-packages/oslo_config/cfg.py:2609
2025-10-02 00:37:24.703 151150 DEBUG oslo_service.service [req-b5ca1408-afd6-4360-b122-245c7ab4ace8 - - - - -] barbican.barbican_region_name = None log_opt_values /usr/lib/python3/dist-packages/oslo_config/cfg.py:2609
2025-10-02 00:37:24.703 151150 DEBUG oslo_service.service [req-b5ca1408-afd6-4360-b122-245c7ab4ace8 - - - - -] barbican.cafile = None log_opt_values /usr/lib/python3/dist-packages/oslo_config/cfg.py:2609
2025-10-02 00:37:24.703 151150 DEBUG oslo_service.service [req-b5ca1408-afd6-4360-b122-245c7ab4ace8 - - - - -] barbican.certfile = None log_opt_values /usr/lib/python3/dist-packages/oslo_config/cfg.py:2609
2025-10-02 00:37:24.704 151150 DEBUG oslo_service.service [req-b5ca1408-afd6-4360-b122-245c7ab4ace8 - - - - -] barbican.collect_timing = False log_opt_values /usr/lib/python3/dist-packages/oslo_config/cfg.py:2609
2025-10-02 00:37:24.704 151150 DEBUG oslo_service.service [req-b5ca1408-afd6-4360-b122-245c7ab4ace8 - - - - -] barbican.insecure = False log_opt_values /usr/lib/python3/dist-packages/oslo_config/cfg.py:2609
2025-10-02 00:37:24.704 151150 DEBUG oslo_service.service [req-b5ca1408-afd6-4360-b122-245c7ab4ace8 - - - - -] barbican.keyfile = None log_opt_values /usr/lib/python3/dist-packages/oslo_config/cfg.py:2609
2025-10-02 00:37:24.704 151150 DEBUG oslo_service.service [req-b5ca1408-afd6-4360-b122-245c7ab4ace8 - - - - -] barbican.number_of_retries = 60 log_opt_values /usr/lib/python3/dist-packages/oslo_config/cfg.py:2609
2025-10-02 00:37:24.704 151150 DEBUG oslo_service.service [req-b5ca1408-afd6-4360-b122-245c7ab4ace8 - - - - -] barbican.retry_delay = 1 log_opt_values /usr/lib/python3/dist-packages/oslo_config/cfg.py:2609
2025-10-02 00:37:24.705 151150 DEBUG oslo_service.service [req-b5ca1408-afd6-4360-b122-245c7ab4ace8 - - - - -] barbican.send_service_user_token = False log_opt_values /usr/lib/python3/dist-packages/oslo_config/cfg.py:2609
2025-10-02 00:37:24.705 151150 DEBUG oslo_service.service [req-b5ca1408-afd6-4360-b122-245c7ab4ace8 - - - - -] barbican.split_loggers = False log_opt_values /usr/lib/python3/dist-packages/oslo_config/cfg.py:2609
2025-10-02 00:37:24.705 151150 DEBUG oslo_service.service [req-b5ca1408-afd6-4360-b122-245c7ab4ace8 - - - - -] barbican.timeout = None log_opt_values /usr/lib/python3/dist-packages/oslo_config/cfg.py:2609
2025-10-02 00:37:24.705 151150 DEBUG oslo_service.service [req-b5ca1408-afd6-4360-b122-245c7ab4ace8 - - - - -] barbican.verify_ssl = True log_opt_values /usr/lib/python3/dist-packages/oslo_config/cfg.py:2609
2025-10-02 00:37:24.705 151150 DEBUG oslo_service.service [req-b5ca1408-afd6-4360-b122-245c7ab4ace8 - - - - -] barbican.verify_ssl_path = None log_opt_values /usr/lib/python3/dist-packages/oslo_config/cfg.py:2609
2025-10-02 00:37:24.705 151150 DEBUG oslo_service.service [req-b5ca1408-afd6-4360-b122-245c7ab4ace8 - - - - -] barbican_service_user.auth_section = None log_opt_values /usr/lib/python3/dist-packages/oslo_config/cfg.py:2609
2025-10-02 00:37:24.707 151150 DEBUG oslo_service.service [req-b5ca1408-afd6-4360-b122-245c7ab4ace8 - - - - -] barbican_service_user.auth_type = None log_opt_values /usr/lib/python3/dist-packages/oslo_config/cfg.py:2609
2025-10-02 00:37:24.707 151150 DEBUG oslo_service.service [req-b5ca1408-afd6-4360-b122-245c7ab4ace8 - - - - -] barbican_service_user.cafile = None log_opt_values /usr/lib/python3/dist-packages/oslo_config/cfg.py:2609
2025-10-02 00:37:24.707 151150 DEBUG oslo_service.service [req-b5ca1408-afd6-4360-b122-245c7ab4ace8 - - - - -] barbican_service_user.certfile = None log_opt_values /usr/lib/python3/dist-packages/oslo_config/cfg.py:2609
2025-10-02 00:37:24.707 151150 DEBUG oslo_service.service [req-b5ca1408-afd6-4360-b122-245c7ab4ace8 - - - - -] barbican_service_user.collect_timing = False log_opt_values /usr/lib/python3/dist-packages/oslo_config/cfg.py:2609
2025-10-02 00:37:24.708 151150 DEBUG oslo_service.service [req-b5ca1408-afd6-4360-b122-245c7ab4ace8 - - - - -] barbican_service_user.insecure = False log_opt_values /usr/lib/python3/dist-packages/oslo_config/cfg.py:2609
2025-10-02 00:37:24.708 151150 DEBUG oslo_service.service [req-b5ca1408-afd6-4360-b122-245c7ab4ace8 - - - - -] barbican_service_user.keyfile = None log_opt_values /usr/lib/python3/dist-packages/oslo_config/cfg.py:2609
2025-10-02 00:37:24.708 151150 DEBUG oslo_service.service [req-b5ca1408-afd6-4360-b122-245c7ab4ace8 - - - - -] barbican_service_user.split_loggers = False log_opt_values /usr/lib/python3/dist-packages/oslo_config/cfg.py:2609
2025-10-02 00:37:24.708 151150 DEBUG oslo_service.service [req-b5ca1408-afd6-4360-b122-245c7ab4ace8 - - - - -] barbican_service_user.timeout = None log_opt_values /usr/lib/python3/dist-packages/oslo_config/cfg.py:2609
2025-10-02 00:37:24.708 151150 DEBUG oslo_service.service [req-b5ca1408-afd6-4360-b122-245c7ab4ace8 - - - - -] vault.approle_role_id = None log_opt_values /usr/lib/python3/dist-packages/oslo_config/cfg.py:2609
2025-10-02 00:37:24.708 151150 DEBUG oslo_service.service [req-b5ca1408-afd6-4360-b122-245c7ab4ace8 - - - - -] vault.approle_secret_id = None log_opt_values /usr/lib/python3/dist-packages/oslo_config/cfg.py:2609
