2025-10-02 00:35:11.047 121628 DEBUG oslo_service.service [req-b8859afd-5185-4772-ac9d-e20965ee10df - - - - -] oslo_messaging_rabbit.rabbit_quorum_queue = False log_opt_values /usr/lib/python3/dist-packages/oslo_config/cfg.py:2609
2025-10-02 00:35:11.047 121628 DEBUG oslo_service.service [req-b8859afd-5185-4772-ac9d-e20965ee10df - - - - -] oslo_messaging_rabbit.rabbit_retry_backoff = 2 log_opt_values /usr/lib/python3/dist-packages/oslo_config/cfg.py:2609
2025-10-02 00:35:11.047 121628 DEBUG oslo_service.service [req-b8859afd-5185-4772-ac9d-e20965ee10df - - - - -] oslo_messaging_rabbit.rabbit_retry_interval = 1 log_opt_values /usr/lib/python3/dist-packages/oslo_config/cfg.py:2609
2025-10-02 00:35:11.047 121628 DEBUG oslo_service.service [req-b8859afd-5185-4772-ac9d-e20965ee10df - - - - -] oslo_messaging_rabbit.rabbit_transient_queues_ttl = 1800 log_opt_values /usr/lib/python3/dist-packages/oslo_config/cfg.py:2609
2025-10-02 00:35:11.047 121628 DEBUG oslo_service.service [req-b8859afd-5185-4772-ac9d-e20965ee10df - - - - -] oslo_messaging_rabbit.rpc_conn_pool_size = 30 log_opt_values /usr/lib/python3/dist-packages/oslo_config/cfg.py:2609
2025-10-02 00:35:11.048 121628 DEBUG oslo_service.service [req-b8859afd-5185-4772-ac9d-e20965ee10df - - - - -] oslo_messaging_rabbit.ssl = False log_opt_values /usr/lib/python3/dist-packages/oslo_config/cfg.py:2609
2025-10-02 00:35:11.048 121628 DEBUG oslo_service.service [req-b8859afd-5185-4772-ac9d-e20965ee10df - - - - -] oslo_messaging_rabbit.ssl_ca_file = log_opt_values /usr/lib/python3/dist-packages/oslo_config/cfg.py:2609
2025-10-02 00:35:11.048 121628 DEBUG oslo_service.service [req-b8859afd-5185-4772-ac9d-e20965ee10df - - - - -] oslo_messaging_rabbit.ssl_cert_file = log_opt_values /usr/lib/python3/dist-packages/oslo_config/cfg.py:2609
2025-10-02 00:35:11.048 121628 DEBUG oslo_service.service [req-b8859afd-5185-4772-ac9d-e20965ee10df - - - - -] oslo_messaging_rabbit.ssl_key_file = log_opt_values /usr/lib/python3/dist-packages/oslo_config/cfg.py:2609
2025-10-02 00:35:11.048 121628 DEBUG oslo_service.service [req-b8859afd-5185-4772-ac9d-e20965ee10df - - - - -] oslo_messaging_rabbit.ssl_version = log_opt_values /usr/lib/python3/dist-packages/oslo_config/cfg.py:2609
2025-10-02 00:35:11.049 121628 DEBUG oslo_service.service [req-b8859afd-5185-4772-ac9d-e20965ee10df - - - - -] oslo_messaging_notifications.driver = ['messagingv2'] log_opt_values /usr/lib/python3/dist-packages/oslo_config/cfg.py:2609
2025-10-02 00:35:11.049 121628 DEBUG oslo_service.service [req-b8859afd-5185-4772-ac9d-e20965ee10df - - - - -] oslo_messaging_notifications.retry = -1 log_opt_values /usr/lib/python3/dist-packages/oslo_config/cfg.py:2609
2025-10-02 00:35:11.049 121628 DEBUG oslo_service.service [req-b8859afd-5185-4772-ac9d-e20965ee10df - - - - -] oslo_messaging_notifications.topics = ['notifications'] log_opt_values /usr/lib/python3/dist-packages/oslo_config/cfg.py:2609
2025-10-02 00:35:11.049 121628 DEBUG oslo_service.service [req-b8859afd-5185-4772-ac9d-e20965ee10df - - - - -] oslo_messaging_notifications.transport_url = **** log_opt_values /usr/lib/python3/dist-packages/oslo_config/cfg.py:2609
2025-10-02 00:35:11.049 121628 DEBUG oslo_service.service [req-b8859afd-5185-4772-ac9d-e20965ee10df - - - - -] oslo_limit.auth_section = None log_opt_values /usr/lib/python3/dist-packages/oslo_config/cfg.py:2609
2025-10-02 00:35:11.049 121628 DEBUG oslo_service.service [req-b8859afd-5185-4772-ac9d-e20965ee10df - - - - -] oslo_limit.auth_type = None log_opt_values /usr/lib/python3/dist-packages/oslo_config/cfg.py:2609
2025-10-02 00:35:11.050 121628 DEBUG oslo_service.service [req-b8859afd-5185-4772-ac9d-e20965ee10df - - - - -] oslo_limit.cafile = None log_opt_values /usr/lib/python3/dist-packages/oslo_config/cfg.py:2609
2025-10-02 00:35:11.050 121628 DEBUG oslo_service.service [req-b8859afd-5185-4772-ac9d-e20965ee10df - - - - -] oslo_limit.certfile = None log_opt_values /usr/lib/python3/dist-packages/oslo_config/cfg.py:2609
2025-10-02 00:35:11.050 121628 DEBUG oslo_service.service [req-b8859afd-5185-4772-ac9d-e20965ee10df - - - - -] oslo_limit.collect_timing = False log_opt_values /usr/lib/python3/dist-packages/oslo_config/cfg.py:2609
2025-10-02 00:35:11.050 121628 DEBUG oslo_service.service [req-b8859afd-5185-4772-ac9d-e20965ee10df - - - - -] oslo_limit.connect_retries = None log_opt_values /usr/lib/python3/dist-packages/oslo_config/cfg.py:2609
2025-10-02 00:35:11.050 121628 DEBUG oslo_service.service [req-b8859afd-5185-4772-ac9d-e20965ee10df - - - - -] oslo_limit.connect_retry_delay = None log_opt_values /usr/lib/python3/dist-packages/oslo_config/cfg.py:2609
2025-10-02 00:35:11.050 121628 DEBUG oslo_service.service [req-b8859afd-5185-4772-ac9d-e20965ee10df - - - - -] oslo_limit.endpoint_id = None log_opt_values /usr/lib/python3/dist-packages/oslo_config/cfg.py:2609
2025-10-02 00:35:11.052 121628 DEBUG oslo_service.service [req-b8859afd-5185-4772-ac9d-e20965ee10df - - - - -] oslo_limit.endpoint_override = None log_opt_values /usr/lib/python3/dist-packages/oslo_config/cfg.py:2609
2025-10-02 00:35:11.052 121628 DEBUG oslo_service.service [req-b8859afd-5185-4772-ac9d-e20965ee10df - - - - -] oslo_limit.insecure = False log_opt_values /usr/lib/python3/dist-packages/oslo_config/cfg.py:2609
2025-10-02 00:35:11.052 121628 DEBUG oslo_service.service [req-b8859afd-5185-4772-ac9d-e20965ee10df - - - - -] oslo_limit.keyfile = None log_opt_values /usr/lib/python3/dist-packages/oslo_config/cfg.py:2609
2025-10-02 00:35:11.052 121628 DEBUG oslo_service.service [req-b8859afd-5185-4772-ac9d-e20965ee10df - - - - -] oslo_limit.max_version = None log_opt_values /usr/lib/python3/dist-packages/oslo_config/cfg.py:2609
2025-10-02 00:35:11.053 121628 DEBUG oslo_service.service [req-b8859afd-5185-4772-ac9d-e20965ee10df - - - - -] oslo_limit.min_version = None log_opt_values /usr/lib/python3/dist-packages/oslo_config/cfg.py:2609
2025-10-02 00:35:11.053 121628 DEBUG oslo_service.service [req-b8859afd-5185-4772-ac9d-e20965ee10df - - - - -] oslo_limit.region_name = None log_opt_values /usr/lib/python3/dist-packages/oslo_config/cfg.py:2609
2025-10-02 00:35:11.053 121628 DEBUG oslo_service.service [req-b8859afd-5185-4772-ac9d-e20965ee10df - - - - -] oslo_limit.service_name = None log_opt_values /usr/lib/python3/dist-packages/oslo_config/cfg.py:2609
2025-10-02 00:35:11.053 121628 DEBUG oslo_service.service [req-b8859afd-5185-4772-ac9d-e20965ee10df - - - - -] oslo_limit.service_type = None log_opt_values /usr/lib/python3/dist-packages/oslo_config/cfg.py:2609
2025-10-02 00:35:11.053 121628 DEBUG oslo_service.service [req-b8859afd-5185-4772-ac9d-e20965ee10df - - - - -] oslo_limit.split_loggers = False log_opt_values /usr/lib/python3/dist-packages/oslo_config/cfg.py:2609
2025-10-02 00:35:11.053 121628 DEBUG oslo_service.service [req-b8859afd-5185-4772-ac9d-e20965ee10df - - - - -] oslo_limit.status_code_retries = None log_opt_values /usr/lib/python3/dist-packages/oslo_config/cfg.py:2609
2025-10-02 00:35:11.053 121628 DEBUG oslo_service.service [req-b8859afd-5185-4772-ac9d-e20965ee10df - - - - -] oslo_limit.status_code_retry_delay = None log_opt_values /usr/lib/python3/dist-packages/oslo_config/cfg.py:2609
2025-10-02 00:35:11.054 121628 DEBUG oslo_service.service [req-b8859afd-5185-4772-ac9d-e20965ee10df - - - - -] oslo_limit.timeout = None log_opt_values /usr/lib/python3/dist-packages/oslo_config/cfg.py:2609
2025-10-02 00:35:11.054 121628 DEBUG oslo_service.service [req-b8859afd-5185-4772-ac9d-e20965ee10df - - - - -] oslo_limit.valid_interfaces = None log_opt_values /usr/lib/python3/dist-packages/oslo_config/cfg.py:2609
2025-10-02 00:35:11.054 121628 DEBUG oslo_service.service [req-b8859afd-5185-4772-ac9d-e20965ee10df - - - - -] oslo_limit.version = None log_opt_values /usr/lib/python3/dist-packages/oslo_config/cfg.py:2609
2025-10-02 00:35:11.054 121628 DEBUG oslo_service.service [req-b8859afd-5185-4772-ac9d-e20965ee10df - - - - -] oslo_reports.file_event_handler = None log_opt_values /usr/lib/python3/dist-packages/oslo_config/cfg.py:2609
2025-10-02 00:35:11.054 121628 DEBUG oslo_service.service [req-b8859afd-5185-4772-ac9d-e20965ee10df - - - - -] oslo_reports.file_event_handler_interval = 1 log_opt_values /usr/lib/python3/dist-packages/oslo_config/cfg.py:2609
2025-10-02 00:35:11.054 121628 DEBUG oslo_service.service [req-b8859afd-5185-4772-ac9d-e20965ee10df - - - - -] oslo_reports.log_dir = None log_opt_values /usr/lib/python3/dist-packages/oslo_config/cfg.py:2609
2025-10-02 00:35:11.055 121628 DEBUG oslo_service.service [req-b8859afd-5185-4772-ac9d-e20965ee10df - - - - -] ******************************************************************************** log_opt_values /usr/lib/python3/dist-packages/oslo_config/cfg.py:2613
2025-10-02 00:35:11.890 123074 DEBUG oslo_messaging._drivers.amqpdriver [-] AMQPListener connection timeout poll /usr/lib/python3/dist-packages/oslo_messaging/_drivers/amqpdriver.py:360
2025-10-02 00:35:11.890 123074 DEBUG oslo_messaging._drivers.amqpdriver [-] Listener is running poll /usr/lib/python3/dist-packages/oslo_messaging/_drivers/amqpdriver.py:343
2025-10-02 00:35:11.890 123074 DEBUG oslo_messaging._drivers.amqpdriver [-] AMQPListener connection consume poll /usr/lib/python3/dist-packages/oslo_messaging/_drivers/amqpdriver.py:357
2025-10-02 00:35:11.897 123081 DEBUG oslo_messaging._drivers.amqpdriver [-] AMQPListener connection timeout poll /usr/lib/python3/dist-packages/oslo_messaging/_drivers/amqpdriver.py:360
2025-10-02 00:35:11.898 123081 DEBUG oslo_messaging._drivers.amqpdriver [-] Listener is running poll /usr/lib/python3/dist-packages/oslo_messaging/_drivers/amqpdriver.py:343
2025-10-02 00:35:11.898 123081 DEBUG oslo_messaging._drivers.amqpdriver [-] AMQPListener connection consume poll /usr/lib/python3/dist-packages/oslo_messaging/_drivers/amqpdriver.py:357
2025-10-02 00:35:11.898 123080 DEBUG oslo_messaging._drivers.amqpdriver [-] AMQPListener connection timeout poll /usr/lib/python3/dist-packages/oslo_messaging/_drivers/amqpdriver.py:360
2025-10-02 00:35:11.898 123080 DEBUG oslo_messaging._drivers.amqpdriver [-] Listener is running poll /usr/lib/python3/dist-packages/oslo_messaging/_drivers/amqpdriver.py:343
2025-10-02 00:35:11.899 123080 DEBUG oslo_messaging._drivers.amqpdriver [-] AMQPListener connection consume poll /usr/lib/python3/dist-packages/oslo_messaging/_drivers/amqpdriver.py:357
2025-10-02 00:35:11.920 123087 DEBUG oslo_messaging._drivers.amqpdriver [-] AMQPListener connection timeout poll /usr/lib/python3/dist-packages/oslo_messaging/_drivers/amqpdriver.py:360
2025-10-02 00:35:11.920 123087 DEBUG oslo_messaging._drivers.amqpdriver [-] Listener is running poll /usr/lib/python3/dist-packages/oslo_messaging/_drivers/amqpdriver.py:343
2025-10-02 00:35:11.920 123087 DEBUG oslo_messaging._drivers.amqpdriver [-] AMQPListener connection consume poll /usr/lib/python3/dist-packages/oslo_messaging/_drivers/amqpdriver.py:357
2025-10-02 00:35:13.891 123074 DEBUG oslo_messaging._drivers.amqpdriver [-] AMQPListener connection timeout poll /usr/lib/python3/dist-packages/oslo_messaging/_drivers/amqpdriver.py:360
2025-10-02 00:35:13.891 123074 DEBUG oslo_messaging._drivers.amqpdriver [-] Listener is running poll /usr/lib/python3/dist-packages/oslo_messaging/_drivers/amqpdriver.py:343
2025-10-02 00:35:13.891 123074 DEBUG oslo_messaging._drivers.amqpdriver [-] AMQPListener connection consume poll /usr/lib/python3/dist-packages/oslo_messaging/_drivers/amqpdriver.py:357
2025-10-02 00:35:13.899 123081 DEBUG oslo_messaging._drivers.amqpdriver [-] AMQPListener connection timeout poll /usr/lib/python3/dist-packages/oslo_messaging/_drivers/amqpdriver.py:360
2025-10-02 00:35:13.899 123081 DEBUG oslo_messaging._drivers.amqpdriver [-] Listener is running poll /usr/lib/python3/dist-packages/oslo_messaging/_drivers/amqpdriver.py:343
2025-10-02 00:35:13.899 123081 DEBUG oslo_messaging._drivers.amqpdriver [-] AMQPListener connection consume poll /usr/lib/python3/dist-packages/oslo_messaging/_drivers/amqpdriver.py:357
2025-10-02 00:35:13.901 123080 DEBUG oslo_messaging._drivers.amqpdriver [-] AMQPListener connection timeout poll /usr/lib/python3/dist-packages/oslo_messaging/_drivers/amqpdriver.py:360
2025-10-02 00:35:13.901 123080 DEBUG oslo_messaging._drivers.amqpdriver [-] Listener is running poll /usr/lib/python3/dist-packages/oslo_messaging/_drivers/amqpdriver.py:343
2025-10-02 00:35:13.901 123080 DEBUG oslo_messaging._drivers.amqpdriver [-] AMQPListener connection consume poll /usr/lib/python3/dist-packages/oslo_messaging/_drivers/amqpdriver.py:357
2025-10-02 00:35:13.921 123087 DEBUG oslo_messaging._drivers.amqpdriver [-] AMQPListener connection timeout poll /usr/lib/python3/dist-packages/oslo_messaging/_drivers/amqpdriver.py:360
2025-10-02 00:35:13.921 123087 DEBUG oslo_messaging._drivers.amqpdriver [-] Listener is running poll /usr/lib/python3/dist-packages/oslo_messaging/_drivers/amqpdriver.py:343
2025-10-02 00:35:13.921 123087 DEBUG oslo_messaging._drivers.amqpdriver [-] AMQPListener connection consume poll /usr/lib/python3/dist-packages/oslo_messaging/_drivers/amqpdriver.py:357
2025-10-02 00:35:17.894 123074 DEBUG oslo_messaging._drivers.amqpdriver [-] AMQPListener connection timeout poll /usr/lib/python3/dist-packages/oslo_messaging/_drivers/amqpdriver.py:360
2025-10-02 00:35:17.895 123074 DEBUG oslo_messaging._drivers.amqpdriver [-] Listener is running poll /usr/lib/python3/dist-packages/oslo_messaging/_drivers/amqpdriver.py:343
2025-10-02 00:35:17.895 123074 DEBUG oslo_messaging._drivers.amqpdriver [-] AMQPListener connection consume poll /usr/lib/python3/dist-packages/oslo_messaging/_drivers/amqpdriver.py:357
2025-10-02 00:35:17.903 123081 DEBUG oslo_messaging._drivers.amqpdriver [-] AMQPListener connection timeout poll /usr/lib/python3/dist-packages/oslo_messaging/_drivers/amqpdriver.py:360
2025-10-02 00:35:17.903 123081 DEBUG oslo_messaging._drivers.amqpdriver [-] Listener is running poll /usr/lib/python3/dist-packages/oslo_messaging/_drivers/amqpdriver.py:343
2025-10-02 00:35:17.903 123081 DEBUG oslo_messaging._drivers.amqpdriver [-] AMQPListener connection consume poll /usr/lib/python3/dist-packages/oslo_messaging/_drivers/amqpdriver.py:357
2025-10-02 00:35:17.904 123080 DEBUG oslo_messaging._drivers.amqpdriver [-] AMQPListener connection timeout poll /usr/lib/python3/dist-packages/oslo_messaging/_drivers/amqpdriver.py:360
2025-10-02 00:35:17.904 123080 DEBUG oslo_messaging._drivers.amqpdriver [-] Listener is running poll /usr/lib/python3/dist-packages/oslo_messaging/_drivers/amqpdriver.py:343
2025-10-02 00:35:17.904 123080 DEBUG oslo_messaging._drivers.amqpdriver [-] AMQPListener connection consume poll /usr/lib/python3/dist-packages/oslo_messaging/_drivers/amqpdriver.py:357
2025-10-02 00:35:17.924 123087 DEBUG oslo_messaging._drivers.amqpdriver [-] AMQPListener connection timeout poll /usr/lib/python3/dist-packages/oslo_messaging/_drivers/amqpdriver.py:360
2025-10-02 00:35:17.924 123087 DEBUG oslo_messaging._drivers.amqpdriver [-] Listener is running poll /usr/lib/python3/dist-packages/oslo_messaging/_drivers/amqpdriver.py:343
2025-10-02 00:35:17.924 123087 DEBUG oslo_messaging._drivers.amqpdriver [-] AMQPListener connection consume poll /usr/lib/python3/dist-packages/oslo_messaging/_drivers/amqpdriver.py:357
2025-10-02 00:35:25.896 123074 DEBUG oslo_messaging._drivers.amqpdriver [-] AMQPListener connection timeout poll /usr/lib/python3/dist-packages/oslo_messaging/_drivers/amqpdriver.py:360
2025-10-02 00:35:25.897 123074 DEBUG oslo_messaging._drivers.amqpdriver [-] Listener is running poll /usr/lib/python3/dist-packages/oslo_messaging/_drivers/amqpdriver.py:343
2025-10-02 00:35:25.897 123074 DEBUG oslo_messaging._drivers.amqpdriver [-] AMQPListener connection consume poll /usr/lib/python3/dist-packages/oslo_messaging/_drivers/amqpdriver.py:357
2025-10-02 00:35:25.905 123080 DEBUG oslo_messaging._drivers.amqpdriver [-] AMQPListener connection timeout poll /usr/lib/python3/dist-packages/oslo_messaging/_drivers/amqpdriver.py:360
2025-10-02 00:35:25.906 123080 DEBUG oslo_messaging._drivers.amqpdriver [-] Listener is running poll /usr/lib/python3/dist-packages/oslo_messaging/_drivers/amqpdriver.py:343
2025-10-02 00:35:25.906 123080 DEBUG oslo_messaging._drivers.amqpdriver [-] AMQPListener connection consume poll /usr/lib/python3/dist-packages/oslo_messaging/_drivers/amqpdriver.py:357
2025-10-02 00:35:25.906 123081 DEBUG oslo_messaging._drivers.amqpdriver [-] AMQPListener connection timeout poll /usr/lib/python3/dist-packages/oslo_messaging/_drivers/amqpdriver.py:360
2025-10-02 00:35:25.907 123081 DEBUG oslo_messaging._drivers.amqpdriver [-] Listener is running poll /usr/lib/python3/dist-packages/oslo_messaging/_drivers/amqpdriver.py:343
2025-10-02 00:35:25.907 123081 DEBUG oslo_messaging._drivers.amqpdriver [-] AMQPListener connection consume poll /usr/lib/python3/dist-packages/oslo_messaging/_drivers/amqpdriver.py:357
2025-10-02 00:35:25.925 123087 DEBUG oslo_messaging._drivers.amqpdriver [-] AMQPListener connection timeout poll /usr/lib/python3/dist-packages/oslo_messaging/_drivers/amqpdriver.py:360
2025-10-02 00:35:25.926 123087 DEBUG oslo_messaging._drivers.amqpdriver [-] Listener is running poll /usr/lib/python3/dist-packages/oslo_messaging/_drivers/amqpdriver.py:343
2025-10-02 00:35:25.926 123087 DEBUG oslo_messaging._drivers.amqpdriver [-] AMQPListener connection consume poll /usr/lib/python3/dist-packages/oslo_messaging/_drivers/amqpdriver.py:357
2025-10-02 00:35:26.144 121628 INFO oslo_service.service [req-b8859afd-5185-4772-ac9d-e20965ee10df - - - - -] Caught SIGTERM, stopping children
2025-10-02 00:35:26.144 121628 DEBUG oslo_concurrency.lockutils [req-b8859afd-5185-4772-ac9d-e20965ee10df - - - - -] Acquired lock "singleton_lock" lock /usr/lib/python3/dist-packages/oslo_concurrency/lockutils.py:294
2025-10-02 00:35:26.145 121628 DEBUG oslo_concurrency.lockutils [req-b8859afd-5185-4772-ac9d-e20965ee10df - - - - -] Releasing lock "singleton_lock" lock /usr/lib/python3/dist-packages/oslo_concurrency/lockutils.py:312
2025-10-02 00:35:26.145 121628 DEBUG oslo_service.service [req-b8859afd-5185-4772-ac9d-e20965ee10df - - - - -] Stop services. stop /usr/lib/python3/dist-packages/oslo_service/service.py:695
2025-10-02 00:35:26.145 121628 DEBUG oslo_service.service [req-b8859afd-5185-4772-ac9d-e20965ee10df - - - - -] Killing children. stop /usr/lib/python3/dist-packages/oslo_service/service.py:700
2025-10-02 00:35:26.145 121628 INFO oslo_service.service [req-b8859afd-5185-4772-ac9d-e20965ee10df - - - - -] Waiting on 4 children to exit
2025-10-02 00:35:26.155 121628 INFO oslo_service.service [req-b8859afd-5185-4772-ac9d-e20965ee10df - - - - -] Child 123074 killed by signal 15
2025-10-02 00:35:26.158 121628 INFO oslo_service.service [req-b8859afd-5185-4772-ac9d-e20965ee10df - - - - -] Child 123080 killed by signal 15
2025-10-02 00:35:26.158 121628 INFO oslo_service.service [req-b8859afd-5185-4772-ac9d-e20965ee10df - - - - -] Child 123081 killed by signal 15
2025-10-02 00:35:26.159 121628 INFO oslo_service.service [req-b8859afd-5185-4772-ac9d-e20965ee10df - - - - -] Child 123087 killed by signal 15
2025-10-02 00:35:27.745 128743 DEBUG oslo_db.sqlalchemy.engines [req-e648fae6-586f-4e75-8b65-a987278a2883 - - - - -] MySQL server mode set to STRICT_TRANS_TABLES,STRICT_ALL_TABLES,NO_ZERO_IN_DATE,NO_ZERO_DATE,ERROR_FOR_DIVISION_BY_ZERO,TRADITIONAL,NO_ENGINE_SUBSTITUTION _check_effective_sql_mode /usr/lib/python3/dist-packages/oslo_db/sqlalchemy/engines.py:314
2025-10-02 00:35:27.776 128743 DEBUG nova.scheduler.host_manager [req-e648fae6-586f-4e75-8b65-a987278a2883 - - - - -] Found 1 cells: 97de163d-72f3-4b7a-af61-6f527a7a8ec4 refresh_cells_caches /usr/lib/python3/dist-packages/nova/scheduler/host_manager.py:730
2025-10-02 00:35:27.776 128743 DEBUG nova.scheduler.host_manager [req-e648fae6-586f-4e75-8b65-a987278a2883 - - - - -] Found 0 disabled cells: refresh_cells_caches /usr/lib/python3/dist-packages/nova/scheduler/host_manager.py:742
2025-10-02 00:35:27.781 128743 WARNING nova.scheduler.filters.availability_zone_filter [req-e648fae6-586f-4e75-8b65-a987278a2883 - - - - -] The 'AvailabilityZoneFilter' is deprecated since the 24.0.0 (Xena) release. Since the 18.0.0 (Rocky) release, nova has supported mapping AZs to placement aggregates. The feature is enabled by the 'query_placement_for_availability_zone' config option and is now enabled by default. As such, the 'AvailabilityZoneFilter' is no longer required. Nova is currently configured to use both placement and the AvailabilityZoneFilter for AZ enforcement.
2025-10-02 00:35:27.861 128743 DEBUG nova.scheduler.host_manager [req-e648fae6-586f-4e75-8b65-a987278a2883 - - - - -] START:_async_init_instance_info _async_init_instance_info /usr/lib/python3/dist-packages/nova/scheduler/host_manager.py:411
2025-10-02 00:35:27.863 128743 DEBUG oslo_concurrency.lockutils [req-f4a901c8-8ed1-49d0-b049-e86179b8e184 - - - - -] Lock "97de163d-72f3-4b7a-af61-6f527a7a8ec4" acquired by "nova.context.set_target_cell..get_or_set_cached_cell_and_set_connections" :: waited 0.000s inner /usr/lib/python3/dist-packages/oslo_concurrency/lockutils.py:386
2025-10-02 00:35:27.864 128743 DEBUG oslo_concurrency.lockutils [req-f4a901c8-8ed1-49d0-b049-e86179b8e184 - - - - -] Lock "97de163d-72f3-4b7a-af61-6f527a7a8ec4" "released" by "nova.context.set_target_cell..get_or_set_cached_cell_and_set_connections" :: held 0.001s inner /usr/lib/python3/dist-packages/oslo_concurrency/lockutils.py:400
2025-10-02 00:35:27.875 128743 DEBUG oslo_db.sqlalchemy.engines [req-f4a901c8-8ed1-49d0-b049-e86179b8e184 - - - - -] MySQL server mode set to STRICT_TRANS_TABLES,STRICT_ALL_TABLES,NO_ZERO_IN_DATE,NO_ZERO_DATE,ERROR_FOR_DIVISION_BY_ZERO,TRADITIONAL,NO_ENGINE_SUBSTITUTION _check_effective_sql_mode /usr/lib/python3/dist-packages/oslo_db/sqlalchemy/engines.py:314
2025-10-02 00:35:27.900 128743 DEBUG nova.scheduler.host_manager [req-f4a901c8-8ed1-49d0-b049-e86179b8e184 - - - - -] Total number of compute nodes: 1 _async_init_instance_info /usr/lib/python3/dist-packages/nova/scheduler/host_manager.py:424
2025-10-02 00:35:27.901 128743 DEBUG oslo_concurrency.lockutils [req-f4a901c8-8ed1-49d0-b049-e86179b8e184 - - - - -] Lock "97de163d-72f3-4b7a-af61-6f527a7a8ec4" acquired by "nova.context.set_target_cell..get_or_set_cached_cell_and_set_connections" :: waited 0.000s inner /usr/lib/python3/dist-packages/oslo_concurrency/lockutils.py:386
2025-10-02 00:35:27.901 128743 DEBUG oslo_concurrency.lockutils [req-f4a901c8-8ed1-49d0-b049-e86179b8e184 - - - - -] Lock "97de163d-72f3-4b7a-af61-6f527a7a8ec4" "released" by "nova.context.set_target_cell..get_or_set_cached_cell_and_set_connections" :: held 0.000s inner /usr/lib/python3/dist-packages/oslo_concurrency/lockutils.py:400
2025-10-02 00:35:27.972 128743 DEBUG nova.scheduler.host_manager [req-f4a901c8-8ed1-49d0-b049-e86179b8e184 - - - - -] Adding 0 instances for hosts 10-20 _async_init_instance_info /usr/lib/python3/dist-packages/nova/scheduler/host_manager.py:443
2025-10-02 00:35:27.973 128743 DEBUG nova.scheduler.host_manager [req-f4a901c8-8ed1-49d0-b049-e86179b8e184 - - - - -] END:_async_init_instance_info _async_init_instance_info /usr/lib/python3/dist-packages/nova/scheduler/host_manager.py:454
2025-10-02 00:35:28.185 128743 DEBUG nova.context [req-e648fae6-586f-4e75-8b65-a987278a2883 - - - - -] Found 2 cells: 00000000-0000-0000-0000-000000000000(cell0),97de163d-72f3-4b7a-af61-6f527a7a8ec4(cell1) load_cells /usr/lib/python3/dist-packages/nova/context.py:464
2025-10-02 00:35:28.186 128743 DEBUG oslo_concurrency.lockutils [req-e544ccea-2f96-48d2-99e9-5989642fd071 - - - - -] Lock "00000000-0000-0000-0000-000000000000" acquired by "nova.context.set_target_cell..get_or_set_cached_cell_and_set_connections" :: waited 0.000s inner /usr/lib/python3/dist-packages/oslo_concurrency/lockutils.py:386
2025-10-02 00:35:28.187 128743 DEBUG oslo_concurrency.lockutils [req-e544ccea-2f96-48d2-99e9-5989642fd071 - - - - -] Lock "00000000-0000-0000-0000-000000000000" "released" by "nova.context.set_target_cell..get_or_set_cached_cell_and_set_connections" :: held 0.001s inner /usr/lib/python3/dist-packages/oslo_concurrency/lockutils.py:400
2025-10-02 00:35:28.187 128743 DEBUG oslo_concurrency.lockutils [req-e544ccea-2f96-48d2-99e9-5989642fd071 - - - - -] Lock "97de163d-72f3-4b7a-af61-6f527a7a8ec4" acquired by "nova.context.set_target_cell..get_or_set_cached_cell_and_set_connections" :: waited 0.000s inner /usr/lib/python3/dist-packages/oslo_concurrency/lockutils.py:386
2025-10-02 00:35:28.187 128743 DEBUG oslo_concurrency.lockutils [req-e544ccea-2f96-48d2-99e9-5989642fd071 - - - - -] Lock "97de163d-72f3-4b7a-af61-6f527a7a8ec4" "released" by "nova.context.set_target_cell..get_or_set_cached_cell_and_set_connections" :: held 0.000s inner /usr/lib/python3/dist-packages/oslo_concurrency/lockutils.py:400
2025-10-02 00:35:28.196 128743 DEBUG oslo_db.sqlalchemy.engines [req-e544ccea-2f96-48d2-99e9-5989642fd071 - - - - -] MySQL server mode set to STRICT_TRANS_TABLES,STRICT_ALL_TABLES,NO_ZERO_IN_DATE,NO_ZERO_DATE,ERROR_FOR_DIVISION_BY_ZERO,TRADITIONAL,NO_ENGINE_SUBSTITUTION _check_effective_sql_mode /usr/lib/python3/dist-packages/oslo_db/sqlalchemy/engines.py:314
2025-10-02 00:35:28.214 128743 DEBUG oslo_concurrency.lockutils [req-e544ccea-2f96-48d2-99e9-5989642fd071 - - - - -] Acquired lock "singleton_lock" lock /usr/lib/python3/dist-packages/oslo_concurrency/lockutils.py:294
2025-10-02 00:35:28.215 128743 DEBUG oslo_concurrency.lockutils [req-e544ccea-2f96-48d2-99e9-5989642fd071 - - - - -] Releasing lock "singleton_lock" lock /usr/lib/python3/dist-packages/oslo_concurrency/lockutils.py:312
2025-10-02 00:35:28.215 128743 INFO oslo_service.service [req-e544ccea-2f96-48d2-99e9-5989642fd071 - - - - -] Starting 4 workers
2025-10-02 00:35:28.232 129084 INFO nova.service [-] Starting scheduler node (version 25.2.1)
2025-10-02 00:35:28.225 128743 DEBUG oslo_service.service [req-e544ccea-2f96-48d2-99e9-5989642fd071 - - - - -] Started child 129084 _start_child /usr/lib/python3/dist-packages/oslo_service/service.py:575
2025-10-02 00:35:28.244 129084 DEBUG oslo_db.sqlalchemy.engines [req-2cdd6744-d232-410d-a193-ca329914ead3 - - - - -] MySQL server mode set to STRICT_TRANS_TABLES,STRICT_ALL_TABLES,NO_ZERO_IN_DATE,NO_ZERO_DATE,ERROR_FOR_DIVISION_BY_ZERO,TRADITIONAL,NO_ENGINE_SUBSTITUTION _check_effective_sql_mode /usr/lib/python3/dist-packages/oslo_db/sqlalchemy/engines.py:314
2025-10-02 00:35:28.242 128743 DEBUG oslo_service.service [req-e544ccea-2f96-48d2-99e9-5989642fd071 - - - - -] Started child 129090 _start_child /usr/lib/python3/dist-packages/oslo_service/service.py:575
2025-10-02 00:35:28.257 128743 DEBUG oslo_service.service [req-e544ccea-2f96-48d2-99e9-5989642fd071 - - - - -] Started child 129095 _start_child /usr/lib/python3/dist-packages/oslo_service/service.py:575
2025-10-02 00:35:28.260 129084 DEBUG nova.service [req-2cdd6744-d232-410d-a193-ca329914ead3 - - - - -] Creating RPC server for service scheduler start /usr/lib/python3/dist-packages/nova/service.py:182
2025-10-02 00:35:28.261 129095 INFO nova.service [-] Starting scheduler node (version 25.2.1)
2025-10-02 00:35:28.262 128743 DEBUG oslo_service.service [req-e544ccea-2f96-48d2-99e9-5989642fd071 - - - - -] Started child 129100 _start_child /usr/lib/python3/dist-packages/oslo_service/service.py:575
2025-10-02 00:35:28.264 128743 DEBUG oslo_service.service [req-e544ccea-2f96-48d2-99e9-5989642fd071 - - - - -] Full set of CONF: wait /usr/lib/python3/dist-packages/oslo_service/service.py:649
2025-10-02 00:35:28.264 128743 DEBUG oslo_service.service [req-e544ccea-2f96-48d2-99e9-5989642fd071 - - - - -] ******************************************************************************** log_opt_values /usr/lib/python3/dist-packages/oslo_config/cfg.py:2589
2025-10-02 00:35:28.265 128743 DEBUG oslo_service.service [req-e544ccea-2f96-48d2-99e9-5989642fd071 - - - - -] Configuration options gathered from: log_opt_values /usr/lib/python3/dist-packages/oslo_config/cfg.py:2590
2025-10-02 00:35:28.265 128743 DEBUG oslo_service.service [req-e544ccea-2f96-48d2-99e9-5989642fd071 - - - - -] command line args: ['--config-file=/etc/nova/nova.conf', '--log-file=/var/log/nova/nova-scheduler.log'] log_opt_values /usr/lib/python3/dist-packages/oslo_config/cfg.py:2591
2025-10-02 00:35:28.265 128743 DEBUG oslo_service.service [req-e544ccea-2f96-48d2-99e9-5989642fd071 - - - - -] config files: ['/etc/nova/nova.conf'] log_opt_values /usr/lib/python3/dist-packages/oslo_config/cfg.py:2592
2025-10-02 00:35:28.265 128743 DEBUG oslo_service.service [req-e544ccea-2f96-48d2-99e9-5989642fd071 - - - - -] ================================================================================ log_opt_values /usr/lib/python3/dist-packages/oslo_config/cfg.py:2594
2025-10-02 00:35:28.267 129100 INFO nova.service [-] Starting scheduler node (version 25.2.1)
2025-10-02 00:35:28.266 129090 INFO nova.service [-] Starting scheduler node (version 25.2.1)
2025-10-02 00:35:28.276 129095 DEBUG oslo_db.sqlalchemy.engines [req-fbe007c1-8b96-4410-b0fe-4e2bbb6d025b - - - - -] MySQL server mode set to STRICT_TRANS_TABLES,STRICT_ALL_TABLES,NO_ZERO_IN_DATE,NO_ZERO_DATE,ERROR_FOR_DIVISION_BY_ZERO,TRADITIONAL,NO_ENGINE_SUBSTITUTION _check_effective_sql_mode /usr/lib/python3/dist-packages/oslo_db/sqlalchemy/engines.py:314
2025-10-02 00:35:28.266 128743 DEBUG oslo_service.service [req-e544ccea-2f96-48d2-99e9-5989642fd071 - - - - -] allow_resize_to_same_host = False log_opt_values /usr/lib/python3/dist-packages/oslo_config/cfg.py:2602
2025-10-02 00:35:28.277 128743 DEBUG oslo_service.service [req-e544ccea-2f96-48d2-99e9-5989642fd071 - - - - -] arq_binding_timeout = 300 log_opt_values /usr/lib/python3/dist-packages/oslo_config/cfg.py:2602
2025-10-02 00:35:28.278 128743 DEBUG oslo_service.service [req-e544ccea-2f96-48d2-99e9-5989642fd071 - - - - -] block_device_allocate_retries = 60 log_opt_values /usr/lib/python3/dist-packages/oslo_config/cfg.py:2602
2025-10-02 00:35:28.278 128743 DEBUG oslo_service.service [req-e544ccea-2f96-48d2-99e9-5989642fd071 - - - - -] block_device_allocate_retries_interval = 3 log_opt_values /usr/lib/python3/dist-packages/oslo_config/cfg.py:2602
2025-10-02 00:35:28.278 128743 DEBUG oslo_service.service [req-e544ccea-2f96-48d2-99e9-5989642fd071 - - - - -] cert = self.pem log_opt_values /usr/lib/python3/dist-packages/oslo_config/cfg.py:2602
2025-10-02 00:35:28.280 128743 DEBUG oslo_service.service [req-e544ccea-2f96-48d2-99e9-5989642fd071 - - - - -] compute_driver = libvirt.LibvirtDriver log_opt_values /usr/lib/python3/dist-packages/oslo_config/cfg.py:2602
2025-10-02 00:35:28.280 128743 DEBUG oslo_service.service [req-e544ccea-2f96-48d2-99e9-5989642fd071 - - - - -] compute_monitors = [] log_opt_values /usr/lib/python3/dist-packages/oslo_config/cfg.py:2602
2025-10-02 00:35:28.280 128743 DEBUG oslo_service.service [req-e544ccea-2f96-48d2-99e9-5989642fd071 - - - - -] config_dir = [] log_opt_values /usr/lib/python3/dist-packages/oslo_config/cfg.py:2602
2025-10-02 00:35:28.281 128743 DEBUG oslo_service.service [req-e544ccea-2f96-48d2-99e9-5989642fd071 - - - - -] config_drive_format = iso9660 log_opt_values /usr/lib/python3/dist-packages/oslo_config/cfg.py:2602
2025-10-02 00:35:28.281 128743 DEBUG oslo_service.service [req-e544ccea-2f96-48d2-99e9-5989642fd071 - - - - -] config_file = ['/etc/nova/nova.conf'] log_opt_values /usr/lib/python3/dist-packages/oslo_config/cfg.py:2602
2025-10-02 00:35:28.281 128743 DEBUG oslo_service.service [req-e544ccea-2f96-48d2-99e9-5989642fd071 - - - - -] config_source = [] log_opt_values /usr/lib/python3/dist-packages/oslo_config/cfg.py:2602
2025-10-02 00:35:28.281 128743 DEBUG oslo_service.service [req-e544ccea-2f96-48d2-99e9-5989642fd071 - - - - -] console_host = juju-52b9b3-0-lxd-7 log_opt_values /usr/lib/python3/dist-packages/oslo_config/cfg.py:2602
2025-10-02 00:35:28.281 128743 DEBUG oslo_service.service [req-e544ccea-2f96-48d2-99e9-5989642fd071 - - - - -] control_exchange = nova log_opt_values /usr/lib/python3/dist-packages/oslo_config/cfg.py:2602
2025-10-02 00:35:28.289 129100 DEBUG oslo_db.sqlalchemy.engines [req-e4ca5b30-74e9-495f-ada7-33a46467039e - - - - -] MySQL server mode set to STRICT_TRANS_TABLES,STRICT_ALL_TABLES,NO_ZERO_IN_DATE,NO_ZERO_DATE,ERROR_FOR_DIVISION_BY_ZERO,TRADITIONAL,NO_ENGINE_SUBSTITUTION _check_effective_sql_mode /usr/lib/python3/dist-packages/oslo_db/sqlalchemy/engines.py:314
2025-10-02 00:35:28.286 128743 DEBUG oslo_service.service [req-e544ccea-2f96-48d2-99e9-5989642fd071 - - - - -] cpu_allocation_ratio = 2.0 log_opt_values /usr/lib/python3/dist-packages/oslo_config/cfg.py:2602
2025-10-02 00:35:28.296 128743 DEBUG oslo_service.service [req-e544ccea-2f96-48d2-99e9-5989642fd071 - - - - -] daemon = False log_opt_values /usr/lib/python3/dist-packages/oslo_config/cfg.py:2602
2025-10-02 00:35:28.298 129090 DEBUG oslo_db.sqlalchemy.engines [req-7456641f-9a56-489c-8074-78ce04cf72e7 - - - - -] MySQL server mode set to STRICT_TRANS_TABLES,STRICT_ALL_TABLES,NO_ZERO_IN_DATE,NO_ZERO_DATE,ERROR_FOR_DIVISION_BY_ZERO,TRADITIONAL,NO_ENGINE_SUBSTITUTION _check_effective_sql_mode /usr/lib/python3/dist-packages/oslo_db/sqlalchemy/engines.py:314
2025-10-02 00:35:28.299 128743 DEBUG oslo_service.service [req-e544ccea-2f96-48d2-99e9-5989642fd071 - - - - -] debug = True log_opt_values /usr/lib/python3/dist-packages/oslo_config/cfg.py:2602
2025-10-02 00:35:28.299 128743 DEBUG oslo_service.service [req-e544ccea-2f96-48d2-99e9-5989642fd071 - - - - -] default_access_ip_network_name = None log_opt_values /usr/lib/python3/dist-packages/oslo_config/cfg.py:2602
2025-10-02 00:35:28.300 128743 DEBUG oslo_service.service [req-e544ccea-2f96-48d2-99e9-5989642fd071 - - - - -] default_availability_zone = nova log_opt_values /usr/lib/python3/dist-packages/oslo_config/cfg.py:2602
2025-10-02 00:35:28.300 129084 DEBUG oslo_messaging._drivers.amqpdriver [-] Listener is running poll /usr/lib/python3/dist-packages/oslo_messaging/_drivers/amqpdriver.py:343
2025-10-02 00:35:28.300 128743 DEBUG oslo_service.service [req-e544ccea-2f96-48d2-99e9-5989642fd071 - - - - -] default_ephemeral_format = None log_opt_values /usr/lib/python3/dist-packages/oslo_config/cfg.py:2602
2025-10-02 00:35:28.301 129084 DEBUG oslo_messaging._drivers.amqpdriver [-] AMQPListener connection consume poll /usr/lib/python3/dist-packages/oslo_messaging/_drivers/amqpdriver.py:357
2025-10-02 00:35:28.301 128743 DEBUG oslo_service.service [req-e544ccea-2f96-48d2-99e9-5989642fd071 - - - - -] default_log_levels = ['amqp=WARN', 'amqplib=WARN', 'boto=WARN', 'qpid=WARN', 'sqlalchemy=WARN', 'suds=INFO', 'oslo.messaging=INFO', 'oslo_messaging=DEBUG', 'iso8601=WARN', 'requests.packages.urllib3.connectionpool=WARN', 'urllib3.connectionpool=WARN', 'websocket=WARN', 'requests.packages.urllib3.util.retry=WARN', 'urllib3.util.retry=WARN', 'keystonemiddleware=WARN', 'routes.middleware=WARN', 'stevedore=WARN', 'taskflow=WARN', 'keystoneauth=WARN', 'oslo.cache=INFO', 'dogpile.core.dogpile=INFO', 'glanceclient=WARN', 'oslo.privsep.daemon=INFO'] log_opt_values /usr/lib/python3/dist-packages/oslo_config/cfg.py:2602
2025-10-02 00:35:28.301 128743 DEBUG oslo_service.service [req-e544ccea-2f96-48d2-99e9-5989642fd071 - - - - -] default_schedule_zone = None log_opt_values /usr/lib/python3/dist-packages/oslo_config/cfg.py:2602
2025-10-02 00:35:28.301 128743 DEBUG oslo_service.service [req-e544ccea-2f96-48d2-99e9-5989642fd071 - - - - -] disk_allocation_ratio = 1.0 log_opt_values /usr/lib/python3/dist-packages/oslo_config/cfg.py:2602
2025-10-02 00:35:28.302 128743 DEBUG oslo_service.service [req-e544ccea-2f96-48d2-99e9-5989642fd071 - - - - -] enable_new_services = True log_opt_values /usr/lib/python3/dist-packages/oslo_config/cfg.py:2602
2025-10-02 00:35:28.302 128743 DEBUG oslo_service.service [req-e544ccea-2f96-48d2-99e9-5989642fd071 - - - - -] enabled_apis = ['osapi_compute', 'metadata'] log_opt_values /usr/lib/python3/dist-packages/oslo_config/cfg.py:2602
2025-10-02 00:35:28.303 128743 DEBUG oslo_service.service [req-e544ccea-2f96-48d2-99e9-5989642fd071 - - - - -] enabled_ssl_apis = [] log_opt_values /usr/lib/python3/dist-packages/oslo_config/cfg.py:2602
2025-10-02 00:35:28.303 128743 DEBUG oslo_service.service [req-e544ccea-2f96-48d2-99e9-5989642fd071 - - - - -] fatal_deprecations = False log_opt_values /usr/lib/python3/dist-packages/oslo_config/cfg.py:2602
2025-10-02 00:35:28.303 128743 DEBUG oslo_service.service [req-e544ccea-2f96-48d2-99e9-5989642fd071 - - - - -] flat_injected = False log_opt_values /usr/lib/python3/dist-packages/oslo_config/cfg.py:2602
2025-10-02 00:35:28.303 128743 DEBUG oslo_service.service [req-e544ccea-2f96-48d2-99e9-5989642fd071 - - - - -] force_config_drive = False log_opt_values /usr/lib/python3/dist-packages/oslo_config/cfg.py:2602
2025-10-02 00:35:28.304 128743 DEBUG oslo_service.service [req-e544ccea-2f96-48d2-99e9-5989642fd071 - - - - -] force_raw_images = True log_opt_values /usr/lib/python3/dist-packages/oslo_config/cfg.py:2602
2025-10-02 00:35:28.304 128743 DEBUG oslo_service.service [req-e544ccea-2f96-48d2-99e9-5989642fd071 - - - - -] graceful_shutdown_timeout = 60 log_opt_values /usr/lib/python3/dist-packages/oslo_config/cfg.py:2602
2025-10-02 00:35:28.304 128743 DEBUG oslo_service.service [req-e544ccea-2f96-48d2-99e9-5989642fd071 - - - - -] heal_instance_info_cache_interval = 60 log_opt_values /usr/lib/python3/dist-packages/oslo_config/cfg.py:2602
2025-10-02 00:35:28.304 129084 DEBUG nova.service [req-2cdd6744-d232-410d-a193-ca329914ead3 - - - - -] Join ServiceGroup membership for this service scheduler start /usr/lib/python3/dist-packages/nova/service.py:199
2025-10-02 00:35:28.304 129084 DEBUG nova.servicegroup.drivers.db [req-2cdd6744-d232-410d-a193-ca329914ead3 - - - - -] DB_Driver: join new ServiceGroup member juju-52b9b3-0-lxd-7 to the scheduler group, service = join /usr/lib/python3/dist-packages/nova/servicegroup/drivers/db.py:44
2025-10-02 00:35:28.305 128743 DEBUG oslo_service.service [req-e544ccea-2f96-48d2-99e9-5989642fd071 - - - - -] host = juju-52b9b3-0-lxd-7 log_opt_values /usr/lib/python3/dist-packages/oslo_config/cfg.py:2602
2025-10-02 00:35:28.305 128743 DEBUG oslo_service.service [req-e544ccea-2f96-48d2-99e9-5989642fd071 - - - - -] initial_cpu_allocation_ratio = 16.0 log_opt_values /usr/lib/python3/dist-packages/oslo_config/cfg.py:2602
2025-10-02 00:35:28.305 128743 DEBUG oslo_service.service [req-e544ccea-2f96-48d2-99e9-5989642fd071 - - - - -] initial_disk_allocation_ratio = 1.0 log_opt_values /usr/lib/python3/dist-packages/oslo_config/cfg.py:2602
2025-10-02 00:35:28.305 128743 DEBUG oslo_service.service [req-e544ccea-2f96-48d2-99e9-5989642fd071 - - - - -] initial_ram_allocation_ratio = 1.5 log_opt_values /usr/lib/python3/dist-packages/oslo_config/cfg.py:2602
2025-10-02 00:35:28.306 128743 DEBUG oslo_service.service [req-e544ccea-2f96-48d2-99e9-5989642fd071 - - - - -] injected_network_template = /usr/lib/python3/dist-packages/nova/virt/interfaces.template log_opt_values /usr/lib/python3/dist-packages/oslo_config/cfg.py:2602
2025-10-02 00:35:28.306 128743 DEBUG oslo_service.service [req-e544ccea-2f96-48d2-99e9-5989642fd071 - - - - -] instance_build_timeout = 0 log_opt_values /usr/lib/python3/dist-packages/oslo_config/cfg.py:2602
2025-10-02 00:35:28.306 128743 DEBUG oslo_service.service [req-e544ccea-2f96-48d2-99e9-5989642fd071 - - - - -] instance_delete_interval = 300 log_opt_values /usr/lib/python3/dist-packages/oslo_config/cfg.py:2602
2025-10-02 00:35:28.306 128743 DEBUG oslo_service.service [req-e544ccea-2f96-48d2-99e9-5989642fd071 - - - - -] instance_format = [instance: %(uuid)s] log_opt_values /usr/lib/python3/dist-packages/oslo_config/cfg.py:2602
2025-10-02 00:35:28.307 129084 DEBUG oslo_messaging._drivers.amqpdriver [-] AMQPListener connection timeout poll /usr/lib/python3/dist-packages/oslo_messaging/_drivers/amqpdriver.py:360
2025-10-02 00:35:28.307 128743 DEBUG oslo_service.service [req-e544ccea-2f96-48d2-99e9-5989642fd071 - - - - -] instance_name_template = instance-%08x log_opt_values /usr/lib/python3/dist-packages/oslo_config/cfg.py:2602
2025-10-02 00:35:28.307 129084 DEBUG oslo_messaging._drivers.amqpdriver [-] Listener is running poll /usr/lib/python3/dist-packages/oslo_messaging/_drivers/amqpdriver.py:343
2025-10-02 00:35:28.307 129084 DEBUG oslo_messaging._drivers.amqpdriver [-] AMQPListener connection consume poll /usr/lib/python3/dist-packages/oslo_messaging/_drivers/amqpdriver.py:357
2025-10-02 00:35:28.307 128743 DEBUG oslo_service.service [req-e544ccea-2f96-48d2-99e9-5989642fd071 - - - - -] instance_usage_audit = False log_opt_values /usr/lib/python3/dist-packages/oslo_config/cfg.py:2602
2025-10-02 00:35:28.307 128743 DEBUG oslo_service.service [req-e544ccea-2f96-48d2-99e9-5989642fd071 - - - - -] instance_usage_audit_period = month log_opt_values /usr/lib/python3/dist-packages/oslo_config/cfg.py:2602
2025-10-02 00:35:28.307 128743 DEBUG oslo_service.service [req-e544ccea-2f96-48d2-99e9-5989642fd071 - - - - -] instance_uuid_format = [instance: %(uuid)s] log_opt_values /usr/lib/python3/dist-packages/oslo_config/cfg.py:2602
2025-10-02 00:35:28.308 128743 DEBUG oslo_service.service [req-e544ccea-2f96-48d2-99e9-5989642fd071 - - - - -] instances_path = /var/lib/nova/instances log_opt_values /usr/lib/python3/dist-packages/oslo_config/cfg.py:2602
2025-10-02 00:35:28.308 128743 DEBUG oslo_service.service [req-e544ccea-2f96-48d2-99e9-5989642fd071 - - - - -] internal_service_availability_zone = internal log_opt_values /usr/lib/python3/dist-packages/oslo_config/cfg.py:2602
2025-10-02 00:35:28.308 128743 DEBUG oslo_service.service [req-e544ccea-2f96-48d2-99e9-5989642fd071 - - - - -] key = None log_opt_values /usr/lib/python3/dist-packages/oslo_config/cfg.py:2602
2025-10-02 00:35:28.308 128743 DEBUG oslo_service.service [req-e544ccea-2f96-48d2-99e9-5989642fd071 - - - - -] live_migration_retry_count = 30 log_opt_values /usr/lib/python3/dist-packages/oslo_config/cfg.py:2602
2025-10-02 00:35:28.308 128743 DEBUG oslo_service.service [req-e544ccea-2f96-48d2-99e9-5989642fd071 - - - - -] log_config_append = None log_opt_values /usr/lib/python3/dist-packages/oslo_config/cfg.py:2602
2025-10-02 00:35:28.309 128743 DEBUG oslo_service.service [req-e544ccea-2f96-48d2-99e9-5989642fd071 - - - - -] log_date_format = %Y-%m-%d %H:%M:%S log_opt_values /usr/lib/python3/dist-packages/oslo_config/cfg.py:2602
2025-10-02 00:35:28.309 128743 DEBUG oslo_service.service [req-e544ccea-2f96-48d2-99e9-5989642fd071 - - - - -] log_dir = /var/log/nova log_opt_values /usr/lib/python3/dist-packages/oslo_config/cfg.py:2602
2025-10-02 00:35:28.309 128743 DEBUG oslo_service.service [req-e544ccea-2f96-48d2-99e9-5989642fd071 - - - - -] log_file = /var/log/nova/nova-scheduler.log log_opt_values /usr/lib/python3/dist-packages/oslo_config/cfg.py:2602
2025-10-02 00:35:28.309 128743 DEBUG oslo_service.service [req-e544ccea-2f96-48d2-99e9-5989642fd071 - - - - -] log_options = True log_opt_values /usr/lib/python3/dist-packages/oslo_config/cfg.py:2602
2025-10-02 00:35:28.310 128743 DEBUG oslo_service.service [req-e544ccea-2f96-48d2-99e9-5989642fd071 - - - - -] log_rotate_interval = 1 log_opt_values /usr/lib/python3/dist-packages/oslo_config/cfg.py:2602
2025-10-02 00:35:28.310 128743 DEBUG oslo_service.service [req-e544ccea-2f96-48d2-99e9-5989642fd071 - - - - -] log_rotate_interval_type = days log_opt_values /usr/lib/python3/dist-packages/oslo_config/cfg.py:2602
2025-10-02 00:35:28.310 128743 DEBUG oslo_service.service [req-e544ccea-2f96-48d2-99e9-5989642fd071 - - - - -] log_rotation_type = none log_opt_values /usr/lib/python3/dist-packages/oslo_config/cfg.py:2602
2025-10-02 00:35:28.310 128743 DEBUG oslo_service.service [req-e544ccea-2f96-48d2-99e9-5989642fd071 - - - - -] logging_context_format_string = %(asctime)s.%(msecs)03d %(process)d %(levelname)s %(name)s [%(request_id)s %(user_identity)s] %(instance)s%(message)s log_opt_values /usr/lib/python3/dist-packages/oslo_config/cfg.py:2602
2025-10-02 00:35:28.311 128743 DEBUG oslo_service.service [req-e544ccea-2f96-48d2-99e9-5989642fd071 - - - - -] logging_debug_format_suffix = %(funcName)s %(pathname)s:%(lineno)d log_opt_values /usr/lib/python3/dist-packages/oslo_config/cfg.py:2602
2025-10-02 00:35:28.312 128743 DEBUG oslo_service.service [req-e544ccea-2f96-48d2-99e9-5989642fd071 - - - - -] logging_default_format_string = %(asctime)s.%(msecs)03d %(process)d %(levelname)s %(name)s [-] %(instance)s%(message)s log_opt_values /usr/lib/python3/dist-packages/oslo_config/cfg.py:2602
2025-10-02 00:35:28.312 128743 DEBUG oslo_service.service [req-e544ccea-2f96-48d2-99e9-5989642fd071 - - - - -] logging_exception_prefix = %(asctime)s.%(msecs)03d %(process)d ERROR %(name)s %(instance)s log_opt_values /usr/lib/python3/dist-packages/oslo_config/cfg.py:2602
2025-10-02 00:35:28.312 128743 DEBUG oslo_service.service [req-e544ccea-2f96-48d2-99e9-5989642fd071 - - - - -] logging_user_identity_format = %(user)s %(project)s %(domain)s %(user_domain)s %(project_domain)s log_opt_values /usr/lib/python3/dist-packages/oslo_config/cfg.py:2602
2025-10-02 00:35:28.312 128743 DEBUG oslo_service.service [req-e544ccea-2f96-48d2-99e9-5989642fd071 - - - - -] long_rpc_timeout = 1800 log_opt_values /usr/lib/python3/dist-packages/oslo_config/cfg.py:2602
2025-10-02 00:35:28.312 128743 DEBUG oslo_service.service [req-e544ccea-2f96-48d2-99e9-5989642fd071 - - - - -] max_concurrent_builds = 10 log_opt_values /usr/lib/python3/dist-packages/oslo_config/cfg.py:2602
2025-10-02 00:35:28.313 128743 DEBUG oslo_service.service [req-e544ccea-2f96-48d2-99e9-5989642fd071 - - - - -] max_concurrent_live_migrations = 1 log_opt_values /usr/lib/python3/dist-packages/oslo_config/cfg.py:2602
2025-10-02 00:35:28.313 128743 DEBUG oslo_service.service [req-e544ccea-2f96-48d2-99e9-5989642fd071 - - - - -] max_concurrent_snapshots = 5 log_opt_values /usr/lib/python3/dist-packages/oslo_config/cfg.py:2602
2025-10-02 00:35:28.314 128743 DEBUG oslo_service.service [req-e544ccea-2f96-48d2-99e9-5989642fd071 - - - - -] max_local_block_devices = 3 log_opt_values /usr/lib/python3/dist-packages/oslo_config/cfg.py:2602
2025-10-02 00:35:28.314 128743 DEBUG oslo_service.service [req-e544ccea-2f96-48d2-99e9-5989642fd071 - - - - -] max_logfile_count = 30 log_opt_values /usr/lib/python3/dist-packages/oslo_config/cfg.py:2602
2025-10-02 00:35:28.314 129100 DEBUG nova.service [req-e4ca5b30-74e9-495f-ada7-33a46467039e - - - - -] Creating RPC server for service scheduler start /usr/lib/python3/dist-packages/nova/service.py:182
2025-10-02 00:35:28.314 128743 DEBUG oslo_service.service [req-e544ccea-2f96-48d2-99e9-5989642fd071 - - - - -] max_logfile_size_mb = 200 log_opt_values /usr/lib/python3/dist-packages/oslo_config/cfg.py:2602
2025-10-02 00:35:28.314 128743 DEBUG oslo_service.service [req-e544ccea-2f96-48d2-99e9-5989642fd071 - - - - -] maximum_instance_delete_attempts = 5 log_opt_values /usr/lib/python3/dist-packages/oslo_config/cfg.py:2602
2025-10-02 00:35:28.314 128743 DEBUG oslo_service.service [req-e544ccea-2f96-48d2-99e9-5989642fd071 - - - - -] metadata_listen = 0.0.0.0 log_opt_values /usr/lib/python3/dist-packages/oslo_config/cfg.py:2602
2025-10-02 00:35:28.315 128743 DEBUG oslo_service.service [req-e544ccea-2f96-48d2-99e9-5989642fd071 - - - - -] metadata_listen_port = 8765 log_opt_values /usr/lib/python3/dist-packages/oslo_config/cfg.py:2602
2025-10-02 00:35:28.315 128743 DEBUG oslo_service.service [req-e544ccea-2f96-48d2-99e9-5989642fd071 - - - - -] metadata_workers = None log_opt_values /usr/lib/python3/dist-packages/oslo_config/cfg.py:2602
2025-10-02 00:35:28.315 128743 DEBUG oslo_service.service [req-e544ccea-2f96-48d2-99e9-5989642fd071 - - - - -] migrate_max_retries = -1 log_opt_values /usr/lib/python3/dist-packages/oslo_config/cfg.py:2602
2025-10-02 00:35:28.315 128743 DEBUG oslo_service.service [req-e544ccea-2f96-48d2-99e9-5989642fd071 - - - - -] mkisofs_cmd = genisoimage log_opt_values /usr/lib/python3/dist-packages/oslo_config/cfg.py:2602
2025-10-02 00:35:28.315 128743 DEBUG oslo_service.service [req-e544ccea-2f96-48d2-99e9-5989642fd071 - - - - -] my_block_storage_ip = 252.57.187.254 log_opt_values /usr/lib/python3/dist-packages/oslo_config/cfg.py:2602
2025-10-02 00:35:28.316 128743 DEBUG oslo_service.service [req-e544ccea-2f96-48d2-99e9-5989642fd071 - - - - -] my_ip = 252.57.187.254 log_opt_values /usr/lib/python3/dist-packages/oslo_config/cfg.py:2602
2025-10-02 00:35:28.316 128743 DEBUG oslo_service.service [req-e544ccea-2f96-48d2-99e9-5989642fd071 - - - - -] network_allocate_retries = 0 log_opt_values /usr/lib/python3/dist-packages/oslo_config/cfg.py:2602
2025-10-02 00:35:28.316 128743 DEBUG oslo_service.service [req-e544ccea-2f96-48d2-99e9-5989642fd071 - - - - -] non_inheritable_image_properties = ['cache_in_nova', 'bittorrent'] log_opt_values /usr/lib/python3/dist-packages/oslo_config/cfg.py:2602
2025-10-02 00:35:28.317 128743 DEBUG oslo_service.service [req-e544ccea-2f96-48d2-99e9-5989642fd071 - - - - -] osapi_compute_listen = 0.0.0.0 log_opt_values /usr/lib/python3/dist-packages/oslo_config/cfg.py:2602
2025-10-02 00:35:28.317 128743 DEBUG oslo_service.service [req-e544ccea-2f96-48d2-99e9-5989642fd071 - - - - -] osapi_compute_listen_port = 8764 log_opt_values /usr/lib/python3/dist-packages/oslo_config/cfg.py:2602
2025-10-02 00:35:28.317 128743 DEBUG oslo_service.service [req-e544ccea-2f96-48d2-99e9-5989642fd071 - - - - -] osapi_compute_unique_server_name_scope = log_opt_values /usr/lib/python3/dist-packages/oslo_config/cfg.py:2602
2025-10-02 00:35:28.317 128743 DEBUG oslo_service.service [req-e544ccea-2f96-48d2-99e9-5989642fd071 - - - - -] osapi_compute_workers = 4 log_opt_values /usr/lib/python3/dist-packages/oslo_config/cfg.py:2602
2025-10-02 00:35:28.318 128743 DEBUG oslo_service.service [req-e544ccea-2f96-48d2-99e9-5989642fd071 - - - - -] password_length = 12 log_opt_values /usr/lib/python3/dist-packages/oslo_config/cfg.py:2602
