2025-09-25 00:37:24.122 137751 DEBUG oslo_service.service [req-7c94f53b-7fe0-47a2-874c-f0543c974dd0 - - - - -] image_cache.subdirectory_name = _base log_opt_values /usr/lib/python3/dist-packages/oslo_config/cfg.py:2609
2025-09-25 00:37:24.122 137751 DEBUG oslo_service.service [req-7c94f53b-7fe0-47a2-874c-f0543c974dd0 - - - - -] ironic.api_max_retries = 60 log_opt_values /usr/lib/python3/dist-packages/oslo_config/cfg.py:2609
2025-09-25 00:37:24.122 137751 DEBUG oslo_service.service [req-7c94f53b-7fe0-47a2-874c-f0543c974dd0 - - - - -] ironic.api_retry_interval = 2 log_opt_values /usr/lib/python3/dist-packages/oslo_config/cfg.py:2609
2025-09-25 00:37:24.123 137751 DEBUG oslo_service.service [req-7c94f53b-7fe0-47a2-874c-f0543c974dd0 - - - - -] ironic.auth_section = None log_opt_values /usr/lib/python3/dist-packages/oslo_config/cfg.py:2609
2025-09-25 00:37:24.123 137751 DEBUG oslo_service.service [req-7c94f53b-7fe0-47a2-874c-f0543c974dd0 - - - - -] ironic.auth_type = None log_opt_values /usr/lib/python3/dist-packages/oslo_config/cfg.py:2609
2025-09-25 00:37:24.123 137751 DEBUG oslo_service.service [req-7c94f53b-7fe0-47a2-874c-f0543c974dd0 - - - - -] ironic.cafile = None log_opt_values /usr/lib/python3/dist-packages/oslo_config/cfg.py:2609
2025-09-25 00:37:24.123 137751 DEBUG oslo_service.service [req-7c94f53b-7fe0-47a2-874c-f0543c974dd0 - - - - -] ironic.certfile = None log_opt_values /usr/lib/python3/dist-packages/oslo_config/cfg.py:2609
2025-09-25 00:37:24.123 137751 DEBUG oslo_service.service [req-7c94f53b-7fe0-47a2-874c-f0543c974dd0 - - - - -] ironic.collect_timing = False log_opt_values /usr/lib/python3/dist-packages/oslo_config/cfg.py:2609
2025-09-25 00:37:24.124 137751 DEBUG oslo_service.service [req-7c94f53b-7fe0-47a2-874c-f0543c974dd0 - - - - -] ironic.connect_retries = None log_opt_values /usr/lib/python3/dist-packages/oslo_config/cfg.py:2609
2025-09-25 00:37:24.124 137751 DEBUG oslo_service.service [req-7c94f53b-7fe0-47a2-874c-f0543c974dd0 - - - - -] ironic.connect_retry_delay = None log_opt_values /usr/lib/python3/dist-packages/oslo_config/cfg.py:2609
2025-09-25 00:37:24.124 137751 DEBUG oslo_service.service [req-7c94f53b-7fe0-47a2-874c-f0543c974dd0 - - - - -] ironic.endpoint_override = None log_opt_values /usr/lib/python3/dist-packages/oslo_config/cfg.py:2609
2025-09-25 00:37:24.124 137751 DEBUG oslo_service.service [req-7c94f53b-7fe0-47a2-874c-f0543c974dd0 - - - - -] ironic.insecure = False log_opt_values /usr/lib/python3/dist-packages/oslo_config/cfg.py:2609
2025-09-25 00:37:24.124 137751 DEBUG oslo_service.service [req-7c94f53b-7fe0-47a2-874c-f0543c974dd0 - - - - -] ironic.keyfile = None log_opt_values /usr/lib/python3/dist-packages/oslo_config/cfg.py:2609
2025-09-25 00:37:24.124 137751 DEBUG oslo_service.service [req-7c94f53b-7fe0-47a2-874c-f0543c974dd0 - - - - -] ironic.max_version = None log_opt_values /usr/lib/python3/dist-packages/oslo_config/cfg.py:2609
2025-09-25 00:37:24.125 137751 DEBUG oslo_service.service [req-7c94f53b-7fe0-47a2-874c-f0543c974dd0 - - - - -] ironic.min_version = None log_opt_values /usr/lib/python3/dist-packages/oslo_config/cfg.py:2609
2025-09-25 00:37:24.125 137751 DEBUG oslo_service.service [req-7c94f53b-7fe0-47a2-874c-f0543c974dd0 - - - - -] ironic.partition_key = None log_opt_values /usr/lib/python3/dist-packages/oslo_config/cfg.py:2609
2025-09-25 00:37:24.125 137751 DEBUG oslo_service.service [req-7c94f53b-7fe0-47a2-874c-f0543c974dd0 - - - - -] ironic.peer_list = [] log_opt_values /usr/lib/python3/dist-packages/oslo_config/cfg.py:2609
2025-09-25 00:37:24.125 137751 DEBUG oslo_service.service [req-7c94f53b-7fe0-47a2-874c-f0543c974dd0 - - - - -] ironic.region_name = None log_opt_values /usr/lib/python3/dist-packages/oslo_config/cfg.py:2609
2025-09-25 00:37:24.125 137751 DEBUG oslo_service.service [req-7c94f53b-7fe0-47a2-874c-f0543c974dd0 - - - - -] ironic.serial_console_state_timeout = 10 log_opt_values /usr/lib/python3/dist-packages/oslo_config/cfg.py:2609
2025-09-25 00:37:24.125 137751 DEBUG oslo_service.service [req-7c94f53b-7fe0-47a2-874c-f0543c974dd0 - - - - -] ironic.service_name = None log_opt_values /usr/lib/python3/dist-packages/oslo_config/cfg.py:2609
2025-09-25 00:37:24.126 137751 DEBUG oslo_service.service [req-7c94f53b-7fe0-47a2-874c-f0543c974dd0 - - - - -] ironic.service_type = baremetal log_opt_values /usr/lib/python3/dist-packages/oslo_config/cfg.py:2609
2025-09-25 00:37:24.126 137751 DEBUG oslo_service.service [req-7c94f53b-7fe0-47a2-874c-f0543c974dd0 - - - - -] ironic.split_loggers = False log_opt_values /usr/lib/python3/dist-packages/oslo_config/cfg.py:2609
2025-09-25 00:37:24.126 137751 DEBUG oslo_service.service [req-7c94f53b-7fe0-47a2-874c-f0543c974dd0 - - - - -] ironic.status_code_retries = None log_opt_values /usr/lib/python3/dist-packages/oslo_config/cfg.py:2609
2025-09-25 00:37:24.126 137751 DEBUG oslo_service.service [req-7c94f53b-7fe0-47a2-874c-f0543c974dd0 - - - - -] ironic.status_code_retry_delay = None log_opt_values /usr/lib/python3/dist-packages/oslo_config/cfg.py:2609
2025-09-25 00:37:24.126 137751 DEBUG oslo_service.service [req-7c94f53b-7fe0-47a2-874c-f0543c974dd0 - - - - -] ironic.timeout = None log_opt_values /usr/lib/python3/dist-packages/oslo_config/cfg.py:2609
2025-09-25 00:37:24.126 137751 DEBUG oslo_service.service [req-7c94f53b-7fe0-47a2-874c-f0543c974dd0 - - - - -] ironic.valid_interfaces = ['internal', 'public'] log_opt_values /usr/lib/python3/dist-packages/oslo_config/cfg.py:2609
2025-09-25 00:37:24.127 137751 DEBUG oslo_service.service [req-7c94f53b-7fe0-47a2-874c-f0543c974dd0 - - - - -] ironic.version = None log_opt_values /usr/lib/python3/dist-packages/oslo_config/cfg.py:2609
2025-09-25 00:37:24.127 137751 DEBUG oslo_service.service [req-7c94f53b-7fe0-47a2-874c-f0543c974dd0 - - - - -] key_manager.backend = barbican log_opt_values /usr/lib/python3/dist-packages/oslo_config/cfg.py:2609
2025-09-25 00:37:24.127 137751 DEBUG oslo_service.service [req-7c94f53b-7fe0-47a2-874c-f0543c974dd0 - - - - -] key_manager.fixed_key = **** log_opt_values /usr/lib/python3/dist-packages/oslo_config/cfg.py:2609
2025-09-25 00:37:24.127 137751 DEBUG oslo_service.service [req-7c94f53b-7fe0-47a2-874c-f0543c974dd0 - - - - -] barbican.auth_endpoint = http://localhost/identity/v3 log_opt_values /usr/lib/python3/dist-packages/oslo_config/cfg.py:2609
2025-09-25 00:37:24.127 137751 DEBUG oslo_service.service [req-7c94f53b-7fe0-47a2-874c-f0543c974dd0 - - - - -] barbican.barbican_api_version = None log_opt_values /usr/lib/python3/dist-packages/oslo_config/cfg.py:2609
2025-09-25 00:37:24.128 137751 DEBUG oslo_service.service [req-7c94f53b-7fe0-47a2-874c-f0543c974dd0 - - - - -] barbican.barbican_endpoint = None log_opt_values /usr/lib/python3/dist-packages/oslo_config/cfg.py:2609
2025-09-25 00:37:24.128 137751 DEBUG oslo_service.service [req-7c94f53b-7fe0-47a2-874c-f0543c974dd0 - - - - -] barbican.barbican_endpoint_type = public log_opt_values /usr/lib/python3/dist-packages/oslo_config/cfg.py:2609
2025-09-25 00:37:24.128 139243 DEBUG oslo_messaging._drivers.amqpdriver [-] Listener is running poll /usr/lib/python3/dist-packages/oslo_messaging/_drivers/amqpdriver.py:343
2025-09-25 00:37:24.128 137751 DEBUG oslo_service.service [req-7c94f53b-7fe0-47a2-874c-f0543c974dd0 - - - - -] barbican.barbican_region_name = None log_opt_values /usr/lib/python3/dist-packages/oslo_config/cfg.py:2609
2025-09-25 00:37:24.128 139243 DEBUG oslo_messaging._drivers.amqpdriver [-] AMQPListener connection consume poll /usr/lib/python3/dist-packages/oslo_messaging/_drivers/amqpdriver.py:357
2025-09-25 00:37:24.128 137751 DEBUG oslo_service.service [req-7c94f53b-7fe0-47a2-874c-f0543c974dd0 - - - - -] barbican.cafile = None log_opt_values /usr/lib/python3/dist-packages/oslo_config/cfg.py:2609
2025-09-25 00:37:24.128 137751 DEBUG oslo_service.service [req-7c94f53b-7fe0-47a2-874c-f0543c974dd0 - - - - -] barbican.certfile = None log_opt_values /usr/lib/python3/dist-packages/oslo_config/cfg.py:2609
2025-09-25 00:37:24.128 137751 DEBUG oslo_service.service [req-7c94f53b-7fe0-47a2-874c-f0543c974dd0 - - - - -] barbican.collect_timing = False log_opt_values /usr/lib/python3/dist-packages/oslo_config/cfg.py:2609
2025-09-25 00:37:24.129 137751 DEBUG oslo_service.service [req-7c94f53b-7fe0-47a2-874c-f0543c974dd0 - - - - -] barbican.insecure = False log_opt_values /usr/lib/python3/dist-packages/oslo_config/cfg.py:2609
2025-09-25 00:37:24.129 137751 DEBUG oslo_service.service [req-7c94f53b-7fe0-47a2-874c-f0543c974dd0 - - - - -] barbican.keyfile = None log_opt_values /usr/lib/python3/dist-packages/oslo_config/cfg.py:2609
2025-09-25 00:37:24.129 139243 DEBUG nova.service [req-5430c24b-b563-4a7e-a135-51b6afe45d83 - - - - -] Join ServiceGroup membership for this service conductor start /usr/lib/python3/dist-packages/nova/service.py:199
2025-09-25 00:37:24.129 137751 DEBUG oslo_service.service [req-7c94f53b-7fe0-47a2-874c-f0543c974dd0 - - - - -] barbican.number_of_retries = 60 log_opt_values /usr/lib/python3/dist-packages/oslo_config/cfg.py:2609
2025-09-25 00:37:24.129 139243 DEBUG nova.servicegroup.drivers.db [req-5430c24b-b563-4a7e-a135-51b6afe45d83 - - - - -] DB_Driver: join new ServiceGroup member juju-d9221b-0-lxd-7 to the conductor group, service = join /usr/lib/python3/dist-packages/nova/servicegroup/drivers/db.py:44
2025-09-25 00:37:24.129 137751 DEBUG oslo_service.service [req-7c94f53b-7fe0-47a2-874c-f0543c974dd0 - - - - -] barbican.retry_delay = 1 log_opt_values /usr/lib/python3/dist-packages/oslo_config/cfg.py:2609
2025-09-25 00:37:24.130 137751 DEBUG oslo_service.service [req-7c94f53b-7fe0-47a2-874c-f0543c974dd0 - - - - -] barbican.send_service_user_token = False log_opt_values /usr/lib/python3/dist-packages/oslo_config/cfg.py:2609
2025-09-25 00:37:24.130 137751 DEBUG oslo_service.service [req-7c94f53b-7fe0-47a2-874c-f0543c974dd0 - - - - -] barbican.split_loggers = False log_opt_values /usr/lib/python3/dist-packages/oslo_config/cfg.py:2609
2025-09-25 00:37:24.130 137751 DEBUG oslo_service.service [req-7c94f53b-7fe0-47a2-874c-f0543c974dd0 - - - - -] barbican.timeout = None log_opt_values /usr/lib/python3/dist-packages/oslo_config/cfg.py:2609
2025-09-25 00:37:24.130 139244 DEBUG oslo_messaging._drivers.amqpdriver [-] Listener is running poll /usr/lib/python3/dist-packages/oslo_messaging/_drivers/amqpdriver.py:343
2025-09-25 00:37:24.130 137751 DEBUG oslo_service.service [req-7c94f53b-7fe0-47a2-874c-f0543c974dd0 - - - - -] barbican.verify_ssl = True log_opt_values /usr/lib/python3/dist-packages/oslo_config/cfg.py:2609
2025-09-25 00:37:24.130 139244 DEBUG oslo_messaging._drivers.amqpdriver [-] AMQPListener connection consume poll /usr/lib/python3/dist-packages/oslo_messaging/_drivers/amqpdriver.py:357
2025-09-25 00:37:24.130 137751 DEBUG oslo_service.service [req-7c94f53b-7fe0-47a2-874c-f0543c974dd0 - - - - -] barbican.verify_ssl_path = None log_opt_values /usr/lib/python3/dist-packages/oslo_config/cfg.py:2609
2025-09-25 00:37:24.130 137751 DEBUG oslo_service.service [req-7c94f53b-7fe0-47a2-874c-f0543c974dd0 - - - - -] barbican_service_user.auth_section = None log_opt_values /usr/lib/python3/dist-packages/oslo_config/cfg.py:2609
2025-09-25 00:37:24.131 137751 DEBUG oslo_service.service [req-7c94f53b-7fe0-47a2-874c-f0543c974dd0 - - - - -] barbican_service_user.auth_type = None log_opt_values /usr/lib/python3/dist-packages/oslo_config/cfg.py:2609
2025-09-25 00:37:24.131 137751 DEBUG oslo_service.service [req-7c94f53b-7fe0-47a2-874c-f0543c974dd0 - - - - -] barbican_service_user.cafile = None log_opt_values /usr/lib/python3/dist-packages/oslo_config/cfg.py:2609
2025-09-25 00:37:24.131 139244 DEBUG nova.service [req-af86ae70-a1b1-43e2-97f9-4d821e40b8d8 - - - - -] Join ServiceGroup membership for this service conductor start /usr/lib/python3/dist-packages/nova/service.py:199
2025-09-25 00:37:24.131 137751 DEBUG oslo_service.service [req-7c94f53b-7fe0-47a2-874c-f0543c974dd0 - - - - -] barbican_service_user.certfile = None log_opt_values /usr/lib/python3/dist-packages/oslo_config/cfg.py:2609
2025-09-25 00:37:24.131 139244 DEBUG nova.servicegroup.drivers.db [req-af86ae70-a1b1-43e2-97f9-4d821e40b8d8 - - - - -] DB_Driver: join new ServiceGroup member juju-d9221b-0-lxd-7 to the conductor group, service = join /usr/lib/python3/dist-packages/nova/servicegroup/drivers/db.py:44
2025-09-25 00:37:24.131 137751 DEBUG oslo_service.service [req-7c94f53b-7fe0-47a2-874c-f0543c974dd0 - - - - -] barbican_service_user.collect_timing = False log_opt_values /usr/lib/python3/dist-packages/oslo_config/cfg.py:2609
2025-09-25 00:37:24.131 137751 DEBUG oslo_service.service [req-7c94f53b-7fe0-47a2-874c-f0543c974dd0 - - - - -] barbican_service_user.insecure = False log_opt_values /usr/lib/python3/dist-packages/oslo_config/cfg.py:2609
2025-09-25 00:37:24.132 137751 DEBUG oslo_service.service [req-7c94f53b-7fe0-47a2-874c-f0543c974dd0 - - - - -] barbican_service_user.keyfile = None log_opt_values /usr/lib/python3/dist-packages/oslo_config/cfg.py:2609
2025-09-25 00:37:24.132 137751 DEBUG oslo_service.service [req-7c94f53b-7fe0-47a2-874c-f0543c974dd0 - - - - -] barbican_service_user.split_loggers = False log_opt_values /usr/lib/python3/dist-packages/oslo_config/cfg.py:2609
2025-09-25 00:37:24.132 137751 DEBUG oslo_service.service [req-7c94f53b-7fe0-47a2-874c-f0543c974dd0 - - - - -] barbican_service_user.timeout = None log_opt_values /usr/lib/python3/dist-packages/oslo_config/cfg.py:2609
2025-09-25 00:37:24.132 137751 DEBUG oslo_service.service [req-7c94f53b-7fe0-47a2-874c-f0543c974dd0 - - - - -] vault.approle_role_id = None log_opt_values /usr/lib/python3/dist-packages/oslo_config/cfg.py:2609
2025-09-25 00:37:24.132 137751 DEBUG oslo_service.service [req-7c94f53b-7fe0-47a2-874c-f0543c974dd0 - - - - -] vault.approle_secret_id = None log_opt_values /usr/lib/python3/dist-packages/oslo_config/cfg.py:2609
2025-09-25 00:37:24.132 137751 DEBUG oslo_service.service [req-7c94f53b-7fe0-47a2-874c-f0543c974dd0 - - - - -] vault.cafile = None log_opt_values /usr/lib/python3/dist-packages/oslo_config/cfg.py:2609
2025-09-25 00:37:24.133 137751 DEBUG oslo_service.service [req-7c94f53b-7fe0-47a2-874c-f0543c974dd0 - - - - -] vault.certfile = None log_opt_values /usr/lib/python3/dist-packages/oslo_config/cfg.py:2609
2025-09-25 00:37:24.133 137751 DEBUG oslo_service.service [req-7c94f53b-7fe0-47a2-874c-f0543c974dd0 - - - - -] vault.collect_timing = False log_opt_values /usr/lib/python3/dist-packages/oslo_config/cfg.py:2609
2025-09-25 00:37:24.133 137751 DEBUG oslo_service.service [req-7c94f53b-7fe0-47a2-874c-f0543c974dd0 - - - - -] vault.insecure = False log_opt_values /usr/lib/python3/dist-packages/oslo_config/cfg.py:2609
2025-09-25 00:37:24.133 137751 DEBUG oslo_service.service [req-7c94f53b-7fe0-47a2-874c-f0543c974dd0 - - - - -] vault.keyfile = None log_opt_values /usr/lib/python3/dist-packages/oslo_config/cfg.py:2609
2025-09-25 00:37:24.133 139243 DEBUG oslo_messaging._drivers.amqpdriver [-] AMQPListener connection timeout poll /usr/lib/python3/dist-packages/oslo_messaging/_drivers/amqpdriver.py:360
2025-09-25 00:37:24.133 137751 DEBUG oslo_service.service [req-7c94f53b-7fe0-47a2-874c-f0543c974dd0 - - - - -] vault.kv_mountpoint = secret log_opt_values /usr/lib/python3/dist-packages/oslo_config/cfg.py:2609
2025-09-25 00:37:24.133 139243 DEBUG oslo_messaging._drivers.amqpdriver [-] Listener is running poll /usr/lib/python3/dist-packages/oslo_messaging/_drivers/amqpdriver.py:343
2025-09-25 00:37:24.133 137751 DEBUG oslo_service.service [req-7c94f53b-7fe0-47a2-874c-f0543c974dd0 - - - - -] vault.kv_version = 2 log_opt_values /usr/lib/python3/dist-packages/oslo_config/cfg.py:2609
2025-09-25 00:37:24.134 137751 DEBUG oslo_service.service [req-7c94f53b-7fe0-47a2-874c-f0543c974dd0 - - - - -] vault.namespace = None log_opt_values /usr/lib/python3/dist-packages/oslo_config/cfg.py:2609
2025-09-25 00:37:24.133 139244 DEBUG oslo_messaging._drivers.amqpdriver [-] AMQPListener connection timeout poll /usr/lib/python3/dist-packages/oslo_messaging/_drivers/amqpdriver.py:360
2025-09-25 00:37:24.133 139243 DEBUG oslo_messaging._drivers.amqpdriver [-] AMQPListener connection consume poll /usr/lib/python3/dist-packages/oslo_messaging/_drivers/amqpdriver.py:357
2025-09-25 00:37:24.134 137751 DEBUG oslo_service.service [req-7c94f53b-7fe0-47a2-874c-f0543c974dd0 - - - - -] vault.root_token_id = None log_opt_values /usr/lib/python3/dist-packages/oslo_config/cfg.py:2609
2025-09-25 00:37:24.134 137751 DEBUG oslo_service.service [req-7c94f53b-7fe0-47a2-874c-f0543c974dd0 - - - - -] vault.split_loggers = False log_opt_values /usr/lib/python3/dist-packages/oslo_config/cfg.py:2609
2025-09-25 00:37:24.134 137751 DEBUG oslo_service.service [req-7c94f53b-7fe0-47a2-874c-f0543c974dd0 - - - - -] vault.ssl_ca_crt_file = None log_opt_values /usr/lib/python3/dist-packages/oslo_config/cfg.py:2609
2025-09-25 00:37:24.134 139244 DEBUG oslo_messaging._drivers.amqpdriver [-] Listener is running poll /usr/lib/python3/dist-packages/oslo_messaging/_drivers/amqpdriver.py:343
2025-09-25 00:37:24.134 137751 DEBUG oslo_service.service [req-7c94f53b-7fe0-47a2-874c-f0543c974dd0 - - - - -] vault.timeout = None log_opt_values /usr/lib/python3/dist-packages/oslo_config/cfg.py:2609
2025-09-25 00:37:24.134 139244 DEBUG oslo_messaging._drivers.amqpdriver [-] AMQPListener connection consume poll /usr/lib/python3/dist-packages/oslo_messaging/_drivers/amqpdriver.py:357
2025-09-25 00:37:24.134 137751 DEBUG oslo_service.service [req-7c94f53b-7fe0-47a2-874c-f0543c974dd0 - - - - -] vault.use_ssl = False log_opt_values /usr/lib/python3/dist-packages/oslo_config/cfg.py:2609
2025-09-25 00:37:24.135 137751 DEBUG oslo_service.service [req-7c94f53b-7fe0-47a2-874c-f0543c974dd0 - - - - -] vault.vault_url = http://127.0.0.1:8200 log_opt_values /usr/lib/python3/dist-packages/oslo_config/cfg.py:2609
2025-09-25 00:37:24.135 137751 DEBUG oslo_service.service [req-7c94f53b-7fe0-47a2-874c-f0543c974dd0 - - - - -] keystone.cafile = None log_opt_values /usr/lib/python3/dist-packages/oslo_config/cfg.py:2609
2025-09-25 00:37:24.135 137751 DEBUG oslo_service.service [req-7c94f53b-7fe0-47a2-874c-f0543c974dd0 - - - - -] keystone.certfile = None log_opt_values /usr/lib/python3/dist-packages/oslo_config/cfg.py:2609
2025-09-25 00:37:24.135 137751 DEBUG oslo_service.service [req-7c94f53b-7fe0-47a2-874c-f0543c974dd0 - - - - -] keystone.collect_timing = False log_opt_values /usr/lib/python3/dist-packages/oslo_config/cfg.py:2609
2025-09-25 00:37:24.135 137751 DEBUG oslo_service.service [req-7c94f53b-7fe0-47a2-874c-f0543c974dd0 - - - - -] keystone.connect_retries = None log_opt_values /usr/lib/python3/dist-packages/oslo_config/cfg.py:2609
2025-09-25 00:37:24.135 137751 DEBUG oslo_service.service [req-7c94f53b-7fe0-47a2-874c-f0543c974dd0 - - - - -] keystone.connect_retry_delay = None log_opt_values /usr/lib/python3/dist-packages/oslo_config/cfg.py:2609
2025-09-25 00:37:24.136 137751 DEBUG oslo_service.service [req-7c94f53b-7fe0-47a2-874c-f0543c974dd0 - - - - -] keystone.endpoint_override = None log_opt_values /usr/lib/python3/dist-packages/oslo_config/cfg.py:2609
2025-09-25 00:37:24.136 137751 DEBUG oslo_service.service [req-7c94f53b-7fe0-47a2-874c-f0543c974dd0 - - - - -] keystone.insecure = False log_opt_values /usr/lib/python3/dist-packages/oslo_config/cfg.py:2609
2025-09-25 00:37:24.136 137751 DEBUG oslo_service.service [req-7c94f53b-7fe0-47a2-874c-f0543c974dd0 - - - - -] keystone.keyfile = None log_opt_values /usr/lib/python3/dist-packages/oslo_config/cfg.py:2609
2025-09-25 00:37:24.136 137751 DEBUG oslo_service.service [req-7c94f53b-7fe0-47a2-874c-f0543c974dd0 - - - - -] keystone.max_version = None log_opt_values /usr/lib/python3/dist-packages/oslo_config/cfg.py:2609
2025-09-25 00:37:24.136 137751 DEBUG oslo_service.service [req-7c94f53b-7fe0-47a2-874c-f0543c974dd0 - - - - -] keystone.min_version = None log_opt_values /usr/lib/python3/dist-packages/oslo_config/cfg.py:2609
2025-09-25 00:37:24.137 137751 DEBUG oslo_service.service [req-7c94f53b-7fe0-47a2-874c-f0543c974dd0 - - - - -] keystone.region_name = None log_opt_values /usr/lib/python3/dist-packages/oslo_config/cfg.py:2609
2025-09-25 00:37:24.137 137751 DEBUG oslo_service.service [req-7c94f53b-7fe0-47a2-874c-f0543c974dd0 - - - - -] keystone.service_name = None log_opt_values /usr/lib/python3/dist-packages/oslo_config/cfg.py:2609
2025-09-25 00:37:24.137 137751 DEBUG oslo_service.service [req-7c94f53b-7fe0-47a2-874c-f0543c974dd0 - - - - -] keystone.service_type = identity log_opt_values /usr/lib/python3/dist-packages/oslo_config/cfg.py:2609
2025-09-25 00:37:24.137 137751 DEBUG oslo_service.service [req-7c94f53b-7fe0-47a2-874c-f0543c974dd0 - - - - -] keystone.split_loggers = False log_opt_values /usr/lib/python3/dist-packages/oslo_config/cfg.py:2609
2025-09-25 00:37:24.137 137751 DEBUG oslo_service.service [req-7c94f53b-7fe0-47a2-874c-f0543c974dd0 - - - - -] keystone.status_code_retries = None log_opt_values /usr/lib/python3/dist-packages/oslo_config/cfg.py:2609
2025-09-25 00:37:24.137 137751 DEBUG oslo_service.service [req-7c94f53b-7fe0-47a2-874c-f0543c974dd0 - - - - -] keystone.status_code_retry_delay = None log_opt_values /usr/lib/python3/dist-packages/oslo_config/cfg.py:2609
2025-09-25 00:37:24.138 137751 DEBUG oslo_service.service [req-7c94f53b-7fe0-47a2-874c-f0543c974dd0 - - - - -] keystone.timeout = None log_opt_values /usr/lib/python3/dist-packages/oslo_config/cfg.py:2609
2025-09-25 00:37:24.138 137751 DEBUG oslo_service.service [req-7c94f53b-7fe0-47a2-874c-f0543c974dd0 - - - - -] keystone.valid_interfaces = ['internal', 'public'] log_opt_values /usr/lib/python3/dist-packages/oslo_config/cfg.py:2609
2025-09-25 00:37:24.138 139249 DEBUG oslo_messaging._drivers.amqpdriver [-] Listener is running poll /usr/lib/python3/dist-packages/oslo_messaging/_drivers/amqpdriver.py:343
2025-09-25 00:37:24.138 137751 DEBUG oslo_service.service [req-7c94f53b-7fe0-47a2-874c-f0543c974dd0 - - - - -] keystone.version = None log_opt_values /usr/lib/python3/dist-packages/oslo_config/cfg.py:2609
2025-09-25 00:37:24.138 139249 DEBUG oslo_messaging._drivers.amqpdriver [-] AMQPListener connection consume poll /usr/lib/python3/dist-packages/oslo_messaging/_drivers/amqpdriver.py:357
2025-09-25 00:37:24.138 137751 DEBUG oslo_service.service [req-7c94f53b-7fe0-47a2-874c-f0543c974dd0 - - - - -] libvirt.connection_uri = log_opt_values /usr/lib/python3/dist-packages/oslo_config/cfg.py:2609
2025-09-25 00:37:24.138 137751 DEBUG oslo_service.service [req-7c94f53b-7fe0-47a2-874c-f0543c974dd0 - - - - -] libvirt.cpu_mode = None log_opt_values /usr/lib/python3/dist-packages/oslo_config/cfg.py:2609
2025-09-25 00:37:24.138 137751 DEBUG oslo_service.service [req-7c94f53b-7fe0-47a2-874c-f0543c974dd0 - - - - -] libvirt.cpu_model_extra_flags = [] log_opt_values /usr/lib/python3/dist-packages/oslo_config/cfg.py:2609
2025-09-25 00:37:24.139 137751 DEBUG oslo_service.service [req-7c94f53b-7fe0-47a2-874c-f0543c974dd0 - - - - -] libvirt.cpu_models = [] log_opt_values /usr/lib/python3/dist-packages/oslo_config/cfg.py:2609
2025-09-25 00:37:24.138 139249 DEBUG nova.service [req-fbf59dbd-2058-44c6-9b23-3ebfa3e8cbe6 - - - - -] Join ServiceGroup membership for this service conductor start /usr/lib/python3/dist-packages/nova/service.py:199
2025-09-25 00:37:24.139 137751 DEBUG oslo_service.service [req-7c94f53b-7fe0-47a2-874c-f0543c974dd0 - - - - -] libvirt.device_detach_attempts = 8 log_opt_values /usr/lib/python3/dist-packages/oslo_config/cfg.py:2609
2025-09-25 00:37:24.139 139249 DEBUG nova.servicegroup.drivers.db [req-fbf59dbd-2058-44c6-9b23-3ebfa3e8cbe6 - - - - -] DB_Driver: join new ServiceGroup member juju-d9221b-0-lxd-7 to the conductor group, service = join /usr/lib/python3/dist-packages/nova/servicegroup/drivers/db.py:44
2025-09-25 00:37:24.139 137751 DEBUG oslo_service.service [req-7c94f53b-7fe0-47a2-874c-f0543c974dd0 - - - - -] libvirt.device_detach_timeout = 20 log_opt_values /usr/lib/python3/dist-packages/oslo_config/cfg.py:2609
2025-09-25 00:37:24.139 137751 DEBUG oslo_service.service [req-7c94f53b-7fe0-47a2-874c-f0543c974dd0 - - - - -] libvirt.disk_cachemodes = [] log_opt_values /usr/lib/python3/dist-packages/oslo_config/cfg.py:2609
2025-09-25 00:37:24.139 137751 DEBUG oslo_service.service [req-7c94f53b-7fe0-47a2-874c-f0543c974dd0 - - - - -] libvirt.disk_prefix = None log_opt_values /usr/lib/python3/dist-packages/oslo_config/cfg.py:2609
2025-09-25 00:37:24.139 137751 DEBUG oslo_service.service [req-7c94f53b-7fe0-47a2-874c-f0543c974dd0 - - - - -] libvirt.enabled_perf_events = [] log_opt_values /usr/lib/python3/dist-packages/oslo_config/cfg.py:2609
2025-09-25 00:37:24.140 137751 DEBUG oslo_service.service [req-7c94f53b-7fe0-47a2-874c-f0543c974dd0 - - - - -] libvirt.file_backed_memory = 0 log_opt_values /usr/lib/python3/dist-packages/oslo_config/cfg.py:2609
2025-09-25 00:37:24.140 137751 DEBUG oslo_service.service [req-7c94f53b-7fe0-47a2-874c-f0543c974dd0 - - - - -] libvirt.gid_maps = [] log_opt_values /usr/lib/python3/dist-packages/oslo_config/cfg.py:2609
2025-09-25 00:37:24.140 137751 DEBUG oslo_service.service [req-7c94f53b-7fe0-47a2-874c-f0543c974dd0 - - - - -] libvirt.hw_disk_discard = None log_opt_values /usr/lib/python3/dist-packages/oslo_config/cfg.py:2609
2025-09-25 00:37:24.140 137751 DEBUG oslo_service.service [req-7c94f53b-7fe0-47a2-874c-f0543c974dd0 - - - - -] libvirt.hw_machine_type = None log_opt_values /usr/lib/python3/dist-packages/oslo_config/cfg.py:2609
2025-09-25 00:37:24.141 137751 DEBUG oslo_service.service [req-7c94f53b-7fe0-47a2-874c-f0543c974dd0 - - - - -] libvirt.images_rbd_ceph_conf = log_opt_values /usr/lib/python3/dist-packages/oslo_config/cfg.py:2609
2025-09-25 00:37:24.141 137751 DEBUG oslo_service.service [req-7c94f53b-7fe0-47a2-874c-f0543c974dd0 - - - - -] libvirt.images_rbd_glance_copy_poll_interval = 15 log_opt_values /usr/lib/python3/dist-packages/oslo_config/cfg.py:2609
2025-09-25 00:37:24.141 137751 DEBUG oslo_service.service [req-7c94f53b-7fe0-47a2-874c-f0543c974dd0 - - - - -] libvirt.images_rbd_glance_copy_timeout = 600 log_opt_values /usr/lib/python3/dist-packages/oslo_config/cfg.py:2609
2025-09-25 00:37:24.141 137751 DEBUG oslo_service.service [req-7c94f53b-7fe0-47a2-874c-f0543c974dd0 - - - - -] libvirt.images_rbd_glance_store_name = log_opt_values /usr/lib/python3/dist-packages/oslo_config/cfg.py:2609
2025-09-25 00:37:24.141 137751 DEBUG oslo_service.service [req-7c94f53b-7fe0-47a2-874c-f0543c974dd0 - - - - -] libvirt.images_rbd_pool = rbd log_opt_values /usr/lib/python3/dist-packages/oslo_config/cfg.py:2609
2025-09-25 00:37:24.142 137751 DEBUG oslo_service.service [req-7c94f53b-7fe0-47a2-874c-f0543c974dd0 - - - - -] libvirt.images_type = default log_opt_values /usr/lib/python3/dist-packages/oslo_config/cfg.py:2609
2025-09-25 00:37:24.142 137751 DEBUG oslo_service.service [req-7c94f53b-7fe0-47a2-874c-f0543c974dd0 - - - - -] libvirt.images_volume_group = None log_opt_values /usr/lib/python3/dist-packages/oslo_config/cfg.py:2609
2025-09-25 00:37:24.142 137751 DEBUG oslo_service.service [req-7c94f53b-7fe0-47a2-874c-f0543c974dd0 - - - - -] libvirt.inject_key = False log_opt_values /usr/lib/python3/dist-packages/oslo_config/cfg.py:2609
2025-09-25 00:37:24.142 137751 DEBUG oslo_service.service [req-7c94f53b-7fe0-47a2-874c-f0543c974dd0 - - - - -] libvirt.inject_partition = -2 log_opt_values /usr/lib/python3/dist-packages/oslo_config/cfg.py:2609
2025-09-25 00:37:24.142 137751 DEBUG oslo_service.service [req-7c94f53b-7fe0-47a2-874c-f0543c974dd0 - - - - -] libvirt.inject_password = False log_opt_values /usr/lib/python3/dist-packages/oslo_config/cfg.py:2609
2025-09-25 00:37:24.143 137751 DEBUG oslo_service.service [req-7c94f53b-7fe0-47a2-874c-f0543c974dd0 - - - - -] libvirt.iscsi_iface = None log_opt_values /usr/lib/python3/dist-packages/oslo_config/cfg.py:2609
2025-09-25 00:37:24.143 137751 DEBUG oslo_service.service [req-7c94f53b-7fe0-47a2-874c-f0543c974dd0 - - - - -] libvirt.iser_use_multipath = False log_opt_values /usr/lib/python3/dist-packages/oslo_config/cfg.py:2609
2025-09-25 00:37:24.143 137751 DEBUG oslo_service.service [req-7c94f53b-7fe0-47a2-874c-f0543c974dd0 - - - - -] libvirt.live_migration_bandwidth = 0 log_opt_values /usr/lib/python3/dist-packages/oslo_config/cfg.py:2609
2025-09-25 00:37:24.143 137751 DEBUG oslo_service.service [req-7c94f53b-7fe0-47a2-874c-f0543c974dd0 - - - - -] libvirt.live_migration_completion_timeout = 800 log_opt_values /usr/lib/python3/dist-packages/oslo_config/cfg.py:2609
2025-09-25 00:37:24.143 137751 DEBUG oslo_service.service [req-7c94f53b-7fe0-47a2-874c-f0543c974dd0 - - - - -] libvirt.live_migration_downtime = 500 log_opt_values /usr/lib/python3/dist-packages/oslo_config/cfg.py:2609
2025-09-25 00:37:24.143 137751 DEBUG oslo_service.service [req-7c94f53b-7fe0-47a2-874c-f0543c974dd0 - - - - -] libvirt.live_migration_downtime_delay = 75 log_opt_values /usr/lib/python3/dist-packages/oslo_config/cfg.py:2609
2025-09-25 00:37:24.144 137751 DEBUG oslo_service.service [req-7c94f53b-7fe0-47a2-874c-f0543c974dd0 - - - - -] libvirt.live_migration_downtime_steps = 10 log_opt_values /usr/lib/python3/dist-packages/oslo_config/cfg.py:2609
2025-09-25 00:37:24.144 137751 DEBUG oslo_service.service [req-7c94f53b-7fe0-47a2-874c-f0543c974dd0 - - - - -] libvirt.live_migration_inbound_addr = None log_opt_values /usr/lib/python3/dist-packages/oslo_config/cfg.py:2609
2025-09-25 00:37:24.144 137751 DEBUG oslo_service.service [req-7c94f53b-7fe0-47a2-874c-f0543c974dd0 - - - - -] libvirt.live_migration_permit_auto_converge = False log_opt_values /usr/lib/python3/dist-packages/oslo_config/cfg.py:2609
2025-09-25 00:37:24.144 137751 DEBUG oslo_service.service [req-7c94f53b-7fe0-47a2-874c-f0543c974dd0 - - - - -] libvirt.live_migration_permit_post_copy = False log_opt_values /usr/lib/python3/dist-packages/oslo_config/cfg.py:2609
2025-09-25 00:37:24.145 137751 DEBUG oslo_service.service [req-7c94f53b-7fe0-47a2-874c-f0543c974dd0 - - - - -] libvirt.live_migration_scheme = None log_opt_values /usr/lib/python3/dist-packages/oslo_config/cfg.py:2609
2025-09-25 00:37:24.145 137751 DEBUG oslo_service.service [req-7c94f53b-7fe0-47a2-874c-f0543c974dd0 - - - - -] libvirt.live_migration_timeout_action = abort log_opt_values /usr/lib/python3/dist-packages/oslo_config/cfg.py:2609
2025-09-25 00:37:24.145 137751 DEBUG oslo_service.service [req-7c94f53b-7fe0-47a2-874c-f0543c974dd0 - - - - -] libvirt.live_migration_tunnelled = False log_opt_values /usr/lib/python3/dist-packages/oslo_config/cfg.py:2609
2025-09-25 00:37:24.145 137751 DEBUG oslo_service.service [req-7c94f53b-7fe0-47a2-874c-f0543c974dd0 - - - - -] libvirt.live_migration_uri = None log_opt_values /usr/lib/python3/dist-packages/oslo_config/cfg.py:2609
2025-09-25 00:37:24.145 137751 DEBUG oslo_service.service [req-7c94f53b-7fe0-47a2-874c-f0543c974dd0 - - - - -] libvirt.live_migration_with_native_tls = False log_opt_values /usr/lib/python3/dist-packages/oslo_config/cfg.py:2609
2025-09-25 00:37:24.145 137751 DEBUG oslo_service.service [req-7c94f53b-7fe0-47a2-874c-f0543c974dd0 - - - - -] libvirt.max_queues = None log_opt_values /usr/lib/python3/dist-packages/oslo_config/cfg.py:2609
2025-09-25 00:37:24.146 137751 DEBUG oslo_service.service [req-7c94f53b-7fe0-47a2-874c-f0543c974dd0 - - - - -] libvirt.mem_stats_period_seconds = 10 log_opt_values /usr/lib/python3/dist-packages/oslo_config/cfg.py:2609
2025-09-25 00:37:24.146 137751 DEBUG oslo_service.service [req-7c94f53b-7fe0-47a2-874c-f0543c974dd0 - - - - -] libvirt.nfs_mount_options = None log_opt_values /usr/lib/python3/dist-packages/oslo_config/cfg.py:2609
2025-09-25 00:37:24.146 137751 DEBUG oslo_service.service [req-7c94f53b-7fe0-47a2-874c-f0543c974dd0 - - - - -] libvirt.nfs_mount_point_base = /var/lib/nova/mnt log_opt_values /usr/lib/python3/dist-packages/oslo_config/cfg.py:2609
2025-09-25 00:37:24.146 137751 DEBUG oslo_service.service [req-7c94f53b-7fe0-47a2-874c-f0543c974dd0 - - - - -] libvirt.num_aoe_discover_tries = 3 log_opt_values /usr/lib/python3/dist-packages/oslo_config/cfg.py:2609
2025-09-25 00:37:24.146 137751 DEBUG oslo_service.service [req-7c94f53b-7fe0-47a2-874c-f0543c974dd0 - - - - -] libvirt.num_iser_scan_tries = 5 log_opt_values /usr/lib/python3/dist-packages/oslo_config/cfg.py:2609
2025-09-25 00:37:24.146 139250 DEBUG oslo_messaging._drivers.amqpdriver [-] Listener is running poll /usr/lib/python3/dist-packages/oslo_messaging/_drivers/amqpdriver.py:343
2025-09-25 00:37:24.147 137751 DEBUG oslo_service.service [req-7c94f53b-7fe0-47a2-874c-f0543c974dd0 - - - - -] libvirt.num_memory_encrypted_guests = None log_opt_values /usr/lib/python3/dist-packages/oslo_config/cfg.py:2609
2025-09-25 00:37:24.147 139250 DEBUG oslo_messaging._drivers.amqpdriver [-] AMQPListener connection consume poll /usr/lib/python3/dist-packages/oslo_messaging/_drivers/amqpdriver.py:357
2025-09-25 00:37:24.147 137751 DEBUG oslo_service.service [req-7c94f53b-7fe0-47a2-874c-f0543c974dd0 - - - - -] libvirt.num_nvme_discover_tries = 5 log_opt_values /usr/lib/python3/dist-packages/oslo_config/cfg.py:2609
2025-09-25 00:37:24.147 137751 DEBUG oslo_service.service [req-7c94f53b-7fe0-47a2-874c-f0543c974dd0 - - - - -] libvirt.num_pcie_ports = 0 log_opt_values /usr/lib/python3/dist-packages/oslo_config/cfg.py:2609
2025-09-25 00:37:24.147 137751 DEBUG oslo_service.service [req-7c94f53b-7fe0-47a2-874c-f0543c974dd0 - - - - -] libvirt.num_volume_scan_tries = 5 log_opt_values /usr/lib/python3/dist-packages/oslo_config/cfg.py:2609
2025-09-25 00:37:24.147 137751 DEBUG oslo_service.service [req-7c94f53b-7fe0-47a2-874c-f0543c974dd0 - - - - -] libvirt.pmem_namespaces = [] log_opt_values /usr/lib/python3/dist-packages/oslo_config/cfg.py:2609
2025-09-25 00:37:24.147 137751 DEBUG oslo_service.service [req-7c94f53b-7fe0-47a2-874c-f0543c974dd0 - - - - -] libvirt.quobyte_client_cfg = None log_opt_values /usr/lib/python3/dist-packages/oslo_config/cfg.py:2609
2025-09-25 00:37:24.147 139250 DEBUG nova.service [req-f338465d-b0e2-4204-971a-a640f90c4fa3 - - - - -] Join ServiceGroup membership for this service conductor start /usr/lib/python3/dist-packages/nova/service.py:199
2025-09-25 00:37:24.148 137751 DEBUG oslo_service.service [req-7c94f53b-7fe0-47a2-874c-f0543c974dd0 - - - - -] libvirt.quobyte_mount_point_base = /var/lib/nova/mnt log_opt_values /usr/lib/python3/dist-packages/oslo_config/cfg.py:2609
2025-09-25 00:37:24.148 137751 DEBUG oslo_service.service [req-7c94f53b-7fe0-47a2-874c-f0543c974dd0 - - - - -] libvirt.rbd_connect_timeout = 5 log_opt_values /usr/lib/python3/dist-packages/oslo_config/cfg.py:2609
2025-09-25 00:37:24.148 139250 DEBUG nova.servicegroup.drivers.db [req-f338465d-b0e2-4204-971a-a640f90c4fa3 - - - - -] DB_Driver: join new ServiceGroup member juju-d9221b-0-lxd-7 to the conductor group, service = join /usr/lib/python3/dist-packages/nova/servicegroup/drivers/db.py:44
2025-09-25 00:37:24.148 137751 DEBUG oslo_service.service [req-7c94f53b-7fe0-47a2-874c-f0543c974dd0 - - - - -] libvirt.rbd_destroy_volume_retries = 12 log_opt_values /usr/lib/python3/dist-packages/oslo_config/cfg.py:2609
2025-09-25 00:37:24.148 137751 DEBUG oslo_service.service [req-7c94f53b-7fe0-47a2-874c-f0543c974dd0 - - - - -] libvirt.rbd_destroy_volume_retry_interval = 5 log_opt_values /usr/lib/python3/dist-packages/oslo_config/cfg.py:2609
2025-09-25 00:37:24.148 137751 DEBUG oslo_service.service [req-7c94f53b-7fe0-47a2-874c-f0543c974dd0 - - - - -] libvirt.rbd_secret_uuid = None log_opt_values /usr/lib/python3/dist-packages/oslo_config/cfg.py:2609
2025-09-25 00:37:24.148 137751 DEBUG oslo_service.service [req-7c94f53b-7fe0-47a2-874c-f0543c974dd0 - - - - -] libvirt.rbd_user = None log_opt_values /usr/lib/python3/dist-packages/oslo_config/cfg.py:2609
2025-09-25 00:37:24.149 137751 DEBUG oslo_service.service [req-7c94f53b-7fe0-47a2-874c-f0543c974dd0 - - - - -] libvirt.realtime_scheduler_priority = 1 log_opt_values /usr/lib/python3/dist-packages/oslo_config/cfg.py:2609
2025-09-25 00:37:24.149 137751 DEBUG oslo_service.service [req-7c94f53b-7fe0-47a2-874c-f0543c974dd0 - - - - -] libvirt.remote_filesystem_transport = ssh log_opt_values /usr/lib/python3/dist-packages/oslo_config/cfg.py:2609
2025-09-25 00:37:24.149 137751 DEBUG oslo_service.service [req-7c94f53b-7fe0-47a2-874c-f0543c974dd0 - - - - -] libvirt.rescue_image_id = None log_opt_values /usr/lib/python3/dist-packages/oslo_config/cfg.py:2609
2025-09-25 00:37:24.149 137751 DEBUG oslo_service.service [req-7c94f53b-7fe0-47a2-874c-f0543c974dd0 - - - - -] libvirt.rescue_kernel_id = None log_opt_values /usr/lib/python3/dist-packages/oslo_config/cfg.py:2609
2025-09-25 00:37:24.149 137751 DEBUG oslo_service.service [req-7c94f53b-7fe0-47a2-874c-f0543c974dd0 - - - - -] libvirt.rescue_ramdisk_id = None log_opt_values /usr/lib/python3/dist-packages/oslo_config/cfg.py:2609
2025-09-25 00:37:24.149 137751 DEBUG oslo_service.service [req-7c94f53b-7fe0-47a2-874c-f0543c974dd0 - - - - -] libvirt.rng_dev_path = /dev/urandom log_opt_values /usr/lib/python3/dist-packages/oslo_config/cfg.py:2609
2025-09-25 00:37:24.149 137751 DEBUG oslo_service.service [req-7c94f53b-7fe0-47a2-874c-f0543c974dd0 - - - - -] libvirt.rx_queue_size = None log_opt_values /usr/lib/python3/dist-packages/oslo_config/cfg.py:2609
2025-09-25 00:37:24.150 137751 DEBUG oslo_service.service [req-7c94f53b-7fe0-47a2-874c-f0543c974dd0 - - - - -] libvirt.smbfs_mount_options = log_opt_values /usr/lib/python3/dist-packages/oslo_config/cfg.py:2609
2025-09-25 00:37:24.150 137751 DEBUG oslo_service.service [req-7c94f53b-7fe0-47a2-874c-f0543c974dd0 - - - - -] libvirt.smbfs_mount_point_base = /var/lib/nova/mnt log_opt_values /usr/lib/python3/dist-packages/oslo_config/cfg.py:2609
2025-09-25 00:37:24.150 137751 DEBUG oslo_service.service [req-7c94f53b-7fe0-47a2-874c-f0543c974dd0 - - - - -] libvirt.snapshot_compression = False log_opt_values /usr/lib/python3/dist-packages/oslo_config/cfg.py:2609
2025-09-25 00:37:24.150 137751 DEBUG oslo_service.service [req-7c94f53b-7fe0-47a2-874c-f0543c974dd0 - - - - -] libvirt.snapshot_image_format = None log_opt_values /usr/lib/python3/dist-packages/oslo_config/cfg.py:2609
2025-09-25 00:37:24.150 137751 DEBUG oslo_service.service [req-7c94f53b-7fe0-47a2-874c-f0543c974dd0 - - - - -] libvirt.snapshots_directory = /var/lib/nova/instances/snapshots log_opt_values /usr/lib/python3/dist-packages/oslo_config/cfg.py:2609
2025-09-25 00:37:24.151 137751 DEBUG oslo_service.service [req-7c94f53b-7fe0-47a2-874c-f0543c974dd0 - - - - -] libvirt.sparse_logical_volumes = False log_opt_values /usr/lib/python3/dist-packages/oslo_config/cfg.py:2609
2025-09-25 00:37:24.151 139250 DEBUG oslo_messaging._drivers.amqpdriver [-] AMQPListener connection timeout poll /usr/lib/python3/dist-packages/oslo_messaging/_drivers/amqpdriver.py:360
2025-09-25 00:37:24.151 137751 DEBUG oslo_service.service [req-7c94f53b-7fe0-47a2-874c-f0543c974dd0 - - - - -] libvirt.swtpm_enabled = False log_opt_values /usr/lib/python3/dist-packages/oslo_config/cfg.py:2609
2025-09-25 00:37:24.151 139250 DEBUG oslo_messaging._drivers.amqpdriver [-] Listener is running poll /usr/lib/python3/dist-packages/oslo_messaging/_drivers/amqpdriver.py:343
2025-09-25 00:37:24.151 137751 DEBUG oslo_service.service [req-7c94f53b-7fe0-47a2-874c-f0543c974dd0 - - - - -] libvirt.swtpm_group = tss log_opt_values /usr/lib/python3/dist-packages/oslo_config/cfg.py:2609
2025-09-25 00:37:24.151 139250 DEBUG oslo_messaging._drivers.amqpdriver [-] AMQPListener connection consume poll /usr/lib/python3/dist-packages/oslo_messaging/_drivers/amqpdriver.py:357
2025-09-25 00:37:24.151 139249 DEBUG oslo_messaging._drivers.amqpdriver [-] AMQPListener connection timeout poll /usr/lib/python3/dist-packages/oslo_messaging/_drivers/amqpdriver.py:360
2025-09-25 00:37:24.151 137751 DEBUG oslo_service.service [req-7c94f53b-7fe0-47a2-874c-f0543c974dd0 - - - - -] libvirt.swtpm_user = tss log_opt_values /usr/lib/python3/dist-packages/oslo_config/cfg.py:2609
2025-09-25 00:37:24.151 139249 DEBUG oslo_messaging._drivers.amqpdriver [-] Listener is running poll /usr/lib/python3/dist-packages/oslo_messaging/_drivers/amqpdriver.py:343
2025-09-25 00:37:24.151 139249 DEBUG oslo_messaging._drivers.amqpdriver [-] AMQPListener connection consume poll /usr/lib/python3/dist-packages/oslo_messaging/_drivers/amqpdriver.py:357
2025-09-25 00:37:24.151 137751 DEBUG oslo_service.service [req-7c94f53b-7fe0-47a2-874c-f0543c974dd0 - - - - -] libvirt.sysinfo_serial = unique log_opt_values /usr/lib/python3/dist-packages/oslo_config/cfg.py:2609
2025-09-25 00:37:24.151 137751 DEBUG oslo_service.service [req-7c94f53b-7fe0-47a2-874c-f0543c974dd0 - - - - -] libvirt.tx_queue_size = None log_opt_values /usr/lib/python3/dist-packages/oslo_config/cfg.py:2609
2025-09-25 00:37:24.152 137751 DEBUG oslo_service.service [req-7c94f53b-7fe0-47a2-874c-f0543c974dd0 - - - - -] libvirt.uid_maps = [] log_opt_values /usr/lib/python3/dist-packages/oslo_config/cfg.py:2609
2025-09-25 00:37:24.152 137751 DEBUG oslo_service.service [req-7c94f53b-7fe0-47a2-874c-f0543c974dd0 - - - - -] libvirt.use_virtio_for_bridges = True log_opt_values /usr/lib/python3/dist-packages/oslo_config/cfg.py:2609
2025-09-25 00:37:24.152 137751 DEBUG oslo_service.service [req-7c94f53b-7fe0-47a2-874c-f0543c974dd0 - - - - -] libvirt.virt_type = kvm log_opt_values /usr/lib/python3/dist-packages/oslo_config/cfg.py:2609
2025-09-25 00:37:24.152 137751 DEBUG oslo_service.service [req-7c94f53b-7fe0-47a2-874c-f0543c974dd0 - - - - -] libvirt.volume_clear = zero log_opt_values /usr/lib/python3/dist-packages/oslo_config/cfg.py:2609
2025-09-25 00:37:24.152 137751 DEBUG oslo_service.service [req-7c94f53b-7fe0-47a2-874c-f0543c974dd0 - - - - -] libvirt.volume_clear_size = 0 log_opt_values /usr/lib/python3/dist-packages/oslo_config/cfg.py:2609
2025-09-25 00:37:24.153 137751 DEBUG oslo_service.service [req-7c94f53b-7fe0-47a2-874c-f0543c974dd0 - - - - -] libvirt.volume_use_multipath = False log_opt_values /usr/lib/python3/dist-packages/oslo_config/cfg.py:2609
2025-09-25 00:37:24.153 137751 DEBUG oslo_service.service [req-7c94f53b-7fe0-47a2-874c-f0543c974dd0 - - - - -] libvirt.vzstorage_cache_path = None log_opt_values /usr/lib/python3/dist-packages/oslo_config/cfg.py:2609
2025-09-25 00:37:24.153 137751 DEBUG oslo_service.service [req-7c94f53b-7fe0-47a2-874c-f0543c974dd0 - - - - -] libvirt.vzstorage_log_path = /var/log/vstorage/%(cluster_name)s/nova.log.gz log_opt_values /usr/lib/python3/dist-packages/oslo_config/cfg.py:2609
2025-09-25 00:37:24.153 137751 DEBUG oslo_service.service [req-7c94f53b-7fe0-47a2-874c-f0543c974dd0 - - - - -] libvirt.vzstorage_mount_group = qemu log_opt_values /usr/lib/python3/dist-packages/oslo_config/cfg.py:2609
2025-09-25 00:37:24.153 137751 DEBUG oslo_service.service [req-7c94f53b-7fe0-47a2-874c-f0543c974dd0 - - - - -] libvirt.vzstorage_mount_opts = [] log_opt_values /usr/lib/python3/dist-packages/oslo_config/cfg.py:2609
2025-09-25 00:37:24.153 137751 DEBUG oslo_service.service [req-7c94f53b-7fe0-47a2-874c-f0543c974dd0 - - - - -] libvirt.vzstorage_mount_perms = 0770 log_opt_values /usr/lib/python3/dist-packages/oslo_config/cfg.py:2609
2025-09-25 00:37:24.154 137751 DEBUG oslo_service.service [req-7c94f53b-7fe0-47a2-874c-f0543c974dd0 - - - - -] libvirt.vzstorage_mount_point_base = /var/lib/nova/mnt log_opt_values /usr/lib/python3/dist-packages/oslo_config/cfg.py:2609
2025-09-25 00:37:24.154 137751 DEBUG oslo_service.service [req-7c94f53b-7fe0-47a2-874c-f0543c974dd0 - - - - -] libvirt.vzstorage_mount_user = stack log_opt_values /usr/lib/python3/dist-packages/oslo_config/cfg.py:2609
2025-09-25 00:37:24.154 137751 DEBUG oslo_service.service [req-7c94f53b-7fe0-47a2-874c-f0543c974dd0 - - - - -] libvirt.wait_soft_reboot_seconds = 120 log_opt_values /usr/lib/python3/dist-packages/oslo_config/cfg.py:2609
2025-09-25 00:37:24.154 137751 DEBUG oslo_service.service [req-7c94f53b-7fe0-47a2-874c-f0543c974dd0 - - - - -] neutron.auth_section = None log_opt_values /usr/lib/python3/dist-packages/oslo_config/cfg.py:2609
2025-09-25 00:37:24.154 137751 DEBUG oslo_service.service [req-7c94f53b-7fe0-47a2-874c-f0543c974dd0 - - - - -] neutron.auth_type = password log_opt_values /usr/lib/python3/dist-packages/oslo_config/cfg.py:2609
2025-09-25 00:37:24.154 137751 DEBUG oslo_service.service [req-7c94f53b-7fe0-47a2-874c-f0543c974dd0 - - - - -] neutron.cafile = None log_opt_values /usr/lib/python3/dist-packages/oslo_config/cfg.py:2609
2025-09-25 00:37:24.155 137751 DEBUG oslo_service.service [req-7c94f53b-7fe0-47a2-874c-f0543c974dd0 - - - - -] neutron.certfile = None log_opt_values /usr/lib/python3/dist-packages/oslo_config/cfg.py:2609
2025-09-25 00:37:24.155 137751 DEBUG oslo_service.service [req-7c94f53b-7fe0-47a2-874c-f0543c974dd0 - - - - -] neutron.collect_timing = False log_opt_values /usr/lib/python3/dist-packages/oslo_config/cfg.py:2609
2025-09-25 00:37:24.155 137751 DEBUG oslo_service.service [req-7c94f53b-7fe0-47a2-874c-f0543c974dd0 - - - - -] neutron.connect_retries = None log_opt_values /usr/lib/python3/dist-packages/oslo_config/cfg.py:2609
2025-09-25 00:37:24.155 137751 DEBUG oslo_service.service [req-7c94f53b-7fe0-47a2-874c-f0543c974dd0 - - - - -] neutron.connect_retry_delay = None log_opt_values /usr/lib/python3/dist-packages/oslo_config/cfg.py:2609
2025-09-25 00:37:24.155 137751 DEBUG oslo_service.service [req-7c94f53b-7fe0-47a2-874c-f0543c974dd0 - - - - -] neutron.default_floating_pool = nova log_opt_values /usr/lib/python3/dist-packages/oslo_config/cfg.py:2609
2025-09-25 00:37:24.155 137751 DEBUG oslo_service.service [req-7c94f53b-7fe0-47a2-874c-f0543c974dd0 - - - - -] neutron.endpoint_override = None log_opt_values /usr/lib/python3/dist-packages/oslo_config/cfg.py:2609
2025-09-25 00:37:24.156 137751 DEBUG oslo_service.service [req-7c94f53b-7fe0-47a2-874c-f0543c974dd0 - - - - -] neutron.extension_sync_interval = 600 log_opt_values /usr/lib/python3/dist-packages/oslo_config/cfg.py:2609
2025-09-25 00:37:24.156 137751 DEBUG oslo_service.service [req-7c94f53b-7fe0-47a2-874c-f0543c974dd0 - - - - -] neutron.http_retries = 3 log_opt_values /usr/lib/python3/dist-packages/oslo_config/cfg.py:2609
2025-09-25 00:37:24.156 137751 DEBUG oslo_service.service [req-7c94f53b-7fe0-47a2-874c-f0543c974dd0 - - - - -] neutron.insecure = False log_opt_values /usr/lib/python3/dist-packages/oslo_config/cfg.py:2609
2025-09-25 00:37:24.156 137751 DEBUG oslo_service.service [req-7c94f53b-7fe0-47a2-874c-f0543c974dd0 - - - - -] neutron.keyfile = None log_opt_values /usr/lib/python3/dist-packages/oslo_config/cfg.py:2609
2025-09-25 00:37:24.156 137751 DEBUG oslo_service.service [req-7c94f53b-7fe0-47a2-874c-f0543c974dd0 - - - - -] neutron.max_version = None log_opt_values /usr/lib/python3/dist-packages/oslo_config/cfg.py:2609
2025-09-25 00:37:24.156 137751 DEBUG oslo_service.service [req-7c94f53b-7fe0-47a2-874c-f0543c974dd0 - - - - -] neutron.metadata_proxy_shared_secret = **** log_opt_values /usr/lib/python3/dist-packages/oslo_config/cfg.py:2609
2025-09-25 00:37:24.157 137751 DEBUG oslo_service.service [req-7c94f53b-7fe0-47a2-874c-f0543c974dd0 - - - - -] neutron.min_version = None log_opt_values /usr/lib/python3/dist-packages/oslo_config/cfg.py:2609
2025-09-25 00:37:24.157 137751 DEBUG oslo_service.service [req-7c94f53b-7fe0-47a2-874c-f0543c974dd0 - - - - -] neutron.ovs_bridge = br-int log_opt_values /usr/lib/python3/dist-packages/oslo_config/cfg.py:2609
2025-09-25 00:37:24.157 137751 DEBUG oslo_service.service [req-7c94f53b-7fe0-47a2-874c-f0543c974dd0 - - - - -] neutron.physnets = [] log_opt_values /usr/lib/python3/dist-packages/oslo_config/cfg.py:2609
2025-09-25 00:37:24.157 137751 DEBUG oslo_service.service [req-7c94f53b-7fe0-47a2-874c-f0543c974dd0 - - - - -] neutron.region_name = RegionOne log_opt_values /usr/lib/python3/dist-packages/oslo_config/cfg.py:2609
2025-09-25 00:37:24.157 137751 DEBUG oslo_service.service [req-7c94f53b-7fe0-47a2-874c-f0543c974dd0 - - - - -] neutron.service_metadata_proxy = True log_opt_values /usr/lib/python3/dist-packages/oslo_config/cfg.py:2609
2025-09-25 00:37:24.157 137751 DEBUG oslo_service.service [req-7c94f53b-7fe0-47a2-874c-f0543c974dd0 - - - - -] neutron.service_name = None log_opt_values /usr/lib/python3/dist-packages/oslo_config/cfg.py:2609
2025-09-25 00:37:24.158 137751 DEBUG oslo_service.service [req-7c94f53b-7fe0-47a2-874c-f0543c974dd0 - - - - -] neutron.service_type = network log_opt_values /usr/lib/python3/dist-packages/oslo_config/cfg.py:2609
2025-09-25 00:37:24.158 137751 DEBUG oslo_service.service [req-7c94f53b-7fe0-47a2-874c-f0543c974dd0 - - - - -] neutron.split_loggers = False log_opt_values /usr/lib/python3/dist-packages/oslo_config/cfg.py:2609
2025-09-25 00:37:24.158 137751 DEBUG oslo_service.service [req-7c94f53b-7fe0-47a2-874c-f0543c974dd0 - - - - -] neutron.status_code_retries = None log_opt_values /usr/lib/python3/dist-packages/oslo_config/cfg.py:2609
2025-09-25 00:37:24.158 137751 DEBUG oslo_service.service [req-7c94f53b-7fe0-47a2-874c-f0543c974dd0 - - - - -] neutron.status_code_retry_delay = None log_opt_values /usr/lib/python3/dist-packages/oslo_config/cfg.py:2609
2025-09-25 00:37:24.158 137751 DEBUG oslo_service.service [req-7c94f53b-7fe0-47a2-874c-f0543c974dd0 - - - - -] neutron.timeout = None log_opt_values /usr/lib/python3/dist-packages/oslo_config/cfg.py:2609
2025-09-25 00:37:24.158 137751 DEBUG oslo_service.service [req-7c94f53b-7fe0-47a2-874c-f0543c974dd0 - - - - -] neutron.valid_interfaces = ['internal', 'public'] log_opt_values /usr/lib/python3/dist-packages/oslo_config/cfg.py:2609
2025-09-25 00:37:24.159 137751 DEBUG oslo_service.service [req-7c94f53b-7fe0-47a2-874c-f0543c974dd0 - - - - -] neutron.version = None log_opt_values /usr/lib/python3/dist-packages/oslo_config/cfg.py:2609
2025-09-25 00:37:24.159 137751 DEBUG oslo_service.service [req-7c94f53b-7fe0-47a2-874c-f0543c974dd0 - - - - -] notifications.bdms_in_notifications = False log_opt_values /usr/lib/python3/dist-packages/oslo_config/cfg.py:2609
