2025-09-25 00:38:02.259 153380 DEBUG oslo_service.service [req-3e5c234c-7a28-4a2a-b5bf-d77ab7e29542 - - - - -] rate_limit_except_level = CRITICAL log_opt_values /usr/lib/python3/dist-packages/oslo_config/cfg.py:2602
2025-09-25 00:38:02.259 153380 DEBUG oslo_service.service [req-3e5c234c-7a28-4a2a-b5bf-d77ab7e29542 - - - - -] rate_limit_interval = 0 log_opt_values /usr/lib/python3/dist-packages/oslo_config/cfg.py:2602
2025-09-25 00:38:02.259 153380 DEBUG oslo_service.service [req-3e5c234c-7a28-4a2a-b5bf-d77ab7e29542 - - - - -] reboot_timeout = 0 log_opt_values /usr/lib/python3/dist-packages/oslo_config/cfg.py:2602
2025-09-25 00:38:02.260 153380 DEBUG oslo_service.service [req-3e5c234c-7a28-4a2a-b5bf-d77ab7e29542 - - - - -] reclaim_instance_interval = 0 log_opt_values /usr/lib/python3/dist-packages/oslo_config/cfg.py:2602
2025-09-25 00:38:02.260 153380 DEBUG oslo_service.service [req-3e5c234c-7a28-4a2a-b5bf-d77ab7e29542 - - - - -] record = None log_opt_values /usr/lib/python3/dist-packages/oslo_config/cfg.py:2602
2025-09-25 00:38:02.260 153380 DEBUG oslo_service.service [req-3e5c234c-7a28-4a2a-b5bf-d77ab7e29542 - - - - -] report_interval = 10 log_opt_values /usr/lib/python3/dist-packages/oslo_config/cfg.py:2602
2025-09-25 00:38:02.260 153380 DEBUG oslo_service.service [req-3e5c234c-7a28-4a2a-b5bf-d77ab7e29542 - - - - -] rescue_timeout = 0 log_opt_values /usr/lib/python3/dist-packages/oslo_config/cfg.py:2602
2025-09-25 00:38:02.260 153380 DEBUG oslo_service.service [req-3e5c234c-7a28-4a2a-b5bf-d77ab7e29542 - - - - -] reserved_host_cpus = 0 log_opt_values /usr/lib/python3/dist-packages/oslo_config/cfg.py:2602
2025-09-25 00:38:02.260 153697 DEBUG oslo_db.sqlalchemy.engines [req-13b58313-165c-4183-8e83-b4afe2b3093c - - - - -] MySQL server mode set to STRICT_TRANS_TABLES,STRICT_ALL_TABLES,NO_ZERO_IN_DATE,NO_ZERO_DATE,ERROR_FOR_DIVISION_BY_ZERO,TRADITIONAL,NO_ENGINE_SUBSTITUTION _check_effective_sql_mode /usr/lib/python3/dist-packages/oslo_db/sqlalchemy/engines.py:314
2025-09-25 00:38:02.260 153380 DEBUG oslo_service.service [req-3e5c234c-7a28-4a2a-b5bf-d77ab7e29542 - - - - -] reserved_host_disk_mb = 0 log_opt_values /usr/lib/python3/dist-packages/oslo_config/cfg.py:2602
2025-09-25 00:38:02.260 153380 DEBUG oslo_service.service [req-3e5c234c-7a28-4a2a-b5bf-d77ab7e29542 - - - - -] reserved_host_memory_mb = 512 log_opt_values /usr/lib/python3/dist-packages/oslo_config/cfg.py:2602
2025-09-25 00:38:02.261 153380 DEBUG oslo_service.service [req-3e5c234c-7a28-4a2a-b5bf-d77ab7e29542 - - - - -] reserved_huge_pages = None log_opt_values /usr/lib/python3/dist-packages/oslo_config/cfg.py:2602
2025-09-25 00:38:02.261 153380 DEBUG oslo_service.service [req-3e5c234c-7a28-4a2a-b5bf-d77ab7e29542 - - - - -] resize_confirm_window = 0 log_opt_values /usr/lib/python3/dist-packages/oslo_config/cfg.py:2602
2025-09-25 00:38:02.261 153380 DEBUG oslo_service.service [req-3e5c234c-7a28-4a2a-b5bf-d77ab7e29542 - - - - -] resize_fs_using_block_device = False log_opt_values /usr/lib/python3/dist-packages/oslo_config/cfg.py:2602
2025-09-25 00:38:02.261 153380 DEBUG oslo_service.service [req-3e5c234c-7a28-4a2a-b5bf-d77ab7e29542 - - - - -] resume_guests_state_on_host_boot = False log_opt_values /usr/lib/python3/dist-packages/oslo_config/cfg.py:2602
2025-09-25 00:38:02.261 153380 DEBUG oslo_service.service [req-3e5c234c-7a28-4a2a-b5bf-d77ab7e29542 - - - - -] rootwrap_config = /etc/nova/rootwrap.conf log_opt_values /usr/lib/python3/dist-packages/oslo_config/cfg.py:2602
2025-09-25 00:38:02.262 153380 DEBUG oslo_service.service [req-3e5c234c-7a28-4a2a-b5bf-d77ab7e29542 - - - - -] rpc_response_timeout = 60 log_opt_values /usr/lib/python3/dist-packages/oslo_config/cfg.py:2602
2025-09-25 00:38:02.262 153380 DEBUG oslo_service.service [req-3e5c234c-7a28-4a2a-b5bf-d77ab7e29542 - - - - -] run_external_periodic_tasks = True log_opt_values /usr/lib/python3/dist-packages/oslo_config/cfg.py:2602
2025-09-25 00:38:02.262 153380 DEBUG oslo_service.service [req-3e5c234c-7a28-4a2a-b5bf-d77ab7e29542 - - - - -] running_deleted_instance_action = reap log_opt_values /usr/lib/python3/dist-packages/oslo_config/cfg.py:2602
2025-09-25 00:38:02.262 153380 DEBUG oslo_service.service [req-3e5c234c-7a28-4a2a-b5bf-d77ab7e29542 - - - - -] running_deleted_instance_poll_interval = 1800 log_opt_values /usr/lib/python3/dist-packages/oslo_config/cfg.py:2602
2025-09-25 00:38:02.262 153380 DEBUG oslo_service.service [req-3e5c234c-7a28-4a2a-b5bf-d77ab7e29542 - - - - -] running_deleted_instance_timeout = 0 log_opt_values /usr/lib/python3/dist-packages/oslo_config/cfg.py:2602
2025-09-25 00:38:02.262 153380 DEBUG oslo_service.service [req-3e5c234c-7a28-4a2a-b5bf-d77ab7e29542 - - - - -] scheduler_instance_sync_interval = 120 log_opt_values /usr/lib/python3/dist-packages/oslo_config/cfg.py:2602
2025-09-25 00:38:02.262 153380 DEBUG oslo_service.service [req-3e5c234c-7a28-4a2a-b5bf-d77ab7e29542 - - - - -] service_down_time = 60 log_opt_values /usr/lib/python3/dist-packages/oslo_config/cfg.py:2602
2025-09-25 00:38:02.263 153380 DEBUG oslo_service.service [req-3e5c234c-7a28-4a2a-b5bf-d77ab7e29542 - - - - -] servicegroup_driver = db log_opt_values /usr/lib/python3/dist-packages/oslo_config/cfg.py:2602
2025-09-25 00:38:02.263 153380 DEBUG oslo_service.service [req-3e5c234c-7a28-4a2a-b5bf-d77ab7e29542 - - - - -] shelved_offload_time = 0 log_opt_values /usr/lib/python3/dist-packages/oslo_config/cfg.py:2602
2025-09-25 00:38:02.263 153695 DEBUG nova.service [req-0cea2bf4-fdcf-4a9d-a044-48012ddd84d3 - - - - -] Creating RPC server for service conductor start /usr/lib/python3/dist-packages/nova/service.py:182
2025-09-25 00:38:02.263 153380 DEBUG oslo_service.service [req-3e5c234c-7a28-4a2a-b5bf-d77ab7e29542 - - - - -] shelved_poll_interval = 3600 log_opt_values /usr/lib/python3/dist-packages/oslo_config/cfg.py:2602
2025-09-25 00:38:02.263 153380 DEBUG oslo_service.service [req-3e5c234c-7a28-4a2a-b5bf-d77ab7e29542 - - - - -] shutdown_timeout = 60 log_opt_values /usr/lib/python3/dist-packages/oslo_config/cfg.py:2602
2025-09-25 00:38:02.263 153380 DEBUG oslo_service.service [req-3e5c234c-7a28-4a2a-b5bf-d77ab7e29542 - - - - -] source_is_ipv6 = False log_opt_values /usr/lib/python3/dist-packages/oslo_config/cfg.py:2602
2025-09-25 00:38:02.263 153380 DEBUG oslo_service.service [req-3e5c234c-7a28-4a2a-b5bf-d77ab7e29542 - - - - -] ssl_only = False log_opt_values /usr/lib/python3/dist-packages/oslo_config/cfg.py:2602
2025-09-25 00:38:02.264 153380 DEBUG oslo_service.service [req-3e5c234c-7a28-4a2a-b5bf-d77ab7e29542 - - - - -] state_path = /var/lib/nova log_opt_values /usr/lib/python3/dist-packages/oslo_config/cfg.py:2602
2025-09-25 00:38:02.264 153380 DEBUG oslo_service.service [req-3e5c234c-7a28-4a2a-b5bf-d77ab7e29542 - - - - -] sync_power_state_interval = 600 log_opt_values /usr/lib/python3/dist-packages/oslo_config/cfg.py:2602
2025-09-25 00:38:02.264 153380 DEBUG oslo_service.service [req-3e5c234c-7a28-4a2a-b5bf-d77ab7e29542 - - - - -] sync_power_state_pool_size = 1000 log_opt_values /usr/lib/python3/dist-packages/oslo_config/cfg.py:2602
2025-09-25 00:38:02.264 153380 DEBUG oslo_service.service [req-3e5c234c-7a28-4a2a-b5bf-d77ab7e29542 - - - - -] syslog_log_facility = LOG_USER log_opt_values /usr/lib/python3/dist-packages/oslo_config/cfg.py:2602
2025-09-25 00:38:02.264 153380 DEBUG oslo_service.service [req-3e5c234c-7a28-4a2a-b5bf-d77ab7e29542 - - - - -] tempdir = None log_opt_values /usr/lib/python3/dist-packages/oslo_config/cfg.py:2602
2025-09-25 00:38:02.264 153380 DEBUG oslo_service.service [req-3e5c234c-7a28-4a2a-b5bf-d77ab7e29542 - - - - -] timeout_nbd = 10 log_opt_values /usr/lib/python3/dist-packages/oslo_config/cfg.py:2602
2025-09-25 00:38:02.265 153380 DEBUG oslo_service.service [req-3e5c234c-7a28-4a2a-b5bf-d77ab7e29542 - - - - -] transport_url = **** log_opt_values /usr/lib/python3/dist-packages/oslo_config/cfg.py:2602
2025-09-25 00:38:02.265 153380 DEBUG oslo_service.service [req-3e5c234c-7a28-4a2a-b5bf-d77ab7e29542 - - - - -] update_resources_interval = 0 log_opt_values /usr/lib/python3/dist-packages/oslo_config/cfg.py:2602
2025-09-25 00:38:02.265 153380 DEBUG oslo_service.service [req-3e5c234c-7a28-4a2a-b5bf-d77ab7e29542 - - - - -] use_cow_images = True log_opt_values /usr/lib/python3/dist-packages/oslo_config/cfg.py:2602
2025-09-25 00:38:02.265 153380 DEBUG oslo_service.service [req-3e5c234c-7a28-4a2a-b5bf-d77ab7e29542 - - - - -] use_eventlog = False log_opt_values /usr/lib/python3/dist-packages/oslo_config/cfg.py:2602
2025-09-25 00:38:02.266 153380 DEBUG oslo_service.service [req-3e5c234c-7a28-4a2a-b5bf-d77ab7e29542 - - - - -] use_journal = False log_opt_values /usr/lib/python3/dist-packages/oslo_config/cfg.py:2602
2025-09-25 00:38:02.266 153380 DEBUG oslo_service.service [req-3e5c234c-7a28-4a2a-b5bf-d77ab7e29542 - - - - -] use_json = False log_opt_values /usr/lib/python3/dist-packages/oslo_config/cfg.py:2602
2025-09-25 00:38:02.266 153380 DEBUG oslo_service.service [req-3e5c234c-7a28-4a2a-b5bf-d77ab7e29542 - - - - -] use_rootwrap_daemon = False log_opt_values /usr/lib/python3/dist-packages/oslo_config/cfg.py:2602
2025-09-25 00:38:02.267 153380 DEBUG oslo_service.service [req-3e5c234c-7a28-4a2a-b5bf-d77ab7e29542 - - - - -] use_stderr = False log_opt_values /usr/lib/python3/dist-packages/oslo_config/cfg.py:2602
2025-09-25 00:38:02.267 153380 DEBUG oslo_service.service [req-3e5c234c-7a28-4a2a-b5bf-d77ab7e29542 - - - - -] use_syslog = False log_opt_values /usr/lib/python3/dist-packages/oslo_config/cfg.py:2602
2025-09-25 00:38:02.268 153380 DEBUG oslo_service.service [req-3e5c234c-7a28-4a2a-b5bf-d77ab7e29542 - - - - -] vcpu_pin_set = None log_opt_values /usr/lib/python3/dist-packages/oslo_config/cfg.py:2602
2025-09-25 00:38:02.268 153380 DEBUG oslo_service.service [req-3e5c234c-7a28-4a2a-b5bf-d77ab7e29542 - - - - -] vif_plugging_is_fatal = True log_opt_values /usr/lib/python3/dist-packages/oslo_config/cfg.py:2602
2025-09-25 00:38:02.269 153380 DEBUG oslo_service.service [req-3e5c234c-7a28-4a2a-b5bf-d77ab7e29542 - - - - -] vif_plugging_timeout = 300 log_opt_values /usr/lib/python3/dist-packages/oslo_config/cfg.py:2602
2025-09-25 00:38:02.270 153380 DEBUG oslo_service.service [req-3e5c234c-7a28-4a2a-b5bf-d77ab7e29542 - - - - -] virt_mkfs = [] log_opt_values /usr/lib/python3/dist-packages/oslo_config/cfg.py:2602
2025-09-25 00:38:02.270 153380 DEBUG oslo_service.service [req-3e5c234c-7a28-4a2a-b5bf-d77ab7e29542 - - - - -] volume_usage_poll_interval = 0 log_opt_values /usr/lib/python3/dist-packages/oslo_config/cfg.py:2602
2025-09-25 00:38:02.270 153380 DEBUG oslo_service.service [req-3e5c234c-7a28-4a2a-b5bf-d77ab7e29542 - - - - -] watch_log_file = False log_opt_values /usr/lib/python3/dist-packages/oslo_config/cfg.py:2602
2025-09-25 00:38:02.270 153380 DEBUG oslo_service.service [req-3e5c234c-7a28-4a2a-b5bf-d77ab7e29542 - - - - -] web = /usr/share/spice-html5 log_opt_values /usr/lib/python3/dist-packages/oslo_config/cfg.py:2602
2025-09-25 00:38:02.271 153380 DEBUG oslo_service.service [req-3e5c234c-7a28-4a2a-b5bf-d77ab7e29542 - - - - -] oslo_concurrency.disable_process_locking = False log_opt_values /usr/lib/python3/dist-packages/oslo_config/cfg.py:2609
2025-09-25 00:38:02.271 153380 DEBUG oslo_service.service [req-3e5c234c-7a28-4a2a-b5bf-d77ab7e29542 - - - - -] oslo_concurrency.lock_path = /var/lock/nova log_opt_values /usr/lib/python3/dist-packages/oslo_config/cfg.py:2609
2025-09-25 00:38:02.271 153380 DEBUG oslo_service.service [req-3e5c234c-7a28-4a2a-b5bf-d77ab7e29542 - - - - -] oslo_messaging_metrics.metrics_buffer_size = 1000 log_opt_values /usr/lib/python3/dist-packages/oslo_config/cfg.py:2609
2025-09-25 00:38:02.271 153380 DEBUG oslo_service.service [req-3e5c234c-7a28-4a2a-b5bf-d77ab7e29542 - - - - -] oslo_messaging_metrics.metrics_enabled = False log_opt_values /usr/lib/python3/dist-packages/oslo_config/cfg.py:2609
2025-09-25 00:38:02.272 153380 DEBUG oslo_service.service [req-3e5c234c-7a28-4a2a-b5bf-d77ab7e29542 - - - - -] oslo_messaging_metrics.metrics_process_name = log_opt_values /usr/lib/python3/dist-packages/oslo_config/cfg.py:2609
2025-09-25 00:38:02.272 153380 DEBUG oslo_service.service [req-3e5c234c-7a28-4a2a-b5bf-d77ab7e29542 - - - - -] oslo_messaging_metrics.metrics_socket_file = /var/tmp/metrics_collector.sock log_opt_values /usr/lib/python3/dist-packages/oslo_config/cfg.py:2609
2025-09-25 00:38:02.272 153380 DEBUG oslo_service.service [req-3e5c234c-7a28-4a2a-b5bf-d77ab7e29542 - - - - -] oslo_messaging_metrics.metrics_thread_stop_timeout = 10 log_opt_values /usr/lib/python3/dist-packages/oslo_config/cfg.py:2609
2025-09-25 00:38:02.272 153380 WARNING oslo_config.cfg [req-3e5c234c-7a28-4a2a-b5bf-d77ab7e29542 - - - - -] Deprecated: Option "auth_strategy" from group "api" is deprecated for removal ( The only non-default choice, ``noauth2``, is for internal development and testing purposes only and should not be used in deployments. This option and its middleware, NoAuthMiddleware[V2_18], will be removed in a future release. ). Its value may be silently ignored in the future.
2025-09-25 00:38:02.273 153380 DEBUG oslo_service.service [req-3e5c234c-7a28-4a2a-b5bf-d77ab7e29542 - - - - -] api.auth_strategy = keystone log_opt_values /usr/lib/python3/dist-packages/oslo_config/cfg.py:2609
2025-09-25 00:38:02.273 153380 DEBUG oslo_service.service [req-3e5c234c-7a28-4a2a-b5bf-d77ab7e29542 - - - - -] api.compute_link_prefix = None log_opt_values /usr/lib/python3/dist-packages/oslo_config/cfg.py:2609
2025-09-25 00:38:02.273 153380 DEBUG oslo_service.service [req-3e5c234c-7a28-4a2a-b5bf-d77ab7e29542 - - - - -] api.config_drive_skip_versions = 1.0 2007-01-19 2007-03-01 2007-08-29 2007-10-10 2007-12-15 2008-02-01 2008-09-01 log_opt_values /usr/lib/python3/dist-packages/oslo_config/cfg.py:2609
2025-09-25 00:38:02.273 153380 DEBUG oslo_service.service [req-3e5c234c-7a28-4a2a-b5bf-d77ab7e29542 - - - - -] api.dhcp_domain = novalocal log_opt_values /usr/lib/python3/dist-packages/oslo_config/cfg.py:2609
2025-09-25 00:38:02.273 153380 DEBUG oslo_service.service [req-3e5c234c-7a28-4a2a-b5bf-d77ab7e29542 - - - - -] api.enable_instance_password = True log_opt_values /usr/lib/python3/dist-packages/oslo_config/cfg.py:2609
2025-09-25 00:38:02.273 153380 DEBUG oslo_service.service [req-3e5c234c-7a28-4a2a-b5bf-d77ab7e29542 - - - - -] api.glance_link_prefix = None log_opt_values /usr/lib/python3/dist-packages/oslo_config/cfg.py:2609
2025-09-25 00:38:02.274 153380 DEBUG oslo_service.service [req-3e5c234c-7a28-4a2a-b5bf-d77ab7e29542 - - - - -] api.instance_list_cells_batch_fixed_size = 100 log_opt_values /usr/lib/python3/dist-packages/oslo_config/cfg.py:2609
2025-09-25 00:38:02.274 153380 DEBUG oslo_service.service [req-3e5c234c-7a28-4a2a-b5bf-d77ab7e29542 - - - - -] api.instance_list_cells_batch_strategy = distributed log_opt_values /usr/lib/python3/dist-packages/oslo_config/cfg.py:2609
2025-09-25 00:38:02.274 153380 DEBUG oslo_service.service [req-3e5c234c-7a28-4a2a-b5bf-d77ab7e29542 - - - - -] api.instance_list_per_project_cells = False log_opt_values /usr/lib/python3/dist-packages/oslo_config/cfg.py:2609
2025-09-25 00:38:02.274 153380 DEBUG oslo_service.service [req-3e5c234c-7a28-4a2a-b5bf-d77ab7e29542 - - - - -] api.list_records_by_skipping_down_cells = True log_opt_values /usr/lib/python3/dist-packages/oslo_config/cfg.py:2609
2025-09-25 00:38:02.274 153380 DEBUG oslo_service.service [req-3e5c234c-7a28-4a2a-b5bf-d77ab7e29542 - - - - -] api.local_metadata_per_cell = False log_opt_values /usr/lib/python3/dist-packages/oslo_config/cfg.py:2609
2025-09-25 00:38:02.275 153380 DEBUG oslo_service.service [req-3e5c234c-7a28-4a2a-b5bf-d77ab7e29542 - - - - -] api.max_limit = 1000 log_opt_values /usr/lib/python3/dist-packages/oslo_config/cfg.py:2609
2025-09-25 00:38:02.275 153380 DEBUG oslo_service.service [req-3e5c234c-7a28-4a2a-b5bf-d77ab7e29542 - - - - -] api.metadata_cache_expiration = 15 log_opt_values /usr/lib/python3/dist-packages/oslo_config/cfg.py:2609
2025-09-25 00:38:02.275 153380 DEBUG oslo_service.service [req-3e5c234c-7a28-4a2a-b5bf-d77ab7e29542 - - - - -] api.neutron_default_tenant_id = default log_opt_values /usr/lib/python3/dist-packages/oslo_config/cfg.py:2609
2025-09-25 00:38:02.275 153380 DEBUG oslo_service.service [req-3e5c234c-7a28-4a2a-b5bf-d77ab7e29542 - - - - -] api.use_forwarded_for = False log_opt_values /usr/lib/python3/dist-packages/oslo_config/cfg.py:2609
2025-09-25 00:38:02.275 153380 DEBUG oslo_service.service [req-3e5c234c-7a28-4a2a-b5bf-d77ab7e29542 - - - - -] api.use_neutron_default_nets = False log_opt_values /usr/lib/python3/dist-packages/oslo_config/cfg.py:2609
2025-09-25 00:38:02.276 153697 DEBUG nova.service [req-13b58313-165c-4183-8e83-b4afe2b3093c - - - - -] Creating RPC server for service conductor start /usr/lib/python3/dist-packages/nova/service.py:182
2025-09-25 00:38:02.276 153380 DEBUG oslo_service.service [req-3e5c234c-7a28-4a2a-b5bf-d77ab7e29542 - - - - -] api.vendordata_dynamic_connect_timeout = 5 log_opt_values /usr/lib/python3/dist-packages/oslo_config/cfg.py:2609
2025-09-25 00:38:02.277 153380 DEBUG oslo_service.service [req-3e5c234c-7a28-4a2a-b5bf-d77ab7e29542 - - - - -] api.vendordata_dynamic_failure_fatal = False log_opt_values /usr/lib/python3/dist-packages/oslo_config/cfg.py:2609
2025-09-25 00:38:02.277 153380 DEBUG oslo_service.service [req-3e5c234c-7a28-4a2a-b5bf-d77ab7e29542 - - - - -] api.vendordata_dynamic_read_timeout = 5 log_opt_values /usr/lib/python3/dist-packages/oslo_config/cfg.py:2609
2025-09-25 00:38:02.277 153694 DEBUG oslo_messaging._drivers.amqpdriver [-] Listener is running poll /usr/lib/python3/dist-packages/oslo_messaging/_drivers/amqpdriver.py:343
2025-09-25 00:38:02.278 153380 DEBUG oslo_service.service [req-3e5c234c-7a28-4a2a-b5bf-d77ab7e29542 - - - - -] api.vendordata_dynamic_ssl_certfile = log_opt_values /usr/lib/python3/dist-packages/oslo_config/cfg.py:2609
2025-09-25 00:38:02.278 153694 DEBUG oslo_messaging._drivers.amqpdriver [-] AMQPListener connection consume poll /usr/lib/python3/dist-packages/oslo_messaging/_drivers/amqpdriver.py:357
2025-09-25 00:38:02.278 153380 DEBUG oslo_service.service [req-3e5c234c-7a28-4a2a-b5bf-d77ab7e29542 - - - - -] api.vendordata_dynamic_targets = [] log_opt_values /usr/lib/python3/dist-packages/oslo_config/cfg.py:2609
2025-09-25 00:38:02.278 153380 DEBUG oslo_service.service [req-3e5c234c-7a28-4a2a-b5bf-d77ab7e29542 - - - - -] api.vendordata_jsonfile_path = None log_opt_values /usr/lib/python3/dist-packages/oslo_config/cfg.py:2609
2025-09-25 00:38:02.278 153694 DEBUG nova.service [req-8b7b6318-71d6-4e73-875c-3af392ac5a32 - - - - -] Join ServiceGroup membership for this service conductor start /usr/lib/python3/dist-packages/nova/service.py:199
2025-09-25 00:38:02.279 153380 DEBUG oslo_service.service [req-3e5c234c-7a28-4a2a-b5bf-d77ab7e29542 - - - - -] api.vendordata_providers = ['StaticJSON'] log_opt_values /usr/lib/python3/dist-packages/oslo_config/cfg.py:2609
2025-09-25 00:38:02.279 153694 DEBUG nova.servicegroup.drivers.db [req-8b7b6318-71d6-4e73-875c-3af392ac5a32 - - - - -] DB_Driver: join new ServiceGroup member juju-d9221b-0-lxd-7 to the conductor group, service = join /usr/lib/python3/dist-packages/nova/servicegroup/drivers/db.py:44
2025-09-25 00:38:02.279 153380 DEBUG oslo_service.service [req-3e5c234c-7a28-4a2a-b5bf-d77ab7e29542 - - - - -] cache.backend = dogpile.cache.null log_opt_values /usr/lib/python3/dist-packages/oslo_config/cfg.py:2609
2025-09-25 00:38:02.280 153380 DEBUG oslo_service.service [req-3e5c234c-7a28-4a2a-b5bf-d77ab7e29542 - - - - -] cache.backend_argument = **** log_opt_values /usr/lib/python3/dist-packages/oslo_config/cfg.py:2609
2025-09-25 00:38:02.280 153380 DEBUG oslo_service.service [req-3e5c234c-7a28-4a2a-b5bf-d77ab7e29542 - - - - -] cache.config_prefix = cache.oslo log_opt_values /usr/lib/python3/dist-packages/oslo_config/cfg.py:2609
2025-09-25 00:38:02.280 153380 DEBUG oslo_service.service [req-3e5c234c-7a28-4a2a-b5bf-d77ab7e29542 - - - - -] cache.debug_cache_backend = False log_opt_values /usr/lib/python3/dist-packages/oslo_config/cfg.py:2609
2025-09-25 00:38:02.280 153380 DEBUG oslo_service.service [req-3e5c234c-7a28-4a2a-b5bf-d77ab7e29542 - - - - -] cache.enabled = False log_opt_values /usr/lib/python3/dist-packages/oslo_config/cfg.py:2609
2025-09-25 00:38:02.281 153380 DEBUG oslo_service.service [req-3e5c234c-7a28-4a2a-b5bf-d77ab7e29542 - - - - -] cache.expiration_time = 600 log_opt_values /usr/lib/python3/dist-packages/oslo_config/cfg.py:2609
2025-09-25 00:38:02.281 153694 DEBUG oslo_messaging._drivers.amqpdriver [-] AMQPListener connection timeout poll /usr/lib/python3/dist-packages/oslo_messaging/_drivers/amqpdriver.py:360
2025-09-25 00:38:02.281 153694 DEBUG oslo_messaging._drivers.amqpdriver [-] Listener is running poll /usr/lib/python3/dist-packages/oslo_messaging/_drivers/amqpdriver.py:343
2025-09-25 00:38:02.282 153694 DEBUG oslo_messaging._drivers.amqpdriver [-] AMQPListener connection consume poll /usr/lib/python3/dist-packages/oslo_messaging/_drivers/amqpdriver.py:357
2025-09-25 00:38:02.281 153380 DEBUG oslo_service.service [req-3e5c234c-7a28-4a2a-b5bf-d77ab7e29542 - - - - -] cache.memcache_dead_retry = 300 log_opt_values /usr/lib/python3/dist-packages/oslo_config/cfg.py:2609
2025-09-25 00:38:02.282 153380 DEBUG oslo_service.service [req-3e5c234c-7a28-4a2a-b5bf-d77ab7e29542 - - - - -] cache.memcache_pool_connection_get_timeout = 10 log_opt_values /usr/lib/python3/dist-packages/oslo_config/cfg.py:2609
2025-09-25 00:38:02.282 153380 DEBUG oslo_service.service [req-3e5c234c-7a28-4a2a-b5bf-d77ab7e29542 - - - - -] cache.memcache_pool_flush_on_reconnect = False log_opt_values /usr/lib/python3/dist-packages/oslo_config/cfg.py:2609
2025-09-25 00:38:02.282 153380 DEBUG oslo_service.service [req-3e5c234c-7a28-4a2a-b5bf-d77ab7e29542 - - - - -] cache.memcache_pool_maxsize = 10 log_opt_values /usr/lib/python3/dist-packages/oslo_config/cfg.py:2609
2025-09-25 00:38:02.283 153380 DEBUG oslo_service.service [req-3e5c234c-7a28-4a2a-b5bf-d77ab7e29542 - - - - -] cache.memcache_pool_unused_timeout = 60 log_opt_values /usr/lib/python3/dist-packages/oslo_config/cfg.py:2609
2025-09-25 00:38:02.283 153380 DEBUG oslo_service.service [req-3e5c234c-7a28-4a2a-b5bf-d77ab7e29542 - - - - -] cache.memcache_servers = ['localhost:11211'] log_opt_values /usr/lib/python3/dist-packages/oslo_config/cfg.py:2609
2025-09-25 00:38:02.283 153380 DEBUG oslo_service.service [req-3e5c234c-7a28-4a2a-b5bf-d77ab7e29542 - - - - -] cache.memcache_socket_timeout = 1.0 log_opt_values /usr/lib/python3/dist-packages/oslo_config/cfg.py:2609
2025-09-25 00:38:02.284 153380 DEBUG oslo_service.service [req-3e5c234c-7a28-4a2a-b5bf-d77ab7e29542 - - - - -] cache.proxies = [] log_opt_values /usr/lib/python3/dist-packages/oslo_config/cfg.py:2609
2025-09-25 00:38:02.286 153380 DEBUG oslo_service.service [req-3e5c234c-7a28-4a2a-b5bf-d77ab7e29542 - - - - -] cache.tls_allowed_ciphers = None log_opt_values /usr/lib/python3/dist-packages/oslo_config/cfg.py:2609
2025-09-25 00:38:02.288 153380 DEBUG oslo_service.service [req-3e5c234c-7a28-4a2a-b5bf-d77ab7e29542 - - - - -] cache.tls_cafile = None log_opt_values /usr/lib/python3/dist-packages/oslo_config/cfg.py:2609
2025-09-25 00:38:02.288 153380 DEBUG oslo_service.service [req-3e5c234c-7a28-4a2a-b5bf-d77ab7e29542 - - - - -] cache.tls_certfile = None log_opt_values /usr/lib/python3/dist-packages/oslo_config/cfg.py:2609
2025-09-25 00:38:02.288 153695 DEBUG oslo_messaging._drivers.amqpdriver [-] Listener is running poll /usr/lib/python3/dist-packages/oslo_messaging/_drivers/amqpdriver.py:343
2025-09-25 00:38:02.288 153380 DEBUG oslo_service.service [req-3e5c234c-7a28-4a2a-b5bf-d77ab7e29542 - - - - -] cache.tls_enabled = False log_opt_values /usr/lib/python3/dist-packages/oslo_config/cfg.py:2609
2025-09-25 00:38:02.288 153695 DEBUG oslo_messaging._drivers.amqpdriver [-] AMQPListener connection consume poll /usr/lib/python3/dist-packages/oslo_messaging/_drivers/amqpdriver.py:357
2025-09-25 00:38:02.288 153380 DEBUG oslo_service.service [req-3e5c234c-7a28-4a2a-b5bf-d77ab7e29542 - - - - -] cache.tls_keyfile = None log_opt_values /usr/lib/python3/dist-packages/oslo_config/cfg.py:2609
2025-09-25 00:38:02.289 153380 DEBUG oslo_service.service [req-3e5c234c-7a28-4a2a-b5bf-d77ab7e29542 - - - - -] cinder.auth_section = None log_opt_values /usr/lib/python3/dist-packages/oslo_config/cfg.py:2609
2025-09-25 00:38:02.289 153695 DEBUG nova.service [req-0cea2bf4-fdcf-4a9d-a044-48012ddd84d3 - - - - -] Join ServiceGroup membership for this service conductor start /usr/lib/python3/dist-packages/nova/service.py:199
2025-09-25 00:38:02.287 153696 DEBUG oslo_db.sqlalchemy.engines [req-45a48903-45ad-410e-ba09-a680d4eadece - - - - -] MySQL server mode set to STRICT_TRANS_TABLES,STRICT_ALL_TABLES,NO_ZERO_IN_DATE,NO_ZERO_DATE,ERROR_FOR_DIVISION_BY_ZERO,TRADITIONAL,NO_ENGINE_SUBSTITUTION _check_effective_sql_mode /usr/lib/python3/dist-packages/oslo_db/sqlalchemy/engines.py:314
2025-09-25 00:38:02.289 153695 DEBUG nova.servicegroup.drivers.db [req-0cea2bf4-fdcf-4a9d-a044-48012ddd84d3 - - - - -] DB_Driver: join new ServiceGroup member juju-d9221b-0-lxd-7 to the conductor group, service = join /usr/lib/python3/dist-packages/nova/servicegroup/drivers/db.py:44
2025-09-25 00:38:02.289 153380 DEBUG oslo_service.service [req-3e5c234c-7a28-4a2a-b5bf-d77ab7e29542 - - - - -] cinder.auth_type = None log_opt_values /usr/lib/python3/dist-packages/oslo_config/cfg.py:2609
2025-09-25 00:38:02.290 153380 DEBUG oslo_service.service [req-3e5c234c-7a28-4a2a-b5bf-d77ab7e29542 - - - - -] cinder.cafile = None log_opt_values /usr/lib/python3/dist-packages/oslo_config/cfg.py:2609
2025-09-25 00:38:02.290 153380 DEBUG oslo_service.service [req-3e5c234c-7a28-4a2a-b5bf-d77ab7e29542 - - - - -] cinder.catalog_info = volumev3::publicURL log_opt_values /usr/lib/python3/dist-packages/oslo_config/cfg.py:2609
2025-09-25 00:38:02.290 153380 DEBUG oslo_service.service [req-3e5c234c-7a28-4a2a-b5bf-d77ab7e29542 - - - - -] cinder.certfile = None log_opt_values /usr/lib/python3/dist-packages/oslo_config/cfg.py:2609
2025-09-25 00:38:02.290 153380 DEBUG oslo_service.service [req-3e5c234c-7a28-4a2a-b5bf-d77ab7e29542 - - - - -] cinder.collect_timing = False log_opt_values /usr/lib/python3/dist-packages/oslo_config/cfg.py:2609
2025-09-25 00:38:02.290 153380 DEBUG oslo_service.service [req-3e5c234c-7a28-4a2a-b5bf-d77ab7e29542 - - - - -] cinder.cross_az_attach = True log_opt_values /usr/lib/python3/dist-packages/oslo_config/cfg.py:2609
2025-09-25 00:38:02.291 153380 DEBUG oslo_service.service [req-3e5c234c-7a28-4a2a-b5bf-d77ab7e29542 - - - - -] cinder.debug = False log_opt_values /usr/lib/python3/dist-packages/oslo_config/cfg.py:2609
2025-09-25 00:38:02.291 153695 DEBUG oslo_messaging._drivers.amqpdriver [-] AMQPListener connection timeout poll /usr/lib/python3/dist-packages/oslo_messaging/_drivers/amqpdriver.py:360
2025-09-25 00:38:02.292 153695 DEBUG oslo_messaging._drivers.amqpdriver [-] Listener is running poll /usr/lib/python3/dist-packages/oslo_messaging/_drivers/amqpdriver.py:343
2025-09-25 00:38:02.291 153380 DEBUG oslo_service.service [req-3e5c234c-7a28-4a2a-b5bf-d77ab7e29542 - - - - -] cinder.endpoint_template = None log_opt_values /usr/lib/python3/dist-packages/oslo_config/cfg.py:2609
2025-09-25 00:38:02.292 153695 DEBUG oslo_messaging._drivers.amqpdriver [-] AMQPListener connection consume poll /usr/lib/python3/dist-packages/oslo_messaging/_drivers/amqpdriver.py:357
2025-09-25 00:38:02.292 153380 DEBUG oslo_service.service [req-3e5c234c-7a28-4a2a-b5bf-d77ab7e29542 - - - - -] cinder.http_retries = 3 log_opt_values /usr/lib/python3/dist-packages/oslo_config/cfg.py:2609
2025-09-25 00:38:02.292 153380 DEBUG oslo_service.service [req-3e5c234c-7a28-4a2a-b5bf-d77ab7e29542 - - - - -] cinder.insecure = False log_opt_values /usr/lib/python3/dist-packages/oslo_config/cfg.py:2609
2025-09-25 00:38:02.292 153380 DEBUG oslo_service.service [req-3e5c234c-7a28-4a2a-b5bf-d77ab7e29542 - - - - -] cinder.keyfile = None log_opt_values /usr/lib/python3/dist-packages/oslo_config/cfg.py:2609
2025-09-25 00:38:02.292 153380 DEBUG oslo_service.service [req-3e5c234c-7a28-4a2a-b5bf-d77ab7e29542 - - - - -] cinder.os_region_name = None log_opt_values /usr/lib/python3/dist-packages/oslo_config/cfg.py:2609
2025-09-25 00:38:02.293 153380 DEBUG oslo_service.service [req-3e5c234c-7a28-4a2a-b5bf-d77ab7e29542 - - - - -] cinder.split_loggers = False log_opt_values /usr/lib/python3/dist-packages/oslo_config/cfg.py:2609
2025-09-25 00:38:02.293 153380 DEBUG oslo_service.service [req-3e5c234c-7a28-4a2a-b5bf-d77ab7e29542 - - - - -] cinder.timeout = None log_opt_values /usr/lib/python3/dist-packages/oslo_config/cfg.py:2609
2025-09-25 00:38:02.293 153380 DEBUG oslo_service.service [req-3e5c234c-7a28-4a2a-b5bf-d77ab7e29542 - - - - -] compute.consecutive_build_service_disable_threshold = 10 log_opt_values /usr/lib/python3/dist-packages/oslo_config/cfg.py:2609
2025-09-25 00:38:02.293 153380 DEBUG oslo_service.service [req-3e5c234c-7a28-4a2a-b5bf-d77ab7e29542 - - - - -] compute.cpu_dedicated_set = None log_opt_values /usr/lib/python3/dist-packages/oslo_config/cfg.py:2609
2025-09-25 00:38:02.293 153380 DEBUG oslo_service.service [req-3e5c234c-7a28-4a2a-b5bf-d77ab7e29542 - - - - -] compute.cpu_shared_set = None log_opt_values /usr/lib/python3/dist-packages/oslo_config/cfg.py:2609
2025-09-25 00:38:02.294 153380 DEBUG oslo_service.service [req-3e5c234c-7a28-4a2a-b5bf-d77ab7e29542 - - - - -] compute.image_type_exclude_list = [] log_opt_values /usr/lib/python3/dist-packages/oslo_config/cfg.py:2609
2025-09-25 00:38:02.294 153380 DEBUG oslo_service.service [req-3e5c234c-7a28-4a2a-b5bf-d77ab7e29542 - - - - -] compute.live_migration_wait_for_vif_plug = True log_opt_values /usr/lib/python3/dist-packages/oslo_config/cfg.py:2609
2025-09-25 00:38:02.294 153380 DEBUG oslo_service.service [req-3e5c234c-7a28-4a2a-b5bf-d77ab7e29542 - - - - -] compute.max_concurrent_disk_ops = 0 log_opt_values /usr/lib/python3/dist-packages/oslo_config/cfg.py:2609
2025-09-25 00:38:02.294 153380 DEBUG oslo_service.service [req-3e5c234c-7a28-4a2a-b5bf-d77ab7e29542 - - - - -] compute.max_disk_devices_to_attach = -1 log_opt_values /usr/lib/python3/dist-packages/oslo_config/cfg.py:2609
2025-09-25 00:38:02.295 153380 DEBUG oslo_service.service [req-3e5c234c-7a28-4a2a-b5bf-d77ab7e29542 - - - - -] compute.packing_host_numa_cells_allocation_strategy = True log_opt_values /usr/lib/python3/dist-packages/oslo_config/cfg.py:2609
2025-09-25 00:38:02.295 153380 DEBUG oslo_service.service [req-3e5c234c-7a28-4a2a-b5bf-d77ab7e29542 - - - - -] compute.provider_config_location = /etc/nova/provider_config/ log_opt_values /usr/lib/python3/dist-packages/oslo_config/cfg.py:2609
2025-09-25 00:38:02.295 153380 DEBUG oslo_service.service [req-3e5c234c-7a28-4a2a-b5bf-d77ab7e29542 - - - - -] compute.resource_provider_association_refresh = 300 log_opt_values /usr/lib/python3/dist-packages/oslo_config/cfg.py:2609
2025-09-25 00:38:02.296 153380 DEBUG oslo_service.service [req-3e5c234c-7a28-4a2a-b5bf-d77ab7e29542 - - - - -] compute.shutdown_retry_interval = 10 log_opt_values /usr/lib/python3/dist-packages/oslo_config/cfg.py:2609
2025-09-25 00:38:02.296 153380 DEBUG oslo_service.service [req-3e5c234c-7a28-4a2a-b5bf-d77ab7e29542 - - - - -] compute.vmdk_allowed_types = ['streamOptimized', 'monolithicSparse'] log_opt_values /usr/lib/python3/dist-packages/oslo_config/cfg.py:2609
2025-09-25 00:38:02.297 153380 DEBUG oslo_service.service [req-3e5c234c-7a28-4a2a-b5bf-d77ab7e29542 - - - - -] conductor.workers = 4 log_opt_values /usr/lib/python3/dist-packages/oslo_config/cfg.py:2609
2025-09-25 00:38:02.298 153380 DEBUG oslo_service.service [req-3e5c234c-7a28-4a2a-b5bf-d77ab7e29542 - - - - -] console.allowed_origins = [] log_opt_values /usr/lib/python3/dist-packages/oslo_config/cfg.py:2609
2025-09-25 00:38:02.298 153380 DEBUG oslo_service.service [req-3e5c234c-7a28-4a2a-b5bf-d77ab7e29542 - - - - -] console.ssl_ciphers = None log_opt_values /usr/lib/python3/dist-packages/oslo_config/cfg.py:2609
2025-09-25 00:38:02.299 153380 DEBUG oslo_service.service [req-3e5c234c-7a28-4a2a-b5bf-d77ab7e29542 - - - - -] console.ssl_minimum_version = default log_opt_values /usr/lib/python3/dist-packages/oslo_config/cfg.py:2609
2025-09-25 00:38:02.299 153380 DEBUG oslo_service.service [req-3e5c234c-7a28-4a2a-b5bf-d77ab7e29542 - - - - -] consoleauth.token_ttl = 600 log_opt_values /usr/lib/python3/dist-packages/oslo_config/cfg.py:2609
2025-09-25 00:38:02.301 153380 DEBUG oslo_service.service [req-3e5c234c-7a28-4a2a-b5bf-d77ab7e29542 - - - - -] cyborg.cafile = None log_opt_values /usr/lib/python3/dist-packages/oslo_config/cfg.py:2609
2025-09-25 00:38:02.301 153380 DEBUG oslo_service.service [req-3e5c234c-7a28-4a2a-b5bf-d77ab7e29542 - - - - -] cyborg.certfile = None log_opt_values /usr/lib/python3/dist-packages/oslo_config/cfg.py:2609
2025-09-25 00:38:02.301 153697 DEBUG oslo_messaging._drivers.amqpdriver [-] Listener is running poll /usr/lib/python3/dist-packages/oslo_messaging/_drivers/amqpdriver.py:343
2025-09-25 00:38:02.301 153380 DEBUG oslo_service.service [req-3e5c234c-7a28-4a2a-b5bf-d77ab7e29542 - - - - -] cyborg.collect_timing = False log_opt_values /usr/lib/python3/dist-packages/oslo_config/cfg.py:2609
2025-09-25 00:38:02.301 153697 DEBUG oslo_messaging._drivers.amqpdriver [-] AMQPListener connection consume poll /usr/lib/python3/dist-packages/oslo_messaging/_drivers/amqpdriver.py:357
2025-09-25 00:38:02.301 153380 DEBUG oslo_service.service [req-3e5c234c-7a28-4a2a-b5bf-d77ab7e29542 - - - - -] cyborg.connect_retries = None log_opt_values /usr/lib/python3/dist-packages/oslo_config/cfg.py:2609
2025-09-25 00:38:02.302 153697 DEBUG nova.service [req-13b58313-165c-4183-8e83-b4afe2b3093c - - - - -] Join ServiceGroup membership for this service conductor start /usr/lib/python3/dist-packages/nova/service.py:199
2025-09-25 00:38:02.302 153380 DEBUG oslo_service.service [req-3e5c234c-7a28-4a2a-b5bf-d77ab7e29542 - - - - -] cyborg.connect_retry_delay = None log_opt_values /usr/lib/python3/dist-packages/oslo_config/cfg.py:2609
2025-09-25 00:38:02.302 153697 DEBUG nova.servicegroup.drivers.db [req-13b58313-165c-4183-8e83-b4afe2b3093c - - - - -] DB_Driver: join new ServiceGroup member juju-d9221b-0-lxd-7 to the conductor group, service = join /usr/lib/python3/dist-packages/nova/servicegroup/drivers/db.py:44
2025-09-25 00:38:02.302 153380 DEBUG oslo_service.service [req-3e5c234c-7a28-4a2a-b5bf-d77ab7e29542 - - - - -] cyborg.endpoint_override = None log_opt_values /usr/lib/python3/dist-packages/oslo_config/cfg.py:2609
2025-09-25 00:38:02.303 153380 DEBUG oslo_service.service [req-3e5c234c-7a28-4a2a-b5bf-d77ab7e29542 - - - - -] cyborg.insecure = False log_opt_values /usr/lib/python3/dist-packages/oslo_config/cfg.py:2609
2025-09-25 00:38:02.303 153380 DEBUG oslo_service.service [req-3e5c234c-7a28-4a2a-b5bf-d77ab7e29542 - - - - -] cyborg.keyfile = None log_opt_values /usr/lib/python3/dist-packages/oslo_config/cfg.py:2609
2025-09-25 00:38:02.303 153380 DEBUG oslo_service.service [req-3e5c234c-7a28-4a2a-b5bf-d77ab7e29542 - - - - -] cyborg.max_version = None log_opt_values /usr/lib/python3/dist-packages/oslo_config/cfg.py:2609
2025-09-25 00:38:02.303 153696 DEBUG nova.service [req-45a48903-45ad-410e-ba09-a680d4eadece - - - - -] Creating RPC server for service conductor start /usr/lib/python3/dist-packages/nova/service.py:182
2025-09-25 00:38:02.304 153380 DEBUG oslo_service.service [req-3e5c234c-7a28-4a2a-b5bf-d77ab7e29542 - - - - -] cyborg.min_version = None log_opt_values /usr/lib/python3/dist-packages/oslo_config/cfg.py:2609
2025-09-25 00:38:02.304 153380 DEBUG oslo_service.service [req-3e5c234c-7a28-4a2a-b5bf-d77ab7e29542 - - - - -] cyborg.region_name = None log_opt_values /usr/lib/python3/dist-packages/oslo_config/cfg.py:2609
2025-09-25 00:38:02.304 153380 DEBUG oslo_service.service [req-3e5c234c-7a28-4a2a-b5bf-d77ab7e29542 - - - - -] cyborg.service_name = None log_opt_values /usr/lib/python3/dist-packages/oslo_config/cfg.py:2609
2025-09-25 00:38:02.304 153380 DEBUG oslo_service.service [req-3e5c234c-7a28-4a2a-b5bf-d77ab7e29542 - - - - -] cyborg.service_type = accelerator log_opt_values /usr/lib/python3/dist-packages/oslo_config/cfg.py:2609
2025-09-25 00:38:02.305 153380 DEBUG oslo_service.service [req-3e5c234c-7a28-4a2a-b5bf-d77ab7e29542 - - - - -] cyborg.split_loggers = False log_opt_values /usr/lib/python3/dist-packages/oslo_config/cfg.py:2609
2025-09-25 00:38:02.305 153697 DEBUG oslo_messaging._drivers.amqpdriver [-] AMQPListener connection timeout poll /usr/lib/python3/dist-packages/oslo_messaging/_drivers/amqpdriver.py:360
2025-09-25 00:38:02.305 153380 DEBUG oslo_service.service [req-3e5c234c-7a28-4a2a-b5bf-d77ab7e29542 - - - - -] cyborg.status_code_retries = None log_opt_values /usr/lib/python3/dist-packages/oslo_config/cfg.py:2609
2025-09-25 00:38:02.305 153697 DEBUG oslo_messaging._drivers.amqpdriver [-] Listener is running poll /usr/lib/python3/dist-packages/oslo_messaging/_drivers/amqpdriver.py:343
2025-09-25 00:38:02.305 153380 DEBUG oslo_service.service [req-3e5c234c-7a28-4a2a-b5bf-d77ab7e29542 - - - - -] cyborg.status_code_retry_delay = None log_opt_values /usr/lib/python3/dist-packages/oslo_config/cfg.py:2609
2025-09-25 00:38:02.305 153697 DEBUG oslo_messaging._drivers.amqpdriver [-] AMQPListener connection consume poll /usr/lib/python3/dist-packages/oslo_messaging/_drivers/amqpdriver.py:357
2025-09-25 00:38:02.305 153380 DEBUG oslo_service.service [req-3e5c234c-7a28-4a2a-b5bf-d77ab7e29542 - - - - -] cyborg.timeout = None log_opt_values /usr/lib/python3/dist-packages/oslo_config/cfg.py:2609
2025-09-25 00:38:02.306 153380 DEBUG oslo_service.service [req-3e5c234c-7a28-4a2a-b5bf-d77ab7e29542 - - - - -] cyborg.valid_interfaces = ['internal', 'public'] log_opt_values /usr/lib/python3/dist-packages/oslo_config/cfg.py:2609
2025-09-25 00:38:02.306 153380 DEBUG oslo_service.service [req-3e5c234c-7a28-4a2a-b5bf-d77ab7e29542 - - - - -] cyborg.version = None log_opt_values /usr/lib/python3/dist-packages/oslo_config/cfg.py:2609
2025-09-25 00:38:02.306 153380 DEBUG oslo_service.service [req-3e5c234c-7a28-4a2a-b5bf-d77ab7e29542 - - - - -] database.backend = sqlalchemy log_opt_values /usr/lib/python3/dist-packages/oslo_config/cfg.py:2609
2025-09-25 00:38:02.306 153380 DEBUG oslo_service.service [req-3e5c234c-7a28-4a2a-b5bf-d77ab7e29542 - - - - -] database.connection = **** log_opt_values /usr/lib/python3/dist-packages/oslo_config/cfg.py:2609
2025-09-25 00:38:02.306 153380 DEBUG oslo_service.service [req-3e5c234c-7a28-4a2a-b5bf-d77ab7e29542 - - - - -] database.connection_debug = 0 log_opt_values /usr/lib/python3/dist-packages/oslo_config/cfg.py:2609
2025-09-25 00:38:02.307 153380 DEBUG oslo_service.service [req-3e5c234c-7a28-4a2a-b5bf-d77ab7e29542 - - - - -] database.connection_parameters = log_opt_values /usr/lib/python3/dist-packages/oslo_config/cfg.py:2609
2025-09-25 00:38:02.307 153380 DEBUG oslo_service.service [req-3e5c234c-7a28-4a2a-b5bf-d77ab7e29542 - - - - -] database.connection_recycle_time = 3600 log_opt_values /usr/lib/python3/dist-packages/oslo_config/cfg.py:2609
2025-09-25 00:38:02.307 153380 DEBUG oslo_service.service [req-3e5c234c-7a28-4a2a-b5bf-d77ab7e29542 - - - - -] database.connection_trace = False log_opt_values /usr/lib/python3/dist-packages/oslo_config/cfg.py:2609
2025-09-25 00:38:02.307 153380 DEBUG oslo_service.service [req-3e5c234c-7a28-4a2a-b5bf-d77ab7e29542 - - - - -] database.db_inc_retry_interval = True log_opt_values /usr/lib/python3/dist-packages/oslo_config/cfg.py:2609
2025-09-25 00:38:02.307 153380 DEBUG oslo_service.service [req-3e5c234c-7a28-4a2a-b5bf-d77ab7e29542 - - - - -] database.db_max_retries = 20 log_opt_values /usr/lib/python3/dist-packages/oslo_config/cfg.py:2609
2025-09-25 00:38:02.307 153380 DEBUG oslo_service.service [req-3e5c234c-7a28-4a2a-b5bf-d77ab7e29542 - - - - -] database.db_max_retry_interval = 10 log_opt_values /usr/lib/python3/dist-packages/oslo_config/cfg.py:2609
2025-09-25 00:38:02.308 153380 DEBUG oslo_service.service [req-3e5c234c-7a28-4a2a-b5bf-d77ab7e29542 - - - - -] database.db_retry_interval = 1 log_opt_values /usr/lib/python3/dist-packages/oslo_config/cfg.py:2609
2025-09-25 00:38:02.308 153380 DEBUG oslo_service.service [req-3e5c234c-7a28-4a2a-b5bf-d77ab7e29542 - - - - -] database.max_overflow = 50 log_opt_values /usr/lib/python3/dist-packages/oslo_config/cfg.py:2609
2025-09-25 00:38:02.308 153380 DEBUG oslo_service.service [req-3e5c234c-7a28-4a2a-b5bf-d77ab7e29542 - - - - -] database.max_pool_size = 4 log_opt_values /usr/lib/python3/dist-packages/oslo_config/cfg.py:2609
2025-09-25 00:38:02.308 153380 DEBUG oslo_service.service [req-3e5c234c-7a28-4a2a-b5bf-d77ab7e29542 - - - - -] database.max_retries = 10 log_opt_values /usr/lib/python3/dist-packages/oslo_config/cfg.py:2609
2025-09-25 00:38:02.308 153380 DEBUG oslo_service.service [req-3e5c234c-7a28-4a2a-b5bf-d77ab7e29542 - - - - -] database.mysql_enable_ndb = False log_opt_values /usr/lib/python3/dist-packages/oslo_config/cfg.py:2609
2025-09-25 00:38:02.309 153380 DEBUG oslo_service.service [req-3e5c234c-7a28-4a2a-b5bf-d77ab7e29542 - - - - -] database.mysql_sql_mode = TRADITIONAL log_opt_values /usr/lib/python3/dist-packages/oslo_config/cfg.py:2609
2025-09-25 00:38:02.309 153380 DEBUG oslo_service.service [req-3e5c234c-7a28-4a2a-b5bf-d77ab7e29542 - - - - -] database.pool_timeout = None log_opt_values /usr/lib/python3/dist-packages/oslo_config/cfg.py:2609
2025-09-25 00:38:02.309 153380 DEBUG oslo_service.service [req-3e5c234c-7a28-4a2a-b5bf-d77ab7e29542 - - - - -] database.retry_interval = 10 log_opt_values /usr/lib/python3/dist-packages/oslo_config/cfg.py:2609
2025-09-25 00:38:02.309 153380 DEBUG oslo_service.service [req-3e5c234c-7a28-4a2a-b5bf-d77ab7e29542 - - - - -] database.slave_connection = **** log_opt_values /usr/lib/python3/dist-packages/oslo_config/cfg.py:2609
2025-09-25 00:38:02.309 153380 DEBUG oslo_service.service [req-3e5c234c-7a28-4a2a-b5bf-d77ab7e29542 - - - - -] database.sqlite_synchronous = True log_opt_values /usr/lib/python3/dist-packages/oslo_config/cfg.py:2609
2025-09-25 00:38:02.309 153380 DEBUG oslo_service.service [req-3e5c234c-7a28-4a2a-b5bf-d77ab7e29542 - - - - -] database.use_db_reconnect = False log_opt_values /usr/lib/python3/dist-packages/oslo_config/cfg.py:2609
2025-09-25 00:38:02.310 153380 DEBUG oslo_service.service [req-3e5c234c-7a28-4a2a-b5bf-d77ab7e29542 - - - - -] api_database.backend = sqlalchemy log_opt_values /usr/lib/python3/dist-packages/oslo_config/cfg.py:2609
2025-09-25 00:38:02.310 153380 DEBUG oslo_service.service [req-3e5c234c-7a28-4a2a-b5bf-d77ab7e29542 - - - - -] api_database.connection = **** log_opt_values /usr/lib/python3/dist-packages/oslo_config/cfg.py:2609
2025-09-25 00:38:02.310 153380 DEBUG oslo_service.service [req-3e5c234c-7a28-4a2a-b5bf-d77ab7e29542 - - - - -] api_database.connection_debug = 0 log_opt_values /usr/lib/python3/dist-packages/oslo_config/cfg.py:2609
2025-09-25 00:38:02.310 153380 DEBUG oslo_service.service [req-3e5c234c-7a28-4a2a-b5bf-d77ab7e29542 - - - - -] api_database.connection_parameters = log_opt_values /usr/lib/python3/dist-packages/oslo_config/cfg.py:2609
2025-09-25 00:38:02.310 153380 DEBUG oslo_service.service [req-3e5c234c-7a28-4a2a-b5bf-d77ab7e29542 - - - - -] api_database.connection_recycle_time = 3600 log_opt_values /usr/lib/python3/dist-packages/oslo_config/cfg.py:2609
2025-09-25 00:38:02.310 153380 DEBUG oslo_service.service [req-3e5c234c-7a28-4a2a-b5bf-d77ab7e29542 - - - - -] api_database.connection_trace = False log_opt_values /usr/lib/python3/dist-packages/oslo_config/cfg.py:2609
2025-09-25 00:38:02.311 153380 DEBUG oslo_service.service [req-3e5c234c-7a28-4a2a-b5bf-d77ab7e29542 - - - - -] api_database.db_inc_retry_interval = True log_opt_values /usr/lib/python3/dist-packages/oslo_config/cfg.py:2609
2025-09-25 00:38:02.311 153380 DEBUG oslo_service.service [req-3e5c234c-7a28-4a2a-b5bf-d77ab7e29542 - - - - -] api_database.db_max_retries = 20 log_opt_values /usr/lib/python3/dist-packages/oslo_config/cfg.py:2609
2025-09-25 00:38:02.311 153380 DEBUG oslo_service.service [req-3e5c234c-7a28-4a2a-b5bf-d77ab7e29542 - - - - -] api_database.db_max_retry_interval = 10 log_opt_values /usr/lib/python3/dist-packages/oslo_config/cfg.py:2609
2025-09-25 00:38:02.311 153380 DEBUG oslo_service.service [req-3e5c234c-7a28-4a2a-b5bf-d77ab7e29542 - - - - -] api_database.db_retry_interval = 1 log_opt_values /usr/lib/python3/dist-packages/oslo_config/cfg.py:2609
2025-09-25 00:38:02.311 153380 DEBUG oslo_service.service [req-3e5c234c-7a28-4a2a-b5bf-d77ab7e29542 - - - - -] api_database.max_overflow = 50 log_opt_values /usr/lib/python3/dist-packages/oslo_config/cfg.py:2609
2025-09-25 00:38:02.311 153380 DEBUG oslo_service.service [req-3e5c234c-7a28-4a2a-b5bf-d77ab7e29542 - - - - -] api_database.max_pool_size = 4 log_opt_values /usr/lib/python3/dist-packages/oslo_config/cfg.py:2609
2025-09-25 00:38:02.311 153380 DEBUG oslo_service.service [req-3e5c234c-7a28-4a2a-b5bf-d77ab7e29542 - - - - -] api_database.max_retries = 10 log_opt_values /usr/lib/python3/dist-packages/oslo_config/cfg.py:2609
2025-09-25 00:38:02.312 153380 DEBUG oslo_service.service [req-3e5c234c-7a28-4a2a-b5bf-d77ab7e29542 - - - - -] api_database.mysql_enable_ndb = False log_opt_values /usr/lib/python3/dist-packages/oslo_config/cfg.py:2609
2025-09-25 00:38:02.312 153380 DEBUG oslo_service.service [req-3e5c234c-7a28-4a2a-b5bf-d77ab7e29542 - - - - -] api_database.mysql_sql_mode = TRADITIONAL log_opt_values /usr/lib/python3/dist-packages/oslo_config/cfg.py:2609
2025-09-25 00:38:02.312 153380 DEBUG oslo_service.service [req-3e5c234c-7a28-4a2a-b5bf-d77ab7e29542 - - - - -] api_database.pool_timeout = None log_opt_values /usr/lib/python3/dist-packages/oslo_config/cfg.py:2609
2025-09-25 00:38:02.312 153380 DEBUG oslo_service.service [req-3e5c234c-7a28-4a2a-b5bf-d77ab7e29542 - - - - -] api_database.retry_interval = 10 log_opt_values /usr/lib/python3/dist-packages/oslo_config/cfg.py:2609
2025-09-25 00:38:02.312 153380 DEBUG oslo_service.service [req-3e5c234c-7a28-4a2a-b5bf-d77ab7e29542 - - - - -] api_database.slave_connection = **** log_opt_values /usr/lib/python3/dist-packages/oslo_config/cfg.py:2609
2025-09-25 00:38:02.312 153380 DEBUG oslo_service.service [req-3e5c234c-7a28-4a2a-b5bf-d77ab7e29542 - - - - -] api_database.sqlite_synchronous = True log_opt_values /usr/lib/python3/dist-packages/oslo_config/cfg.py:2609
2025-09-25 00:38:02.313 153380 DEBUG oslo_service.service [req-3e5c234c-7a28-4a2a-b5bf-d77ab7e29542 - - - - -] devices.enabled_mdev_types = [] log_opt_values /usr/lib/python3/dist-packages/oslo_config/cfg.py:2609
2025-09-25 00:38:02.313 153380 DEBUG oslo_service.service [req-3e5c234c-7a28-4a2a-b5bf-d77ab7e29542 - - - - -] ephemeral_storage_encryption.cipher = aes-xts-plain64 log_opt_values /usr/lib/python3/dist-packages/oslo_config/cfg.py:2609
2025-09-25 00:38:02.313 153380 DEBUG oslo_service.service [req-3e5c234c-7a28-4a2a-b5bf-d77ab7e29542 - - - - -] ephemeral_storage_encryption.enabled = False log_opt_values /usr/lib/python3/dist-packages/oslo_config/cfg.py:2609
2025-09-25 00:38:02.313 153380 DEBUG oslo_service.service [req-3e5c234c-7a28-4a2a-b5bf-d77ab7e29542 - - - - -] ephemeral_storage_encryption.key_size = 512 log_opt_values /usr/lib/python3/dist-packages/oslo_config/cfg.py:2609
2025-09-25 00:38:02.314 153380 WARNING oslo_config.cfg [req-3e5c234c-7a28-4a2a-b5bf-d77ab7e29542 - - - - -] Deprecated: Option "api_servers" from group "glance" is deprecated for removal ( Support for image service configuration via standard keystoneauth1 Adapter options was added in the 17.0.0 Queens release. The api_servers option was retained temporarily to allow consumers time to cut over to a real load balancing solution. ). Its value may be silently ignored in the future.
2025-09-25 00:38:02.314 153380 DEBUG oslo_service.service [req-3e5c234c-7a28-4a2a-b5bf-d77ab7e29542 - - - - -] glance.api_servers = ['http://252.57.104.167:9292'] log_opt_values /usr/lib/python3/dist-packages/oslo_config/cfg.py:2609
2025-09-25 00:38:02.314 153380 DEBUG oslo_service.service [req-3e5c234c-7a28-4a2a-b5bf-d77ab7e29542 - - - - -] glance.cafile = None log_opt_values /usr/lib/python3/dist-packages/oslo_config/cfg.py:2609
2025-09-25 00:38:02.314 153380 DEBUG oslo_service.service [req-3e5c234c-7a28-4a2a-b5bf-d77ab7e29542 - - - - -] glance.certfile = None log_opt_values /usr/lib/python3/dist-packages/oslo_config/cfg.py:2609
2025-09-25 00:38:02.315 153380 DEBUG oslo_service.service [req-3e5c234c-7a28-4a2a-b5bf-d77ab7e29542 - - - - -] glance.collect_timing = False log_opt_values /usr/lib/python3/dist-packages/oslo_config/cfg.py:2609
2025-09-25 00:38:02.315 153380 DEBUG oslo_service.service [req-3e5c234c-7a28-4a2a-b5bf-d77ab7e29542 - - - - -] glance.connect_retries = None log_opt_values /usr/lib/python3/dist-packages/oslo_config/cfg.py:2609
2025-09-25 00:38:02.315 153380 DEBUG oslo_service.service [req-3e5c234c-7a28-4a2a-b5bf-d77ab7e29542 - - - - -] glance.connect_retry_delay = None log_opt_values /usr/lib/python3/dist-packages/oslo_config/cfg.py:2609
2025-09-25 00:38:02.315 153380 DEBUG oslo_service.service [req-3e5c234c-7a28-4a2a-b5bf-d77ab7e29542 - - - - -] glance.debug = False log_opt_values /usr/lib/python3/dist-packages/oslo_config/cfg.py:2609
2025-09-25 00:38:02.316 153380 DEBUG oslo_service.service [req-3e5c234c-7a28-4a2a-b5bf-d77ab7e29542 - - - - -] glance.default_trusted_certificate_ids = [] log_opt_values /usr/lib/python3/dist-packages/oslo_config/cfg.py:2609
2025-09-25 00:38:02.316 153380 DEBUG oslo_service.service [req-3e5c234c-7a28-4a2a-b5bf-d77ab7e29542 - - - - -] glance.enable_certificate_validation = False log_opt_values /usr/lib/python3/dist-packages/oslo_config/cfg.py:2609
2025-09-25 00:38:02.316 153380 DEBUG oslo_service.service [req-3e5c234c-7a28-4a2a-b5bf-d77ab7e29542 - - - - -] glance.enable_rbd_download = False log_opt_values /usr/lib/python3/dist-packages/oslo_config/cfg.py:2609
