2025-09-25 00:39:29.405 164600 DEBUG oslo_service.service [req-dc4aa8db-9f0e-4594-94cd-9cfde16684d6 - - - - -] log_rotate_interval_type = days log_opt_values /usr/lib/python3/dist-packages/oslo_config/cfg.py:2602
2025-09-25 00:39:29.406 164600 DEBUG oslo_service.service [req-dc4aa8db-9f0e-4594-94cd-9cfde16684d6 - - - - -] log_rotation_type = none log_opt_values /usr/lib/python3/dist-packages/oslo_config/cfg.py:2602
2025-09-25 00:39:29.406 164600 DEBUG oslo_service.service [req-dc4aa8db-9f0e-4594-94cd-9cfde16684d6 - - - - -] logging_context_format_string = %(asctime)s.%(msecs)03d %(process)d %(levelname)s %(name)s [%(request_id)s %(user_identity)s] %(instance)s%(message)s log_opt_values /usr/lib/python3/dist-packages/oslo_config/cfg.py:2602
2025-09-25 00:39:29.406 164600 DEBUG oslo_service.service [req-dc4aa8db-9f0e-4594-94cd-9cfde16684d6 - - - - -] logging_debug_format_suffix = %(funcName)s %(pathname)s:%(lineno)d log_opt_values /usr/lib/python3/dist-packages/oslo_config/cfg.py:2602
2025-09-25 00:39:29.406 164600 DEBUG oslo_service.service [req-dc4aa8db-9f0e-4594-94cd-9cfde16684d6 - - - - -] logging_default_format_string = %(asctime)s.%(msecs)03d %(process)d %(levelname)s %(name)s [-] %(instance)s%(message)s log_opt_values /usr/lib/python3/dist-packages/oslo_config/cfg.py:2602
2025-09-25 00:39:29.406 164600 DEBUG oslo_service.service [req-dc4aa8db-9f0e-4594-94cd-9cfde16684d6 - - - - -] logging_exception_prefix = %(asctime)s.%(msecs)03d %(process)d ERROR %(name)s %(instance)s log_opt_values /usr/lib/python3/dist-packages/oslo_config/cfg.py:2602
2025-09-25 00:39:29.406 164600 DEBUG oslo_service.service [req-dc4aa8db-9f0e-4594-94cd-9cfde16684d6 - - - - -] logging_user_identity_format = %(user)s %(project)s %(domain)s %(user_domain)s %(project_domain)s log_opt_values /usr/lib/python3/dist-packages/oslo_config/cfg.py:2602
2025-09-25 00:39:29.407 164600 DEBUG oslo_service.service [req-dc4aa8db-9f0e-4594-94cd-9cfde16684d6 - - - - -] long_rpc_timeout = 1800 log_opt_values /usr/lib/python3/dist-packages/oslo_config/cfg.py:2602
2025-09-25 00:39:29.407 164600 DEBUG oslo_service.service [req-dc4aa8db-9f0e-4594-94cd-9cfde16684d6 - - - - -] max_concurrent_builds = 10 log_opt_values /usr/lib/python3/dist-packages/oslo_config/cfg.py:2602
2025-09-25 00:39:29.408 164600 DEBUG oslo_service.service [req-dc4aa8db-9f0e-4594-94cd-9cfde16684d6 - - - - -] max_concurrent_live_migrations = 1 log_opt_values /usr/lib/python3/dist-packages/oslo_config/cfg.py:2602
2025-09-25 00:39:29.408 164600 DEBUG oslo_service.service [req-dc4aa8db-9f0e-4594-94cd-9cfde16684d6 - - - - -] max_concurrent_snapshots = 5 log_opt_values /usr/lib/python3/dist-packages/oslo_config/cfg.py:2602
2025-09-25 00:39:29.408 164600 DEBUG oslo_service.service [req-dc4aa8db-9f0e-4594-94cd-9cfde16684d6 - - - - -] max_local_block_devices = 3 log_opt_values /usr/lib/python3/dist-packages/oslo_config/cfg.py:2602
2025-09-25 00:39:29.408 164990 DEBUG nova.service [req-f7be445c-3fdd-4dd1-8f42-d67dbf0e7b02 - - - - -] Creating RPC server for service conductor start /usr/lib/python3/dist-packages/nova/service.py:182
2025-09-25 00:39:29.408 164600 DEBUG oslo_service.service [req-dc4aa8db-9f0e-4594-94cd-9cfde16684d6 - - - - -] max_logfile_count = 30 log_opt_values /usr/lib/python3/dist-packages/oslo_config/cfg.py:2602
2025-09-25 00:39:29.408 164600 DEBUG oslo_service.service [req-dc4aa8db-9f0e-4594-94cd-9cfde16684d6 - - - - -] max_logfile_size_mb = 200 log_opt_values /usr/lib/python3/dist-packages/oslo_config/cfg.py:2602
2025-09-25 00:39:29.408 164600 DEBUG oslo_service.service [req-dc4aa8db-9f0e-4594-94cd-9cfde16684d6 - - - - -] maximum_instance_delete_attempts = 5 log_opt_values /usr/lib/python3/dist-packages/oslo_config/cfg.py:2602
2025-09-25 00:39:29.409 164600 DEBUG oslo_service.service [req-dc4aa8db-9f0e-4594-94cd-9cfde16684d6 - - - - -] metadata_listen = 0.0.0.0 log_opt_values /usr/lib/python3/dist-packages/oslo_config/cfg.py:2602
2025-09-25 00:39:29.409 164600 DEBUG oslo_service.service [req-dc4aa8db-9f0e-4594-94cd-9cfde16684d6 - - - - -] metadata_listen_port = 8765 log_opt_values /usr/lib/python3/dist-packages/oslo_config/cfg.py:2602
2025-09-25 00:39:29.409 164600 DEBUG oslo_service.service [req-dc4aa8db-9f0e-4594-94cd-9cfde16684d6 - - - - -] metadata_workers = None log_opt_values /usr/lib/python3/dist-packages/oslo_config/cfg.py:2602
2025-09-25 00:39:29.409 164600 DEBUG oslo_service.service [req-dc4aa8db-9f0e-4594-94cd-9cfde16684d6 - - - - -] migrate_max_retries = -1 log_opt_values /usr/lib/python3/dist-packages/oslo_config/cfg.py:2602
2025-09-25 00:39:29.410 164600 DEBUG oslo_service.service [req-dc4aa8db-9f0e-4594-94cd-9cfde16684d6 - - - - -] mkisofs_cmd = genisoimage log_opt_values /usr/lib/python3/dist-packages/oslo_config/cfg.py:2602
2025-09-25 00:39:29.410 164600 DEBUG oslo_service.service [req-dc4aa8db-9f0e-4594-94cd-9cfde16684d6 - - - - -] my_block_storage_ip = 252.57.0.238 log_opt_values /usr/lib/python3/dist-packages/oslo_config/cfg.py:2602
2025-09-25 00:39:29.410 164600 DEBUG oslo_service.service [req-dc4aa8db-9f0e-4594-94cd-9cfde16684d6 - - - - -] my_ip = 252.57.0.238 log_opt_values /usr/lib/python3/dist-packages/oslo_config/cfg.py:2602
2025-09-25 00:39:29.410 164600 DEBUG oslo_service.service [req-dc4aa8db-9f0e-4594-94cd-9cfde16684d6 - - - - -] network_allocate_retries = 0 log_opt_values /usr/lib/python3/dist-packages/oslo_config/cfg.py:2602
2025-09-25 00:39:29.410 164600 DEBUG oslo_service.service [req-dc4aa8db-9f0e-4594-94cd-9cfde16684d6 - - - - -] non_inheritable_image_properties = ['cache_in_nova', 'bittorrent'] log_opt_values /usr/lib/python3/dist-packages/oslo_config/cfg.py:2602
2025-09-25 00:39:29.411 164600 DEBUG oslo_service.service [req-dc4aa8db-9f0e-4594-94cd-9cfde16684d6 - - - - -] osapi_compute_listen = 0.0.0.0 log_opt_values /usr/lib/python3/dist-packages/oslo_config/cfg.py:2602
2025-09-25 00:39:29.412 164600 DEBUG oslo_service.service [req-dc4aa8db-9f0e-4594-94cd-9cfde16684d6 - - - - -] osapi_compute_listen_port = 8764 log_opt_values /usr/lib/python3/dist-packages/oslo_config/cfg.py:2602
2025-09-25 00:39:29.413 164600 DEBUG oslo_service.service [req-dc4aa8db-9f0e-4594-94cd-9cfde16684d6 - - - - -] osapi_compute_unique_server_name_scope = log_opt_values /usr/lib/python3/dist-packages/oslo_config/cfg.py:2602
2025-09-25 00:39:29.413 164600 DEBUG oslo_service.service [req-dc4aa8db-9f0e-4594-94cd-9cfde16684d6 - - - - -] osapi_compute_workers = 4 log_opt_values /usr/lib/python3/dist-packages/oslo_config/cfg.py:2602
2025-09-25 00:39:29.413 164600 DEBUG oslo_service.service [req-dc4aa8db-9f0e-4594-94cd-9cfde16684d6 - - - - -] password_length = 12 log_opt_values /usr/lib/python3/dist-packages/oslo_config/cfg.py:2602
2025-09-25 00:39:29.413 164600 DEBUG oslo_service.service [req-dc4aa8db-9f0e-4594-94cd-9cfde16684d6 - - - - -] periodic_enable = True log_opt_values /usr/lib/python3/dist-packages/oslo_config/cfg.py:2602
2025-09-25 00:39:29.413 164600 DEBUG oslo_service.service [req-dc4aa8db-9f0e-4594-94cd-9cfde16684d6 - - - - -] periodic_fuzzy_delay = 60 log_opt_values /usr/lib/python3/dist-packages/oslo_config/cfg.py:2602
2025-09-25 00:39:29.414 164600 DEBUG oslo_service.service [req-dc4aa8db-9f0e-4594-94cd-9cfde16684d6 - - - - -] pointer_model = usbtablet log_opt_values /usr/lib/python3/dist-packages/oslo_config/cfg.py:2602
2025-09-25 00:39:29.414 164600 DEBUG oslo_service.service [req-dc4aa8db-9f0e-4594-94cd-9cfde16684d6 - - - - -] preallocate_images = none log_opt_values /usr/lib/python3/dist-packages/oslo_config/cfg.py:2602
2025-09-25 00:39:29.414 164600 DEBUG oslo_service.service [req-dc4aa8db-9f0e-4594-94cd-9cfde16684d6 - - - - -] publish_errors = False log_opt_values /usr/lib/python3/dist-packages/oslo_config/cfg.py:2602
2025-09-25 00:39:29.414 164600 DEBUG oslo_service.service [req-dc4aa8db-9f0e-4594-94cd-9cfde16684d6 - - - - -] pybasedir = /usr/lib/python3/dist-packages log_opt_values /usr/lib/python3/dist-packages/oslo_config/cfg.py:2602
2025-09-25 00:39:29.414 164600 DEBUG oslo_service.service [req-dc4aa8db-9f0e-4594-94cd-9cfde16684d6 - - - - -] ram_allocation_ratio = 0.98 log_opt_values /usr/lib/python3/dist-packages/oslo_config/cfg.py:2602
2025-09-25 00:39:29.414 164600 DEBUG oslo_service.service [req-dc4aa8db-9f0e-4594-94cd-9cfde16684d6 - - - - -] rate_limit_burst = 0 log_opt_values /usr/lib/python3/dist-packages/oslo_config/cfg.py:2602
2025-09-25 00:39:29.415 164600 DEBUG oslo_service.service [req-dc4aa8db-9f0e-4594-94cd-9cfde16684d6 - - - - -] rate_limit_except_level = CRITICAL log_opt_values /usr/lib/python3/dist-packages/oslo_config/cfg.py:2602
2025-09-25 00:39:29.415 164600 DEBUG oslo_service.service [req-dc4aa8db-9f0e-4594-94cd-9cfde16684d6 - - - - -] rate_limit_interval = 0 log_opt_values /usr/lib/python3/dist-packages/oslo_config/cfg.py:2602
2025-09-25 00:39:29.415 164600 DEBUG oslo_service.service [req-dc4aa8db-9f0e-4594-94cd-9cfde16684d6 - - - - -] reboot_timeout = 0 log_opt_values /usr/lib/python3/dist-packages/oslo_config/cfg.py:2602
2025-09-25 00:39:29.415 164600 DEBUG oslo_service.service [req-dc4aa8db-9f0e-4594-94cd-9cfde16684d6 - - - - -] reclaim_instance_interval = 0 log_opt_values /usr/lib/python3/dist-packages/oslo_config/cfg.py:2602
2025-09-25 00:39:29.415 164600 DEBUG oslo_service.service [req-dc4aa8db-9f0e-4594-94cd-9cfde16684d6 - - - - -] record = None log_opt_values /usr/lib/python3/dist-packages/oslo_config/cfg.py:2602
2025-09-25 00:39:29.415 164600 DEBUG oslo_service.service [req-dc4aa8db-9f0e-4594-94cd-9cfde16684d6 - - - - -] report_interval = 10 log_opt_values /usr/lib/python3/dist-packages/oslo_config/cfg.py:2602
2025-09-25 00:39:29.416 164600 DEBUG oslo_service.service [req-dc4aa8db-9f0e-4594-94cd-9cfde16684d6 - - - - -] rescue_timeout = 0 log_opt_values /usr/lib/python3/dist-packages/oslo_config/cfg.py:2602
2025-09-25 00:39:29.416 164600 DEBUG oslo_service.service [req-dc4aa8db-9f0e-4594-94cd-9cfde16684d6 - - - - -] reserved_host_cpus = 0 log_opt_values /usr/lib/python3/dist-packages/oslo_config/cfg.py:2602
2025-09-25 00:39:29.416 164600 DEBUG oslo_service.service [req-dc4aa8db-9f0e-4594-94cd-9cfde16684d6 - - - - -] reserved_host_disk_mb = 0 log_opt_values /usr/lib/python3/dist-packages/oslo_config/cfg.py:2602
2025-09-25 00:39:29.416 164992 DEBUG nova.service [req-e4e1162b-df49-4977-a8c6-49936b1027f2 - - - - -] Creating RPC server for service conductor start /usr/lib/python3/dist-packages/nova/service.py:182
2025-09-25 00:39:29.416 164600 DEBUG oslo_service.service [req-dc4aa8db-9f0e-4594-94cd-9cfde16684d6 - - - - -] reserved_host_memory_mb = 512 log_opt_values /usr/lib/python3/dist-packages/oslo_config/cfg.py:2602
2025-09-25 00:39:29.416 164600 DEBUG oslo_service.service [req-dc4aa8db-9f0e-4594-94cd-9cfde16684d6 - - - - -] reserved_huge_pages = None log_opt_values /usr/lib/python3/dist-packages/oslo_config/cfg.py:2602
2025-09-25 00:39:29.416 164600 DEBUG oslo_service.service [req-dc4aa8db-9f0e-4594-94cd-9cfde16684d6 - - - - -] resize_confirm_window = 0 log_opt_values /usr/lib/python3/dist-packages/oslo_config/cfg.py:2602
2025-09-25 00:39:29.418 164600 DEBUG oslo_service.service [req-dc4aa8db-9f0e-4594-94cd-9cfde16684d6 - - - - -] resize_fs_using_block_device = False log_opt_values /usr/lib/python3/dist-packages/oslo_config/cfg.py:2602
2025-09-25 00:39:29.419 164600 DEBUG oslo_service.service [req-dc4aa8db-9f0e-4594-94cd-9cfde16684d6 - - - - -] resume_guests_state_on_host_boot = False log_opt_values /usr/lib/python3/dist-packages/oslo_config/cfg.py:2602
2025-09-25 00:39:29.419 164600 DEBUG oslo_service.service [req-dc4aa8db-9f0e-4594-94cd-9cfde16684d6 - - - - -] rootwrap_config = /etc/nova/rootwrap.conf log_opt_values /usr/lib/python3/dist-packages/oslo_config/cfg.py:2602
2025-09-25 00:39:29.419 164993 DEBUG nova.service [req-715dc52a-1b0c-46ee-8b04-b5c100da1d31 - - - - -] Creating RPC server for service conductor start /usr/lib/python3/dist-packages/nova/service.py:182
2025-09-25 00:39:29.419 164600 DEBUG oslo_service.service [req-dc4aa8db-9f0e-4594-94cd-9cfde16684d6 - - - - -] rpc_response_timeout = 60 log_opt_values /usr/lib/python3/dist-packages/oslo_config/cfg.py:2602
2025-09-25 00:39:29.419 164600 DEBUG oslo_service.service [req-dc4aa8db-9f0e-4594-94cd-9cfde16684d6 - - - - -] run_external_periodic_tasks = True log_opt_values /usr/lib/python3/dist-packages/oslo_config/cfg.py:2602
2025-09-25 00:39:29.419 164600 DEBUG oslo_service.service [req-dc4aa8db-9f0e-4594-94cd-9cfde16684d6 - - - - -] running_deleted_instance_action = reap log_opt_values /usr/lib/python3/dist-packages/oslo_config/cfg.py:2602
2025-09-25 00:39:29.422 164600 DEBUG oslo_service.service [req-dc4aa8db-9f0e-4594-94cd-9cfde16684d6 - - - - -] running_deleted_instance_poll_interval = 1800 log_opt_values /usr/lib/python3/dist-packages/oslo_config/cfg.py:2602
2025-09-25 00:39:29.422 164600 DEBUG oslo_service.service [req-dc4aa8db-9f0e-4594-94cd-9cfde16684d6 - - - - -] running_deleted_instance_timeout = 0 log_opt_values /usr/lib/python3/dist-packages/oslo_config/cfg.py:2602
2025-09-25 00:39:29.422 164600 DEBUG oslo_service.service [req-dc4aa8db-9f0e-4594-94cd-9cfde16684d6 - - - - -] scheduler_instance_sync_interval = 120 log_opt_values /usr/lib/python3/dist-packages/oslo_config/cfg.py:2602
2025-09-25 00:39:29.423 164600 DEBUG oslo_service.service [req-dc4aa8db-9f0e-4594-94cd-9cfde16684d6 - - - - -] service_down_time = 60 log_opt_values /usr/lib/python3/dist-packages/oslo_config/cfg.py:2602
2025-09-25 00:39:29.425 164600 DEBUG oslo_service.service [req-dc4aa8db-9f0e-4594-94cd-9cfde16684d6 - - - - -] servicegroup_driver = db log_opt_values /usr/lib/python3/dist-packages/oslo_config/cfg.py:2602
2025-09-25 00:39:29.425 164600 DEBUG oslo_service.service [req-dc4aa8db-9f0e-4594-94cd-9cfde16684d6 - - - - -] shelved_offload_time = 0 log_opt_values /usr/lib/python3/dist-packages/oslo_config/cfg.py:2602
2025-09-25 00:39:29.425 164600 DEBUG oslo_service.service [req-dc4aa8db-9f0e-4594-94cd-9cfde16684d6 - - - - -] shelved_poll_interval = 3600 log_opt_values /usr/lib/python3/dist-packages/oslo_config/cfg.py:2602
2025-09-25 00:39:29.425 164600 DEBUG oslo_service.service [req-dc4aa8db-9f0e-4594-94cd-9cfde16684d6 - - - - -] shutdown_timeout = 60 log_opt_values /usr/lib/python3/dist-packages/oslo_config/cfg.py:2602
2025-09-25 00:39:29.425 164600 DEBUG oslo_service.service [req-dc4aa8db-9f0e-4594-94cd-9cfde16684d6 - - - - -] source_is_ipv6 = False log_opt_values /usr/lib/python3/dist-packages/oslo_config/cfg.py:2602
2025-09-25 00:39:29.426 164600 DEBUG oslo_service.service [req-dc4aa8db-9f0e-4594-94cd-9cfde16684d6 - - - - -] ssl_only = False log_opt_values /usr/lib/python3/dist-packages/oslo_config/cfg.py:2602
2025-09-25 00:39:29.426 164600 DEBUG oslo_service.service [req-dc4aa8db-9f0e-4594-94cd-9cfde16684d6 - - - - -] state_path = /var/lib/nova log_opt_values /usr/lib/python3/dist-packages/oslo_config/cfg.py:2602
2025-09-25 00:39:29.426 164600 DEBUG oslo_service.service [req-dc4aa8db-9f0e-4594-94cd-9cfde16684d6 - - - - -] sync_power_state_interval = 600 log_opt_values /usr/lib/python3/dist-packages/oslo_config/cfg.py:2602
2025-09-25 00:39:29.426 164600 DEBUG oslo_service.service [req-dc4aa8db-9f0e-4594-94cd-9cfde16684d6 - - - - -] sync_power_state_pool_size = 1000 log_opt_values /usr/lib/python3/dist-packages/oslo_config/cfg.py:2602
2025-09-25 00:39:29.426 164600 DEBUG oslo_service.service [req-dc4aa8db-9f0e-4594-94cd-9cfde16684d6 - - - - -] syslog_log_facility = LOG_USER log_opt_values /usr/lib/python3/dist-packages/oslo_config/cfg.py:2602
2025-09-25 00:39:29.426 164600 DEBUG oslo_service.service [req-dc4aa8db-9f0e-4594-94cd-9cfde16684d6 - - - - -] tempdir = None log_opt_values /usr/lib/python3/dist-packages/oslo_config/cfg.py:2602
2025-09-25 00:39:29.427 164600 DEBUG oslo_service.service [req-dc4aa8db-9f0e-4594-94cd-9cfde16684d6 - - - - -] timeout_nbd = 10 log_opt_values /usr/lib/python3/dist-packages/oslo_config/cfg.py:2602
2025-09-25 00:39:29.427 164600 DEBUG oslo_service.service [req-dc4aa8db-9f0e-4594-94cd-9cfde16684d6 - - - - -] transport_url = **** log_opt_values /usr/lib/python3/dist-packages/oslo_config/cfg.py:2602
2025-09-25 00:39:29.427 164600 DEBUG oslo_service.service [req-dc4aa8db-9f0e-4594-94cd-9cfde16684d6 - - - - -] update_resources_interval = 0 log_opt_values /usr/lib/python3/dist-packages/oslo_config/cfg.py:2602
2025-09-25 00:39:29.427 164600 DEBUG oslo_service.service [req-dc4aa8db-9f0e-4594-94cd-9cfde16684d6 - - - - -] use_cow_images = True log_opt_values /usr/lib/python3/dist-packages/oslo_config/cfg.py:2602
2025-09-25 00:39:29.427 164600 DEBUG oslo_service.service [req-dc4aa8db-9f0e-4594-94cd-9cfde16684d6 - - - - -] use_eventlog = False log_opt_values /usr/lib/python3/dist-packages/oslo_config/cfg.py:2602
2025-09-25 00:39:29.427 164600 DEBUG oslo_service.service [req-dc4aa8db-9f0e-4594-94cd-9cfde16684d6 - - - - -] use_journal = False log_opt_values /usr/lib/python3/dist-packages/oslo_config/cfg.py:2602
2025-09-25 00:39:29.428 164600 DEBUG oslo_service.service [req-dc4aa8db-9f0e-4594-94cd-9cfde16684d6 - - - - -] use_json = False log_opt_values /usr/lib/python3/dist-packages/oslo_config/cfg.py:2602
2025-09-25 00:39:29.428 164600 DEBUG oslo_service.service [req-dc4aa8db-9f0e-4594-94cd-9cfde16684d6 - - - - -] use_rootwrap_daemon = False log_opt_values /usr/lib/python3/dist-packages/oslo_config/cfg.py:2602
2025-09-25 00:39:29.428 164600 DEBUG oslo_service.service [req-dc4aa8db-9f0e-4594-94cd-9cfde16684d6 - - - - -] use_stderr = False log_opt_values /usr/lib/python3/dist-packages/oslo_config/cfg.py:2602
2025-09-25 00:39:29.428 164600 DEBUG oslo_service.service [req-dc4aa8db-9f0e-4594-94cd-9cfde16684d6 - - - - -] use_syslog = False log_opt_values /usr/lib/python3/dist-packages/oslo_config/cfg.py:2602
2025-09-25 00:39:29.428 164600 DEBUG oslo_service.service [req-dc4aa8db-9f0e-4594-94cd-9cfde16684d6 - - - - -] vcpu_pin_set = None log_opt_values /usr/lib/python3/dist-packages/oslo_config/cfg.py:2602
2025-09-25 00:39:29.428 164600 DEBUG oslo_service.service [req-dc4aa8db-9f0e-4594-94cd-9cfde16684d6 - - - - -] vif_plugging_is_fatal = True log_opt_values /usr/lib/python3/dist-packages/oslo_config/cfg.py:2602
2025-09-25 00:39:29.429 164600 DEBUG oslo_service.service [req-dc4aa8db-9f0e-4594-94cd-9cfde16684d6 - - - - -] vif_plugging_timeout = 300 log_opt_values /usr/lib/python3/dist-packages/oslo_config/cfg.py:2602
2025-09-25 00:39:29.429 164600 DEBUG oslo_service.service [req-dc4aa8db-9f0e-4594-94cd-9cfde16684d6 - - - - -] virt_mkfs = [] log_opt_values /usr/lib/python3/dist-packages/oslo_config/cfg.py:2602
2025-09-25 00:39:29.429 164600 DEBUG oslo_service.service [req-dc4aa8db-9f0e-4594-94cd-9cfde16684d6 - - - - -] volume_usage_poll_interval = 0 log_opt_values /usr/lib/python3/dist-packages/oslo_config/cfg.py:2602
2025-09-25 00:39:29.429 164600 DEBUG oslo_service.service [req-dc4aa8db-9f0e-4594-94cd-9cfde16684d6 - - - - -] watch_log_file = False log_opt_values /usr/lib/python3/dist-packages/oslo_config/cfg.py:2602
2025-09-25 00:39:29.429 164600 DEBUG oslo_service.service [req-dc4aa8db-9f0e-4594-94cd-9cfde16684d6 - - - - -] web = /usr/share/spice-html5 log_opt_values /usr/lib/python3/dist-packages/oslo_config/cfg.py:2602
2025-09-25 00:39:29.430 164600 DEBUG oslo_service.service [req-dc4aa8db-9f0e-4594-94cd-9cfde16684d6 - - - - -] oslo_concurrency.disable_process_locking = False log_opt_values /usr/lib/python3/dist-packages/oslo_config/cfg.py:2609
2025-09-25 00:39:29.430 164600 DEBUG oslo_service.service [req-dc4aa8db-9f0e-4594-94cd-9cfde16684d6 - - - - -] oslo_concurrency.lock_path = /var/lock/nova log_opt_values /usr/lib/python3/dist-packages/oslo_config/cfg.py:2609
2025-09-25 00:39:29.430 164600 DEBUG oslo_service.service [req-dc4aa8db-9f0e-4594-94cd-9cfde16684d6 - - - - -] oslo_messaging_metrics.metrics_buffer_size = 1000 log_opt_values /usr/lib/python3/dist-packages/oslo_config/cfg.py:2609
2025-09-25 00:39:29.430 164600 DEBUG oslo_service.service [req-dc4aa8db-9f0e-4594-94cd-9cfde16684d6 - - - - -] oslo_messaging_metrics.metrics_enabled = False log_opt_values /usr/lib/python3/dist-packages/oslo_config/cfg.py:2609
2025-09-25 00:39:29.430 164600 DEBUG oslo_service.service [req-dc4aa8db-9f0e-4594-94cd-9cfde16684d6 - - - - -] oslo_messaging_metrics.metrics_process_name = log_opt_values /usr/lib/python3/dist-packages/oslo_config/cfg.py:2609
2025-09-25 00:39:29.431 164600 DEBUG oslo_service.service [req-dc4aa8db-9f0e-4594-94cd-9cfde16684d6 - - - - -] oslo_messaging_metrics.metrics_socket_file = /var/tmp/metrics_collector.sock log_opt_values /usr/lib/python3/dist-packages/oslo_config/cfg.py:2609
2025-09-25 00:39:29.431 164600 DEBUG oslo_service.service [req-dc4aa8db-9f0e-4594-94cd-9cfde16684d6 - - - - -] oslo_messaging_metrics.metrics_thread_stop_timeout = 10 log_opt_values /usr/lib/python3/dist-packages/oslo_config/cfg.py:2609
2025-09-25 00:39:29.431 164991 DEBUG nova.service [req-9f0f6d9f-089e-441a-912e-cdd0ea3a0b7e - - - - -] Creating RPC server for service conductor start /usr/lib/python3/dist-packages/nova/service.py:182
2025-09-25 00:39:29.431 164600 WARNING oslo_config.cfg [req-dc4aa8db-9f0e-4594-94cd-9cfde16684d6 - - - - -] Deprecated: Option "auth_strategy" from group "api" is deprecated for removal ( The only non-default choice, ``noauth2``, is for internal development and testing purposes only and should not be used in deployments. This option and its middleware, NoAuthMiddleware[V2_18], will be removed in a future release. ). Its value may be silently ignored in the future.
2025-09-25 00:39:29.432 164600 DEBUG oslo_service.service [req-dc4aa8db-9f0e-4594-94cd-9cfde16684d6 - - - - -] api.auth_strategy = keystone log_opt_values /usr/lib/python3/dist-packages/oslo_config/cfg.py:2609
2025-09-25 00:39:29.432 164600 DEBUG oslo_service.service [req-dc4aa8db-9f0e-4594-94cd-9cfde16684d6 - - - - -] api.compute_link_prefix = None log_opt_values /usr/lib/python3/dist-packages/oslo_config/cfg.py:2609
2025-09-25 00:39:29.432 164600 DEBUG oslo_service.service [req-dc4aa8db-9f0e-4594-94cd-9cfde16684d6 - - - - -] api.config_drive_skip_versions = 1.0 2007-01-19 2007-03-01 2007-08-29 2007-10-10 2007-12-15 2008-02-01 2008-09-01 log_opt_values /usr/lib/python3/dist-packages/oslo_config/cfg.py:2609
2025-09-25 00:39:29.433 164600 DEBUG oslo_service.service [req-dc4aa8db-9f0e-4594-94cd-9cfde16684d6 - - - - -] api.dhcp_domain = novalocal log_opt_values /usr/lib/python3/dist-packages/oslo_config/cfg.py:2609
2025-09-25 00:39:29.433 164600 DEBUG oslo_service.service [req-dc4aa8db-9f0e-4594-94cd-9cfde16684d6 - - - - -] api.enable_instance_password = True log_opt_values /usr/lib/python3/dist-packages/oslo_config/cfg.py:2609
2025-09-25 00:39:29.433 164600 DEBUG oslo_service.service [req-dc4aa8db-9f0e-4594-94cd-9cfde16684d6 - - - - -] api.glance_link_prefix = None log_opt_values /usr/lib/python3/dist-packages/oslo_config/cfg.py:2609
2025-09-25 00:39:29.434 164600 DEBUG oslo_service.service [req-dc4aa8db-9f0e-4594-94cd-9cfde16684d6 - - - - -] api.instance_list_cells_batch_fixed_size = 100 log_opt_values /usr/lib/python3/dist-packages/oslo_config/cfg.py:2609
2025-09-25 00:39:29.434 164600 DEBUG oslo_service.service [req-dc4aa8db-9f0e-4594-94cd-9cfde16684d6 - - - - -] api.instance_list_cells_batch_strategy = distributed log_opt_values /usr/lib/python3/dist-packages/oslo_config/cfg.py:2609
2025-09-25 00:39:29.434 164600 DEBUG oslo_service.service [req-dc4aa8db-9f0e-4594-94cd-9cfde16684d6 - - - - -] api.instance_list_per_project_cells = False log_opt_values /usr/lib/python3/dist-packages/oslo_config/cfg.py:2609
2025-09-25 00:39:29.434 164600 DEBUG oslo_service.service [req-dc4aa8db-9f0e-4594-94cd-9cfde16684d6 - - - - -] api.list_records_by_skipping_down_cells = True log_opt_values /usr/lib/python3/dist-packages/oslo_config/cfg.py:2609
2025-09-25 00:39:29.434 164600 DEBUG oslo_service.service [req-dc4aa8db-9f0e-4594-94cd-9cfde16684d6 - - - - -] api.local_metadata_per_cell = False log_opt_values /usr/lib/python3/dist-packages/oslo_config/cfg.py:2609
2025-09-25 00:39:29.434 164600 DEBUG oslo_service.service [req-dc4aa8db-9f0e-4594-94cd-9cfde16684d6 - - - - -] api.max_limit = 1000 log_opt_values /usr/lib/python3/dist-packages/oslo_config/cfg.py:2609
2025-09-25 00:39:29.435 164600 DEBUG oslo_service.service [req-dc4aa8db-9f0e-4594-94cd-9cfde16684d6 - - - - -] api.metadata_cache_expiration = 15 log_opt_values /usr/lib/python3/dist-packages/oslo_config/cfg.py:2609
2025-09-25 00:39:29.435 164600 DEBUG oslo_service.service [req-dc4aa8db-9f0e-4594-94cd-9cfde16684d6 - - - - -] api.neutron_default_tenant_id = default log_opt_values /usr/lib/python3/dist-packages/oslo_config/cfg.py:2609
2025-09-25 00:39:29.435 164600 DEBUG oslo_service.service [req-dc4aa8db-9f0e-4594-94cd-9cfde16684d6 - - - - -] api.use_forwarded_for = False log_opt_values /usr/lib/python3/dist-packages/oslo_config/cfg.py:2609
2025-09-25 00:39:29.435 164600 DEBUG oslo_service.service [req-dc4aa8db-9f0e-4594-94cd-9cfde16684d6 - - - - -] api.use_neutron_default_nets = False log_opt_values /usr/lib/python3/dist-packages/oslo_config/cfg.py:2609
2025-09-25 00:39:29.436 164600 DEBUG oslo_service.service [req-dc4aa8db-9f0e-4594-94cd-9cfde16684d6 - - - - -] api.vendordata_dynamic_connect_timeout = 5 log_opt_values /usr/lib/python3/dist-packages/oslo_config/cfg.py:2609
2025-09-25 00:39:29.436 164600 DEBUG oslo_service.service [req-dc4aa8db-9f0e-4594-94cd-9cfde16684d6 - - - - -] api.vendordata_dynamic_failure_fatal = False log_opt_values /usr/lib/python3/dist-packages/oslo_config/cfg.py:2609
2025-09-25 00:39:29.436 164600 DEBUG oslo_service.service [req-dc4aa8db-9f0e-4594-94cd-9cfde16684d6 - - - - -] api.vendordata_dynamic_read_timeout = 5 log_opt_values /usr/lib/python3/dist-packages/oslo_config/cfg.py:2609
2025-09-25 00:39:29.436 164600 DEBUG oslo_service.service [req-dc4aa8db-9f0e-4594-94cd-9cfde16684d6 - - - - -] api.vendordata_dynamic_ssl_certfile = log_opt_values /usr/lib/python3/dist-packages/oslo_config/cfg.py:2609
2025-09-25 00:39:29.436 164600 DEBUG oslo_service.service [req-dc4aa8db-9f0e-4594-94cd-9cfde16684d6 - - - - -] api.vendordata_dynamic_targets = [] log_opt_values /usr/lib/python3/dist-packages/oslo_config/cfg.py:2609
2025-09-25 00:39:29.436 164600 DEBUG oslo_service.service [req-dc4aa8db-9f0e-4594-94cd-9cfde16684d6 - - - - -] api.vendordata_jsonfile_path = None log_opt_values /usr/lib/python3/dist-packages/oslo_config/cfg.py:2609
2025-09-25 00:39:29.436 164600 DEBUG oslo_service.service [req-dc4aa8db-9f0e-4594-94cd-9cfde16684d6 - - - - -] api.vendordata_providers = ['StaticJSON'] log_opt_values /usr/lib/python3/dist-packages/oslo_config/cfg.py:2609
2025-09-25 00:39:29.437 164600 DEBUG oslo_service.service [req-dc4aa8db-9f0e-4594-94cd-9cfde16684d6 - - - - -] cache.backend = dogpile.cache.null log_opt_values /usr/lib/python3/dist-packages/oslo_config/cfg.py:2609
2025-09-25 00:39:29.437 164600 DEBUG oslo_service.service [req-dc4aa8db-9f0e-4594-94cd-9cfde16684d6 - - - - -] cache.backend_argument = **** log_opt_values /usr/lib/python3/dist-packages/oslo_config/cfg.py:2609
2025-09-25 00:39:29.437 164600 DEBUG oslo_service.service [req-dc4aa8db-9f0e-4594-94cd-9cfde16684d6 - - - - -] cache.config_prefix = cache.oslo log_opt_values /usr/lib/python3/dist-packages/oslo_config/cfg.py:2609
2025-09-25 00:39:29.437 164600 DEBUG oslo_service.service [req-dc4aa8db-9f0e-4594-94cd-9cfde16684d6 - - - - -] cache.debug_cache_backend = False log_opt_values /usr/lib/python3/dist-packages/oslo_config/cfg.py:2609
2025-09-25 00:39:29.437 164600 DEBUG oslo_service.service [req-dc4aa8db-9f0e-4594-94cd-9cfde16684d6 - - - - -] cache.enabled = False log_opt_values /usr/lib/python3/dist-packages/oslo_config/cfg.py:2609
2025-09-25 00:39:29.438 164600 DEBUG oslo_service.service [req-dc4aa8db-9f0e-4594-94cd-9cfde16684d6 - - - - -] cache.expiration_time = 600 log_opt_values /usr/lib/python3/dist-packages/oslo_config/cfg.py:2609
2025-09-25 00:39:29.438 164600 DEBUG oslo_service.service [req-dc4aa8db-9f0e-4594-94cd-9cfde16684d6 - - - - -] cache.memcache_dead_retry = 300 log_opt_values /usr/lib/python3/dist-packages/oslo_config/cfg.py:2609
2025-09-25 00:39:29.438 164600 DEBUG oslo_service.service [req-dc4aa8db-9f0e-4594-94cd-9cfde16684d6 - - - - -] cache.memcache_pool_connection_get_timeout = 10 log_opt_values /usr/lib/python3/dist-packages/oslo_config/cfg.py:2609
2025-09-25 00:39:29.438 164600 DEBUG oslo_service.service [req-dc4aa8db-9f0e-4594-94cd-9cfde16684d6 - - - - -] cache.memcache_pool_flush_on_reconnect = False log_opt_values /usr/lib/python3/dist-packages/oslo_config/cfg.py:2609
2025-09-25 00:39:29.438 164600 DEBUG oslo_service.service [req-dc4aa8db-9f0e-4594-94cd-9cfde16684d6 - - - - -] cache.memcache_pool_maxsize = 10 log_opt_values /usr/lib/python3/dist-packages/oslo_config/cfg.py:2609
2025-09-25 00:39:29.438 164600 DEBUG oslo_service.service [req-dc4aa8db-9f0e-4594-94cd-9cfde16684d6 - - - - -] cache.memcache_pool_unused_timeout = 60 log_opt_values /usr/lib/python3/dist-packages/oslo_config/cfg.py:2609
2025-09-25 00:39:29.439 164600 DEBUG oslo_service.service [req-dc4aa8db-9f0e-4594-94cd-9cfde16684d6 - - - - -] cache.memcache_servers = ['localhost:11211'] log_opt_values /usr/lib/python3/dist-packages/oslo_config/cfg.py:2609
2025-09-25 00:39:29.439 164600 DEBUG oslo_service.service [req-dc4aa8db-9f0e-4594-94cd-9cfde16684d6 - - - - -] cache.memcache_socket_timeout = 1.0 log_opt_values /usr/lib/python3/dist-packages/oslo_config/cfg.py:2609
2025-09-25 00:39:29.439 164600 DEBUG oslo_service.service [req-dc4aa8db-9f0e-4594-94cd-9cfde16684d6 - - - - -] cache.proxies = [] log_opt_values /usr/lib/python3/dist-packages/oslo_config/cfg.py:2609
2025-09-25 00:39:29.439 164600 DEBUG oslo_service.service [req-dc4aa8db-9f0e-4594-94cd-9cfde16684d6 - - - - -] cache.tls_allowed_ciphers = None log_opt_values /usr/lib/python3/dist-packages/oslo_config/cfg.py:2609
2025-09-25 00:39:29.439 164600 DEBUG oslo_service.service [req-dc4aa8db-9f0e-4594-94cd-9cfde16684d6 - - - - -] cache.tls_cafile = None log_opt_values /usr/lib/python3/dist-packages/oslo_config/cfg.py:2609
2025-09-25 00:39:29.440 164600 DEBUG oslo_service.service [req-dc4aa8db-9f0e-4594-94cd-9cfde16684d6 - - - - -] cache.tls_certfile = None log_opt_values /usr/lib/python3/dist-packages/oslo_config/cfg.py:2609
2025-09-25 00:39:29.440 164600 DEBUG oslo_service.service [req-dc4aa8db-9f0e-4594-94cd-9cfde16684d6 - - - - -] cache.tls_enabled = False log_opt_values /usr/lib/python3/dist-packages/oslo_config/cfg.py:2609
2025-09-25 00:39:29.440 164600 DEBUG oslo_service.service [req-dc4aa8db-9f0e-4594-94cd-9cfde16684d6 - - - - -] cache.tls_keyfile = None log_opt_values /usr/lib/python3/dist-packages/oslo_config/cfg.py:2609
2025-09-25 00:39:29.440 164600 DEBUG oslo_service.service [req-dc4aa8db-9f0e-4594-94cd-9cfde16684d6 - - - - -] cinder.auth_section = None log_opt_values /usr/lib/python3/dist-packages/oslo_config/cfg.py:2609
2025-09-25 00:39:29.441 164600 DEBUG oslo_service.service [req-dc4aa8db-9f0e-4594-94cd-9cfde16684d6 - - - - -] cinder.auth_type = None log_opt_values /usr/lib/python3/dist-packages/oslo_config/cfg.py:2609
2025-09-25 00:39:29.440 164992 DEBUG oslo_messaging._drivers.amqpdriver [-] Listener is running poll /usr/lib/python3/dist-packages/oslo_messaging/_drivers/amqpdriver.py:343
2025-09-25 00:39:29.441 164600 DEBUG oslo_service.service [req-dc4aa8db-9f0e-4594-94cd-9cfde16684d6 - - - - -] cinder.cafile = None log_opt_values /usr/lib/python3/dist-packages/oslo_config/cfg.py:2609
2025-09-25 00:39:29.441 164992 DEBUG oslo_messaging._drivers.amqpdriver [-] AMQPListener connection consume poll /usr/lib/python3/dist-packages/oslo_messaging/_drivers/amqpdriver.py:357
2025-09-25 00:39:29.441 164600 DEBUG oslo_service.service [req-dc4aa8db-9f0e-4594-94cd-9cfde16684d6 - - - - -] cinder.catalog_info = volumev3::publicURL log_opt_values /usr/lib/python3/dist-packages/oslo_config/cfg.py:2609
2025-09-25 00:39:29.441 164600 DEBUG oslo_service.service [req-dc4aa8db-9f0e-4594-94cd-9cfde16684d6 - - - - -] cinder.certfile = None log_opt_values /usr/lib/python3/dist-packages/oslo_config/cfg.py:2609
2025-09-25 00:39:29.441 164600 DEBUG oslo_service.service [req-dc4aa8db-9f0e-4594-94cd-9cfde16684d6 - - - - -] cinder.collect_timing = False log_opt_values /usr/lib/python3/dist-packages/oslo_config/cfg.py:2609
2025-09-25 00:39:29.441 164600 DEBUG oslo_service.service [req-dc4aa8db-9f0e-4594-94cd-9cfde16684d6 - - - - -] cinder.cross_az_attach = True log_opt_values /usr/lib/python3/dist-packages/oslo_config/cfg.py:2609
2025-09-25 00:39:29.442 164992 DEBUG nova.service [req-e4e1162b-df49-4977-a8c6-49936b1027f2 - - - - -] Join ServiceGroup membership for this service conductor start /usr/lib/python3/dist-packages/nova/service.py:199
2025-09-25 00:39:29.442 164992 DEBUG nova.servicegroup.drivers.db [req-e4e1162b-df49-4977-a8c6-49936b1027f2 - - - - -] DB_Driver: join new ServiceGroup member juju-d9221b-0-lxd-7 to the conductor group, service = join /usr/lib/python3/dist-packages/nova/servicegroup/drivers/db.py:44
2025-09-25 00:39:29.442 164600 DEBUG oslo_service.service [req-dc4aa8db-9f0e-4594-94cd-9cfde16684d6 - - - - -] cinder.debug = False log_opt_values /usr/lib/python3/dist-packages/oslo_config/cfg.py:2609
2025-09-25 00:39:29.444 164600 DEBUG oslo_service.service [req-dc4aa8db-9f0e-4594-94cd-9cfde16684d6 - - - - -] cinder.endpoint_template = None log_opt_values /usr/lib/python3/dist-packages/oslo_config/cfg.py:2609
2025-09-25 00:39:29.444 164600 DEBUG oslo_service.service [req-dc4aa8db-9f0e-4594-94cd-9cfde16684d6 - - - - -] cinder.http_retries = 3 log_opt_values /usr/lib/python3/dist-packages/oslo_config/cfg.py:2609
2025-09-25 00:39:29.445 164992 DEBUG oslo_messaging._drivers.amqpdriver [-] AMQPListener connection timeout poll /usr/lib/python3/dist-packages/oslo_messaging/_drivers/amqpdriver.py:360
2025-09-25 00:39:29.446 164992 DEBUG oslo_messaging._drivers.amqpdriver [-] Listener is running poll /usr/lib/python3/dist-packages/oslo_messaging/_drivers/amqpdriver.py:343
2025-09-25 00:39:29.445 164600 DEBUG oslo_service.service [req-dc4aa8db-9f0e-4594-94cd-9cfde16684d6 - - - - -] cinder.insecure = False log_opt_values /usr/lib/python3/dist-packages/oslo_config/cfg.py:2609
2025-09-25 00:39:29.446 164992 DEBUG oslo_messaging._drivers.amqpdriver [-] AMQPListener connection consume poll /usr/lib/python3/dist-packages/oslo_messaging/_drivers/amqpdriver.py:357
2025-09-25 00:39:29.446 164600 DEBUG oslo_service.service [req-dc4aa8db-9f0e-4594-94cd-9cfde16684d6 - - - - -] cinder.keyfile = None log_opt_values /usr/lib/python3/dist-packages/oslo_config/cfg.py:2609
2025-09-25 00:39:29.446 164600 DEBUG oslo_service.service [req-dc4aa8db-9f0e-4594-94cd-9cfde16684d6 - - - - -] cinder.os_region_name = None log_opt_values /usr/lib/python3/dist-packages/oslo_config/cfg.py:2609
2025-09-25 00:39:29.446 164600 DEBUG oslo_service.service [req-dc4aa8db-9f0e-4594-94cd-9cfde16684d6 - - - - -] cinder.split_loggers = False log_opt_values /usr/lib/python3/dist-packages/oslo_config/cfg.py:2609
2025-09-25 00:39:29.447 164600 DEBUG oslo_service.service [req-dc4aa8db-9f0e-4594-94cd-9cfde16684d6 - - - - -] cinder.timeout = None log_opt_values /usr/lib/python3/dist-packages/oslo_config/cfg.py:2609
2025-09-25 00:39:29.447 164993 DEBUG oslo_messaging._drivers.amqpdriver [-] Listener is running poll /usr/lib/python3/dist-packages/oslo_messaging/_drivers/amqpdriver.py:343
2025-09-25 00:39:29.448 164993 DEBUG oslo_messaging._drivers.amqpdriver [-] AMQPListener connection consume poll /usr/lib/python3/dist-packages/oslo_messaging/_drivers/amqpdriver.py:357
2025-09-25 00:39:29.448 164600 DEBUG oslo_service.service [req-dc4aa8db-9f0e-4594-94cd-9cfde16684d6 - - - - -] compute.consecutive_build_service_disable_threshold = 10 log_opt_values /usr/lib/python3/dist-packages/oslo_config/cfg.py:2609
2025-09-25 00:39:29.448 164600 DEBUG oslo_service.service [req-dc4aa8db-9f0e-4594-94cd-9cfde16684d6 - - - - -] compute.cpu_dedicated_set = None log_opt_values /usr/lib/python3/dist-packages/oslo_config/cfg.py:2609
2025-09-25 00:39:29.448 164993 DEBUG nova.service [req-715dc52a-1b0c-46ee-8b04-b5c100da1d31 - - - - -] Join ServiceGroup membership for this service conductor start /usr/lib/python3/dist-packages/nova/service.py:199
2025-09-25 00:39:29.448 164600 DEBUG oslo_service.service [req-dc4aa8db-9f0e-4594-94cd-9cfde16684d6 - - - - -] compute.cpu_shared_set = None log_opt_values /usr/lib/python3/dist-packages/oslo_config/cfg.py:2609
2025-09-25 00:39:29.449 164993 DEBUG nova.servicegroup.drivers.db [req-715dc52a-1b0c-46ee-8b04-b5c100da1d31 - - - - -] DB_Driver: join new ServiceGroup member juju-d9221b-0-lxd-7 to the conductor group, service = join /usr/lib/python3/dist-packages/nova/servicegroup/drivers/db.py:44
2025-09-25 00:39:29.449 164600 DEBUG oslo_service.service [req-dc4aa8db-9f0e-4594-94cd-9cfde16684d6 - - - - -] compute.image_type_exclude_list = [] log_opt_values /usr/lib/python3/dist-packages/oslo_config/cfg.py:2609
2025-09-25 00:39:29.449 164600 DEBUG oslo_service.service [req-dc4aa8db-9f0e-4594-94cd-9cfde16684d6 - - - - -] compute.live_migration_wait_for_vif_plug = True log_opt_values /usr/lib/python3/dist-packages/oslo_config/cfg.py:2609
2025-09-25 00:39:29.449 164600 DEBUG oslo_service.service [req-dc4aa8db-9f0e-4594-94cd-9cfde16684d6 - - - - -] compute.max_concurrent_disk_ops = 0 log_opt_values /usr/lib/python3/dist-packages/oslo_config/cfg.py:2609
2025-09-25 00:39:29.450 164600 DEBUG oslo_service.service [req-dc4aa8db-9f0e-4594-94cd-9cfde16684d6 - - - - -] compute.max_disk_devices_to_attach = -1 log_opt_values /usr/lib/python3/dist-packages/oslo_config/cfg.py:2609
2025-09-25 00:39:29.450 164600 DEBUG oslo_service.service [req-dc4aa8db-9f0e-4594-94cd-9cfde16684d6 - - - - -] compute.packing_host_numa_cells_allocation_strategy = True log_opt_values /usr/lib/python3/dist-packages/oslo_config/cfg.py:2609
2025-09-25 00:39:29.451 164600 DEBUG oslo_service.service [req-dc4aa8db-9f0e-4594-94cd-9cfde16684d6 - - - - -] compute.provider_config_location = /etc/nova/provider_config/ log_opt_values /usr/lib/python3/dist-packages/oslo_config/cfg.py:2609
2025-09-25 00:39:29.451 164600 DEBUG oslo_service.service [req-dc4aa8db-9f0e-4594-94cd-9cfde16684d6 - - - - -] compute.resource_provider_association_refresh = 300 log_opt_values /usr/lib/python3/dist-packages/oslo_config/cfg.py:2609
2025-09-25 00:39:29.451 164993 DEBUG oslo_messaging._drivers.amqpdriver [-] AMQPListener connection timeout poll /usr/lib/python3/dist-packages/oslo_messaging/_drivers/amqpdriver.py:360
2025-09-25 00:39:29.451 164993 DEBUG oslo_messaging._drivers.amqpdriver [-] Listener is running poll /usr/lib/python3/dist-packages/oslo_messaging/_drivers/amqpdriver.py:343
2025-09-25 00:39:29.451 164600 DEBUG oslo_service.service [req-dc4aa8db-9f0e-4594-94cd-9cfde16684d6 - - - - -] compute.shutdown_retry_interval = 10 log_opt_values /usr/lib/python3/dist-packages/oslo_config/cfg.py:2609
2025-09-25 00:39:29.451 164993 DEBUG oslo_messaging._drivers.amqpdriver [-] AMQPListener connection consume poll /usr/lib/python3/dist-packages/oslo_messaging/_drivers/amqpdriver.py:357
2025-09-25 00:39:29.451 164600 DEBUG oslo_service.service [req-dc4aa8db-9f0e-4594-94cd-9cfde16684d6 - - - - -] compute.vmdk_allowed_types = ['streamOptimized', 'monolithicSparse'] log_opt_values /usr/lib/python3/dist-packages/oslo_config/cfg.py:2609
2025-09-25 00:39:29.452 164600 DEBUG oslo_service.service [req-dc4aa8db-9f0e-4594-94cd-9cfde16684d6 - - - - -] conductor.workers = 4 log_opt_values /usr/lib/python3/dist-packages/oslo_config/cfg.py:2609
2025-09-25 00:39:29.452 164600 DEBUG oslo_service.service [req-dc4aa8db-9f0e-4594-94cd-9cfde16684d6 - - - - -] console.allowed_origins = [] log_opt_values /usr/lib/python3/dist-packages/oslo_config/cfg.py:2609
2025-09-25 00:39:29.452 164600 DEBUG oslo_service.service [req-dc4aa8db-9f0e-4594-94cd-9cfde16684d6 - - - - -] console.ssl_ciphers = None log_opt_values /usr/lib/python3/dist-packages/oslo_config/cfg.py:2609
2025-09-25 00:39:29.452 164600 DEBUG oslo_service.service [req-dc4aa8db-9f0e-4594-94cd-9cfde16684d6 - - - - -] console.ssl_minimum_version = default log_opt_values /usr/lib/python3/dist-packages/oslo_config/cfg.py:2609
2025-09-25 00:39:29.453 164600 DEBUG oslo_service.service [req-dc4aa8db-9f0e-4594-94cd-9cfde16684d6 - - - - -] consoleauth.token_ttl = 600 log_opt_values /usr/lib/python3/dist-packages/oslo_config/cfg.py:2609
2025-09-25 00:39:29.451 164990 DEBUG oslo_messaging._drivers.amqpdriver [-] Listener is running poll /usr/lib/python3/dist-packages/oslo_messaging/_drivers/amqpdriver.py:343
2025-09-25 00:39:29.453 164600 DEBUG oslo_service.service [req-dc4aa8db-9f0e-4594-94cd-9cfde16684d6 - - - - -] cyborg.cafile = None log_opt_values /usr/lib/python3/dist-packages/oslo_config/cfg.py:2609
2025-09-25 00:39:29.453 164990 DEBUG oslo_messaging._drivers.amqpdriver [-] AMQPListener connection consume poll /usr/lib/python3/dist-packages/oslo_messaging/_drivers/amqpdriver.py:357
2025-09-25 00:39:29.453 164600 DEBUG oslo_service.service [req-dc4aa8db-9f0e-4594-94cd-9cfde16684d6 - - - - -] cyborg.certfile = None log_opt_values /usr/lib/python3/dist-packages/oslo_config/cfg.py:2609
2025-09-25 00:39:29.454 164600 DEBUG oslo_service.service [req-dc4aa8db-9f0e-4594-94cd-9cfde16684d6 - - - - -] cyborg.collect_timing = False log_opt_values /usr/lib/python3/dist-packages/oslo_config/cfg.py:2609
2025-09-25 00:39:29.454 164990 DEBUG nova.service [req-f7be445c-3fdd-4dd1-8f42-d67dbf0e7b02 - - - - -] Join ServiceGroup membership for this service conductor start /usr/lib/python3/dist-packages/nova/service.py:199
2025-09-25 00:39:29.454 164600 DEBUG oslo_service.service [req-dc4aa8db-9f0e-4594-94cd-9cfde16684d6 - - - - -] cyborg.connect_retries = None log_opt_values /usr/lib/python3/dist-packages/oslo_config/cfg.py:2609
2025-09-25 00:39:29.454 164600 DEBUG oslo_service.service [req-dc4aa8db-9f0e-4594-94cd-9cfde16684d6 - - - - -] cyborg.connect_retry_delay = None log_opt_values /usr/lib/python3/dist-packages/oslo_config/cfg.py:2609
2025-09-25 00:39:29.454 164990 DEBUG nova.servicegroup.drivers.db [req-f7be445c-3fdd-4dd1-8f42-d67dbf0e7b02 - - - - -] DB_Driver: join new ServiceGroup member juju-d9221b-0-lxd-7 to the conductor group, service = join /usr/lib/python3/dist-packages/nova/servicegroup/drivers/db.py:44
2025-09-25 00:39:29.454 164600 DEBUG oslo_service.service [req-dc4aa8db-9f0e-4594-94cd-9cfde16684d6 - - - - -] cyborg.endpoint_override = None log_opt_values /usr/lib/python3/dist-packages/oslo_config/cfg.py:2609
2025-09-25 00:39:29.455 164600 DEBUG oslo_service.service [req-dc4aa8db-9f0e-4594-94cd-9cfde16684d6 - - - - -] cyborg.insecure = False log_opt_values /usr/lib/python3/dist-packages/oslo_config/cfg.py:2609
2025-09-25 00:39:29.455 164600 DEBUG oslo_service.service [req-dc4aa8db-9f0e-4594-94cd-9cfde16684d6 - - - - -] cyborg.keyfile = None log_opt_values /usr/lib/python3/dist-packages/oslo_config/cfg.py:2609
2025-09-25 00:39:29.455 164600 DEBUG oslo_service.service [req-dc4aa8db-9f0e-4594-94cd-9cfde16684d6 - - - - -] cyborg.max_version = None log_opt_values /usr/lib/python3/dist-packages/oslo_config/cfg.py:2609
2025-09-25 00:39:29.455 164600 DEBUG oslo_service.service [req-dc4aa8db-9f0e-4594-94cd-9cfde16684d6 - - - - -] cyborg.min_version = None log_opt_values /usr/lib/python3/dist-packages/oslo_config/cfg.py:2609
2025-09-25 00:39:29.455 164600 DEBUG oslo_service.service [req-dc4aa8db-9f0e-4594-94cd-9cfde16684d6 - - - - -] cyborg.region_name = None log_opt_values /usr/lib/python3/dist-packages/oslo_config/cfg.py:2609
2025-09-25 00:39:29.456 164600 DEBUG oslo_service.service [req-dc4aa8db-9f0e-4594-94cd-9cfde16684d6 - - - - -] cyborg.service_name = None log_opt_values /usr/lib/python3/dist-packages/oslo_config/cfg.py:2609
2025-09-25 00:39:29.456 164600 DEBUG oslo_service.service [req-dc4aa8db-9f0e-4594-94cd-9cfde16684d6 - - - - -] cyborg.service_type = accelerator log_opt_values /usr/lib/python3/dist-packages/oslo_config/cfg.py:2609
2025-09-25 00:39:29.457 164990 DEBUG oslo_messaging._drivers.amqpdriver [-] AMQPListener connection timeout poll /usr/lib/python3/dist-packages/oslo_messaging/_drivers/amqpdriver.py:360
2025-09-25 00:39:29.457 164600 DEBUG oslo_service.service [req-dc4aa8db-9f0e-4594-94cd-9cfde16684d6 - - - - -] cyborg.split_loggers = False log_opt_values /usr/lib/python3/dist-packages/oslo_config/cfg.py:2609
2025-09-25 00:39:29.457 164600 DEBUG oslo_service.service [req-dc4aa8db-9f0e-4594-94cd-9cfde16684d6 - - - - -] cyborg.status_code_retries = None log_opt_values /usr/lib/python3/dist-packages/oslo_config/cfg.py:2609
2025-09-25 00:39:29.457 164990 DEBUG oslo_messaging._drivers.amqpdriver [-] Listener is running poll /usr/lib/python3/dist-packages/oslo_messaging/_drivers/amqpdriver.py:343
2025-09-25 00:39:29.458 164990 DEBUG oslo_messaging._drivers.amqpdriver [-] AMQPListener connection consume poll /usr/lib/python3/dist-packages/oslo_messaging/_drivers/amqpdriver.py:357
2025-09-25 00:39:29.457 164600 DEBUG oslo_service.service [req-dc4aa8db-9f0e-4594-94cd-9cfde16684d6 - - - - -] cyborg.status_code_retry_delay = None log_opt_values /usr/lib/python3/dist-packages/oslo_config/cfg.py:2609
2025-09-25 00:39:29.458 164600 DEBUG oslo_service.service [req-dc4aa8db-9f0e-4594-94cd-9cfde16684d6 - - - - -] cyborg.timeout = None log_opt_values /usr/lib/python3/dist-packages/oslo_config/cfg.py:2609
2025-09-25 00:39:29.458 164600 DEBUG oslo_service.service [req-dc4aa8db-9f0e-4594-94cd-9cfde16684d6 - - - - -] cyborg.valid_interfaces = ['internal', 'public'] log_opt_values /usr/lib/python3/dist-packages/oslo_config/cfg.py:2609
2025-09-25 00:39:29.458 164600 DEBUG oslo_service.service [req-dc4aa8db-9f0e-4594-94cd-9cfde16684d6 - - - - -] cyborg.version = None log_opt_values /usr/lib/python3/dist-packages/oslo_config/cfg.py:2609
2025-09-25 00:39:29.459 164600 DEBUG oslo_service.service [req-dc4aa8db-9f0e-4594-94cd-9cfde16684d6 - - - - -] database.backend = sqlalchemy log_opt_values /usr/lib/python3/dist-packages/oslo_config/cfg.py:2609
2025-09-25 00:39:29.459 164600 DEBUG oslo_service.service [req-dc4aa8db-9f0e-4594-94cd-9cfde16684d6 - - - - -] database.connection = **** log_opt_values /usr/lib/python3/dist-packages/oslo_config/cfg.py:2609
2025-09-25 00:39:29.460 164600 DEBUG oslo_service.service [req-dc4aa8db-9f0e-4594-94cd-9cfde16684d6 - - - - -] database.connection_debug = 0 log_opt_values /usr/lib/python3/dist-packages/oslo_config/cfg.py:2609
2025-09-25 00:39:29.460 164600 DEBUG oslo_service.service [req-dc4aa8db-9f0e-4594-94cd-9cfde16684d6 - - - - -] database.connection_parameters = log_opt_values /usr/lib/python3/dist-packages/oslo_config/cfg.py:2609
2025-09-25 00:39:29.460 164600 DEBUG oslo_service.service [req-dc4aa8db-9f0e-4594-94cd-9cfde16684d6 - - - - -] database.connection_recycle_time = 3600 log_opt_values /usr/lib/python3/dist-packages/oslo_config/cfg.py:2609
2025-09-25 00:39:29.461 164600 DEBUG oslo_service.service [req-dc4aa8db-9f0e-4594-94cd-9cfde16684d6 - - - - -] database.connection_trace = False log_opt_values /usr/lib/python3/dist-packages/oslo_config/cfg.py:2609
2025-09-25 00:39:29.461 164600 DEBUG oslo_service.service [req-dc4aa8db-9f0e-4594-94cd-9cfde16684d6 - - - - -] database.db_inc_retry_interval = True log_opt_values /usr/lib/python3/dist-packages/oslo_config/cfg.py:2609
2025-09-25 00:39:29.461 164600 DEBUG oslo_service.service [req-dc4aa8db-9f0e-4594-94cd-9cfde16684d6 - - - - -] database.db_max_retries = 20 log_opt_values /usr/lib/python3/dist-packages/oslo_config/cfg.py:2609
2025-09-25 00:39:29.461 164600 DEBUG oslo_service.service [req-dc4aa8db-9f0e-4594-94cd-9cfde16684d6 - - - - -] database.db_max_retry_interval = 10 log_opt_values /usr/lib/python3/dist-packages/oslo_config/cfg.py:2609
2025-09-25 00:39:29.462 164600 DEBUG oslo_service.service [req-dc4aa8db-9f0e-4594-94cd-9cfde16684d6 - - - - -] database.db_retry_interval = 1 log_opt_values /usr/lib/python3/dist-packages/oslo_config/cfg.py:2609
2025-09-25 00:39:29.462 164600 DEBUG oslo_service.service [req-dc4aa8db-9f0e-4594-94cd-9cfde16684d6 - - - - -] database.max_overflow = 50 log_opt_values /usr/lib/python3/dist-packages/oslo_config/cfg.py:2609
2025-09-25 00:39:29.462 164600 DEBUG oslo_service.service [req-dc4aa8db-9f0e-4594-94cd-9cfde16684d6 - - - - -] database.max_pool_size = 4 log_opt_values /usr/lib/python3/dist-packages/oslo_config/cfg.py:2609
2025-09-25 00:39:29.462 164600 DEBUG oslo_service.service [req-dc4aa8db-9f0e-4594-94cd-9cfde16684d6 - - - - -] database.max_retries = 10 log_opt_values /usr/lib/python3/dist-packages/oslo_config/cfg.py:2609
2025-09-25 00:39:29.462 164991 DEBUG oslo_messaging._drivers.amqpdriver [-] Listener is running poll /usr/lib/python3/dist-packages/oslo_messaging/_drivers/amqpdriver.py:343
2025-09-25 00:39:29.463 164600 DEBUG oslo_service.service [req-dc4aa8db-9f0e-4594-94cd-9cfde16684d6 - - - - -] database.mysql_enable_ndb = False log_opt_values /usr/lib/python3/dist-packages/oslo_config/cfg.py:2609
2025-09-25 00:39:29.463 164991 DEBUG oslo_messaging._drivers.amqpdriver [-] AMQPListener connection consume poll /usr/lib/python3/dist-packages/oslo_messaging/_drivers/amqpdriver.py:357
2025-09-25 00:39:29.463 164600 DEBUG oslo_service.service [req-dc4aa8db-9f0e-4594-94cd-9cfde16684d6 - - - - -] database.mysql_sql_mode = TRADITIONAL log_opt_values /usr/lib/python3/dist-packages/oslo_config/cfg.py:2609
2025-09-25 00:39:29.463 164600 DEBUG oslo_service.service [req-dc4aa8db-9f0e-4594-94cd-9cfde16684d6 - - - - -] database.pool_timeout = None log_opt_values /usr/lib/python3/dist-packages/oslo_config/cfg.py:2609
2025-09-25 00:39:29.463 164600 DEBUG oslo_service.service [req-dc4aa8db-9f0e-4594-94cd-9cfde16684d6 - - - - -] database.retry_interval = 10 log_opt_values /usr/lib/python3/dist-packages/oslo_config/cfg.py:2609
2025-09-25 00:39:29.464 164600 DEBUG oslo_service.service [req-dc4aa8db-9f0e-4594-94cd-9cfde16684d6 - - - - -] database.slave_connection = **** log_opt_values /usr/lib/python3/dist-packages/oslo_config/cfg.py:2609
