2025-09-22 00:35:30.579 130611 DEBUG oslo_service.service [req-953aad2c-3514-4e85-999d-cff261d78c67 - - - - -] profiler.es_doc_type = notification log_opt_values /usr/lib/python3/dist-packages/oslo_config/cfg.py:2609
2025-09-22 00:35:30.580 130611 DEBUG oslo_service.service [req-953aad2c-3514-4e85-999d-cff261d78c67 - - - - -] profiler.es_scroll_size = 10000 log_opt_values /usr/lib/python3/dist-packages/oslo_config/cfg.py:2609
2025-09-22 00:35:30.580 130611 DEBUG oslo_service.service [req-953aad2c-3514-4e85-999d-cff261d78c67 - - - - -] profiler.es_scroll_time = 2m log_opt_values /usr/lib/python3/dist-packages/oslo_config/cfg.py:2609
2025-09-22 00:35:30.580 130611 DEBUG oslo_service.service [req-953aad2c-3514-4e85-999d-cff261d78c67 - - - - -] profiler.filter_error_trace = False log_opt_values /usr/lib/python3/dist-packages/oslo_config/cfg.py:2609
2025-09-22 00:35:30.580 130611 DEBUG oslo_service.service [req-953aad2c-3514-4e85-999d-cff261d78c67 - - - - -] profiler.hmac_keys = SECRET_KEY log_opt_values /usr/lib/python3/dist-packages/oslo_config/cfg.py:2609
2025-09-22 00:35:30.580 130611 DEBUG oslo_service.service [req-953aad2c-3514-4e85-999d-cff261d78c67 - - - - -] profiler.sentinel_service_name = mymaster log_opt_values /usr/lib/python3/dist-packages/oslo_config/cfg.py:2609
2025-09-22 00:35:30.580 130611 DEBUG oslo_service.service [req-953aad2c-3514-4e85-999d-cff261d78c67 - - - - -] profiler.socket_timeout = 0.1 log_opt_values /usr/lib/python3/dist-packages/oslo_config/cfg.py:2609
2025-09-22 00:35:30.581 130611 DEBUG oslo_service.service [req-953aad2c-3514-4e85-999d-cff261d78c67 - - - - -] profiler.trace_sqlalchemy = False log_opt_values /usr/lib/python3/dist-packages/oslo_config/cfg.py:2609
2025-09-22 00:35:30.581 130611 DEBUG oslo_service.service [req-953aad2c-3514-4e85-999d-cff261d78c67 - - - - -] remote_debug.host = None log_opt_values /usr/lib/python3/dist-packages/oslo_config/cfg.py:2609
2025-09-22 00:35:30.581 130611 DEBUG oslo_service.service [req-953aad2c-3514-4e85-999d-cff261d78c67 - - - - -] remote_debug.port = None log_opt_values /usr/lib/python3/dist-packages/oslo_config/cfg.py:2609
2025-09-22 00:35:30.581 130611 DEBUG oslo_service.service [req-953aad2c-3514-4e85-999d-cff261d78c67 - - - - -] oslo_messaging_rabbit.amqp_auto_delete = False log_opt_values /usr/lib/python3/dist-packages/oslo_config/cfg.py:2609
2025-09-22 00:35:30.581 130611 DEBUG oslo_service.service [req-953aad2c-3514-4e85-999d-cff261d78c67 - - - - -] oslo_messaging_rabbit.amqp_durable_queues = False log_opt_values /usr/lib/python3/dist-packages/oslo_config/cfg.py:2609
2025-09-22 00:35:30.581 130611 DEBUG oslo_service.service [req-953aad2c-3514-4e85-999d-cff261d78c67 - - - - -] oslo_messaging_rabbit.conn_pool_min_size = 2 log_opt_values /usr/lib/python3/dist-packages/oslo_config/cfg.py:2609
2025-09-22 00:35:30.582 130611 DEBUG oslo_service.service [req-953aad2c-3514-4e85-999d-cff261d78c67 - - - - -] oslo_messaging_rabbit.conn_pool_ttl = 1200 log_opt_values /usr/lib/python3/dist-packages/oslo_config/cfg.py:2609
2025-09-22 00:35:30.582 130611 DEBUG oslo_service.service [req-953aad2c-3514-4e85-999d-cff261d78c67 - - - - -] oslo_messaging_rabbit.direct_mandatory_flag = True log_opt_values /usr/lib/python3/dist-packages/oslo_config/cfg.py:2609
2025-09-22 00:35:30.582 130611 DEBUG oslo_service.service [req-953aad2c-3514-4e85-999d-cff261d78c67 - - - - -] oslo_messaging_rabbit.enable_cancel_on_failover = False log_opt_values /usr/lib/python3/dist-packages/oslo_config/cfg.py:2609
2025-09-22 00:35:30.582 130611 DEBUG oslo_service.service [req-953aad2c-3514-4e85-999d-cff261d78c67 - - - - -] oslo_messaging_rabbit.heartbeat_in_pthread = False log_opt_values /usr/lib/python3/dist-packages/oslo_config/cfg.py:2609
2025-09-22 00:35:30.582 130611 DEBUG oslo_service.service [req-953aad2c-3514-4e85-999d-cff261d78c67 - - - - -] oslo_messaging_rabbit.heartbeat_rate = 2 log_opt_values /usr/lib/python3/dist-packages/oslo_config/cfg.py:2609
2025-09-22 00:35:30.583 130611 DEBUG oslo_service.service [req-953aad2c-3514-4e85-999d-cff261d78c67 - - - - -] oslo_messaging_rabbit.heartbeat_timeout_threshold = 60 log_opt_values /usr/lib/python3/dist-packages/oslo_config/cfg.py:2609
2025-09-22 00:35:30.583 130611 DEBUG oslo_service.service [req-953aad2c-3514-4e85-999d-cff261d78c67 - - - - -] oslo_messaging_rabbit.kombu_compression = None log_opt_values /usr/lib/python3/dist-packages/oslo_config/cfg.py:2609
2025-09-22 00:35:30.583 130611 DEBUG oslo_service.service [req-953aad2c-3514-4e85-999d-cff261d78c67 - - - - -] oslo_messaging_rabbit.kombu_failover_strategy = round-robin log_opt_values /usr/lib/python3/dist-packages/oslo_config/cfg.py:2609
2025-09-22 00:35:30.583 130611 DEBUG oslo_service.service [req-953aad2c-3514-4e85-999d-cff261d78c67 - - - - -] oslo_messaging_rabbit.kombu_missing_consumer_retry_timeout = 60 log_opt_values /usr/lib/python3/dist-packages/oslo_config/cfg.py:2609
2025-09-22 00:35:30.583 130611 DEBUG oslo_service.service [req-953aad2c-3514-4e85-999d-cff261d78c67 - - - - -] oslo_messaging_rabbit.kombu_reconnect_delay = 1.0 log_opt_values /usr/lib/python3/dist-packages/oslo_config/cfg.py:2609
2025-09-22 00:35:30.583 130611 DEBUG oslo_service.service [req-953aad2c-3514-4e85-999d-cff261d78c67 - - - - -] oslo_messaging_rabbit.rabbit_ha_queues = False log_opt_values /usr/lib/python3/dist-packages/oslo_config/cfg.py:2609
2025-09-22 00:35:30.584 130611 DEBUG oslo_service.service [req-953aad2c-3514-4e85-999d-cff261d78c67 - - - - -] oslo_messaging_rabbit.rabbit_interval_max = 30 log_opt_values /usr/lib/python3/dist-packages/oslo_config/cfg.py:2609
2025-09-22 00:35:30.584 130611 DEBUG oslo_service.service [req-953aad2c-3514-4e85-999d-cff261d78c67 - - - - -] oslo_messaging_rabbit.rabbit_login_method = AMQPLAIN log_opt_values /usr/lib/python3/dist-packages/oslo_config/cfg.py:2609
2025-09-22 00:35:30.584 130611 DEBUG oslo_service.service [req-953aad2c-3514-4e85-999d-cff261d78c67 - - - - -] oslo_messaging_rabbit.rabbit_qos_prefetch_count = 0 log_opt_values /usr/lib/python3/dist-packages/oslo_config/cfg.py:2609
2025-09-22 00:35:30.584 130611 DEBUG oslo_service.service [req-953aad2c-3514-4e85-999d-cff261d78c67 - - - - -] oslo_messaging_rabbit.rabbit_quorum_queue = False log_opt_values /usr/lib/python3/dist-packages/oslo_config/cfg.py:2609
2025-09-22 00:35:30.584 130611 DEBUG oslo_service.service [req-953aad2c-3514-4e85-999d-cff261d78c67 - - - - -] oslo_messaging_rabbit.rabbit_retry_backoff = 2 log_opt_values /usr/lib/python3/dist-packages/oslo_config/cfg.py:2609
2025-09-22 00:35:30.584 130611 DEBUG oslo_service.service [req-953aad2c-3514-4e85-999d-cff261d78c67 - - - - -] oslo_messaging_rabbit.rabbit_retry_interval = 1 log_opt_values /usr/lib/python3/dist-packages/oslo_config/cfg.py:2609
2025-09-22 00:35:30.585 130611 DEBUG oslo_service.service [req-953aad2c-3514-4e85-999d-cff261d78c67 - - - - -] oslo_messaging_rabbit.rabbit_transient_queues_ttl = 1800 log_opt_values /usr/lib/python3/dist-packages/oslo_config/cfg.py:2609
2025-09-22 00:35:30.585 130611 DEBUG oslo_service.service [req-953aad2c-3514-4e85-999d-cff261d78c67 - - - - -] oslo_messaging_rabbit.rpc_conn_pool_size = 30 log_opt_values /usr/lib/python3/dist-packages/oslo_config/cfg.py:2609
2025-09-22 00:35:30.585 130611 DEBUG oslo_service.service [req-953aad2c-3514-4e85-999d-cff261d78c67 - - - - -] oslo_messaging_rabbit.ssl = False log_opt_values /usr/lib/python3/dist-packages/oslo_config/cfg.py:2609
2025-09-22 00:35:30.585 130611 DEBUG oslo_service.service [req-953aad2c-3514-4e85-999d-cff261d78c67 - - - - -] oslo_messaging_rabbit.ssl_ca_file = log_opt_values /usr/lib/python3/dist-packages/oslo_config/cfg.py:2609
2025-09-22 00:35:30.585 130611 DEBUG oslo_service.service [req-953aad2c-3514-4e85-999d-cff261d78c67 - - - - -] oslo_messaging_rabbit.ssl_cert_file = log_opt_values /usr/lib/python3/dist-packages/oslo_config/cfg.py:2609
2025-09-22 00:35:30.585 130611 DEBUG oslo_service.service [req-953aad2c-3514-4e85-999d-cff261d78c67 - - - - -] oslo_messaging_rabbit.ssl_key_file = log_opt_values /usr/lib/python3/dist-packages/oslo_config/cfg.py:2609
2025-09-22 00:35:30.586 130611 DEBUG oslo_service.service [req-953aad2c-3514-4e85-999d-cff261d78c67 - - - - -] oslo_messaging_rabbit.ssl_version = log_opt_values /usr/lib/python3/dist-packages/oslo_config/cfg.py:2609
2025-09-22 00:35:30.586 130611 DEBUG oslo_service.service [req-953aad2c-3514-4e85-999d-cff261d78c67 - - - - -] oslo_messaging_notifications.driver = ['messagingv2'] log_opt_values /usr/lib/python3/dist-packages/oslo_config/cfg.py:2609
2025-09-22 00:35:30.586 130611 DEBUG oslo_service.service [req-953aad2c-3514-4e85-999d-cff261d78c67 - - - - -] oslo_messaging_notifications.retry = -1 log_opt_values /usr/lib/python3/dist-packages/oslo_config/cfg.py:2609
2025-09-22 00:35:30.586 130611 DEBUG oslo_service.service [req-953aad2c-3514-4e85-999d-cff261d78c67 - - - - -] oslo_messaging_notifications.topics = ['notifications'] log_opt_values /usr/lib/python3/dist-packages/oslo_config/cfg.py:2609
2025-09-22 00:35:30.586 130611 DEBUG oslo_service.service [req-953aad2c-3514-4e85-999d-cff261d78c67 - - - - -] oslo_messaging_notifications.transport_url = **** log_opt_values /usr/lib/python3/dist-packages/oslo_config/cfg.py:2609
2025-09-22 00:35:30.587 130611 DEBUG oslo_service.service [req-953aad2c-3514-4e85-999d-cff261d78c67 - - - - -] oslo_limit.auth_section = None log_opt_values /usr/lib/python3/dist-packages/oslo_config/cfg.py:2609
2025-09-22 00:35:30.587 130611 DEBUG oslo_service.service [req-953aad2c-3514-4e85-999d-cff261d78c67 - - - - -] oslo_limit.auth_type = None log_opt_values /usr/lib/python3/dist-packages/oslo_config/cfg.py:2609
2025-09-22 00:35:30.587 130611 DEBUG oslo_service.service [req-953aad2c-3514-4e85-999d-cff261d78c67 - - - - -] oslo_limit.cafile = None log_opt_values /usr/lib/python3/dist-packages/oslo_config/cfg.py:2609
2025-09-22 00:35:30.587 130611 DEBUG oslo_service.service [req-953aad2c-3514-4e85-999d-cff261d78c67 - - - - -] oslo_limit.certfile = None log_opt_values /usr/lib/python3/dist-packages/oslo_config/cfg.py:2609
2025-09-22 00:35:30.587 130611 DEBUG oslo_service.service [req-953aad2c-3514-4e85-999d-cff261d78c67 - - - - -] oslo_limit.collect_timing = False log_opt_values /usr/lib/python3/dist-packages/oslo_config/cfg.py:2609
2025-09-22 00:35:30.587 130611 DEBUG oslo_service.service [req-953aad2c-3514-4e85-999d-cff261d78c67 - - - - -] oslo_limit.connect_retries = None log_opt_values /usr/lib/python3/dist-packages/oslo_config/cfg.py:2609
2025-09-22 00:35:30.588 130611 DEBUG oslo_service.service [req-953aad2c-3514-4e85-999d-cff261d78c67 - - - - -] oslo_limit.connect_retry_delay = None log_opt_values /usr/lib/python3/dist-packages/oslo_config/cfg.py:2609
2025-09-22 00:35:30.588 130611 DEBUG oslo_service.service [req-953aad2c-3514-4e85-999d-cff261d78c67 - - - - -] oslo_limit.endpoint_id = None log_opt_values /usr/lib/python3/dist-packages/oslo_config/cfg.py:2609
2025-09-22 00:35:30.588 130611 DEBUG oslo_service.service [req-953aad2c-3514-4e85-999d-cff261d78c67 - - - - -] oslo_limit.endpoint_override = None log_opt_values /usr/lib/python3/dist-packages/oslo_config/cfg.py:2609
2025-09-22 00:35:30.588 130611 DEBUG oslo_service.service [req-953aad2c-3514-4e85-999d-cff261d78c67 - - - - -] oslo_limit.insecure = False log_opt_values /usr/lib/python3/dist-packages/oslo_config/cfg.py:2609
2025-09-22 00:35:30.588 130611 DEBUG oslo_service.service [req-953aad2c-3514-4e85-999d-cff261d78c67 - - - - -] oslo_limit.keyfile = None log_opt_values /usr/lib/python3/dist-packages/oslo_config/cfg.py:2609
2025-09-22 00:35:30.588 130611 DEBUG oslo_service.service [req-953aad2c-3514-4e85-999d-cff261d78c67 - - - - -] oslo_limit.max_version = None log_opt_values /usr/lib/python3/dist-packages/oslo_config/cfg.py:2609
2025-09-22 00:35:30.589 130611 DEBUG oslo_service.service [req-953aad2c-3514-4e85-999d-cff261d78c67 - - - - -] oslo_limit.min_version = None log_opt_values /usr/lib/python3/dist-packages/oslo_config/cfg.py:2609
2025-09-22 00:35:30.589 130611 DEBUG oslo_service.service [req-953aad2c-3514-4e85-999d-cff261d78c67 - - - - -] oslo_limit.region_name = None log_opt_values /usr/lib/python3/dist-packages/oslo_config/cfg.py:2609
2025-09-22 00:35:30.589 130611 DEBUG oslo_service.service [req-953aad2c-3514-4e85-999d-cff261d78c67 - - - - -] oslo_limit.service_name = None log_opt_values /usr/lib/python3/dist-packages/oslo_config/cfg.py:2609
2025-09-22 00:35:30.589 130611 DEBUG oslo_service.service [req-953aad2c-3514-4e85-999d-cff261d78c67 - - - - -] oslo_limit.service_type = None log_opt_values /usr/lib/python3/dist-packages/oslo_config/cfg.py:2609
2025-09-22 00:35:30.589 130611 DEBUG oslo_service.service [req-953aad2c-3514-4e85-999d-cff261d78c67 - - - - -] oslo_limit.split_loggers = False log_opt_values /usr/lib/python3/dist-packages/oslo_config/cfg.py:2609
2025-09-22 00:35:30.589 130611 DEBUG oslo_service.service [req-953aad2c-3514-4e85-999d-cff261d78c67 - - - - -] oslo_limit.status_code_retries = None log_opt_values /usr/lib/python3/dist-packages/oslo_config/cfg.py:2609
2025-09-22 00:35:30.590 130611 DEBUG oslo_service.service [req-953aad2c-3514-4e85-999d-cff261d78c67 - - - - -] oslo_limit.status_code_retry_delay = None log_opt_values /usr/lib/python3/dist-packages/oslo_config/cfg.py:2609
2025-09-22 00:35:30.590 130611 DEBUG oslo_service.service [req-953aad2c-3514-4e85-999d-cff261d78c67 - - - - -] oslo_limit.timeout = None log_opt_values /usr/lib/python3/dist-packages/oslo_config/cfg.py:2609
2025-09-22 00:35:30.590 130611 DEBUG oslo_service.service [req-953aad2c-3514-4e85-999d-cff261d78c67 - - - - -] oslo_limit.valid_interfaces = None log_opt_values /usr/lib/python3/dist-packages/oslo_config/cfg.py:2609
2025-09-22 00:35:30.590 130611 DEBUG oslo_service.service [req-953aad2c-3514-4e85-999d-cff261d78c67 - - - - -] oslo_limit.version = None log_opt_values /usr/lib/python3/dist-packages/oslo_config/cfg.py:2609
2025-09-22 00:35:30.590 130611 DEBUG oslo_service.service [req-953aad2c-3514-4e85-999d-cff261d78c67 - - - - -] oslo_reports.file_event_handler = None log_opt_values /usr/lib/python3/dist-packages/oslo_config/cfg.py:2609
2025-09-22 00:35:30.590 130611 DEBUG oslo_service.service [req-953aad2c-3514-4e85-999d-cff261d78c67 - - - - -] oslo_reports.file_event_handler_interval = 1 log_opt_values /usr/lib/python3/dist-packages/oslo_config/cfg.py:2609
2025-09-22 00:35:30.591 130611 DEBUG oslo_service.service [req-953aad2c-3514-4e85-999d-cff261d78c67 - - - - -] oslo_reports.log_dir = None log_opt_values /usr/lib/python3/dist-packages/oslo_config/cfg.py:2609
2025-09-22 00:35:30.591 130611 DEBUG oslo_service.service [req-953aad2c-3514-4e85-999d-cff261d78c67 - - - - -] ******************************************************************************** log_opt_values /usr/lib/python3/dist-packages/oslo_config/cfg.py:2613
2025-09-22 00:35:30.613 132285 DEBUG nova.service [req-10499fe6-9bb6-4938-a0f9-286e1cf2ad19 - - - - -] Creating RPC server for service scheduler start /usr/lib/python3/dist-packages/nova/service.py:182
2025-09-22 00:35:30.622 132292 DEBUG nova.service [req-0f6978b2-0267-4004-9b2f-76aa7c8d0964 - - - - -] Creating RPC server for service scheduler start /usr/lib/python3/dist-packages/nova/service.py:182
2025-09-22 00:35:30.622 132295 DEBUG nova.service [req-c0e52807-c0fa-4e03-bdf9-8d853149004d - - - - -] Creating RPC server for service scheduler start /usr/lib/python3/dist-packages/nova/service.py:182
2025-09-22 00:35:30.623 132293 DEBUG nova.service [req-b6b28a18-f98e-470a-b2bb-0692aa4bd667 - - - - -] Creating RPC server for service scheduler start /usr/lib/python3/dist-packages/nova/service.py:182
2025-09-22 00:35:30.647 132293 DEBUG oslo_messaging._drivers.amqpdriver [-] Listener is running poll /usr/lib/python3/dist-packages/oslo_messaging/_drivers/amqpdriver.py:343
2025-09-22 00:35:30.648 132293 DEBUG oslo_messaging._drivers.amqpdriver [-] AMQPListener connection consume poll /usr/lib/python3/dist-packages/oslo_messaging/_drivers/amqpdriver.py:357
2025-09-22 00:35:30.648 132293 DEBUG nova.service [req-b6b28a18-f98e-470a-b2bb-0692aa4bd667 - - - - -] Join ServiceGroup membership for this service scheduler start /usr/lib/python3/dist-packages/nova/service.py:199
2025-09-22 00:35:30.648 132295 DEBUG oslo_messaging._drivers.amqpdriver [-] Listener is running poll /usr/lib/python3/dist-packages/oslo_messaging/_drivers/amqpdriver.py:343
2025-09-22 00:35:30.649 132295 DEBUG oslo_messaging._drivers.amqpdriver [-] AMQPListener connection consume poll /usr/lib/python3/dist-packages/oslo_messaging/_drivers/amqpdriver.py:357
2025-09-22 00:35:30.649 132293 DEBUG nova.servicegroup.drivers.db [req-b6b28a18-f98e-470a-b2bb-0692aa4bd667 - - - - -] DB_Driver: join new ServiceGroup member juju-c05693-0-lxd-7 to the scheduler group, service = join /usr/lib/python3/dist-packages/nova/servicegroup/drivers/db.py:44
2025-09-22 00:35:30.649 132295 DEBUG nova.service [req-c0e52807-c0fa-4e03-bdf9-8d853149004d - - - - -] Join ServiceGroup membership for this service scheduler start /usr/lib/python3/dist-packages/nova/service.py:199
2025-09-22 00:35:30.650 132295 DEBUG nova.servicegroup.drivers.db [req-c0e52807-c0fa-4e03-bdf9-8d853149004d - - - - -] DB_Driver: join new ServiceGroup member juju-c05693-0-lxd-7 to the scheduler group, service = join /usr/lib/python3/dist-packages/nova/servicegroup/drivers/db.py:44
2025-09-22 00:35:30.651 132292 DEBUG oslo_messaging._drivers.amqpdriver [-] Listener is running poll /usr/lib/python3/dist-packages/oslo_messaging/_drivers/amqpdriver.py:343
2025-09-22 00:35:30.651 132292 DEBUG oslo_messaging._drivers.amqpdriver [-] AMQPListener connection consume poll /usr/lib/python3/dist-packages/oslo_messaging/_drivers/amqpdriver.py:357
2025-09-22 00:35:30.651 132293 DEBUG oslo_messaging._drivers.amqpdriver [-] AMQPListener connection timeout poll /usr/lib/python3/dist-packages/oslo_messaging/_drivers/amqpdriver.py:360
2025-09-22 00:35:30.652 132293 DEBUG oslo_messaging._drivers.amqpdriver [-] Listener is running poll /usr/lib/python3/dist-packages/oslo_messaging/_drivers/amqpdriver.py:343
2025-09-22 00:35:30.652 132293 DEBUG oslo_messaging._drivers.amqpdriver [-] AMQPListener connection consume poll /usr/lib/python3/dist-packages/oslo_messaging/_drivers/amqpdriver.py:357
2025-09-22 00:35:30.652 132295 DEBUG oslo_messaging._drivers.amqpdriver [-] AMQPListener connection timeout poll /usr/lib/python3/dist-packages/oslo_messaging/_drivers/amqpdriver.py:360
2025-09-22 00:35:30.652 132292 DEBUG nova.service [req-0f6978b2-0267-4004-9b2f-76aa7c8d0964 - - - - -] Join ServiceGroup membership for this service scheduler start /usr/lib/python3/dist-packages/nova/service.py:199
2025-09-22 00:35:30.652 132295 DEBUG oslo_messaging._drivers.amqpdriver [-] Listener is running poll /usr/lib/python3/dist-packages/oslo_messaging/_drivers/amqpdriver.py:343
2025-09-22 00:35:30.652 132295 DEBUG oslo_messaging._drivers.amqpdriver [-] AMQPListener connection consume poll /usr/lib/python3/dist-packages/oslo_messaging/_drivers/amqpdriver.py:357
2025-09-22 00:35:30.652 132292 DEBUG nova.servicegroup.drivers.db [req-0f6978b2-0267-4004-9b2f-76aa7c8d0964 - - - - -] DB_Driver: join new ServiceGroup member juju-c05693-0-lxd-7 to the scheduler group, service = join /usr/lib/python3/dist-packages/nova/servicegroup/drivers/db.py:44
2025-09-22 00:35:30.656 132292 DEBUG oslo_messaging._drivers.amqpdriver [-] AMQPListener connection timeout poll /usr/lib/python3/dist-packages/oslo_messaging/_drivers/amqpdriver.py:360
2025-09-22 00:35:30.656 132292 DEBUG oslo_messaging._drivers.amqpdriver [-] Listener is running poll /usr/lib/python3/dist-packages/oslo_messaging/_drivers/amqpdriver.py:343
2025-09-22 00:35:30.656 132292 DEBUG oslo_messaging._drivers.amqpdriver [-] AMQPListener connection consume poll /usr/lib/python3/dist-packages/oslo_messaging/_drivers/amqpdriver.py:357
2025-09-22 00:35:30.658 132285 DEBUG oslo_messaging._drivers.amqpdriver [-] Listener is running poll /usr/lib/python3/dist-packages/oslo_messaging/_drivers/amqpdriver.py:343
2025-09-22 00:35:30.659 132285 DEBUG oslo_messaging._drivers.amqpdriver [-] AMQPListener connection consume poll /usr/lib/python3/dist-packages/oslo_messaging/_drivers/amqpdriver.py:357
2025-09-22 00:35:30.659 132285 DEBUG nova.service [req-10499fe6-9bb6-4938-a0f9-286e1cf2ad19 - - - - -] Join ServiceGroup membership for this service scheduler start /usr/lib/python3/dist-packages/nova/service.py:199
2025-09-22 00:35:30.659 132285 DEBUG nova.servicegroup.drivers.db [req-10499fe6-9bb6-4938-a0f9-286e1cf2ad19 - - - - -] DB_Driver: join new ServiceGroup member juju-c05693-0-lxd-7 to the scheduler group, service = join /usr/lib/python3/dist-packages/nova/servicegroup/drivers/db.py:44
2025-09-22 00:35:30.662 132285 DEBUG oslo_messaging._drivers.amqpdriver [-] AMQPListener connection timeout poll /usr/lib/python3/dist-packages/oslo_messaging/_drivers/amqpdriver.py:360
2025-09-22 00:35:30.662 132285 DEBUG oslo_messaging._drivers.amqpdriver [-] Listener is running poll /usr/lib/python3/dist-packages/oslo_messaging/_drivers/amqpdriver.py:343
2025-09-22 00:35:30.662 132285 DEBUG oslo_messaging._drivers.amqpdriver [-] AMQPListener connection consume poll /usr/lib/python3/dist-packages/oslo_messaging/_drivers/amqpdriver.py:357
2025-09-22 00:35:31.653 132293 DEBUG oslo_messaging._drivers.amqpdriver [-] AMQPListener connection timeout poll /usr/lib/python3/dist-packages/oslo_messaging/_drivers/amqpdriver.py:360
2025-09-22 00:35:31.653 132293 DEBUG oslo_messaging._drivers.amqpdriver [-] Listener is running poll /usr/lib/python3/dist-packages/oslo_messaging/_drivers/amqpdriver.py:343
2025-09-22 00:35:31.653 132293 DEBUG oslo_messaging._drivers.amqpdriver [-] AMQPListener connection consume poll /usr/lib/python3/dist-packages/oslo_messaging/_drivers/amqpdriver.py:357
2025-09-22 00:35:31.654 132295 DEBUG oslo_messaging._drivers.amqpdriver [-] AMQPListener connection timeout poll /usr/lib/python3/dist-packages/oslo_messaging/_drivers/amqpdriver.py:360
2025-09-22 00:35:31.654 132295 DEBUG oslo_messaging._drivers.amqpdriver [-] Listener is running poll /usr/lib/python3/dist-packages/oslo_messaging/_drivers/amqpdriver.py:343
2025-09-22 00:35:31.654 132295 DEBUG oslo_messaging._drivers.amqpdriver [-] AMQPListener connection consume poll /usr/lib/python3/dist-packages/oslo_messaging/_drivers/amqpdriver.py:357
2025-09-22 00:35:31.656 132292 DEBUG oslo_messaging._drivers.amqpdriver [-] AMQPListener connection timeout poll /usr/lib/python3/dist-packages/oslo_messaging/_drivers/amqpdriver.py:360
2025-09-22 00:35:31.657 132292 DEBUG oslo_messaging._drivers.amqpdriver [-] Listener is running poll /usr/lib/python3/dist-packages/oslo_messaging/_drivers/amqpdriver.py:343
2025-09-22 00:35:31.657 132292 DEBUG oslo_messaging._drivers.amqpdriver [-] AMQPListener connection consume poll /usr/lib/python3/dist-packages/oslo_messaging/_drivers/amqpdriver.py:357
2025-09-22 00:35:31.663 132285 DEBUG oslo_messaging._drivers.amqpdriver [-] AMQPListener connection timeout poll /usr/lib/python3/dist-packages/oslo_messaging/_drivers/amqpdriver.py:360
2025-09-22 00:35:31.663 132285 DEBUG oslo_messaging._drivers.amqpdriver [-] Listener is running poll /usr/lib/python3/dist-packages/oslo_messaging/_drivers/amqpdriver.py:343
2025-09-22 00:35:31.663 132285 DEBUG oslo_messaging._drivers.amqpdriver [-] AMQPListener connection consume poll /usr/lib/python3/dist-packages/oslo_messaging/_drivers/amqpdriver.py:357
2025-09-22 00:35:33.654 132293 DEBUG oslo_messaging._drivers.amqpdriver [-] AMQPListener connection timeout poll /usr/lib/python3/dist-packages/oslo_messaging/_drivers/amqpdriver.py:360
2025-09-22 00:35:33.655 132293 DEBUG oslo_messaging._drivers.amqpdriver [-] Listener is running poll /usr/lib/python3/dist-packages/oslo_messaging/_drivers/amqpdriver.py:343
2025-09-22 00:35:33.655 132293 DEBUG oslo_messaging._drivers.amqpdriver [-] AMQPListener connection consume poll /usr/lib/python3/dist-packages/oslo_messaging/_drivers/amqpdriver.py:357
2025-09-22 00:35:33.655 132295 DEBUG oslo_messaging._drivers.amqpdriver [-] AMQPListener connection timeout poll /usr/lib/python3/dist-packages/oslo_messaging/_drivers/amqpdriver.py:360
2025-09-22 00:35:33.656 132295 DEBUG oslo_messaging._drivers.amqpdriver [-] Listener is running poll /usr/lib/python3/dist-packages/oslo_messaging/_drivers/amqpdriver.py:343
2025-09-22 00:35:33.656 132295 DEBUG oslo_messaging._drivers.amqpdriver [-] AMQPListener connection consume poll /usr/lib/python3/dist-packages/oslo_messaging/_drivers/amqpdriver.py:357
2025-09-22 00:35:33.659 132292 DEBUG oslo_messaging._drivers.amqpdriver [-] AMQPListener connection timeout poll /usr/lib/python3/dist-packages/oslo_messaging/_drivers/amqpdriver.py:360
2025-09-22 00:35:33.659 132292 DEBUG oslo_messaging._drivers.amqpdriver [-] Listener is running poll /usr/lib/python3/dist-packages/oslo_messaging/_drivers/amqpdriver.py:343
2025-09-22 00:35:33.660 132292 DEBUG oslo_messaging._drivers.amqpdriver [-] AMQPListener connection consume poll /usr/lib/python3/dist-packages/oslo_messaging/_drivers/amqpdriver.py:357
2025-09-22 00:35:33.666 132285 DEBUG oslo_messaging._drivers.amqpdriver [-] AMQPListener connection timeout poll /usr/lib/python3/dist-packages/oslo_messaging/_drivers/amqpdriver.py:360
2025-09-22 00:35:33.666 132285 DEBUG oslo_messaging._drivers.amqpdriver [-] Listener is running poll /usr/lib/python3/dist-packages/oslo_messaging/_drivers/amqpdriver.py:343
2025-09-22 00:35:33.666 132285 DEBUG oslo_messaging._drivers.amqpdriver [-] AMQPListener connection consume poll /usr/lib/python3/dist-packages/oslo_messaging/_drivers/amqpdriver.py:357
2025-09-22 00:35:37.658 132293 DEBUG oslo_messaging._drivers.amqpdriver [-] AMQPListener connection timeout poll /usr/lib/python3/dist-packages/oslo_messaging/_drivers/amqpdriver.py:360
2025-09-22 00:35:37.658 132293 DEBUG oslo_messaging._drivers.amqpdriver [-] Listener is running poll /usr/lib/python3/dist-packages/oslo_messaging/_drivers/amqpdriver.py:343
2025-09-22 00:35:37.658 132293 DEBUG oslo_messaging._drivers.amqpdriver [-] AMQPListener connection consume poll /usr/lib/python3/dist-packages/oslo_messaging/_drivers/amqpdriver.py:357
2025-09-22 00:35:37.659 132295 DEBUG oslo_messaging._drivers.amqpdriver [-] AMQPListener connection timeout poll /usr/lib/python3/dist-packages/oslo_messaging/_drivers/amqpdriver.py:360
2025-09-22 00:35:37.659 132295 DEBUG oslo_messaging._drivers.amqpdriver [-] Listener is running poll /usr/lib/python3/dist-packages/oslo_messaging/_drivers/amqpdriver.py:343
2025-09-22 00:35:37.659 132295 DEBUG oslo_messaging._drivers.amqpdriver [-] AMQPListener connection consume poll /usr/lib/python3/dist-packages/oslo_messaging/_drivers/amqpdriver.py:357
2025-09-22 00:35:37.662 132292 DEBUG oslo_messaging._drivers.amqpdriver [-] AMQPListener connection timeout poll /usr/lib/python3/dist-packages/oslo_messaging/_drivers/amqpdriver.py:360
2025-09-22 00:35:37.662 132292 DEBUG oslo_messaging._drivers.amqpdriver [-] Listener is running poll /usr/lib/python3/dist-packages/oslo_messaging/_drivers/amqpdriver.py:343
2025-09-22 00:35:37.662 132292 DEBUG oslo_messaging._drivers.amqpdriver [-] AMQPListener connection consume poll /usr/lib/python3/dist-packages/oslo_messaging/_drivers/amqpdriver.py:357
2025-09-22 00:35:37.668 132285 DEBUG oslo_messaging._drivers.amqpdriver [-] AMQPListener connection timeout poll /usr/lib/python3/dist-packages/oslo_messaging/_drivers/amqpdriver.py:360
2025-09-22 00:35:37.668 132285 DEBUG oslo_messaging._drivers.amqpdriver [-] Listener is running poll /usr/lib/python3/dist-packages/oslo_messaging/_drivers/amqpdriver.py:343
2025-09-22 00:35:37.669 132285 DEBUG oslo_messaging._drivers.amqpdriver [-] AMQPListener connection consume poll /usr/lib/python3/dist-packages/oslo_messaging/_drivers/amqpdriver.py:357
2025-09-22 00:35:45.660 132293 DEBUG oslo_messaging._drivers.amqpdriver [-] AMQPListener connection timeout poll /usr/lib/python3/dist-packages/oslo_messaging/_drivers/amqpdriver.py:360
2025-09-22 00:35:45.660 132293 DEBUG oslo_messaging._drivers.amqpdriver [-] Listener is running poll /usr/lib/python3/dist-packages/oslo_messaging/_drivers/amqpdriver.py:343
2025-09-22 00:35:45.660 132293 DEBUG oslo_messaging._drivers.amqpdriver [-] AMQPListener connection consume poll /usr/lib/python3/dist-packages/oslo_messaging/_drivers/amqpdriver.py:357
2025-09-22 00:35:45.661 132295 DEBUG oslo_messaging._drivers.amqpdriver [-] AMQPListener connection timeout poll /usr/lib/python3/dist-packages/oslo_messaging/_drivers/amqpdriver.py:360
2025-09-22 00:35:45.661 132295 DEBUG oslo_messaging._drivers.amqpdriver [-] Listener is running poll /usr/lib/python3/dist-packages/oslo_messaging/_drivers/amqpdriver.py:343
2025-09-22 00:35:45.661 132295 DEBUG oslo_messaging._drivers.amqpdriver [-] AMQPListener connection consume poll /usr/lib/python3/dist-packages/oslo_messaging/_drivers/amqpdriver.py:357
2025-09-22 00:35:45.663 132292 DEBUG oslo_messaging._drivers.amqpdriver [-] AMQPListener connection timeout poll /usr/lib/python3/dist-packages/oslo_messaging/_drivers/amqpdriver.py:360
2025-09-22 00:35:45.663 132292 DEBUG oslo_messaging._drivers.amqpdriver [-] Listener is running poll /usr/lib/python3/dist-packages/oslo_messaging/_drivers/amqpdriver.py:343
2025-09-22 00:35:45.663 132292 DEBUG oslo_messaging._drivers.amqpdriver [-] AMQPListener connection consume poll /usr/lib/python3/dist-packages/oslo_messaging/_drivers/amqpdriver.py:357
2025-09-22 00:35:45.670 132285 DEBUG oslo_messaging._drivers.amqpdriver [-] AMQPListener connection timeout poll /usr/lib/python3/dist-packages/oslo_messaging/_drivers/amqpdriver.py:360
2025-09-22 00:35:45.670 132285 DEBUG oslo_messaging._drivers.amqpdriver [-] Listener is running poll /usr/lib/python3/dist-packages/oslo_messaging/_drivers/amqpdriver.py:343
2025-09-22 00:35:45.670 132285 DEBUG oslo_messaging._drivers.amqpdriver [-] AMQPListener connection consume poll /usr/lib/python3/dist-packages/oslo_messaging/_drivers/amqpdriver.py:357
2025-09-22 00:36:02.653 132295 DEBUG oslo_service.periodic_task [req-39dac096-31d4-48ca-a74e-f2f75acec45f - - - - -] Running periodic task SchedulerManager._discover_hosts_in_cells run_periodic_tasks /usr/lib/python3/dist-packages/oslo_service/periodic_task.py:210
2025-09-22 00:36:02.654 132295 DEBUG oslo_db.sqlalchemy.engines [req-39dac096-31d4-48ca-a74e-f2f75acec45f - - - - -] Parent process 130611 forked (132295) with an open database connection, which is being discarded and recreated. checkout /usr/lib/python3/dist-packages/oslo_db/sqlalchemy/engines.py:413
2025-09-22 00:36:02.660 132295 DEBUG oslo_concurrency.lockutils [req-39dac096-31d4-48ca-a74e-f2f75acec45f - - - - -] Lock "ff535f22-1df4-4657-8d78-42cff974fdeb" acquired by "nova.context.set_target_cell..get_or_set_cached_cell_and_set_connections" :: waited 0.000s inner /usr/lib/python3/dist-packages/oslo_concurrency/lockutils.py:386
2025-09-22 00:36:02.662 132295 DEBUG oslo_concurrency.lockutils [req-39dac096-31d4-48ca-a74e-f2f75acec45f - - - - -] Lock "ff535f22-1df4-4657-8d78-42cff974fdeb" "released" by "nova.context.set_target_cell..get_or_set_cached_cell_and_set_connections" :: held 0.002s inner /usr/lib/python3/dist-packages/oslo_concurrency/lockutils.py:400
2025-09-22 00:36:02.667 132295 DEBUG oslo_db.sqlalchemy.engines [req-39dac096-31d4-48ca-a74e-f2f75acec45f - - - - -] MySQL server mode set to STRICT_TRANS_TABLES,STRICT_ALL_TABLES,NO_ZERO_IN_DATE,NO_ZERO_DATE,ERROR_FOR_DIVISION_BY_ZERO,TRADITIONAL,NO_ENGINE_SUBSTITUTION _check_effective_sql_mode /usr/lib/python3/dist-packages/oslo_db/sqlalchemy/engines.py:314
2025-09-22 00:36:04.658 132292 DEBUG oslo_service.periodic_task [req-15e83248-7cc8-4d49-a2b0-10218caf5f73 - - - - -] Running periodic task SchedulerManager._discover_hosts_in_cells run_periodic_tasks /usr/lib/python3/dist-packages/oslo_service/periodic_task.py:210
2025-09-22 00:36:04.659 132292 DEBUG oslo_db.sqlalchemy.engines [req-15e83248-7cc8-4d49-a2b0-10218caf5f73 - - - - -] Parent process 130611 forked (132292) with an open database connection, which is being discarded and recreated. checkout /usr/lib/python3/dist-packages/oslo_db/sqlalchemy/engines.py:413
2025-09-22 00:36:04.665 132292 DEBUG oslo_concurrency.lockutils [req-15e83248-7cc8-4d49-a2b0-10218caf5f73 - - - - -] Lock "ff535f22-1df4-4657-8d78-42cff974fdeb" acquired by "nova.context.set_target_cell..get_or_set_cached_cell_and_set_connections" :: waited 0.000s inner /usr/lib/python3/dist-packages/oslo_concurrency/lockutils.py:386
2025-09-22 00:36:04.667 132292 DEBUG oslo_concurrency.lockutils [req-15e83248-7cc8-4d49-a2b0-10218caf5f73 - - - - -] Lock "ff535f22-1df4-4657-8d78-42cff974fdeb" "released" by "nova.context.set_target_cell..get_or_set_cached_cell_and_set_connections" :: held 0.002s inner /usr/lib/python3/dist-packages/oslo_concurrency/lockutils.py:400
2025-09-22 00:36:04.674 132292 DEBUG oslo_db.sqlalchemy.engines [req-15e83248-7cc8-4d49-a2b0-10218caf5f73 - - - - -] MySQL server mode set to STRICT_TRANS_TABLES,STRICT_ALL_TABLES,NO_ZERO_IN_DATE,NO_ZERO_DATE,ERROR_FOR_DIVISION_BY_ZERO,TRADITIONAL,NO_ENGINE_SUBSTITUTION _check_effective_sql_mode /usr/lib/python3/dist-packages/oslo_db/sqlalchemy/engines.py:314
2025-09-22 00:36:08.653 132293 DEBUG oslo_service.periodic_task [req-ee88bea8-9776-49d8-9bc5-0565afb20a18 - - - - -] Running periodic task SchedulerManager._discover_hosts_in_cells run_periodic_tasks /usr/lib/python3/dist-packages/oslo_service/periodic_task.py:210
2025-09-22 00:36:08.654 132293 DEBUG oslo_db.sqlalchemy.engines [req-ee88bea8-9776-49d8-9bc5-0565afb20a18 - - - - -] Parent process 130611 forked (132293) with an open database connection, which is being discarded and recreated. checkout /usr/lib/python3/dist-packages/oslo_db/sqlalchemy/engines.py:413
2025-09-22 00:36:08.660 132293 DEBUG oslo_concurrency.lockutils [req-ee88bea8-9776-49d8-9bc5-0565afb20a18 - - - - -] Lock "ff535f22-1df4-4657-8d78-42cff974fdeb" acquired by "nova.context.set_target_cell..get_or_set_cached_cell_and_set_connections" :: waited 0.000s inner /usr/lib/python3/dist-packages/oslo_concurrency/lockutils.py:386
2025-09-22 00:36:08.662 132293 DEBUG oslo_concurrency.lockutils [req-ee88bea8-9776-49d8-9bc5-0565afb20a18 - - - - -] Lock "ff535f22-1df4-4657-8d78-42cff974fdeb" "released" by "nova.context.set_target_cell..get_or_set_cached_cell_and_set_connections" :: held 0.002s inner /usr/lib/python3/dist-packages/oslo_concurrency/lockutils.py:400
2025-09-22 00:36:08.667 132293 DEBUG oslo_db.sqlalchemy.engines [req-ee88bea8-9776-49d8-9bc5-0565afb20a18 - - - - -] MySQL server mode set to STRICT_TRANS_TABLES,STRICT_ALL_TABLES,NO_ZERO_IN_DATE,NO_ZERO_DATE,ERROR_FOR_DIVISION_BY_ZERO,TRADITIONAL,NO_ENGINE_SUBSTITUTION _check_effective_sql_mode /usr/lib/python3/dist-packages/oslo_db/sqlalchemy/engines.py:314
2025-09-22 00:36:15.638 132285 DEBUG oslo_messaging._drivers.amqpdriver [-] AMQPListener connection timeout poll /usr/lib/python3/dist-packages/oslo_messaging/_drivers/amqpdriver.py:360
2025-09-22 00:36:15.638 132285 DEBUG oslo_messaging._drivers.amqpdriver [-] Listener is running poll /usr/lib/python3/dist-packages/oslo_messaging/_drivers/amqpdriver.py:343
2025-09-22 00:36:15.638 132285 DEBUG oslo_messaging._drivers.amqpdriver [-] AMQPListener connection consume poll /usr/lib/python3/dist-packages/oslo_messaging/_drivers/amqpdriver.py:357
2025-09-22 00:36:15.639 132292 DEBUG oslo_messaging._drivers.amqpdriver [-] AMQPListener connection timeout poll /usr/lib/python3/dist-packages/oslo_messaging/_drivers/amqpdriver.py:360
2025-09-22 00:36:15.639 132292 DEBUG oslo_messaging._drivers.amqpdriver [-] Listener is running poll /usr/lib/python3/dist-packages/oslo_messaging/_drivers/amqpdriver.py:343
2025-09-22 00:36:15.640 132292 DEBUG oslo_messaging._drivers.amqpdriver [-] AMQPListener connection consume poll /usr/lib/python3/dist-packages/oslo_messaging/_drivers/amqpdriver.py:357
2025-09-22 00:36:15.644 132293 DEBUG oslo_messaging._drivers.amqpdriver [-] AMQPListener connection timeout poll /usr/lib/python3/dist-packages/oslo_messaging/_drivers/amqpdriver.py:360
2025-09-22 00:36:15.645 132293 DEBUG oslo_messaging._drivers.amqpdriver [-] Listener is running poll /usr/lib/python3/dist-packages/oslo_messaging/_drivers/amqpdriver.py:343
2025-09-22 00:36:15.645 132293 DEBUG oslo_messaging._drivers.amqpdriver [-] AMQPListener connection consume poll /usr/lib/python3/dist-packages/oslo_messaging/_drivers/amqpdriver.py:357
2025-09-22 00:36:15.645 132295 DEBUG oslo_messaging._drivers.amqpdriver [-] AMQPListener connection timeout poll /usr/lib/python3/dist-packages/oslo_messaging/_drivers/amqpdriver.py:360
2025-09-22 00:36:15.646 132295 DEBUG oslo_messaging._drivers.amqpdriver [-] Listener is running poll /usr/lib/python3/dist-packages/oslo_messaging/_drivers/amqpdriver.py:343
2025-09-22 00:36:15.646 132295 DEBUG oslo_messaging._drivers.amqpdriver [-] AMQPListener connection consume poll /usr/lib/python3/dist-packages/oslo_messaging/_drivers/amqpdriver.py:357
2025-09-22 00:36:29.664 132285 DEBUG oslo_service.periodic_task [req-0ee14ac2-8e76-4b88-879d-f993918d6ccb - - - - -] Running periodic task SchedulerManager._discover_hosts_in_cells run_periodic_tasks /usr/lib/python3/dist-packages/oslo_service/periodic_task.py:210
2025-09-22 00:36:29.665 132285 DEBUG oslo_db.sqlalchemy.engines [req-0ee14ac2-8e76-4b88-879d-f993918d6ccb - - - - -] Parent process 130611 forked (132285) with an open database connection, which is being discarded and recreated. checkout /usr/lib/python3/dist-packages/oslo_db/sqlalchemy/engines.py:413
2025-09-22 00:36:29.671 132285 DEBUG oslo_concurrency.lockutils [req-0ee14ac2-8e76-4b88-879d-f993918d6ccb - - - - -] Lock "ff535f22-1df4-4657-8d78-42cff974fdeb" acquired by "nova.context.set_target_cell..get_or_set_cached_cell_and_set_connections" :: waited 0.000s inner /usr/lib/python3/dist-packages/oslo_concurrency/lockutils.py:386
2025-09-22 00:36:29.673 132285 DEBUG oslo_concurrency.lockutils [req-0ee14ac2-8e76-4b88-879d-f993918d6ccb - - - - -] Lock "ff535f22-1df4-4657-8d78-42cff974fdeb" "released" by "nova.context.set_target_cell..get_or_set_cached_cell_and_set_connections" :: held 0.002s inner /usr/lib/python3/dist-packages/oslo_concurrency/lockutils.py:400
2025-09-22 00:36:29.678 132285 DEBUG oslo_db.sqlalchemy.engines [req-0ee14ac2-8e76-4b88-879d-f993918d6ccb - - - - -] MySQL server mode set to STRICT_TRANS_TABLES,STRICT_ALL_TABLES,NO_ZERO_IN_DATE,NO_ZERO_DATE,ERROR_FOR_DIVISION_BY_ZERO,TRADITIONAL,NO_ENGINE_SUBSTITUTION _check_effective_sql_mode /usr/lib/python3/dist-packages/oslo_db/sqlalchemy/engines.py:314
2025-09-22 00:36:32.680 132295 DEBUG oslo_service.periodic_task [req-39dac096-31d4-48ca-a74e-f2f75acec45f - - - - -] Running periodic task SchedulerManager._discover_hosts_in_cells run_periodic_tasks /usr/lib/python3/dist-packages/oslo_service/periodic_task.py:210
2025-09-22 00:36:32.685 132295 DEBUG oslo_concurrency.lockutils [req-80c949cd-e66e-49f6-94bd-4be002a5b136 - - - - -] Lock "ff535f22-1df4-4657-8d78-42cff974fdeb" acquired by "nova.context.set_target_cell..get_or_set_cached_cell_and_set_connections" :: waited 0.000s inner /usr/lib/python3/dist-packages/oslo_concurrency/lockutils.py:386
2025-09-22 00:36:32.685 132295 DEBUG oslo_concurrency.lockutils [req-80c949cd-e66e-49f6-94bd-4be002a5b136 - - - - -] Lock "ff535f22-1df4-4657-8d78-42cff974fdeb" "released" by "nova.context.set_target_cell..get_or_set_cached_cell_and_set_connections" :: held 0.000s inner /usr/lib/python3/dist-packages/oslo_concurrency/lockutils.py:400
2025-09-22 00:36:34.690 132292 DEBUG oslo_service.periodic_task [req-15e83248-7cc8-4d49-a2b0-10218caf5f73 - - - - -] Running periodic task SchedulerManager._discover_hosts_in_cells run_periodic_tasks /usr/lib/python3/dist-packages/oslo_service/periodic_task.py:210
2025-09-22 00:36:34.694 132292 DEBUG oslo_concurrency.lockutils [req-a1bd6eeb-0fd8-4aa2-9f10-e4551c3ea56d - - - - -] Lock "ff535f22-1df4-4657-8d78-42cff974fdeb" acquired by "nova.context.set_target_cell..get_or_set_cached_cell_and_set_connections" :: waited 0.000s inner /usr/lib/python3/dist-packages/oslo_concurrency/lockutils.py:386
2025-09-22 00:36:34.695 132292 DEBUG oslo_concurrency.lockutils [req-a1bd6eeb-0fd8-4aa2-9f10-e4551c3ea56d - - - - -] Lock "ff535f22-1df4-4657-8d78-42cff974fdeb" "released" by "nova.context.set_target_cell..get_or_set_cached_cell_and_set_connections" :: held 0.000s inner /usr/lib/python3/dist-packages/oslo_concurrency/lockutils.py:400
2025-09-22 00:36:38.681 132293 DEBUG oslo_service.periodic_task [req-ee88bea8-9776-49d8-9bc5-0565afb20a18 - - - - -] Running periodic task SchedulerManager._discover_hosts_in_cells run_periodic_tasks /usr/lib/python3/dist-packages/oslo_service/periodic_task.py:210
2025-09-22 00:36:38.685 132293 DEBUG oslo_concurrency.lockutils [req-253b7ca3-9800-4638-b5b0-541021570b48 - - - - -] Lock "ff535f22-1df4-4657-8d78-42cff974fdeb" acquired by "nova.context.set_target_cell..get_or_set_cached_cell_and_set_connections" :: waited 0.000s inner /usr/lib/python3/dist-packages/oslo_concurrency/lockutils.py:386
2025-09-22 00:36:38.685 132293 DEBUG oslo_concurrency.lockutils [req-253b7ca3-9800-4638-b5b0-541021570b48 - - - - -] Lock "ff535f22-1df4-4657-8d78-42cff974fdeb" "released" by "nova.context.set_target_cell..get_or_set_cached_cell_and_set_connections" :: held 0.000s inner /usr/lib/python3/dist-packages/oslo_concurrency/lockutils.py:400
2025-09-22 00:36:38.802 130611 INFO oslo_service.service [req-953aad2c-3514-4e85-999d-cff261d78c67 - - - - -] Caught SIGTERM, stopping children
2025-09-22 00:36:38.803 130611 DEBUG oslo_concurrency.lockutils [req-953aad2c-3514-4e85-999d-cff261d78c67 - - - - -] Acquired lock "singleton_lock" lock /usr/lib/python3/dist-packages/oslo_concurrency/lockutils.py:294
2025-09-22 00:36:38.803 130611 DEBUG oslo_concurrency.lockutils [req-953aad2c-3514-4e85-999d-cff261d78c67 - - - - -] Releasing lock "singleton_lock" lock /usr/lib/python3/dist-packages/oslo_concurrency/lockutils.py:312
2025-09-22 00:36:38.803 130611 DEBUG oslo_service.service [req-953aad2c-3514-4e85-999d-cff261d78c67 - - - - -] Stop services. stop /usr/lib/python3/dist-packages/oslo_service/service.py:695
2025-09-22 00:36:38.804 130611 DEBUG oslo_service.service [req-953aad2c-3514-4e85-999d-cff261d78c67 - - - - -] Killing children. stop /usr/lib/python3/dist-packages/oslo_service/service.py:700
2025-09-22 00:36:38.804 130611 INFO oslo_service.service [req-953aad2c-3514-4e85-999d-cff261d78c67 - - - - -] Waiting on 4 children to exit
2025-09-22 00:36:38.811 130611 INFO oslo_service.service [req-953aad2c-3514-4e85-999d-cff261d78c67 - - - - -] Child 132295 killed by signal 15
2025-09-22 00:36:38.813 130611 INFO oslo_service.service [req-953aad2c-3514-4e85-999d-cff261d78c67 - - - - -] Child 132292 killed by signal 15
2025-09-22 00:36:38.813 130611 INFO oslo_service.service [req-953aad2c-3514-4e85-999d-cff261d78c67 - - - - -] Child 132285 killed by signal 15
2025-09-22 00:36:38.814 130611 INFO oslo_service.service [req-953aad2c-3514-4e85-999d-cff261d78c67 - - - - -] Child 132293 killed by signal 15
2025-09-22 00:36:40.926 136401 DEBUG oslo_db.sqlalchemy.engines [req-77025471-70f3-4e22-9f53-c68045ba47db - - - - -] MySQL server mode set to STRICT_TRANS_TABLES,STRICT_ALL_TABLES,NO_ZERO_IN_DATE,NO_ZERO_DATE,ERROR_FOR_DIVISION_BY_ZERO,TRADITIONAL,NO_ENGINE_SUBSTITUTION _check_effective_sql_mode /usr/lib/python3/dist-packages/oslo_db/sqlalchemy/engines.py:314
2025-09-22 00:36:40.957 136401 DEBUG nova.scheduler.host_manager [req-77025471-70f3-4e22-9f53-c68045ba47db - - - - -] Found 1 cells: ff535f22-1df4-4657-8d78-42cff974fdeb refresh_cells_caches /usr/lib/python3/dist-packages/nova/scheduler/host_manager.py:730
2025-09-22 00:36:40.957 136401 DEBUG nova.scheduler.host_manager [req-77025471-70f3-4e22-9f53-c68045ba47db - - - - -] Found 0 disabled cells: refresh_cells_caches /usr/lib/python3/dist-packages/nova/scheduler/host_manager.py:742
2025-09-22 00:36:40.962 136401 WARNING nova.scheduler.filters.availability_zone_filter [req-77025471-70f3-4e22-9f53-c68045ba47db - - - - -] The 'AvailabilityZoneFilter' is deprecated since the 24.0.0 (Xena) release. Since the 18.0.0 (Rocky) release, nova has supported mapping AZs to placement aggregates. The feature is enabled by the 'query_placement_for_availability_zone' config option and is now enabled by default. As such, the 'AvailabilityZoneFilter' is no longer required. Nova is currently configured to use both placement and the AvailabilityZoneFilter for AZ enforcement.
2025-09-22 00:36:41.078 136401 DEBUG nova.scheduler.host_manager [req-77025471-70f3-4e22-9f53-c68045ba47db - - - - -] START:_async_init_instance_info _async_init_instance_info /usr/lib/python3/dist-packages/nova/scheduler/host_manager.py:411
2025-09-22 00:36:41.080 136401 DEBUG oslo_concurrency.lockutils [req-64edc4a8-8013-4a14-92b3-db48eb45a387 - - - - -] Lock "ff535f22-1df4-4657-8d78-42cff974fdeb" acquired by "nova.context.set_target_cell..get_or_set_cached_cell_and_set_connections" :: waited 0.000s inner /usr/lib/python3/dist-packages/oslo_concurrency/lockutils.py:386
2025-09-22 00:36:41.082 136401 DEBUG oslo_concurrency.lockutils [req-64edc4a8-8013-4a14-92b3-db48eb45a387 - - - - -] Lock "ff535f22-1df4-4657-8d78-42cff974fdeb" "released" by "nova.context.set_target_cell..get_or_set_cached_cell_and_set_connections" :: held 0.001s inner /usr/lib/python3/dist-packages/oslo_concurrency/lockutils.py:400
2025-09-22 00:36:41.087 136401 DEBUG oslo_db.sqlalchemy.engines [req-64edc4a8-8013-4a14-92b3-db48eb45a387 - - - - -] MySQL server mode set to STRICT_TRANS_TABLES,STRICT_ALL_TABLES,NO_ZERO_IN_DATE,NO_ZERO_DATE,ERROR_FOR_DIVISION_BY_ZERO,TRADITIONAL,NO_ENGINE_SUBSTITUTION _check_effective_sql_mode /usr/lib/python3/dist-packages/oslo_db/sqlalchemy/engines.py:314
2025-09-22 00:36:41.098 136401 DEBUG nova.scheduler.host_manager [req-64edc4a8-8013-4a14-92b3-db48eb45a387 - - - - -] Total number of compute nodes: 0 _async_init_instance_info /usr/lib/python3/dist-packages/nova/scheduler/host_manager.py:424
2025-09-22 00:36:41.099 136401 DEBUG oslo_concurrency.lockutils [req-64edc4a8-8013-4a14-92b3-db48eb45a387 - - - - -] Lock "ff535f22-1df4-4657-8d78-42cff974fdeb" acquired by "nova.context.set_target_cell..get_or_set_cached_cell_and_set_connections" :: waited 0.000s inner /usr/lib/python3/dist-packages/oslo_concurrency/lockutils.py:386
2025-09-22 00:36:41.099 136401 DEBUG oslo_concurrency.lockutils [req-64edc4a8-8013-4a14-92b3-db48eb45a387 - - - - -] Lock "ff535f22-1df4-4657-8d78-42cff974fdeb" "released" by "nova.context.set_target_cell..get_or_set_cached_cell_and_set_connections" :: held 0.000s inner /usr/lib/python3/dist-packages/oslo_concurrency/lockutils.py:400
2025-09-22 00:36:41.154 136401 DEBUG nova.scheduler.host_manager [req-64edc4a8-8013-4a14-92b3-db48eb45a387 - - - - -] Adding 0 instances for hosts 10-20 _async_init_instance_info /usr/lib/python3/dist-packages/nova/scheduler/host_manager.py:443
2025-09-22 00:36:41.154 136401 DEBUG nova.scheduler.host_manager [req-64edc4a8-8013-4a14-92b3-db48eb45a387 - - - - -] END:_async_init_instance_info _async_init_instance_info /usr/lib/python3/dist-packages/nova/scheduler/host_manager.py:454
2025-09-22 00:36:43.020 136401 DEBUG nova.context [req-77025471-70f3-4e22-9f53-c68045ba47db - - - - -] Found 2 cells: 00000000-0000-0000-0000-000000000000(cell0),ff535f22-1df4-4657-8d78-42cff974fdeb(cell1) load_cells /usr/lib/python3/dist-packages/nova/context.py:464
2025-09-22 00:36:43.021 136401 DEBUG oslo_concurrency.lockutils [req-78b70edb-e45e-468d-a4a2-e570e3ec3cf3 - - - - -] Lock "00000000-0000-0000-0000-000000000000" acquired by "nova.context.set_target_cell..get_or_set_cached_cell_and_set_connections" :: waited 0.000s inner /usr/lib/python3/dist-packages/oslo_concurrency/lockutils.py:386
2025-09-22 00:36:43.021 136401 DEBUG oslo_concurrency.lockutils [req-78b70edb-e45e-468d-a4a2-e570e3ec3cf3 - - - - -] Lock "00000000-0000-0000-0000-000000000000" "released" by "nova.context.set_target_cell..get_or_set_cached_cell_and_set_connections" :: held 0.001s inner /usr/lib/python3/dist-packages/oslo_concurrency/lockutils.py:400
2025-09-22 00:36:43.022 136401 DEBUG oslo_concurrency.lockutils [req-78b70edb-e45e-468d-a4a2-e570e3ec3cf3 - - - - -] Lock "ff535f22-1df4-4657-8d78-42cff974fdeb" acquired by "nova.context.set_target_cell..get_or_set_cached_cell_and_set_connections" :: waited 0.000s inner /usr/lib/python3/dist-packages/oslo_concurrency/lockutils.py:386
2025-09-22 00:36:43.022 136401 DEBUG oslo_concurrency.lockutils [req-78b70edb-e45e-468d-a4a2-e570e3ec3cf3 - - - - -] Lock "ff535f22-1df4-4657-8d78-42cff974fdeb" "released" by "nova.context.set_target_cell..get_or_set_cached_cell_and_set_connections" :: held 0.000s inner /usr/lib/python3/dist-packages/oslo_concurrency/lockutils.py:400
2025-09-22 00:36:43.028 136401 DEBUG oslo_db.sqlalchemy.engines [req-78b70edb-e45e-468d-a4a2-e570e3ec3cf3 - - - - -] MySQL server mode set to STRICT_TRANS_TABLES,STRICT_ALL_TABLES,NO_ZERO_IN_DATE,NO_ZERO_DATE,ERROR_FOR_DIVISION_BY_ZERO,TRADITIONAL,NO_ENGINE_SUBSTITUTION _check_effective_sql_mode /usr/lib/python3/dist-packages/oslo_db/sqlalchemy/engines.py:314
2025-09-22 00:36:43.039 136401 DEBUG oslo_concurrency.lockutils [req-78b70edb-e45e-468d-a4a2-e570e3ec3cf3 - - - - -] Acquired lock "singleton_lock" lock /usr/lib/python3/dist-packages/oslo_concurrency/lockutils.py:294
2025-09-22 00:36:43.040 136401 DEBUG oslo_concurrency.lockutils [req-78b70edb-e45e-468d-a4a2-e570e3ec3cf3 - - - - -] Releasing lock "singleton_lock" lock /usr/lib/python3/dist-packages/oslo_concurrency/lockutils.py:312
2025-09-22 00:36:43.040 136401 INFO oslo_service.service [req-78b70edb-e45e-468d-a4a2-e570e3ec3cf3 - - - - -] Starting 4 workers
2025-09-22 00:36:43.044 136401 DEBUG oslo_service.service [req-78b70edb-e45e-468d-a4a2-e570e3ec3cf3 - - - - -] Started child 137177 _start_child /usr/lib/python3/dist-packages/oslo_service/service.py:575
