2025-09-22 01:58:18.307 7 DEBUG oslo_service.service [-] ml2_type_gre.tunnel_id_ranges = [] log_opt_values /var/lib/kolla/venv/lib/python3.6/site-packages/oslo_config/cfg.py:2611
2025-09-22 01:58:18.307 7 DEBUG oslo_service.service [-] ml2_type_vlan.network_vlan_ranges = [] log_opt_values /var/lib/kolla/venv/lib/python3.6/site-packages/oslo_config/cfg.py:2611
2025-09-22 01:58:18.307 7 DEBUG oslo_service.service [-] ml2_type_vxlan.vni_ranges = [] log_opt_values /var/lib/kolla/venv/lib/python3.6/site-packages/oslo_config/cfg.py:2611
2025-09-22 01:58:18.307 7 DEBUG oslo_service.service [-] ml2_type_vxlan.vxlan_group = None log_opt_values /var/lib/kolla/venv/lib/python3.6/site-packages/oslo_config/cfg.py:2611
2025-09-22 01:58:18.307 7 DEBUG oslo_service.service [-] database.backend = sqlalchemy log_opt_values /var/lib/kolla/venv/lib/python3.6/site-packages/oslo_config/cfg.py:2611
2025-09-22 01:58:18.307 7 DEBUG oslo_service.service [-] database.connection = **** log_opt_values /var/lib/kolla/venv/lib/python3.6/site-packages/oslo_config/cfg.py:2611
2025-09-22 01:58:18.307 7 DEBUG oslo_service.service [-] database.connection_debug = 0 log_opt_values /var/lib/kolla/venv/lib/python3.6/site-packages/oslo_config/cfg.py:2611
2025-09-22 01:58:18.307 7 DEBUG oslo_service.service [-] database.connection_parameters = log_opt_values /var/lib/kolla/venv/lib/python3.6/site-packages/oslo_config/cfg.py:2611
2025-09-22 01:58:18.307 7 DEBUG oslo_service.service [-] database.connection_recycle_time = 10 log_opt_values /var/lib/kolla/venv/lib/python3.6/site-packages/oslo_config/cfg.py:2611
2025-09-22 01:58:18.307 7 DEBUG oslo_service.service [-] database.connection_trace = False log_opt_values /var/lib/kolla/venv/lib/python3.6/site-packages/oslo_config/cfg.py:2611
2025-09-22 01:58:18.307 7 DEBUG oslo_service.service [-] database.db_inc_retry_interval = True log_opt_values /var/lib/kolla/venv/lib/python3.6/site-packages/oslo_config/cfg.py:2611
2025-09-22 01:58:18.307 7 DEBUG oslo_service.service [-] database.db_max_retries = 20 log_opt_values /var/lib/kolla/venv/lib/python3.6/site-packages/oslo_config/cfg.py:2611
2025-09-22 01:58:18.307 7 DEBUG oslo_service.service [-] database.db_max_retry_interval = 10 log_opt_values /var/lib/kolla/venv/lib/python3.6/site-packages/oslo_config/cfg.py:2611
2025-09-22 01:58:18.307 7 DEBUG oslo_service.service [-] database.db_retry_interval = 1 log_opt_values /var/lib/kolla/venv/lib/python3.6/site-packages/oslo_config/cfg.py:2611
2025-09-22 01:58:18.307 7 DEBUG oslo_service.service [-] database.max_overflow = 50 log_opt_values /var/lib/kolla/venv/lib/python3.6/site-packages/oslo_config/cfg.py:2611
2025-09-22 01:58:18.307 7 DEBUG oslo_service.service [-] database.max_pool_size = 1 log_opt_values /var/lib/kolla/venv/lib/python3.6/site-packages/oslo_config/cfg.py:2611
2025-09-22 01:58:18.308 7 DEBUG oslo_service.service [-] database.max_retries = -1 log_opt_values /var/lib/kolla/venv/lib/python3.6/site-packages/oslo_config/cfg.py:2611
2025-09-22 01:58:18.308 7 DEBUG oslo_service.service [-] database.mysql_enable_ndb = False log_opt_values /var/lib/kolla/venv/lib/python3.6/site-packages/oslo_config/cfg.py:2611
2025-09-22 01:58:18.308 7 DEBUG oslo_service.service [-] database.mysql_sql_mode = TRADITIONAL log_opt_values /var/lib/kolla/venv/lib/python3.6/site-packages/oslo_config/cfg.py:2611
2025-09-22 01:58:18.308 7 DEBUG oslo_service.service [-] database.pool_timeout = None log_opt_values /var/lib/kolla/venv/lib/python3.6/site-packages/oslo_config/cfg.py:2611
2025-09-22 01:58:18.308 7 DEBUG oslo_service.service [-] database.retry_interval = 10 log_opt_values /var/lib/kolla/venv/lib/python3.6/site-packages/oslo_config/cfg.py:2611
2025-09-22 01:58:18.308 7 DEBUG oslo_service.service [-] database.slave_connection = **** log_opt_values /var/lib/kolla/venv/lib/python3.6/site-packages/oslo_config/cfg.py:2611
2025-09-22 01:58:18.308 7 DEBUG oslo_service.service [-] database.sqlite_synchronous = True log_opt_values /var/lib/kolla/venv/lib/python3.6/site-packages/oslo_config/cfg.py:2611
2025-09-22 01:58:18.308 7 DEBUG oslo_service.service [-] database.use_db_reconnect = False log_opt_values /var/lib/kolla/venv/lib/python3.6/site-packages/oslo_config/cfg.py:2611
2025-09-22 01:58:18.308 7 DEBUG oslo_service.service [-] ******************************************************************************** log_opt_values /var/lib/kolla/venv/lib/python3.6/site-packages/oslo_config/cfg.py:2613
2025-09-22 01:58:19.938 22 DEBUG neutron.wsgi [-] (22) accepted ('10.0.0.50', 35416) server /var/lib/kolla/venv/lib/python3.6/site-packages/eventlet/wsgi.py:1004
2025-09-22 01:58:19.944 22 INFO neutron.wsgi [-] 10.0.0.50 "GET / HTTP/1.1" status: 200 len: 227 time: 0.0050046
2025-09-22 01:58:22.018 24 DEBUG neutron.api.rpc.handlers.dhcp_rpc [req-27a9d1b0-0f8e-4f47-aa8f-7cd5b0509bf3 - - - - -] get_active_networks_info from cn-jenkins-deploy-platform-ansible-os-4162-1 get_active_networks_info /var/lib/kolla/venv/lib/python3.6/site-packages/neutron/api/rpc/handlers/dhcp_rpc.py:159
2025-09-22 01:58:22.041 27 DEBUG neutron_lib.callbacks.manager [req-f08cde21-b132-4ec8-a586-936cd7b0bd7b - - - - -] Publish callbacks ['neutron.services.segments.db._update_segment_host_mapping_for_agent-8739303126336', 'neutron.services.l3_router.l3_router_plugin.DVRResourceOperationHandler.create_fip_agent_gw_ports-617405'] for agent (2599ebad-8eed-4b79-86f9-6bc4355ad8f9), after_create _notify_loop /var/lib/kolla/venv/lib/python3.6/site-packages/neutron_lib/callbacks/manager.py:177
2025-09-22 01:58:22.055 24 DEBUG neutron.scheduler.dhcp_agent_scheduler [req-27a9d1b0-0f8e-4f47-aa8f-7cd5b0509bf3 - - - - -] No non-hosted networks auto_schedule_networks /var/lib/kolla/venv/lib/python3.6/site-packages/neutron/scheduler/dhcp_agent_scheduler.py:60
2025-09-22 01:58:39.948 26 DEBUG neutron_lib.callbacks.manager [req-63fb7b5b-d20e-42f9-ad5d-8a9e986b67d8 - - - - -] Publish callbacks ['neutron.services.segments.db._update_segment_host_mapping_for_agent-8739303126336', 'neutron.services.l3_router.l3_router_plugin.DVRResourceOperationHandler.create_fip_agent_gw_ports-617405'] for agent (61277f93-75c6-449c-8f37-d20f5a2c3305), after_create _notify_loop /var/lib/kolla/venv/lib/python3.6/site-packages/neutron_lib/callbacks/manager.py:177
2025-09-22 01:58:49.988 22 DEBUG neutron.wsgi [-] (22) accepted ('10.0.0.50', 45368) server /var/lib/kolla/venv/lib/python3.6/site-packages/eventlet/wsgi.py:1004
2025-09-22 01:58:49.993 22 INFO neutron.wsgi [-] 10.0.0.50 "GET / HTTP/1.1" status: 200 len: 227 time: 0.0034063
2025-09-22 01:58:52.027 28 DEBUG neutron_lib.callbacks.manager [req-93aaaa6c-e4b2-4c45-9a36-0dca32aa0695 - - - - -] Publish callbacks ['neutron.services.segments.db._update_segment_host_mapping_for_agent-8739303126336', 'neutron.plugins.ml2.plugin.Ml2Plugin._retry_binding_revived_agents--9223372036853440745'] for agent (2599ebad-8eed-4b79-86f9-6bc4355ad8f9), after_update _notify_loop /var/lib/kolla/venv/lib/python3.6/site-packages/neutron_lib/callbacks/manager.py:177
2025-09-22 01:59:09.919 24 DEBUG neutron_lib.callbacks.manager [req-63fb7b5b-d20e-42f9-ad5d-8a9e986b67d8 - - - - -] Publish callbacks ['neutron.services.segments.db._update_segment_host_mapping_for_agent-8739303126336', 'neutron.plugins.ml2.plugin.Ml2Plugin._retry_binding_revived_agents--9223372036853440745'] for agent (61277f93-75c6-449c-8f37-d20f5a2c3305), after_update _notify_loop /var/lib/kolla/venv/lib/python3.6/site-packages/neutron_lib/callbacks/manager.py:177
2025-09-22 01:59:20.037 22 DEBUG neutron.wsgi [-] (22) accepted ('10.0.0.50', 36758) server /var/lib/kolla/venv/lib/python3.6/site-packages/eventlet/wsgi.py:1004
2025-09-22 01:59:20.040 22 INFO neutron.wsgi [-] 10.0.0.50 "GET / HTTP/1.1" status: 200 len: 227 time: 0.0027423
2025-09-22 01:59:22.023 25 DEBUG neutron_lib.callbacks.manager [req-4633c873-3869-4aca-a43d-75e1252fbd41 - - - - -] Publish callbacks ['neutron.services.segments.db._update_segment_host_mapping_for_agent-8739303126336', 'neutron.plugins.ml2.plugin.Ml2Plugin._retry_binding_revived_agents--9223372036853440745'] for agent (2599ebad-8eed-4b79-86f9-6bc4355ad8f9), after_update _notify_loop /var/lib/kolla/venv/lib/python3.6/site-packages/neutron_lib/callbacks/manager.py:177
2025-09-22 01:59:22.278 29 DEBUG neutron.db.agents_db [req-aca7490c-7380-494c-a8a1-bda039f38a59 - - - - -] Agent healthcheck: found 2 active agents agent_health_check /var/lib/kolla/venv/lib/python3.6/site-packages/neutron/db/agents_db.py:318
2025-09-22 01:59:39.927 23 DEBUG neutron_lib.callbacks.manager [req-63fb7b5b-d20e-42f9-ad5d-8a9e986b67d8 - - - - -] Publish callbacks ['neutron.services.segments.db._update_segment_host_mapping_for_agent-8739303126336', 'neutron.plugins.ml2.plugin.Ml2Plugin._retry_binding_revived_agents--9223372036853440745'] for agent (61277f93-75c6-449c-8f37-d20f5a2c3305), after_update _notify_loop /var/lib/kolla/venv/lib/python3.6/site-packages/neutron_lib/callbacks/manager.py:177
2025-09-22 01:59:50.085 22 DEBUG neutron.wsgi [-] (22) accepted ('10.0.0.50', 54412) server /var/lib/kolla/venv/lib/python3.6/site-packages/eventlet/wsgi.py:1004
2025-09-22 01:59:50.088 22 INFO neutron.wsgi [-] 10.0.0.50 "GET / HTTP/1.1" status: 200 len: 227 time: 0.0029600
2025-09-22 01:59:52.007 27 DEBUG neutron_lib.callbacks.manager [req-ebaa1f7b-d7b5-4081-b70c-db7c9cc45e8c - - - - -] Publish callbacks ['neutron.services.segments.db._update_segment_host_mapping_for_agent-8739303126336', 'neutron.plugins.ml2.plugin.Ml2Plugin._retry_binding_revived_agents--9223372036853440745'] for agent (2599ebad-8eed-4b79-86f9-6bc4355ad8f9), after_update _notify_loop /var/lib/kolla/venv/lib/python3.6/site-packages/neutron_lib/callbacks/manager.py:177
2025-09-22 01:59:59.276 29 DEBUG neutron.db.agents_db [req-aca7490c-7380-494c-a8a1-bda039f38a59 - - - - -] Agent healthcheck: found 2 active agents agent_health_check /var/lib/kolla/venv/lib/python3.6/site-packages/neutron/db/agents_db.py:318
2025-09-22 02:00:09.918 26 DEBUG neutron_lib.callbacks.manager [req-63fb7b5b-d20e-42f9-ad5d-8a9e986b67d8 - - - - -] Publish callbacks ['neutron.services.segments.db._update_segment_host_mapping_for_agent-8739303126336', 'neutron.plugins.ml2.plugin.Ml2Plugin._retry_binding_revived_agents--9223372036853440745'] for agent (61277f93-75c6-449c-8f37-d20f5a2c3305), after_update _notify_loop /var/lib/kolla/venv/lib/python3.6/site-packages/neutron_lib/callbacks/manager.py:177
2025-09-22 02:00:20.130 22 DEBUG neutron.wsgi [-] (22) accepted ('10.0.0.50', 41024) server /var/lib/kolla/venv/lib/python3.6/site-packages/eventlet/wsgi.py:1004
2025-09-22 02:00:20.134 22 INFO neutron.wsgi [-] 10.0.0.50 "GET / HTTP/1.1" status: 200 len: 227 time: 0.0029914
2025-09-22 02:00:22.004 28 DEBUG neutron_lib.callbacks.manager [req-b4c1bdea-8f97-411a-ac58-a06b1efda423 - - - - -] Publish callbacks ['neutron.services.segments.db._update_segment_host_mapping_for_agent-8739303126336', 'neutron.plugins.ml2.plugin.Ml2Plugin._retry_binding_revived_agents--9223372036853440745'] for agent (2599ebad-8eed-4b79-86f9-6bc4355ad8f9), after_update _notify_loop /var/lib/kolla/venv/lib/python3.6/site-packages/neutron_lib/callbacks/manager.py:177
2025-09-22 02:00:36.274 29 DEBUG neutron.db.agents_db [req-aca7490c-7380-494c-a8a1-bda039f38a59 - - - - -] Agent healthcheck: found 2 active agents agent_health_check /var/lib/kolla/venv/lib/python3.6/site-packages/neutron/db/agents_db.py:318
2025-09-22 02:00:39.910 24 DEBUG neutron_lib.callbacks.manager [req-63fb7b5b-d20e-42f9-ad5d-8a9e986b67d8 - - - - -] Publish callbacks ['neutron.services.segments.db._update_segment_host_mapping_for_agent-8739303126336', 'neutron.plugins.ml2.plugin.Ml2Plugin._retry_binding_revived_agents--9223372036853440745'] for agent (61277f93-75c6-449c-8f37-d20f5a2c3305), after_update _notify_loop /var/lib/kolla/venv/lib/python3.6/site-packages/neutron_lib/callbacks/manager.py:177
2025-09-22 02:00:50.181 22 DEBUG neutron.wsgi [-] (22) accepted ('10.0.0.50', 58768) server /var/lib/kolla/venv/lib/python3.6/site-packages/eventlet/wsgi.py:1004
2025-09-22 02:00:50.187 22 INFO neutron.wsgi [-] 10.0.0.50 "GET / HTTP/1.1" status: 200 len: 227 time: 0.0050781
2025-09-22 02:00:52.000 25 DEBUG neutron_lib.callbacks.manager [req-831e05e6-23a0-4791-84af-3dfa81a5b58e - - - - -] Publish callbacks ['neutron.services.segments.db._update_segment_host_mapping_for_agent-8739303126336', 'neutron.plugins.ml2.plugin.Ml2Plugin._retry_binding_revived_agents--9223372036853440745'] for agent (2599ebad-8eed-4b79-86f9-6bc4355ad8f9), after_update _notify_loop /var/lib/kolla/venv/lib/python3.6/site-packages/neutron_lib/callbacks/manager.py:177
2025-09-22 02:01:09.915 23 DEBUG neutron_lib.callbacks.manager [req-63fb7b5b-d20e-42f9-ad5d-8a9e986b67d8 - - - - -] Publish callbacks ['neutron.services.segments.db._update_segment_host_mapping_for_agent-8739303126336', 'neutron.plugins.ml2.plugin.Ml2Plugin._retry_binding_revived_agents--9223372036853440745'] for agent (61277f93-75c6-449c-8f37-d20f5a2c3305), after_update _notify_loop /var/lib/kolla/venv/lib/python3.6/site-packages/neutron_lib/callbacks/manager.py:177
2025-09-22 02:01:13.275 29 DEBUG neutron.db.agents_db [req-aca7490c-7380-494c-a8a1-bda039f38a59 - - - - -] Agent healthcheck: found 2 active agents agent_health_check /var/lib/kolla/venv/lib/python3.6/site-packages/neutron/db/agents_db.py:318
2025-09-22 02:01:20.231 22 DEBUG neutron.wsgi [-] (22) accepted ('10.0.0.50', 40432) server /var/lib/kolla/venv/lib/python3.6/site-packages/eventlet/wsgi.py:1004
2025-09-22 02:01:20.235 22 INFO neutron.wsgi [-] 10.0.0.50 "GET / HTTP/1.1" status: 200 len: 227 time: 0.0025640
2025-09-22 02:01:21.998 27 DEBUG neutron_lib.callbacks.manager [req-9262b4a1-f147-470a-b461-dbb22cd59e5b - - - - -] Publish callbacks ['neutron.services.segments.db._update_segment_host_mapping_for_agent-8739303126336', 'neutron.plugins.ml2.plugin.Ml2Plugin._retry_binding_revived_agents--9223372036853440745'] for agent (2599ebad-8eed-4b79-86f9-6bc4355ad8f9), after_update _notify_loop /var/lib/kolla/venv/lib/python3.6/site-packages/neutron_lib/callbacks/manager.py:177
2025-09-22 02:01:39.918 26 DEBUG neutron_lib.callbacks.manager [req-63fb7b5b-d20e-42f9-ad5d-8a9e986b67d8 - - - - -] Publish callbacks ['neutron.services.segments.db._update_segment_host_mapping_for_agent-8739303126336', 'neutron.plugins.ml2.plugin.Ml2Plugin._retry_binding_revived_agents--9223372036853440745'] for agent (61277f93-75c6-449c-8f37-d20f5a2c3305), after_update _notify_loop /var/lib/kolla/venv/lib/python3.6/site-packages/neutron_lib/callbacks/manager.py:177
2025-09-22 02:01:50.275 29 DEBUG neutron.db.agents_db [req-aca7490c-7380-494c-a8a1-bda039f38a59 - - - - -] Agent healthcheck: found 2 active agents agent_health_check /var/lib/kolla/venv/lib/python3.6/site-packages/neutron/db/agents_db.py:318
2025-09-22 02:01:50.280 22 DEBUG neutron.wsgi [-] (22) accepted ('10.0.0.50', 39546) server /var/lib/kolla/venv/lib/python3.6/site-packages/eventlet/wsgi.py:1004
2025-09-22 02:01:50.283 22 INFO neutron.wsgi [-] 10.0.0.50 "GET / HTTP/1.1" status: 200 len: 227 time: 0.0025861
2025-09-22 02:01:52.001 28 DEBUG neutron_lib.callbacks.manager [req-753dd093-0737-417d-b545-e87aaada7523 - - - - -] Publish callbacks ['neutron.services.segments.db._update_segment_host_mapping_for_agent-8739303126336', 'neutron.plugins.ml2.plugin.Ml2Plugin._retry_binding_revived_agents--9223372036853440745'] for agent (2599ebad-8eed-4b79-86f9-6bc4355ad8f9), after_update _notify_loop /var/lib/kolla/venv/lib/python3.6/site-packages/neutron_lib/callbacks/manager.py:177
2025-09-22 02:02:09.918 24 DEBUG neutron_lib.callbacks.manager [req-63fb7b5b-d20e-42f9-ad5d-8a9e986b67d8 - - - - -] Publish callbacks ['neutron.services.segments.db._update_segment_host_mapping_for_agent-8739303126336', 'neutron.plugins.ml2.plugin.Ml2Plugin._retry_binding_revived_agents--9223372036853440745'] for agent (61277f93-75c6-449c-8f37-d20f5a2c3305), after_update _notify_loop /var/lib/kolla/venv/lib/python3.6/site-packages/neutron_lib/callbacks/manager.py:177
2025-09-22 02:02:20.324 22 DEBUG neutron.wsgi [-] (22) accepted ('10.0.0.50', 37208) server /var/lib/kolla/venv/lib/python3.6/site-packages/eventlet/wsgi.py:1004
2025-09-22 02:02:20.327 22 INFO neutron.wsgi [-] 10.0.0.50 "GET / HTTP/1.1" status: 200 len: 227 time: 0.0025253
2025-09-22 02:02:21.996 25 DEBUG neutron_lib.callbacks.manager [req-3e4fefd6-9def-430b-b6f0-72c18214376c - - - - -] Publish callbacks ['neutron.services.segments.db._update_segment_host_mapping_for_agent-8739303126336', 'neutron.plugins.ml2.plugin.Ml2Plugin._retry_binding_revived_agents--9223372036853440745'] for agent (2599ebad-8eed-4b79-86f9-6bc4355ad8f9), after_update _notify_loop /var/lib/kolla/venv/lib/python3.6/site-packages/neutron_lib/callbacks/manager.py:177
2025-09-22 02:02:27.271 29 DEBUG neutron.db.agents_db [req-aca7490c-7380-494c-a8a1-bda039f38a59 - - - - -] Agent healthcheck: found 2 active agents agent_health_check /var/lib/kolla/venv/lib/python3.6/site-packages/neutron/db/agents_db.py:318
2025-09-22 02:02:39.920 23 DEBUG neutron_lib.callbacks.manager [req-63fb7b5b-d20e-42f9-ad5d-8a9e986b67d8 - - - - -] Publish callbacks ['neutron.services.segments.db._update_segment_host_mapping_for_agent-8739303126336', 'neutron.plugins.ml2.plugin.Ml2Plugin._retry_binding_revived_agents--9223372036853440745'] for agent (61277f93-75c6-449c-8f37-d20f5a2c3305), after_update _notify_loop /var/lib/kolla/venv/lib/python3.6/site-packages/neutron_lib/callbacks/manager.py:177
2025-09-22 02:02:50.368 22 DEBUG neutron.wsgi [-] (22) accepted ('10.0.0.50', 37076) server /var/lib/kolla/venv/lib/python3.6/site-packages/eventlet/wsgi.py:1004
2025-09-22 02:02:50.371 22 INFO neutron.wsgi [-] 10.0.0.50 "GET / HTTP/1.1" status: 200 len: 227 time: 0.0026646
2025-09-22 02:02:52.001 27 DEBUG neutron_lib.callbacks.manager [req-e0216bfa-ee4a-4de1-8e69-9b17882791bc - - - - -] Publish callbacks ['neutron.services.segments.db._update_segment_host_mapping_for_agent-8739303126336', 'neutron.plugins.ml2.plugin.Ml2Plugin._retry_binding_revived_agents--9223372036853440745'] for agent (2599ebad-8eed-4b79-86f9-6bc4355ad8f9), after_update _notify_loop /var/lib/kolla/venv/lib/python3.6/site-packages/neutron_lib/callbacks/manager.py:177
2025-09-22 02:03:04.278 29 DEBUG neutron.db.agents_db [req-aca7490c-7380-494c-a8a1-bda039f38a59 - - - - -] Agent healthcheck: found 2 active agents agent_health_check /var/lib/kolla/venv/lib/python3.6/site-packages/neutron/db/agents_db.py:318
2025-09-22 02:03:09.923 26 DEBUG neutron_lib.callbacks.manager [req-63fb7b5b-d20e-42f9-ad5d-8a9e986b67d8 - - - - -] Publish callbacks ['neutron.services.segments.db._update_segment_host_mapping_for_agent-8739303126336', 'neutron.plugins.ml2.plugin.Ml2Plugin._retry_binding_revived_agents--9223372036853440745'] for agent (61277f93-75c6-449c-8f37-d20f5a2c3305), after_update _notify_loop /var/lib/kolla/venv/lib/python3.6/site-packages/neutron_lib/callbacks/manager.py:177
2025-09-22 02:03:20.421 22 DEBUG neutron.wsgi [-] (22) accepted ('10.0.0.50', 56112) server /var/lib/kolla/venv/lib/python3.6/site-packages/eventlet/wsgi.py:1004
2025-09-22 02:03:20.442 22 INFO neutron.wsgi [-] 10.0.0.50 "GET / HTTP/1.1" status: 200 len: 227 time: 0.0027890
2025-09-22 02:03:22.028 28 DEBUG neutron_lib.callbacks.manager [req-741b4a95-4b2f-4ccb-b438-15be67a6c6a5 - - - - -] Publish callbacks ['neutron.services.segments.db._update_segment_host_mapping_for_agent-8739303126336', 'neutron.plugins.ml2.plugin.Ml2Plugin._retry_binding_revived_agents--9223372036853440745'] for agent (2599ebad-8eed-4b79-86f9-6bc4355ad8f9), after_update _notify_loop /var/lib/kolla/venv/lib/python3.6/site-packages/neutron_lib/callbacks/manager.py:177
2025-09-22 02:03:39.927 24 DEBUG neutron_lib.callbacks.manager [req-63fb7b5b-d20e-42f9-ad5d-8a9e986b67d8 - - - - -] Publish callbacks ['neutron.services.segments.db._update_segment_host_mapping_for_agent-8739303126336', 'neutron.plugins.ml2.plugin.Ml2Plugin._retry_binding_revived_agents--9223372036853440745'] for agent (61277f93-75c6-449c-8f37-d20f5a2c3305), after_update _notify_loop /var/lib/kolla/venv/lib/python3.6/site-packages/neutron_lib/callbacks/manager.py:177
2025-09-22 02:03:41.275 29 DEBUG neutron.db.agents_db [req-aca7490c-7380-494c-a8a1-bda039f38a59 - - - - -] Agent healthcheck: found 2 active agents agent_health_check /var/lib/kolla/venv/lib/python3.6/site-packages/neutron/db/agents_db.py:318
2025-09-22 02:03:50.485 22 DEBUG neutron.wsgi [-] (22) accepted ('10.0.0.50', 45624) server /var/lib/kolla/venv/lib/python3.6/site-packages/eventlet/wsgi.py:1004
2025-09-22 02:03:50.488 22 INFO neutron.wsgi [-] 10.0.0.50 "GET / HTTP/1.1" status: 200 len: 227 time: 0.0025365
2025-09-22 02:03:52.088 25 DEBUG neutron_lib.callbacks.manager [req-42e04e96-a778-4696-803c-25b6b318f047 - - - - -] Publish callbacks ['neutron.services.segments.db._update_segment_host_mapping_for_agent-8739303126336', 'neutron.plugins.ml2.plugin.Ml2Plugin._retry_binding_revived_agents--9223372036853440745'] for agent (2599ebad-8eed-4b79-86f9-6bc4355ad8f9), after_update _notify_loop /var/lib/kolla/venv/lib/python3.6/site-packages/neutron_lib/callbacks/manager.py:177
2025-09-22 02:04:09.930 23 DEBUG neutron_lib.callbacks.manager [req-63fb7b5b-d20e-42f9-ad5d-8a9e986b67d8 - - - - -] Publish callbacks ['neutron.services.segments.db._update_segment_host_mapping_for_agent-8739303126336', 'neutron.plugins.ml2.plugin.Ml2Plugin._retry_binding_revived_agents--9223372036853440745'] for agent (61277f93-75c6-449c-8f37-d20f5a2c3305), after_update _notify_loop /var/lib/kolla/venv/lib/python3.6/site-packages/neutron_lib/callbacks/manager.py:177
2025-09-22 02:04:18.287 29 DEBUG neutron.db.agents_db [req-aca7490c-7380-494c-a8a1-bda039f38a59 - - - - -] Agent healthcheck: found 2 active agents agent_health_check /var/lib/kolla/venv/lib/python3.6/site-packages/neutron/db/agents_db.py:318
2025-09-22 02:04:20.532 22 DEBUG neutron.wsgi [-] (22) accepted ('10.0.0.50', 58176) server /var/lib/kolla/venv/lib/python3.6/site-packages/eventlet/wsgi.py:1004
2025-09-22 02:04:20.535 22 INFO neutron.wsgi [-] 10.0.0.50 "GET / HTTP/1.1" status: 200 len: 227 time: 0.0024409
2025-09-22 02:04:22.005 27 DEBUG neutron_lib.callbacks.manager [req-e69bdea0-9035-49b3-b103-be210721ffcd - - - - -] Publish callbacks ['neutron.services.segments.db._update_segment_host_mapping_for_agent-8739303126336', 'neutron.plugins.ml2.plugin.Ml2Plugin._retry_binding_revived_agents--9223372036853440745'] for agent (2599ebad-8eed-4b79-86f9-6bc4355ad8f9), after_update _notify_loop /var/lib/kolla/venv/lib/python3.6/site-packages/neutron_lib/callbacks/manager.py:177
2025-09-22 02:04:39.932 26 DEBUG neutron_lib.callbacks.manager [req-63fb7b5b-d20e-42f9-ad5d-8a9e986b67d8 - - - - -] Publish callbacks ['neutron.services.segments.db._update_segment_host_mapping_for_agent-8739303126336', 'neutron.plugins.ml2.plugin.Ml2Plugin._retry_binding_revived_agents--9223372036853440745'] for agent (61277f93-75c6-449c-8f37-d20f5a2c3305), after_update _notify_loop /var/lib/kolla/venv/lib/python3.6/site-packages/neutron_lib/callbacks/manager.py:177
2025-09-22 02:04:50.576 22 DEBUG neutron.wsgi [-] (22) accepted ('10.0.0.50', 33246) server /var/lib/kolla/venv/lib/python3.6/site-packages/eventlet/wsgi.py:1004
2025-09-22 02:04:50.580 22 INFO neutron.wsgi [-] 10.0.0.50 "GET / HTTP/1.1" status: 200 len: 227 time: 0.0029366
2025-09-22 02:04:52.010 28 DEBUG neutron_lib.callbacks.manager [req-f830188e-b735-45b7-a8c3-3db8db10dd58 - - - - -] Publish callbacks ['neutron.services.segments.db._update_segment_host_mapping_for_agent-8739303126336', 'neutron.plugins.ml2.plugin.Ml2Plugin._retry_binding_revived_agents--9223372036853440745'] for agent (2599ebad-8eed-4b79-86f9-6bc4355ad8f9), after_update _notify_loop /var/lib/kolla/venv/lib/python3.6/site-packages/neutron_lib/callbacks/manager.py:177
2025-09-22 02:04:55.286 29 DEBUG neutron.db.agents_db [req-aca7490c-7380-494c-a8a1-bda039f38a59 - - - - -] Agent healthcheck: found 2 active agents agent_health_check /var/lib/kolla/venv/lib/python3.6/site-packages/neutron/db/agents_db.py:318
2025-09-22 02:05:09.934 24 DEBUG neutron_lib.callbacks.manager [req-63fb7b5b-d20e-42f9-ad5d-8a9e986b67d8 - - - - -] Publish callbacks ['neutron.services.segments.db._update_segment_host_mapping_for_agent-8739303126336', 'neutron.plugins.ml2.plugin.Ml2Plugin._retry_binding_revived_agents--9223372036853440745'] for agent (61277f93-75c6-449c-8f37-d20f5a2c3305), after_update _notify_loop /var/lib/kolla/venv/lib/python3.6/site-packages/neutron_lib/callbacks/manager.py:177
2025-09-22 02:05:20.629 22 DEBUG neutron.wsgi [-] (22) accepted ('10.0.0.50', 47398) server /var/lib/kolla/venv/lib/python3.6/site-packages/eventlet/wsgi.py:1004
2025-09-22 02:05:20.632 22 INFO neutron.wsgi [-] 10.0.0.50 "GET / HTTP/1.1" status: 200 len: 227 time: 0.0026577
2025-09-22 02:05:22.009 25 DEBUG neutron_lib.callbacks.manager [req-f6f9307d-0f3f-4ab8-acfb-d9d4840d22b2 - - - - -] Publish callbacks ['neutron.services.segments.db._update_segment_host_mapping_for_agent-8739303126336', 'neutron.plugins.ml2.plugin.Ml2Plugin._retry_binding_revived_agents--9223372036853440745'] for agent (2599ebad-8eed-4b79-86f9-6bc4355ad8f9), after_update _notify_loop /var/lib/kolla/venv/lib/python3.6/site-packages/neutron_lib/callbacks/manager.py:177
2025-09-22 02:05:32.286 29 DEBUG neutron.db.agents_db [req-aca7490c-7380-494c-a8a1-bda039f38a59 - - - - -] Agent healthcheck: found 2 active agents agent_health_check /var/lib/kolla/venv/lib/python3.6/site-packages/neutron/db/agents_db.py:318
2025-09-22 02:05:39.946 23 DEBUG neutron_lib.callbacks.manager [req-63fb7b5b-d20e-42f9-ad5d-8a9e986b67d8 - - - - -] Publish callbacks ['neutron.services.segments.db._update_segment_host_mapping_for_agent-8739303126336', 'neutron.plugins.ml2.plugin.Ml2Plugin._retry_binding_revived_agents--9223372036853440745'] for agent (61277f93-75c6-449c-8f37-d20f5a2c3305), after_update _notify_loop /var/lib/kolla/venv/lib/python3.6/site-packages/neutron_lib/callbacks/manager.py:177
2025-09-22 02:05:50.674 22 DEBUG neutron.wsgi [-] (22) accepted ('10.0.0.50', 39108) server /var/lib/kolla/venv/lib/python3.6/site-packages/eventlet/wsgi.py:1004
2025-09-22 02:05:50.678 22 INFO neutron.wsgi [-] 10.0.0.50 "GET / HTTP/1.1" status: 200 len: 227 time: 0.0027246
2025-09-22 02:05:52.004 27 DEBUG neutron_lib.callbacks.manager [req-20814442-bc23-4090-a198-dad897991af0 - - - - -] Publish callbacks ['neutron.services.segments.db._update_segment_host_mapping_for_agent-8739303126336', 'neutron.plugins.ml2.plugin.Ml2Plugin._retry_binding_revived_agents--9223372036853440745'] for agent (2599ebad-8eed-4b79-86f9-6bc4355ad8f9), after_update _notify_loop /var/lib/kolla/venv/lib/python3.6/site-packages/neutron_lib/callbacks/manager.py:177
2025-09-22 02:06:09.283 29 DEBUG neutron.db.agents_db [req-aca7490c-7380-494c-a8a1-bda039f38a59 - - - - -] Agent healthcheck: found 2 active agents agent_health_check /var/lib/kolla/venv/lib/python3.6/site-packages/neutron/db/agents_db.py:318
2025-09-22 02:06:09.940 26 DEBUG neutron_lib.callbacks.manager [req-63fb7b5b-d20e-42f9-ad5d-8a9e986b67d8 - - - - -] Publish callbacks ['neutron.services.segments.db._update_segment_host_mapping_for_agent-8739303126336', 'neutron.plugins.ml2.plugin.Ml2Plugin._retry_binding_revived_agents--9223372036853440745'] for agent (61277f93-75c6-449c-8f37-d20f5a2c3305), after_update _notify_loop /var/lib/kolla/venv/lib/python3.6/site-packages/neutron_lib/callbacks/manager.py:177
2025-09-22 02:06:13.492 7 INFO oslo_service.service [-] Caught SIGTERM, stopping children
2025-09-22 02:06:13.492 7 DEBUG oslo_concurrency.lockutils [-] Acquired lock "singleton_lock" lock /var/lib/kolla/venv/lib/python3.6/site-packages/oslo_concurrency/lockutils.py:294
2025-09-22 02:06:13.492 7 DEBUG oslo_concurrency.lockutils [-] Releasing lock "singleton_lock" lock /var/lib/kolla/venv/lib/python3.6/site-packages/oslo_concurrency/lockutils.py:312
2025-09-22 02:06:13.493 7 DEBUG oslo_service.service [-] Stop services. stop /var/lib/kolla/venv/lib/python3.6/site-packages/oslo_service/service.py:695
2025-09-22 02:06:13.493 7 DEBUG neutron.service [-] calling RpcWorker stop() stop /var/lib/kolla/venv/lib/python3.6/site-packages/neutron/service.py:138
2025-09-22 02:06:13.493 7 DEBUG neutron.service [-] calling RpcWorker stop() stop /var/lib/kolla/venv/lib/python3.6/site-packages/neutron/service.py:138
2025-09-22 02:06:13.493 7 DEBUG oslo_service.service [-] Killing children. stop /var/lib/kolla/venv/lib/python3.6/site-packages/oslo_service/service.py:700
2025-09-22 02:06:13.493 7 INFO oslo_service.service [-] Waiting on 8 children to exit
2025-09-22 02:06:13.494 22 INFO neutron.wsgi [-] (22) wsgi exited, is_accepting=True
2025-09-22 02:06:13.494 23 DEBUG neutron.service [-] calling RpcWorker stop() stop /var/lib/kolla/venv/lib/python3.6/site-packages/neutron/service.py:138
2025-09-22 02:06:13.494 25 DEBUG neutron.service [-] calling RpcWorker stop() stop /var/lib/kolla/venv/lib/python3.6/site-packages/neutron/service.py:138
2025-09-22 02:06:13.494 24 DEBUG neutron.service [-] calling RpcWorker stop() stop /var/lib/kolla/venv/lib/python3.6/site-packages/neutron/service.py:138
2025-09-22 02:06:13.495 22 DEBUG oslo_concurrency.lockutils [req-a93a682c-a101-4e4b-b6c0-cfd72d775925 - - - - -] Acquired lock "singleton_lock" lock /var/lib/kolla/venv/lib/python3.6/site-packages/oslo_concurrency/lockutils.py:294
2025-09-22 02:06:13.495 22 DEBUG oslo_concurrency.lockutils [req-a93a682c-a101-4e4b-b6c0-cfd72d775925 - - - - -] Releasing lock "singleton_lock" lock /var/lib/kolla/venv/lib/python3.6/site-packages/oslo_concurrency/lockutils.py:312
2025-09-22 02:06:13.495 24 DEBUG neutron.service [-] calling stop on stop /var/lib/kolla/venv/lib/python3.6/site-packages/neutron/service.py:141
2025-09-22 02:06:13.494 23 DEBUG neutron.service [-] calling stop on stop /var/lib/kolla/venv/lib/python3.6/site-packages/neutron/service.py:141
2025-09-22 02:06:13.494 25 DEBUG neutron.service [-] calling stop on stop /var/lib/kolla/venv/lib/python3.6/site-packages/neutron/service.py:141
2025-09-22 02:06:13.498 28 DEBUG neutron.service [-] calling RpcWorker stop() stop /var/lib/kolla/venv/lib/python3.6/site-packages/neutron/service.py:138
2025-09-22 02:06:13.499 29 DEBUG neutron.service [-] calling RpcWorker stop() stop /var/lib/kolla/venv/lib/python3.6/site-packages/neutron/service.py:138
2025-09-22 02:06:13.499 29 DEBUG neutron.service [-] calling stop on stop /var/lib/kolla/venv/lib/python3.6/site-packages/neutron/service.py:141
2025-09-22 02:06:13.500 7 INFO oslo_service.service [-] Child 22 exited with status 0
2025-09-22 02:06:13.498 28 DEBUG neutron.service [-] calling stop on stop /var/lib/kolla/venv/lib/python3.6/site-packages/neutron/service.py:141
2025-09-22 02:06:13.511 26 DEBUG neutron.service [-] calling RpcWorker stop() stop /var/lib/kolla/venv/lib/python3.6/site-packages/neutron/service.py:138
2025-09-22 02:06:13.511 26 DEBUG neutron.service [-] calling stop on stop /var/lib/kolla/venv/lib/python3.6/site-packages/neutron/service.py:141
2025-09-22 02:06:13.514 27 DEBUG neutron.service [-] calling RpcWorker stop() stop /var/lib/kolla/venv/lib/python3.6/site-packages/neutron/service.py:138
2025-09-22 02:06:13.514 27 DEBUG neutron.service [-] calling stop on stop /var/lib/kolla/venv/lib/python3.6/site-packages/neutron/service.py:141
2025-09-22 02:06:14.040 26 DEBUG oslo_concurrency.lockutils [req-a93a682c-a101-4e4b-b6c0-cfd72d775925 - - - - -] Acquired lock "singleton_lock" lock /var/lib/kolla/venv/lib/python3.6/site-packages/oslo_concurrency/lockutils.py:294
2025-09-22 02:06:14.040 26 DEBUG oslo_concurrency.lockutils [req-a93a682c-a101-4e4b-b6c0-cfd72d775925 - - - - -] Releasing lock "singleton_lock" lock /var/lib/kolla/venv/lib/python3.6/site-packages/oslo_concurrency/lockutils.py:312
2025-09-22 02:06:14.040 26 DEBUG neutron.service [req-a93a682c-a101-4e4b-b6c0-cfd72d775925 - - - - -] calling RpcWorker wait() _wait /var/lib/kolla/venv/lib/python3.6/site-packages/neutron/service.py:128
2025-09-22 02:06:14.041 26 DEBUG neutron.service [req-a93a682c-a101-4e4b-b6c0-cfd72d775925 - - - - -] calling wait on _wait /var/lib/kolla/venv/lib/python3.6/site-packages/neutron/service.py:131
2025-09-22 02:06:14.050 26 WARNING amqp [req-a93a682c-a101-4e4b-b6c0-cfd72d775925 - - - - -] Received method (60, 30) during closing channel 1. This method will be ignored
2025-09-22 02:06:14.050 26 DEBUG neutron.service [req-a93a682c-a101-4e4b-b6c0-cfd72d775925 - - - - -] returning from RpcWorker wait() _wait /var/lib/kolla/venv/lib/python3.6/site-packages/neutron/service.py:135
2025-09-22 02:06:14.054 7 INFO oslo_service.service [-] Child 26 exited with status 0
2025-09-22 02:06:15.201 27 DEBUG oslo_concurrency.lockutils [req-a93a682c-a101-4e4b-b6c0-cfd72d775925 - - - - -] Acquired lock "singleton_lock" lock /var/lib/kolla/venv/lib/python3.6/site-packages/oslo_concurrency/lockutils.py:294
2025-09-22 02:06:15.202 27 DEBUG oslo_concurrency.lockutils [req-a93a682c-a101-4e4b-b6c0-cfd72d775925 - - - - -] Releasing lock "singleton_lock" lock /var/lib/kolla/venv/lib/python3.6/site-packages/oslo_concurrency/lockutils.py:312
2025-09-22 02:06:15.202 27 DEBUG neutron.service [req-a93a682c-a101-4e4b-b6c0-cfd72d775925 - - - - -] calling RpcWorker wait() _wait /var/lib/kolla/venv/lib/python3.6/site-packages/neutron/service.py:128
2025-09-22 02:06:15.202 27 DEBUG neutron.service [req-a93a682c-a101-4e4b-b6c0-cfd72d775925 - - - - -] calling wait on _wait /var/lib/kolla/venv/lib/python3.6/site-packages/neutron/service.py:131
2025-09-22 02:06:15.208 27 WARNING amqp [req-a93a682c-a101-4e4b-b6c0-cfd72d775925 - - - - -] Received method (60, 30) during closing channel 1. This method will be ignored
2025-09-22 02:06:15.208 27 DEBUG neutron.service [req-a93a682c-a101-4e4b-b6c0-cfd72d775925 - - - - -] returning from RpcWorker wait() _wait /var/lib/kolla/venv/lib/python3.6/site-packages/neutron/service.py:135
2025-09-22 02:06:15.212 7 INFO oslo_service.service [-] Child 27 exited with status 0
2025-09-22 02:06:21.993 28 DEBUG oslo_concurrency.lockutils [req-a93a682c-a101-4e4b-b6c0-cfd72d775925 - - - - -] Acquired lock "singleton_lock" lock /var/lib/kolla/venv/lib/python3.6/site-packages/oslo_concurrency/lockutils.py:294
2025-09-22 02:06:21.993 28 DEBUG oslo_concurrency.lockutils [req-a93a682c-a101-4e4b-b6c0-cfd72d775925 - - - - -] Releasing lock "singleton_lock" lock /var/lib/kolla/venv/lib/python3.6/site-packages/oslo_concurrency/lockutils.py:312
2025-09-22 02:06:21.993 28 DEBUG neutron.service [req-a93a682c-a101-4e4b-b6c0-cfd72d775925 - - - - -] calling RpcWorker wait() _wait /var/lib/kolla/venv/lib/python3.6/site-packages/neutron/service.py:128
2025-09-22 02:06:21.994 28 DEBUG neutron.service [req-a93a682c-a101-4e4b-b6c0-cfd72d775925 - - - - -] calling wait on _wait /var/lib/kolla/venv/lib/python3.6/site-packages/neutron/service.py:131
2025-09-22 02:06:22.001 28 DEBUG neutron_lib.callbacks.manager [req-b860bf92-7090-4493-9552-337b3325a5f2 - - - - -] Publish callbacks ['neutron.services.segments.db._update_segment_host_mapping_for_agent-8739303126336', 'neutron.plugins.ml2.plugin.Ml2Plugin._retry_binding_revived_agents--9223372036853440745'] for agent (2599ebad-8eed-4b79-86f9-6bc4355ad8f9), after_update _notify_loop /var/lib/kolla/venv/lib/python3.6/site-packages/neutron_lib/callbacks/manager.py:177
2025-09-22 02:06:22.009 28 WARNING amqp [req-a93a682c-a101-4e4b-b6c0-cfd72d775925 - - - - -] Received method (60, 30) during closing channel 1. This method will be ignored
2025-09-22 02:06:22.010 28 DEBUG neutron.service [req-a93a682c-a101-4e4b-b6c0-cfd72d775925 - - - - -] returning from RpcWorker wait() _wait /var/lib/kolla/venv/lib/python3.6/site-packages/neutron/service.py:135
2025-09-22 02:06:22.014 7 INFO oslo_service.service [-] Child 28 exited with status 0
2025-09-22 02:06:25.979 7 INFO neutron.common.config [-] Logging enabled!
2025-09-22 02:06:25.979 7 INFO neutron.common.config [-] /var/lib/kolla/venv/bin/neutron-server version 20.5.1.dev23
2025-09-22 02:06:25.979 7 DEBUG neutron.common.config [-] command line: /var/lib/kolla/venv/bin/neutron-server --config-file /etc/neutron/neutron.conf --config-file /etc/neutron/ContrailPlugin.ini --config-file /etc/neutron/api-paste.ini setup_logging /var/lib/kolla/venv/lib/python3.6/site-packages/neutron/common/config.py:115
2025-09-22 02:06:25.982 7 INFO neutron.common.config [-] Logging enabled!
2025-09-22 02:06:25.983 7 INFO neutron.common.config [-] /var/lib/kolla/venv/bin/neutron-server version 20.5.1.dev23
2025-09-22 02:06:25.983 7 DEBUG neutron.common.config [-] command line: /var/lib/kolla/venv/bin/neutron-server --config-file /etc/neutron/neutron.conf --config-file /etc/neutron/ContrailPlugin.ini --config-file /etc/neutron/api-paste.ini setup_logging /var/lib/kolla/venv/lib/python3.6/site-packages/neutron/common/config.py:115
2025-09-22 02:06:25.983 7 DEBUG neutron.common.config [-] ******************************************************************************** log_opt_values /var/lib/kolla/venv/lib/python3.6/site-packages/oslo_config/cfg.py:2589
2025-09-22 02:06:25.983 7 DEBUG neutron.common.config [-] Configuration options gathered from: log_opt_values /var/lib/kolla/venv/lib/python3.6/site-packages/oslo_config/cfg.py:2590
2025-09-22 02:06:25.983 7 DEBUG neutron.common.config [-] command line args: ['--config-file', '/etc/neutron/neutron.conf', '--config-file', '/etc/neutron/ContrailPlugin.ini', '--config-file', '/etc/neutron/api-paste.ini'] log_opt_values /var/lib/kolla/venv/lib/python3.6/site-packages/oslo_config/cfg.py:2591
2025-09-22 02:06:25.985 7 DEBUG neutron.common.config [-] config files: ['/etc/neutron/neutron.conf', '/etc/neutron/ContrailPlugin.ini', '/etc/neutron/api-paste.ini'] log_opt_values /var/lib/kolla/venv/lib/python3.6/site-packages/oslo_config/cfg.py:2593
2025-09-22 02:06:25.985 7 DEBUG neutron.common.config [-] ================================================================================ log_opt_values /var/lib/kolla/venv/lib/python3.6/site-packages/oslo_config/cfg.py:2594
2025-09-22 02:06:25.985 7 DEBUG neutron.common.config [-] allow_bulk = True log_opt_values /var/lib/kolla/venv/lib/python3.6/site-packages/oslo_config/cfg.py:2603
2025-09-22 02:06:25.985 7 WARNING oslo_config.cfg [-] Deprecated: Option "allow_overlapping_ips" from group "DEFAULT" is deprecated for removal. Its value may be silently ignored in the future.
2025-09-22 02:06:25.985 7 DEBUG neutron.common.config [-] allow_overlapping_ips = True log_opt_values /var/lib/kolla/venv/lib/python3.6/site-packages/oslo_config/cfg.py:2603
2025-09-22 02:06:25.985 7 DEBUG neutron.common.config [-] api_extensions_path = /opt/plugin/site-packages/neutron_plugin_contrail/extensions:/opt/plugin/site-packages/neutron_lbaas/extensions log_opt_values /var/lib/kolla/venv/lib/python3.6/site-packages/oslo_config/cfg.py:2603
2025-09-22 02:06:25.985 7 DEBUG neutron.common.config [-] api_paste_config = /etc/neutron/api-paste.ini log_opt_values /var/lib/kolla/venv/lib/python3.6/site-packages/oslo_config/cfg.py:2603
2025-09-22 02:06:25.986 7 DEBUG neutron.common.config [-] api_workers = 1 log_opt_values /var/lib/kolla/venv/lib/python3.6/site-packages/oslo_config/cfg.py:2603
2025-09-22 02:06:25.986 7 DEBUG neutron.common.config [-] auth_strategy = keystone log_opt_values /var/lib/kolla/venv/lib/python3.6/site-packages/oslo_config/cfg.py:2603
2025-09-22 02:06:25.986 7 DEBUG neutron.common.config [-] backlog = 4096 log_opt_values /var/lib/kolla/venv/lib/python3.6/site-packages/oslo_config/cfg.py:2603
2025-09-22 02:06:25.986 7 DEBUG neutron.common.config [-] base_mac = fa:16:3e:00:00:00 log_opt_values /var/lib/kolla/venv/lib/python3.6/site-packages/oslo_config/cfg.py:2603
2025-09-22 02:06:25.986 7 DEBUG neutron.common.config [-] bind_host = 10.0.0.50 log_opt_values /var/lib/kolla/venv/lib/python3.6/site-packages/oslo_config/cfg.py:2603
2025-09-22 02:06:25.986 7 DEBUG neutron.common.config [-] bind_port = 9696 log_opt_values /var/lib/kolla/venv/lib/python3.6/site-packages/oslo_config/cfg.py:2603
2025-09-22 02:06:25.986 7 DEBUG neutron.common.config [-] client_socket_timeout = 900 log_opt_values /var/lib/kolla/venv/lib/python3.6/site-packages/oslo_config/cfg.py:2603
2025-09-22 02:06:25.987 7 DEBUG neutron.common.config [-] config_dir = [] log_opt_values /var/lib/kolla/venv/lib/python3.6/site-packages/oslo_config/cfg.py:2603
2025-09-22 02:06:25.987 7 DEBUG neutron.common.config [-] config_file = ['/etc/neutron/neutron.conf', '/etc/neutron/ContrailPlugin.ini', '/etc/neutron/api-paste.ini'] log_opt_values /var/lib/kolla/venv/lib/python3.6/site-packages/oslo_config/cfg.py:2603
2025-09-22 02:06:25.987 7 DEBUG neutron.common.config [-] config_source = [] log_opt_values /var/lib/kolla/venv/lib/python3.6/site-packages/oslo_config/cfg.py:2603
2025-09-22 02:06:25.988 7 DEBUG neutron.common.config [-] control_exchange = neutron log_opt_values /var/lib/kolla/venv/lib/python3.6/site-packages/oslo_config/cfg.py:2603
2025-09-22 02:06:25.988 7 DEBUG neutron.common.config [-] core_plugin = neutron_plugin_contrail.plugins.opencontrail.contrail_plugin.NeutronPluginContrailCoreV2 log_opt_values /var/lib/kolla/venv/lib/python3.6/site-packages/oslo_config/cfg.py:2603
2025-09-22 02:06:25.988 7 DEBUG neutron.common.config [-] debug = True log_opt_values /var/lib/kolla/venv/lib/python3.6/site-packages/oslo_config/cfg.py:2603
2025-09-22 02:06:25.988 7 DEBUG neutron.common.config [-] default_availability_zones = [] log_opt_values /var/lib/kolla/venv/lib/python3.6/site-packages/oslo_config/cfg.py:2603
2025-09-22 02:06:25.988 7 DEBUG neutron.common.config [-] default_log_levels = ['amqp=WARN', 'amqplib=WARN', 'boto=WARN', 'qpid=WARN', 'sqlalchemy=WARN', 'suds=INFO', 'oslo.messaging=INFO', 'oslo_messaging=INFO', 'iso8601=WARN', 'requests.packages.urllib3.connectionpool=WARN', 'urllib3.connectionpool=WARN', 'websocket=WARN', 'requests.packages.urllib3.util.retry=WARN', 'urllib3.util.retry=WARN', 'keystonemiddleware=WARN', 'routes.middleware=WARN', 'stevedore=WARN', 'taskflow=WARN', 'keystoneauth=WARN', 'oslo.cache=INFO', 'oslo_policy=INFO', 'dogpile.core.dogpile=INFO', 'OFPHandler=INFO', 'OfctlService=INFO', 'os_ken.base.app_manager=INFO', 'os_ken.controller.controller=INFO'] log_opt_values /var/lib/kolla/venv/lib/python3.6/site-packages/oslo_config/cfg.py:2603
2025-09-22 02:06:25.988 7 DEBUG neutron.common.config [-] dhcp_agent_notification = True log_opt_values /var/lib/kolla/venv/lib/python3.6/site-packages/oslo_config/cfg.py:2603
2025-09-22 02:06:25.988 7 DEBUG neutron.common.config [-] dhcp_lease_duration = 86400 log_opt_values /var/lib/kolla/venv/lib/python3.6/site-packages/oslo_config/cfg.py:2603
2025-09-22 02:06:25.988 7 DEBUG neutron.common.config [-] dns_domain = openstacklocal log_opt_values /var/lib/kolla/venv/lib/python3.6/site-packages/oslo_config/cfg.py:2603
2025-09-22 02:06:25.988 7 DEBUG neutron.common.config [-] enable_traditional_dhcp = True log_opt_values /var/lib/kolla/venv/lib/python3.6/site-packages/oslo_config/cfg.py:2603
2025-09-22 02:06:25.989 7 DEBUG neutron.common.config [-] external_dns_driver = None log_opt_values /var/lib/kolla/venv/lib/python3.6/site-packages/oslo_config/cfg.py:2603
2025-09-22 02:06:25.989 7 DEBUG neutron.common.config [-] filter_validation = True log_opt_values /var/lib/kolla/venv/lib/python3.6/site-packages/oslo_config/cfg.py:2603
2025-09-22 02:06:25.989 7 DEBUG neutron.common.config [-] global_physnet_mtu = 1500 log_opt_values /var/lib/kolla/venv/lib/python3.6/site-packages/oslo_config/cfg.py:2603
2025-09-22 02:06:25.989 7 DEBUG neutron.common.config [-] host = cn-jenkins-deploy-platform-ansible-os-4162-1 log_opt_values /var/lib/kolla/venv/lib/python3.6/site-packages/oslo_config/cfg.py:2603
2025-09-22 02:06:25.989 7 DEBUG neutron.common.config [-] http_retries = 3 log_opt_values /var/lib/kolla/venv/lib/python3.6/site-packages/oslo_config/cfg.py:2603
2025-09-22 02:06:25.989 7 DEBUG neutron.common.config [-] instance_format = [instance: %(uuid)s] log_opt_values /var/lib/kolla/venv/lib/python3.6/site-packages/oslo_config/cfg.py:2603
2025-09-22 02:06:25.989 7 DEBUG neutron.common.config [-] instance_uuid_format = [instance: %(uuid)s] log_opt_values /var/lib/kolla/venv/lib/python3.6/site-packages/oslo_config/cfg.py:2603
2025-09-22 02:06:25.989 7 DEBUG neutron.common.config [-] ipam_driver = internal log_opt_values /var/lib/kolla/venv/lib/python3.6/site-packages/oslo_config/cfg.py:2603
2025-09-22 02:06:25.990 7 DEBUG neutron.common.config [-] ipv6_pd_enabled = False log_opt_values /var/lib/kolla/venv/lib/python3.6/site-packages/oslo_config/cfg.py:2603
2025-09-22 02:06:25.990 7 DEBUG neutron.common.config [-] log_config_append = None log_opt_values /var/lib/kolla/venv/lib/python3.6/site-packages/oslo_config/cfg.py:2603
2025-09-22 02:06:25.990 7 DEBUG neutron.common.config [-] log_date_format = %Y-%m-%d %H:%M:%S log_opt_values /var/lib/kolla/venv/lib/python3.6/site-packages/oslo_config/cfg.py:2603
2025-09-22 02:06:25.990 7 DEBUG neutron.common.config [-] log_dir = /var/log/kolla/neutron log_opt_values /var/lib/kolla/venv/lib/python3.6/site-packages/oslo_config/cfg.py:2603
2025-09-22 02:06:25.990 7 DEBUG neutron.common.config [-] log_file = None log_opt_values /var/lib/kolla/venv/lib/python3.6/site-packages/oslo_config/cfg.py:2603
2025-09-22 02:06:25.990 7 DEBUG neutron.common.config [-] log_rotate_interval = 1 log_opt_values /var/lib/kolla/venv/lib/python3.6/site-packages/oslo_config/cfg.py:2603
2025-09-22 02:06:25.990 7 DEBUG neutron.common.config [-] log_rotate_interval_type = days log_opt_values /var/lib/kolla/venv/lib/python3.6/site-packages/oslo_config/cfg.py:2603
2025-09-22 02:06:25.990 7 DEBUG neutron.common.config [-] log_rotation_type = none log_opt_values /var/lib/kolla/venv/lib/python3.6/site-packages/oslo_config/cfg.py:2603
2025-09-22 02:06:25.990 7 DEBUG neutron.common.config [-] logging_context_format_string = %(asctime)s.%(msecs)03d %(process)d %(levelname)s %(name)s [%(request_id)s %(user_identity)s] %(instance)s%(message)s log_opt_values /var/lib/kolla/venv/lib/python3.6/site-packages/oslo_config/cfg.py:2603
2025-09-22 02:06:25.991 7 DEBUG neutron.common.config [-] logging_debug_format_suffix = %(funcName)s %(pathname)s:%(lineno)d log_opt_values /var/lib/kolla/venv/lib/python3.6/site-packages/oslo_config/cfg.py:2603
2025-09-22 02:06:25.991 7 DEBUG neutron.common.config [-] logging_default_format_string = %(asctime)s.%(msecs)03d %(process)d %(levelname)s %(name)s [-] %(instance)s%(message)s log_opt_values /var/lib/kolla/venv/lib/python3.6/site-packages/oslo_config/cfg.py:2603
2025-09-22 02:06:25.991 7 DEBUG neutron.common.config [-] logging_exception_prefix = %(asctime)s.%(msecs)03d %(process)d ERROR %(name)s %(instance)s log_opt_values /var/lib/kolla/venv/lib/python3.6/site-packages/oslo_config/cfg.py:2603
2025-09-22 02:06:25.991 7 DEBUG neutron.common.config [-] logging_user_identity_format = %(user)s %(project)s %(domain)s %(user_domain)s %(project_domain)s log_opt_values /var/lib/kolla/venv/lib/python3.6/site-packages/oslo_config/cfg.py:2603
2025-09-22 02:06:25.991 7 DEBUG neutron.common.config [-] max_dns_nameservers = 5 log_opt_values /var/lib/kolla/venv/lib/python3.6/site-packages/oslo_config/cfg.py:2603
2025-09-22 02:06:25.991 7 DEBUG neutron.common.config [-] max_header_line = 16384 log_opt_values /var/lib/kolla/venv/lib/python3.6/site-packages/oslo_config/cfg.py:2603
2025-09-22 02:06:25.991 7 DEBUG neutron.common.config [-] max_logfile_count = 30 log_opt_values /var/lib/kolla/venv/lib/python3.6/site-packages/oslo_config/cfg.py:2603
2025-09-22 02:06:25.991 7 DEBUG neutron.common.config [-] max_logfile_size_mb = 200 log_opt_values /var/lib/kolla/venv/lib/python3.6/site-packages/oslo_config/cfg.py:2603
2025-09-22 02:06:25.991 7 DEBUG neutron.common.config [-] max_subnet_host_routes = 20 log_opt_values /var/lib/kolla/venv/lib/python3.6/site-packages/oslo_config/cfg.py:2603
2025-09-22 02:06:25.992 7 DEBUG neutron.common.config [-] network_link_prefix = None log_opt_values /var/lib/kolla/venv/lib/python3.6/site-packages/oslo_config/cfg.py:2603
2025-09-22 02:06:25.992 7 DEBUG neutron.common.config [-] notify_nova_on_port_data_changes = True log_opt_values /var/lib/kolla/venv/lib/python3.6/site-packages/oslo_config/cfg.py:2603
2025-09-22 02:06:25.992 7 DEBUG neutron.common.config [-] notify_nova_on_port_status_changes = True log_opt_values /var/lib/kolla/venv/lib/python3.6/site-packages/oslo_config/cfg.py:2603
2025-09-22 02:06:25.992 7 DEBUG neutron.common.config [-] pagination_max_limit = -1 log_opt_values /var/lib/kolla/venv/lib/python3.6/site-packages/oslo_config/cfg.py:2603
2025-09-22 02:06:25.992 7 DEBUG neutron.common.config [-] periodic_fuzzy_delay = 5 log_opt_values /var/lib/kolla/venv/lib/python3.6/site-packages/oslo_config/cfg.py:2603
2025-09-22 02:06:25.992 7 DEBUG neutron.common.config [-] periodic_interval = 40 log_opt_values /var/lib/kolla/venv/lib/python3.6/site-packages/oslo_config/cfg.py:2603
2025-09-22 02:06:25.992 7 DEBUG neutron.common.config [-] publish_errors = False log_opt_values /var/lib/kolla/venv/lib/python3.6/site-packages/oslo_config/cfg.py:2603
2025-09-22 02:06:25.992 7 DEBUG neutron.common.config [-] rate_limit_burst = 0 log_opt_values /var/lib/kolla/venv/lib/python3.6/site-packages/oslo_config/cfg.py:2603
2025-09-22 02:06:25.992 7 DEBUG neutron.common.config [-] rate_limit_except_level = CRITICAL log_opt_values /var/lib/kolla/venv/lib/python3.6/site-packages/oslo_config/cfg.py:2603
2025-09-22 02:06:25.992 7 DEBUG neutron.common.config [-] rate_limit_interval = 0 log_opt_values /var/lib/kolla/venv/lib/python3.6/site-packages/oslo_config/cfg.py:2603
2025-09-22 02:06:25.993 7 DEBUG neutron.common.config [-] retry_until_window = 30 log_opt_values /var/lib/kolla/venv/lib/python3.6/site-packages/oslo_config/cfg.py:2603
