2025-09-18 00:36:57.289 38520 DEBUG oslo_service.service [-] clients_cinder.key_file = None log_opt_values /usr/lib/python3/dist-packages/oslo_config/cfg.py:2609
2025-09-18 00:36:57.289 38520 DEBUG oslo_service.service [-] clients_designate.ca_file = None log_opt_values /usr/lib/python3/dist-packages/oslo_config/cfg.py:2609
2025-09-18 00:36:57.289 38520 DEBUG oslo_service.service [-] clients_designate.cert_file = None log_opt_values /usr/lib/python3/dist-packages/oslo_config/cfg.py:2609
2025-09-18 00:36:57.289 38520 DEBUG oslo_service.service [-] clients_designate.endpoint_type = None log_opt_values /usr/lib/python3/dist-packages/oslo_config/cfg.py:2609
2025-09-18 00:36:57.289 38520 DEBUG oslo_service.service [-] clients_designate.insecure = None log_opt_values /usr/lib/python3/dist-packages/oslo_config/cfg.py:2609
2025-09-18 00:36:57.290 38520 DEBUG oslo_service.service [-] clients_designate.key_file = None log_opt_values /usr/lib/python3/dist-packages/oslo_config/cfg.py:2609
2025-09-18 00:36:57.290 38520 DEBUG oslo_service.service [-] clients_glance.ca_file = None log_opt_values /usr/lib/python3/dist-packages/oslo_config/cfg.py:2609
2025-09-18 00:36:57.290 38520 DEBUG oslo_service.service [-] clients_glance.cert_file = None log_opt_values /usr/lib/python3/dist-packages/oslo_config/cfg.py:2609
2025-09-18 00:36:57.290 38520 DEBUG oslo_service.service [-] clients_glance.endpoint_type = None log_opt_values /usr/lib/python3/dist-packages/oslo_config/cfg.py:2609
2025-09-18 00:36:57.290 38520 DEBUG oslo_service.service [-] clients_glance.insecure = None log_opt_values /usr/lib/python3/dist-packages/oslo_config/cfg.py:2609
2025-09-18 00:36:57.290 38520 DEBUG oslo_service.service [-] clients_glance.key_file = None log_opt_values /usr/lib/python3/dist-packages/oslo_config/cfg.py:2609
2025-09-18 00:36:57.291 38520 DEBUG oslo_service.service [-] clients_heat.ca_file = None log_opt_values /usr/lib/python3/dist-packages/oslo_config/cfg.py:2609
2025-09-18 00:36:57.291 38520 DEBUG oslo_service.service [-] clients_heat.cert_file = None log_opt_values /usr/lib/python3/dist-packages/oslo_config/cfg.py:2609
2025-09-18 00:36:57.292 38520 DEBUG oslo_service.service [-] clients_heat.endpoint_type = None log_opt_values /usr/lib/python3/dist-packages/oslo_config/cfg.py:2609
2025-09-18 00:36:57.292 38520 DEBUG oslo_service.service [-] clients_heat.insecure = None log_opt_values /usr/lib/python3/dist-packages/oslo_config/cfg.py:2609
2025-09-18 00:36:57.292 38520 DEBUG oslo_service.service [-] clients_heat.key_file = None log_opt_values /usr/lib/python3/dist-packages/oslo_config/cfg.py:2609
2025-09-18 00:36:57.293 38520 DEBUG oslo_service.service [-] clients_heat.url = log_opt_values /usr/lib/python3/dist-packages/oslo_config/cfg.py:2609
2025-09-18 00:36:57.293 38520 DEBUG oslo_service.service [-] clients_keystone.auth_uri = http://252.57.136.69:5050 log_opt_values /usr/lib/python3/dist-packages/oslo_config/cfg.py:2609
2025-09-18 00:36:57.293 38520 DEBUG oslo_service.service [-] clients_keystone.ca_file = None log_opt_values /usr/lib/python3/dist-packages/oslo_config/cfg.py:2609
2025-09-18 00:36:57.294 38520 DEBUG oslo_service.service [-] clients_keystone.cert_file = None log_opt_values /usr/lib/python3/dist-packages/oslo_config/cfg.py:2609
2025-09-18 00:36:57.294 38520 DEBUG oslo_service.service [-] clients_keystone.endpoint_type = None log_opt_values /usr/lib/python3/dist-packages/oslo_config/cfg.py:2609
2025-09-18 00:36:57.294 38520 DEBUG oslo_service.service [-] clients_keystone.insecure = None log_opt_values /usr/lib/python3/dist-packages/oslo_config/cfg.py:2609
2025-09-18 00:36:57.295 38520 DEBUG oslo_service.service [-] clients_keystone.key_file = None log_opt_values /usr/lib/python3/dist-packages/oslo_config/cfg.py:2609
2025-09-18 00:36:57.295 38520 DEBUG oslo_service.service [-] clients_magnum.ca_file = None log_opt_values /usr/lib/python3/dist-packages/oslo_config/cfg.py:2609
2025-09-18 00:36:57.295 38520 DEBUG oslo_service.service [-] clients_magnum.cert_file = None log_opt_values /usr/lib/python3/dist-packages/oslo_config/cfg.py:2609
2025-09-18 00:36:57.296 38520 DEBUG oslo_service.service [-] clients_magnum.endpoint_type = None log_opt_values /usr/lib/python3/dist-packages/oslo_config/cfg.py:2609
2025-09-18 00:36:57.296 38520 DEBUG oslo_service.service [-] clients_magnum.insecure = None log_opt_values /usr/lib/python3/dist-packages/oslo_config/cfg.py:2609
2025-09-18 00:36:57.297 38520 DEBUG oslo_service.service [-] clients_magnum.key_file = None log_opt_values /usr/lib/python3/dist-packages/oslo_config/cfg.py:2609
2025-09-18 00:36:57.297 38520 DEBUG oslo_service.service [-] clients_manila.ca_file = None log_opt_values /usr/lib/python3/dist-packages/oslo_config/cfg.py:2609
2025-09-18 00:36:57.297 38520 DEBUG oslo_service.service [-] clients_manila.cert_file = None log_opt_values /usr/lib/python3/dist-packages/oslo_config/cfg.py:2609
2025-09-18 00:36:57.297 38732 INFO heat.engine.worker [-] Starting engine_worker (1.4) in engine 1d4c14b8-2e70-475f-b103-946ca9112da1.
2025-09-18 00:36:57.297 38520 DEBUG oslo_service.service [-] clients_manila.endpoint_type = None log_opt_values /usr/lib/python3/dist-packages/oslo_config/cfg.py:2609
2025-09-18 00:36:57.298 38520 DEBUG oslo_service.service [-] clients_manila.insecure = None log_opt_values /usr/lib/python3/dist-packages/oslo_config/cfg.py:2609
2025-09-18 00:36:57.298 38520 DEBUG oslo_service.service [-] clients_manila.key_file = None log_opt_values /usr/lib/python3/dist-packages/oslo_config/cfg.py:2609
2025-09-18 00:36:57.298 38520 DEBUG oslo_service.service [-] clients_mistral.ca_file = None log_opt_values /usr/lib/python3/dist-packages/oslo_config/cfg.py:2609
2025-09-18 00:36:57.298 38520 DEBUG oslo_service.service [-] clients_mistral.cert_file = None log_opt_values /usr/lib/python3/dist-packages/oslo_config/cfg.py:2609
2025-09-18 00:36:57.298 38520 DEBUG oslo_service.service [-] clients_mistral.endpoint_type = None log_opt_values /usr/lib/python3/dist-packages/oslo_config/cfg.py:2609
2025-09-18 00:36:57.298 38520 DEBUG oslo_service.service [-] clients_mistral.insecure = None log_opt_values /usr/lib/python3/dist-packages/oslo_config/cfg.py:2609
2025-09-18 00:36:57.299 38520 DEBUG oslo_service.service [-] clients_mistral.key_file = None log_opt_values /usr/lib/python3/dist-packages/oslo_config/cfg.py:2609
2025-09-18 00:36:57.299 38520 DEBUG oslo_service.service [-] clients_monasca.ca_file = None log_opt_values /usr/lib/python3/dist-packages/oslo_config/cfg.py:2609
2025-09-18 00:36:57.299 38520 DEBUG oslo_service.service [-] clients_monasca.cert_file = None log_opt_values /usr/lib/python3/dist-packages/oslo_config/cfg.py:2609
2025-09-18 00:36:57.299 38520 DEBUG oslo_service.service [-] clients_monasca.endpoint_type = None log_opt_values /usr/lib/python3/dist-packages/oslo_config/cfg.py:2609
2025-09-18 00:36:57.299 38520 DEBUG oslo_service.service [-] clients_monasca.insecure = None log_opt_values /usr/lib/python3/dist-packages/oslo_config/cfg.py:2609
2025-09-18 00:36:57.300 38520 DEBUG oslo_service.service [-] clients_monasca.key_file = None log_opt_values /usr/lib/python3/dist-packages/oslo_config/cfg.py:2609
2025-09-18 00:36:57.300 38520 DEBUG oslo_service.service [-] clients_neutron.ca_file = None log_opt_values /usr/lib/python3/dist-packages/oslo_config/cfg.py:2609
2025-09-18 00:36:57.300 38520 DEBUG oslo_service.service [-] clients_neutron.cert_file = None log_opt_values /usr/lib/python3/dist-packages/oslo_config/cfg.py:2609
2025-09-18 00:36:57.300 38520 DEBUG oslo_service.service [-] clients_neutron.endpoint_type = None log_opt_values /usr/lib/python3/dist-packages/oslo_config/cfg.py:2609
2025-09-18 00:36:57.300 38520 DEBUG oslo_service.service [-] clients_neutron.insecure = None log_opt_values /usr/lib/python3/dist-packages/oslo_config/cfg.py:2609
2025-09-18 00:36:57.300 38520 DEBUG oslo_service.service [-] clients_neutron.key_file = None log_opt_values /usr/lib/python3/dist-packages/oslo_config/cfg.py:2609
2025-09-18 00:36:57.301 38520 DEBUG oslo_service.service [-] clients_nova.ca_file = None log_opt_values /usr/lib/python3/dist-packages/oslo_config/cfg.py:2609
2025-09-18 00:36:57.301 38520 DEBUG oslo_service.service [-] clients_nova.cert_file = None log_opt_values /usr/lib/python3/dist-packages/oslo_config/cfg.py:2609
2025-09-18 00:36:57.301 38520 DEBUG oslo_service.service [-] clients_nova.endpoint_type = None log_opt_values /usr/lib/python3/dist-packages/oslo_config/cfg.py:2609
2025-09-18 00:36:57.302 38520 DEBUG oslo_service.service [-] clients_nova.http_log_debug = False log_opt_values /usr/lib/python3/dist-packages/oslo_config/cfg.py:2609
2025-09-18 00:36:57.302 38520 DEBUG oslo_service.service [-] clients_nova.insecure = None log_opt_values /usr/lib/python3/dist-packages/oslo_config/cfg.py:2609
2025-09-18 00:36:57.302 38520 DEBUG oslo_service.service [-] clients_nova.key_file = None log_opt_values /usr/lib/python3/dist-packages/oslo_config/cfg.py:2609
2025-09-18 00:36:57.303 38520 DEBUG oslo_service.service [-] clients_octavia.ca_file = None log_opt_values /usr/lib/python3/dist-packages/oslo_config/cfg.py:2609
2025-09-18 00:36:57.303 38520 DEBUG oslo_service.service [-] clients_octavia.cert_file = None log_opt_values /usr/lib/python3/dist-packages/oslo_config/cfg.py:2609
2025-09-18 00:36:57.304 38520 DEBUG oslo_service.service [-] clients_octavia.endpoint_type = None log_opt_values /usr/lib/python3/dist-packages/oslo_config/cfg.py:2609
2025-09-18 00:36:57.304 38520 DEBUG oslo_service.service [-] clients_octavia.insecure = None log_opt_values /usr/lib/python3/dist-packages/oslo_config/cfg.py:2609
2025-09-18 00:36:57.309 38520 DEBUG oslo_service.service [-] clients_octavia.key_file = None log_opt_values /usr/lib/python3/dist-packages/oslo_config/cfg.py:2609
2025-09-18 00:36:57.309 38520 DEBUG oslo_service.service [-] clients_sahara.ca_file = None log_opt_values /usr/lib/python3/dist-packages/oslo_config/cfg.py:2609
2025-09-18 00:36:57.309 38520 DEBUG oslo_service.service [-] clients_sahara.cert_file = None log_opt_values /usr/lib/python3/dist-packages/oslo_config/cfg.py:2609
2025-09-18 00:36:57.309 38520 DEBUG oslo_service.service [-] clients_sahara.endpoint_type = None log_opt_values /usr/lib/python3/dist-packages/oslo_config/cfg.py:2609
2025-09-18 00:36:57.310 38520 DEBUG oslo_service.service [-] clients_sahara.insecure = None log_opt_values /usr/lib/python3/dist-packages/oslo_config/cfg.py:2609
2025-09-18 00:36:57.310 38520 DEBUG oslo_service.service [-] clients_sahara.key_file = None log_opt_values /usr/lib/python3/dist-packages/oslo_config/cfg.py:2609
2025-09-18 00:36:57.310 38520 DEBUG oslo_service.service [-] clients_senlin.ca_file = None log_opt_values /usr/lib/python3/dist-packages/oslo_config/cfg.py:2609
2025-09-18 00:36:57.310 38520 DEBUG oslo_service.service [-] clients_senlin.cert_file = None log_opt_values /usr/lib/python3/dist-packages/oslo_config/cfg.py:2609
2025-09-18 00:36:57.311 38520 DEBUG oslo_service.service [-] clients_senlin.endpoint_type = None log_opt_values /usr/lib/python3/dist-packages/oslo_config/cfg.py:2609
2025-09-18 00:36:57.311 38520 DEBUG oslo_service.service [-] clients_senlin.insecure = None log_opt_values /usr/lib/python3/dist-packages/oslo_config/cfg.py:2609
2025-09-18 00:36:57.312 38520 DEBUG oslo_service.service [-] clients_senlin.key_file = None log_opt_values /usr/lib/python3/dist-packages/oslo_config/cfg.py:2609
2025-09-18 00:36:57.312 38520 DEBUG oslo_service.service [-] clients_swift.ca_file = None log_opt_values /usr/lib/python3/dist-packages/oslo_config/cfg.py:2609
2025-09-18 00:36:57.312 38520 DEBUG oslo_service.service [-] clients_swift.cert_file = None log_opt_values /usr/lib/python3/dist-packages/oslo_config/cfg.py:2609
2025-09-18 00:36:57.312 38520 DEBUG oslo_service.service [-] clients_swift.endpoint_type = None log_opt_values /usr/lib/python3/dist-packages/oslo_config/cfg.py:2609
2025-09-18 00:36:57.312 38520 DEBUG oslo_service.service [-] clients_swift.insecure = None log_opt_values /usr/lib/python3/dist-packages/oslo_config/cfg.py:2609
2025-09-18 00:36:57.313 38520 DEBUG oslo_service.service [-] clients_swift.key_file = None log_opt_values /usr/lib/python3/dist-packages/oslo_config/cfg.py:2609
2025-09-18 00:36:57.313 38520 DEBUG oslo_service.service [-] clients_trove.ca_file = None log_opt_values /usr/lib/python3/dist-packages/oslo_config/cfg.py:2609
2025-09-18 00:36:57.314 38520 DEBUG oslo_service.service [-] clients_trove.cert_file = None log_opt_values /usr/lib/python3/dist-packages/oslo_config/cfg.py:2609
2025-09-18 00:36:57.315 38520 DEBUG oslo_service.service [-] clients_trove.endpoint_type = None log_opt_values /usr/lib/python3/dist-packages/oslo_config/cfg.py:2609
2025-09-18 00:36:57.316 38520 DEBUG oslo_service.service [-] clients_trove.insecure = None log_opt_values /usr/lib/python3/dist-packages/oslo_config/cfg.py:2609
2025-09-18 00:36:57.322 38520 DEBUG oslo_service.service [-] clients_trove.key_file = None log_opt_values /usr/lib/python3/dist-packages/oslo_config/cfg.py:2609
2025-09-18 00:36:57.324 38520 DEBUG oslo_service.service [-] clients_vitrage.ca_file = None log_opt_values /usr/lib/python3/dist-packages/oslo_config/cfg.py:2609
2025-09-18 00:36:57.325 38520 DEBUG oslo_service.service [-] clients_vitrage.cert_file = None log_opt_values /usr/lib/python3/dist-packages/oslo_config/cfg.py:2609
2025-09-18 00:36:57.325 38520 DEBUG oslo_service.service [-] clients_vitrage.endpoint_type = None log_opt_values /usr/lib/python3/dist-packages/oslo_config/cfg.py:2609
2025-09-18 00:36:57.325 38520 DEBUG oslo_service.service [-] clients_vitrage.insecure = None log_opt_values /usr/lib/python3/dist-packages/oslo_config/cfg.py:2609
2025-09-18 00:36:57.325 38520 DEBUG oslo_service.service [-] clients_vitrage.key_file = None log_opt_values /usr/lib/python3/dist-packages/oslo_config/cfg.py:2609
2025-09-18 00:36:57.325 38520 DEBUG oslo_service.service [-] clients_zaqar.ca_file = None log_opt_values /usr/lib/python3/dist-packages/oslo_config/cfg.py:2609
2025-09-18 00:36:57.325 38520 DEBUG oslo_service.service [-] clients_zaqar.cert_file = None log_opt_values /usr/lib/python3/dist-packages/oslo_config/cfg.py:2609
2025-09-18 00:36:57.325 38520 DEBUG oslo_service.service [-] clients_zaqar.endpoint_type = None log_opt_values /usr/lib/python3/dist-packages/oslo_config/cfg.py:2609
2025-09-18 00:36:57.326 38520 DEBUG oslo_service.service [-] clients_zaqar.insecure = None log_opt_values /usr/lib/python3/dist-packages/oslo_config/cfg.py:2609
2025-09-18 00:36:57.326 38520 DEBUG oslo_service.service [-] clients_zaqar.key_file = None log_opt_values /usr/lib/python3/dist-packages/oslo_config/cfg.py:2609
2025-09-18 00:36:57.326 38520 DEBUG oslo_service.service [-] database.backend = sqlalchemy log_opt_values /usr/lib/python3/dist-packages/oslo_config/cfg.py:2609
2025-09-18 00:36:57.326 38520 DEBUG oslo_service.service [-] database.connection = **** log_opt_values /usr/lib/python3/dist-packages/oslo_config/cfg.py:2609
2025-09-18 00:36:57.326 38520 DEBUG oslo_service.service [-] database.connection_debug = 0 log_opt_values /usr/lib/python3/dist-packages/oslo_config/cfg.py:2609
2025-09-18 00:36:57.326 38520 DEBUG oslo_service.service [-] database.connection_parameters = log_opt_values /usr/lib/python3/dist-packages/oslo_config/cfg.py:2609
2025-09-18 00:36:57.327 38520 DEBUG oslo_service.service [-] database.connection_recycle_time = 3600 log_opt_values /usr/lib/python3/dist-packages/oslo_config/cfg.py:2609
2025-09-18 00:36:57.327 38520 DEBUG oslo_service.service [-] database.connection_trace = False log_opt_values /usr/lib/python3/dist-packages/oslo_config/cfg.py:2609
2025-09-18 00:36:57.327 38520 DEBUG oslo_service.service [-] database.db_inc_retry_interval = True log_opt_values /usr/lib/python3/dist-packages/oslo_config/cfg.py:2609
2025-09-18 00:36:57.327 38520 DEBUG oslo_service.service [-] database.db_max_retries = 20 log_opt_values /usr/lib/python3/dist-packages/oslo_config/cfg.py:2609
2025-09-18 00:36:57.327 38520 DEBUG oslo_service.service [-] database.db_max_retry_interval = 10 log_opt_values /usr/lib/python3/dist-packages/oslo_config/cfg.py:2609
2025-09-18 00:36:57.327 38520 DEBUG oslo_service.service [-] database.db_retry_interval = 1 log_opt_values /usr/lib/python3/dist-packages/oslo_config/cfg.py:2609
2025-09-18 00:36:57.328 38520 DEBUG oslo_service.service [-] database.max_overflow = 50 log_opt_values /usr/lib/python3/dist-packages/oslo_config/cfg.py:2609
2025-09-18 00:36:57.328 38520 DEBUG oslo_service.service [-] database.max_pool_size = 5 log_opt_values /usr/lib/python3/dist-packages/oslo_config/cfg.py:2609
2025-09-18 00:36:57.328 38520 DEBUG oslo_service.service [-] database.max_retries = 10 log_opt_values /usr/lib/python3/dist-packages/oslo_config/cfg.py:2609
2025-09-18 00:36:57.328 38520 DEBUG oslo_service.service [-] database.mysql_enable_ndb = False log_opt_values /usr/lib/python3/dist-packages/oslo_config/cfg.py:2609
2025-09-18 00:36:57.328 38520 DEBUG oslo_service.service [-] database.mysql_sql_mode = TRADITIONAL log_opt_values /usr/lib/python3/dist-packages/oslo_config/cfg.py:2609
2025-09-18 00:36:57.328 38520 DEBUG oslo_service.service [-] database.pool_timeout = None log_opt_values /usr/lib/python3/dist-packages/oslo_config/cfg.py:2609
2025-09-18 00:36:57.328 38520 DEBUG oslo_service.service [-] database.retry_interval = 10 log_opt_values /usr/lib/python3/dist-packages/oslo_config/cfg.py:2609
2025-09-18 00:36:57.328 38520 DEBUG oslo_service.service [-] database.slave_connection = **** log_opt_values /usr/lib/python3/dist-packages/oslo_config/cfg.py:2609
2025-09-18 00:36:57.329 38520 DEBUG oslo_service.service [-] database.sqlite_synchronous = True log_opt_values /usr/lib/python3/dist-packages/oslo_config/cfg.py:2609
2025-09-18 00:36:57.329 38520 DEBUG oslo_service.service [-] database.use_db_reconnect = False log_opt_values /usr/lib/python3/dist-packages/oslo_config/cfg.py:2609
2025-09-18 00:36:57.329 38520 DEBUG oslo_service.service [-] oslo_messaging_metrics.metrics_buffer_size = 1000 log_opt_values /usr/lib/python3/dist-packages/oslo_config/cfg.py:2609
2025-09-18 00:36:57.329 38520 DEBUG oslo_service.service [-] oslo_messaging_metrics.metrics_enabled = False log_opt_values /usr/lib/python3/dist-packages/oslo_config/cfg.py:2609
2025-09-18 00:36:57.329 38520 DEBUG oslo_service.service [-] oslo_messaging_metrics.metrics_process_name = log_opt_values /usr/lib/python3/dist-packages/oslo_config/cfg.py:2609
2025-09-18 00:36:57.329 38520 DEBUG oslo_service.service [-] oslo_messaging_metrics.metrics_socket_file = /var/tmp/metrics_collector.sock log_opt_values /usr/lib/python3/dist-packages/oslo_config/cfg.py:2609
2025-09-18 00:36:57.329 38520 DEBUG oslo_service.service [-] oslo_messaging_metrics.metrics_thread_stop_timeout = 10 log_opt_values /usr/lib/python3/dist-packages/oslo_config/cfg.py:2609
2025-09-18 00:36:57.330 38520 DEBUG oslo_service.service [-] oslo_policy.enforce_new_defaults = False log_opt_values /usr/lib/python3/dist-packages/oslo_config/cfg.py:2609
2025-09-18 00:36:57.330 38520 DEBUG oslo_service.service [-] oslo_policy.enforce_scope = False log_opt_values /usr/lib/python3/dist-packages/oslo_config/cfg.py:2609
2025-09-18 00:36:57.330 38520 DEBUG oslo_service.service [-] oslo_policy.policy_default_rule = default log_opt_values /usr/lib/python3/dist-packages/oslo_config/cfg.py:2609
2025-09-18 00:36:57.330 38520 DEBUG oslo_service.service [-] oslo_policy.policy_dirs = ['policy.d'] log_opt_values /usr/lib/python3/dist-packages/oslo_config/cfg.py:2609
2025-09-18 00:36:57.330 38520 DEBUG oslo_service.service [-] oslo_policy.policy_file = policy.yaml log_opt_values /usr/lib/python3/dist-packages/oslo_config/cfg.py:2609
2025-09-18 00:36:57.330 38520 DEBUG oslo_service.service [-] oslo_policy.remote_content_type = application/x-www-form-urlencoded log_opt_values /usr/lib/python3/dist-packages/oslo_config/cfg.py:2609
2025-09-18 00:36:57.331 38520 DEBUG oslo_service.service [-] oslo_policy.remote_ssl_ca_crt_file = None log_opt_values /usr/lib/python3/dist-packages/oslo_config/cfg.py:2609
2025-09-18 00:36:57.331 38520 DEBUG oslo_service.service [-] oslo_policy.remote_ssl_client_crt_file = None log_opt_values /usr/lib/python3/dist-packages/oslo_config/cfg.py:2609
2025-09-18 00:36:57.331 38520 DEBUG oslo_service.service [-] oslo_policy.remote_ssl_client_key_file = None log_opt_values /usr/lib/python3/dist-packages/oslo_config/cfg.py:2609
2025-09-18 00:36:57.334 38520 DEBUG oslo_service.service [-] oslo_policy.remote_ssl_verify_server_crt = False log_opt_values /usr/lib/python3/dist-packages/oslo_config/cfg.py:2609
2025-09-18 00:36:57.336 38520 DEBUG oslo_service.service [-] trustee.auth_section = None log_opt_values /usr/lib/python3/dist-packages/oslo_config/cfg.py:2609
2025-09-18 00:36:57.337 38520 WARNING oslo_config.cfg [-] Deprecated: Option "auth_plugin" from group "trustee" is deprecated. Use option "auth_type" from group "trustee".
2025-09-18 00:36:57.337 38520 DEBUG oslo_service.service [-] trustee.auth_type = password log_opt_values /usr/lib/python3/dist-packages/oslo_config/cfg.py:2609
2025-09-18 00:36:57.338 38520 DEBUG oslo_service.service [-] oslo_versionedobjects.fatal_exception_format_errors = False log_opt_values /usr/lib/python3/dist-packages/oslo_config/cfg.py:2609
2025-09-18 00:36:57.338 38520 DEBUG oslo_service.service [-] oslo_messaging_rabbit.amqp_auto_delete = False log_opt_values /usr/lib/python3/dist-packages/oslo_config/cfg.py:2609
2025-09-18 00:36:57.340 38731 DEBUG oslo_db.sqlalchemy.engines [req-32c27350-c788-4538-9dfb-3630a564453b - - - - -] MySQL server mode set to STRICT_TRANS_TABLES,STRICT_ALL_TABLES,NO_ZERO_IN_DATE,NO_ZERO_DATE,ERROR_FOR_DIVISION_BY_ZERO,TRADITIONAL,NO_ENGINE_SUBSTITUTION _check_effective_sql_mode /usr/lib/python3/dist-packages/oslo_db/sqlalchemy/engines.py:314
2025-09-18 00:36:57.369 38520 DEBUG oslo_service.service [-] oslo_messaging_rabbit.amqp_durable_queues = False log_opt_values /usr/lib/python3/dist-packages/oslo_config/cfg.py:2609
2025-09-18 00:36:57.369 38520 DEBUG oslo_service.service [-] oslo_messaging_rabbit.conn_pool_min_size = 2 log_opt_values /usr/lib/python3/dist-packages/oslo_config/cfg.py:2609
2025-09-18 00:36:57.369 38520 DEBUG oslo_service.service [-] oslo_messaging_rabbit.conn_pool_ttl = 1200 log_opt_values /usr/lib/python3/dist-packages/oslo_config/cfg.py:2609
2025-09-18 00:36:57.370 38520 DEBUG oslo_service.service [-] oslo_messaging_rabbit.direct_mandatory_flag = True log_opt_values /usr/lib/python3/dist-packages/oslo_config/cfg.py:2609
2025-09-18 00:36:57.370 38520 DEBUG oslo_service.service [-] oslo_messaging_rabbit.enable_cancel_on_failover = False log_opt_values /usr/lib/python3/dist-packages/oslo_config/cfg.py:2609
2025-09-18 00:36:57.370 38520 DEBUG oslo_service.service [-] oslo_messaging_rabbit.heartbeat_in_pthread = False log_opt_values /usr/lib/python3/dist-packages/oslo_config/cfg.py:2609
2025-09-18 00:36:57.370 38520 DEBUG oslo_service.service [-] oslo_messaging_rabbit.heartbeat_rate = 2 log_opt_values /usr/lib/python3/dist-packages/oslo_config/cfg.py:2609
2025-09-18 00:36:57.370 38520 DEBUG oslo_service.service [-] oslo_messaging_rabbit.heartbeat_timeout_threshold = 60 log_opt_values /usr/lib/python3/dist-packages/oslo_config/cfg.py:2609
2025-09-18 00:36:57.375 38520 DEBUG oslo_service.service [-] oslo_messaging_rabbit.kombu_compression = None log_opt_values /usr/lib/python3/dist-packages/oslo_config/cfg.py:2609
2025-09-18 00:36:57.375 38520 DEBUG oslo_service.service [-] oslo_messaging_rabbit.kombu_failover_strategy = round-robin log_opt_values /usr/lib/python3/dist-packages/oslo_config/cfg.py:2609
2025-09-18 00:36:57.375 38520 DEBUG oslo_service.service [-] oslo_messaging_rabbit.kombu_missing_consumer_retry_timeout = 60 log_opt_values /usr/lib/python3/dist-packages/oslo_config/cfg.py:2609
2025-09-18 00:36:57.375 38520 DEBUG oslo_service.service [-] oslo_messaging_rabbit.kombu_reconnect_delay = 1.0 log_opt_values /usr/lib/python3/dist-packages/oslo_config/cfg.py:2609
2025-09-18 00:36:57.376 38520 DEBUG oslo_service.service [-] oslo_messaging_rabbit.rabbit_ha_queues = False log_opt_values /usr/lib/python3/dist-packages/oslo_config/cfg.py:2609
2025-09-18 00:36:57.377 38520 DEBUG oslo_service.service [-] oslo_messaging_rabbit.rabbit_interval_max = 30 log_opt_values /usr/lib/python3/dist-packages/oslo_config/cfg.py:2609
2025-09-18 00:36:57.377 38520 DEBUG oslo_service.service [-] oslo_messaging_rabbit.rabbit_login_method = AMQPLAIN log_opt_values /usr/lib/python3/dist-packages/oslo_config/cfg.py:2609
2025-09-18 00:36:57.378 38520 DEBUG oslo_service.service [-] oslo_messaging_rabbit.rabbit_qos_prefetch_count = 0 log_opt_values /usr/lib/python3/dist-packages/oslo_config/cfg.py:2609
2025-09-18 00:36:57.378 38520 DEBUG oslo_service.service [-] oslo_messaging_rabbit.rabbit_quorum_queue = False log_opt_values /usr/lib/python3/dist-packages/oslo_config/cfg.py:2609
2025-09-18 00:36:57.380 38520 DEBUG oslo_service.service [-] oslo_messaging_rabbit.rabbit_retry_backoff = 2 log_opt_values /usr/lib/python3/dist-packages/oslo_config/cfg.py:2609
2025-09-18 00:36:57.380 38730 DEBUG oslo_db.sqlalchemy.engines [req-993a5ff6-e0dd-446f-a738-2feafeb74ec9 - - - - -] MySQL server mode set to STRICT_TRANS_TABLES,STRICT_ALL_TABLES,NO_ZERO_IN_DATE,NO_ZERO_DATE,ERROR_FOR_DIVISION_BY_ZERO,TRADITIONAL,NO_ENGINE_SUBSTITUTION _check_effective_sql_mode /usr/lib/python3/dist-packages/oslo_db/sqlalchemy/engines.py:314
2025-09-18 00:36:57.380 38520 DEBUG oslo_service.service [-] oslo_messaging_rabbit.rabbit_retry_interval = 1 log_opt_values /usr/lib/python3/dist-packages/oslo_config/cfg.py:2609
2025-09-18 00:36:57.381 38520 DEBUG oslo_service.service [-] oslo_messaging_rabbit.rabbit_transient_queues_ttl = 1800 log_opt_values /usr/lib/python3/dist-packages/oslo_config/cfg.py:2609
2025-09-18 00:36:57.382 38520 DEBUG oslo_service.service [-] oslo_messaging_rabbit.rpc_conn_pool_size = 30 log_opt_values /usr/lib/python3/dist-packages/oslo_config/cfg.py:2609
2025-09-18 00:36:57.382 38520 DEBUG oslo_service.service [-] oslo_messaging_rabbit.ssl = False log_opt_values /usr/lib/python3/dist-packages/oslo_config/cfg.py:2609
2025-09-18 00:36:57.383 38520 DEBUG oslo_service.service [-] oslo_messaging_rabbit.ssl_ca_file = log_opt_values /usr/lib/python3/dist-packages/oslo_config/cfg.py:2609
2025-09-18 00:36:57.384 38520 DEBUG oslo_service.service [-] oslo_messaging_rabbit.ssl_cert_file = log_opt_values /usr/lib/python3/dist-packages/oslo_config/cfg.py:2609
2025-09-18 00:36:57.384 38520 DEBUG oslo_service.service [-] oslo_messaging_rabbit.ssl_key_file = log_opt_values /usr/lib/python3/dist-packages/oslo_config/cfg.py:2609
2025-09-18 00:36:57.384 38520 DEBUG oslo_service.service [-] oslo_messaging_rabbit.ssl_version = log_opt_values /usr/lib/python3/dist-packages/oslo_config/cfg.py:2609
2025-09-18 00:36:57.385 38520 DEBUG oslo_service.service [-] oslo_messaging_notifications.driver = [] log_opt_values /usr/lib/python3/dist-packages/oslo_config/cfg.py:2609
2025-09-18 00:36:57.385 38520 DEBUG oslo_service.service [-] oslo_messaging_notifications.retry = -1 log_opt_values /usr/lib/python3/dist-packages/oslo_config/cfg.py:2609
2025-09-18 00:36:57.385 38520 DEBUG oslo_service.service [-] oslo_messaging_notifications.topics = ['notifications'] log_opt_values /usr/lib/python3/dist-packages/oslo_config/cfg.py:2609
2025-09-18 00:36:57.387 38520 DEBUG oslo_service.service [-] oslo_messaging_notifications.transport_url = **** log_opt_values /usr/lib/python3/dist-packages/oslo_config/cfg.py:2609
2025-09-18 00:36:57.387 38520 DEBUG oslo_service.service [-] cache.backend = dogpile.cache.null log_opt_values /usr/lib/python3/dist-packages/oslo_config/cfg.py:2609
2025-09-18 00:36:57.387 38520 DEBUG oslo_service.service [-] cache.backend_argument = **** log_opt_values /usr/lib/python3/dist-packages/oslo_config/cfg.py:2609
2025-09-18 00:36:57.388 38520 DEBUG oslo_service.service [-] cache.config_prefix = cache.oslo log_opt_values /usr/lib/python3/dist-packages/oslo_config/cfg.py:2609
2025-09-18 00:36:57.389 38520 DEBUG oslo_service.service [-] cache.debug_cache_backend = False log_opt_values /usr/lib/python3/dist-packages/oslo_config/cfg.py:2609
2025-09-18 00:36:57.389 38520 DEBUG oslo_service.service [-] cache.enabled = False log_opt_values /usr/lib/python3/dist-packages/oslo_config/cfg.py:2609
2025-09-18 00:36:57.389 38520 DEBUG oslo_service.service [-] cache.expiration_time = 600 log_opt_values /usr/lib/python3/dist-packages/oslo_config/cfg.py:2609
2025-09-18 00:36:57.389 38520 DEBUG oslo_service.service [-] cache.memcache_dead_retry = 300 log_opt_values /usr/lib/python3/dist-packages/oslo_config/cfg.py:2609
2025-09-18 00:36:57.390 38520 DEBUG oslo_service.service [-] cache.memcache_pool_connection_get_timeout = 10 log_opt_values /usr/lib/python3/dist-packages/oslo_config/cfg.py:2609
2025-09-18 00:36:57.390 38520 DEBUG oslo_service.service [-] cache.memcache_pool_flush_on_reconnect = False log_opt_values /usr/lib/python3/dist-packages/oslo_config/cfg.py:2609
2025-09-18 00:36:57.390 38520 DEBUG oslo_service.service [-] cache.memcache_pool_maxsize = 10 log_opt_values /usr/lib/python3/dist-packages/oslo_config/cfg.py:2609
2025-09-18 00:36:57.390 38520 DEBUG oslo_service.service [-] cache.memcache_pool_unused_timeout = 60 log_opt_values /usr/lib/python3/dist-packages/oslo_config/cfg.py:2609
2025-09-18 00:36:57.390 38520 DEBUG oslo_service.service [-] cache.memcache_servers = ['localhost:11211'] log_opt_values /usr/lib/python3/dist-packages/oslo_config/cfg.py:2609
2025-09-18 00:36:57.392 38520 DEBUG oslo_service.service [-] cache.memcache_socket_timeout = 1.0 log_opt_values /usr/lib/python3/dist-packages/oslo_config/cfg.py:2609
2025-09-18 00:36:57.392 38520 DEBUG oslo_service.service [-] cache.proxies = [] log_opt_values /usr/lib/python3/dist-packages/oslo_config/cfg.py:2609
2025-09-18 00:36:57.392 38520 DEBUG oslo_service.service [-] cache.tls_allowed_ciphers = None log_opt_values /usr/lib/python3/dist-packages/oslo_config/cfg.py:2609
2025-09-18 00:36:57.392 38520 DEBUG oslo_service.service [-] cache.tls_cafile = None log_opt_values /usr/lib/python3/dist-packages/oslo_config/cfg.py:2609
2025-09-18 00:36:57.392 38520 DEBUG oslo_service.service [-] cache.tls_certfile = None log_opt_values /usr/lib/python3/dist-packages/oslo_config/cfg.py:2609
2025-09-18 00:36:57.393 38520 DEBUG oslo_service.service [-] cache.tls_enabled = False log_opt_values /usr/lib/python3/dist-packages/oslo_config/cfg.py:2609
2025-09-18 00:36:57.395 38520 DEBUG oslo_service.service [-] cache.tls_keyfile = None log_opt_values /usr/lib/python3/dist-packages/oslo_config/cfg.py:2609
2025-09-18 00:36:57.395 38520 DEBUG oslo_service.service [-] constraint_validation_cache.caching = True log_opt_values /usr/lib/python3/dist-packages/oslo_config/cfg.py:2609
2025-09-18 00:36:57.395 38520 DEBUG oslo_service.service [-] constraint_validation_cache.expiration_time = 60 log_opt_values /usr/lib/python3/dist-packages/oslo_config/cfg.py:2609
2025-09-18 00:36:57.395 38520 DEBUG oslo_service.service [-] service_extension_cache.caching = True log_opt_values /usr/lib/python3/dist-packages/oslo_config/cfg.py:2609
2025-09-18 00:36:57.396 38520 DEBUG oslo_service.service [-] service_extension_cache.expiration_time = 3600 log_opt_values /usr/lib/python3/dist-packages/oslo_config/cfg.py:2609
2025-09-18 00:36:57.397 38520 DEBUG oslo_service.service [-] resource_finder_cache.caching = True log_opt_values /usr/lib/python3/dist-packages/oslo_config/cfg.py:2609
2025-09-18 00:36:57.397 38520 DEBUG oslo_service.service [-] resource_finder_cache.expiration_time = 3600 log_opt_values /usr/lib/python3/dist-packages/oslo_config/cfg.py:2609
2025-09-18 00:36:57.397 38520 DEBUG oslo_service.service [-] yaql.limit_iterators = 200 log_opt_values /usr/lib/python3/dist-packages/oslo_config/cfg.py:2609
2025-09-18 00:36:57.397 38520 DEBUG oslo_service.service [-] yaql.memory_quota = 10000 log_opt_values /usr/lib/python3/dist-packages/oslo_config/cfg.py:2609
2025-09-18 00:36:57.397 38520 DEBUG oslo_service.service [-] ******************************************************************************** log_opt_values /usr/lib/python3/dist-packages/oslo_config/cfg.py:2613
2025-09-18 00:36:57.405 38732 DEBUG oslo_db.sqlalchemy.engines [req-6be683b0-b99c-4f2b-a445-0cc97e08896b - - - - -] MySQL server mode set to STRICT_TRANS_TABLES,STRICT_ALL_TABLES,NO_ZERO_IN_DATE,NO_ZERO_DATE,ERROR_FOR_DIVISION_BY_ZERO,TRADITIONAL,NO_ENGINE_SUBSTITUTION _check_effective_sql_mode /usr/lib/python3/dist-packages/oslo_db/sqlalchemy/engines.py:314
2025-09-18 00:36:57.446 38733 DEBUG oslo_db.sqlalchemy.engines [req-b5454814-f301-4684-a078-8c210b2605be - - - - -] MySQL server mode set to STRICT_TRANS_TABLES,STRICT_ALL_TABLES,NO_ZERO_IN_DATE,NO_ZERO_DATE,ERROR_FOR_DIVISION_BY_ZERO,TRADITIONAL,NO_ENGINE_SUBSTITUTION _check_effective_sql_mode /usr/lib/python3/dist-packages/oslo_db/sqlalchemy/engines.py:314
2025-09-18 00:36:57.462 38730 DEBUG heat.engine.service [req-2cdc1024-d8b1-4497-98d7-d104ce203827 - - - - -] Service 7cc00999-b0c7-40e9-a06d-e1cc2fb7f2ac is started service_manage_report /usr/lib/python3/dist-packages/heat/engine/service.py:2363
2025-09-18 00:36:57.470 38731 DEBUG heat.engine.service [req-28f12518-7c0a-470c-b7c9-ab17ec6ea75e - - - - -] Service 9e570dce-a210-4e99-9932-7a62101aa4f7 is started service_manage_report /usr/lib/python3/dist-packages/heat/engine/service.py:2363
2025-09-18 00:36:57.483 38730 DEBUG heat.engine.service [req-2cdc1024-d8b1-4497-98d7-d104ce203827 - - - - -] Service 7cc00999-b0c7-40e9-a06d-e1cc2fb7f2ac is updated service_manage_report /usr/lib/python3/dist-packages/heat/engine/service.py:2370
2025-09-18 00:36:57.492 38731 DEBUG heat.engine.service [req-28f12518-7c0a-470c-b7c9-ab17ec6ea75e - - - - -] Service 9e570dce-a210-4e99-9932-7a62101aa4f7 is updated service_manage_report /usr/lib/python3/dist-packages/heat/engine/service.py:2370
2025-09-18 00:36:57.539 38732 DEBUG heat.engine.service [req-c1fea7cd-fce8-487b-8a36-3f85f42efc48 - - - - -] Service 8f773940-7929-4a14-a781-4b46fc607fc0 is started service_manage_report /usr/lib/python3/dist-packages/heat/engine/service.py:2363
2025-09-18 00:36:57.541 38733 DEBUG heat.engine.service [req-cdfb7f07-a3ad-49cd-ab09-af56fd328c5b - - - - -] Service b879a41e-4277-4671-b9a6-af60a8dcb9d0 is started service_manage_report /usr/lib/python3/dist-packages/heat/engine/service.py:2363
2025-09-18 00:36:57.553 38732 DEBUG heat.engine.service [req-c1fea7cd-fce8-487b-8a36-3f85f42efc48 - - - - -] Service 8f773940-7929-4a14-a781-4b46fc607fc0 is updated service_manage_report /usr/lib/python3/dist-packages/heat/engine/service.py:2370
2025-09-18 00:36:57.564 38733 DEBUG heat.engine.service [req-cdfb7f07-a3ad-49cd-ab09-af56fd328c5b - - - - -] Service b879a41e-4277-4671-b9a6-af60a8dcb9d0 is updated service_manage_report /usr/lib/python3/dist-packages/heat/engine/service.py:2370
2025-09-18 00:37:57.452 38731 DEBUG heat.engine.service [req-6193e189-6c16-4578-8b78-4aee59bcc2b6 - - - - -] Service 9e570dce-a210-4e99-9932-7a62101aa4f7 is updated service_manage_report /usr/lib/python3/dist-packages/heat/engine/service.py:2370
2025-09-18 00:37:57.459 38730 DEBUG heat.engine.service [req-ba4775a1-315e-4b16-be96-8be956c74ece - - - - -] Service 7cc00999-b0c7-40e9-a06d-e1cc2fb7f2ac is updated service_manage_report /usr/lib/python3/dist-packages/heat/engine/service.py:2370
2025-09-18 00:37:57.528 38732 DEBUG heat.engine.service [req-7b081fe0-eb50-4e14-9104-c6873c241ddd - - - - -] Service 8f773940-7929-4a14-a781-4b46fc607fc0 is updated service_manage_report /usr/lib/python3/dist-packages/heat/engine/service.py:2370
2025-09-18 00:37:57.541 38733 DEBUG heat.engine.service [req-1793ed70-917b-4e63-883a-d4a52e24ab0f - - - - -] Service b879a41e-4277-4671-b9a6-af60a8dcb9d0 is updated service_manage_report /usr/lib/python3/dist-packages/heat/engine/service.py:2370
2025-09-18 00:38:57.449 38731 DEBUG heat.engine.service [req-b285279d-7c90-4b49-a751-55ac1c29924d - - - - -] Service 9e570dce-a210-4e99-9932-7a62101aa4f7 is updated service_manage_report /usr/lib/python3/dist-packages/heat/engine/service.py:2370
2025-09-18 00:38:57.456 38730 DEBUG heat.engine.service [req-24aa278e-418e-4910-a701-ba9c14d7365f - - - - -] Service 7cc00999-b0c7-40e9-a06d-e1cc2fb7f2ac is updated service_manage_report /usr/lib/python3/dist-packages/heat/engine/service.py:2370
2025-09-18 00:38:57.535 38732 DEBUG heat.engine.service [req-7c32f467-c75e-440c-99db-820340902c4d - - - - -] Service 8f773940-7929-4a14-a781-4b46fc607fc0 is updated service_manage_report /usr/lib/python3/dist-packages/heat/engine/service.py:2370
2025-09-18 00:38:57.536 38733 DEBUG heat.engine.service [req-689ab82f-bf10-4561-8e57-69d94cc41eff - - - - -] Service b879a41e-4277-4671-b9a6-af60a8dcb9d0 is updated service_manage_report /usr/lib/python3/dist-packages/heat/engine/service.py:2370
2025-09-18 00:39:57.444 38731 DEBUG heat.engine.service [req-d7e487f1-6674-461e-ac38-92f9ddff27f0 - - - - -] Service 9e570dce-a210-4e99-9932-7a62101aa4f7 is updated service_manage_report /usr/lib/python3/dist-packages/heat/engine/service.py:2370
2025-09-18 00:39:57.451 38730 DEBUG heat.engine.service [req-7ecc3f10-6d91-4443-b26e-7ba9a183b21c - - - - -] Service 7cc00999-b0c7-40e9-a06d-e1cc2fb7f2ac is updated service_manage_report /usr/lib/python3/dist-packages/heat/engine/service.py:2370
2025-09-18 00:39:57.532 38732 DEBUG heat.engine.service [req-c82b9a69-b241-4bfb-960c-039119c56270 - - - - -] Service 8f773940-7929-4a14-a781-4b46fc607fc0 is updated service_manage_report /usr/lib/python3/dist-packages/heat/engine/service.py:2370
2025-09-18 00:39:57.534 38733 DEBUG heat.engine.service [req-32eb8fa8-6da4-47a6-956f-7b5cd264971f - - - - -] Service b879a41e-4277-4671-b9a6-af60a8dcb9d0 is updated service_manage_report /usr/lib/python3/dist-packages/heat/engine/service.py:2370
2025-09-18 00:40:57.450 38731 DEBUG heat.engine.service [req-bfe1ee22-2b12-4aec-b316-88f6b7ac6284 - - - - -] Service 9e570dce-a210-4e99-9932-7a62101aa4f7 is updated service_manage_report /usr/lib/python3/dist-packages/heat/engine/service.py:2370
2025-09-18 00:40:57.456 38730 DEBUG heat.engine.service [req-d1a3c09b-345f-4170-9c59-fb84e69df69c - - - - -] Service 7cc00999-b0c7-40e9-a06d-e1cc2fb7f2ac is updated service_manage_report /usr/lib/python3/dist-packages/heat/engine/service.py:2370
2025-09-18 00:40:57.532 38732 DEBUG heat.engine.service [req-98c8bdf4-e0d1-48c8-a9b9-7e6b301e1c3e - - - - -] Service 8f773940-7929-4a14-a781-4b46fc607fc0 is updated service_manage_report /usr/lib/python3/dist-packages/heat/engine/service.py:2370
2025-09-18 00:40:57.536 38733 DEBUG heat.engine.service [req-e5b22aa9-c14f-4925-a154-e455fd392944 - - - - -] Service b879a41e-4277-4671-b9a6-af60a8dcb9d0 is updated service_manage_report /usr/lib/python3/dist-packages/heat/engine/service.py:2370
2025-09-18 00:41:57.444 38731 DEBUG heat.engine.service [req-ea8ffcb5-1811-4d0f-abb8-aa451187363b - - - - -] Service 9e570dce-a210-4e99-9932-7a62101aa4f7 is updated service_manage_report /usr/lib/python3/dist-packages/heat/engine/service.py:2370
2025-09-18 00:41:57.461 38730 DEBUG heat.engine.service [req-75cd7095-3524-43e2-a49e-20af3650357e - - - - -] Service 7cc00999-b0c7-40e9-a06d-e1cc2fb7f2ac is updated service_manage_report /usr/lib/python3/dist-packages/heat/engine/service.py:2370
2025-09-18 00:41:57.527 38732 DEBUG heat.engine.service [req-a1695364-f180-4dad-aa3b-e77f87e07f83 - - - - -] Service 8f773940-7929-4a14-a781-4b46fc607fc0 is updated service_manage_report /usr/lib/python3/dist-packages/heat/engine/service.py:2370
2025-09-18 00:41:57.531 38733 DEBUG heat.engine.service [req-45b98a9f-6249-41ad-b998-53994466bc0b - - - - -] Service b879a41e-4277-4671-b9a6-af60a8dcb9d0 is updated service_manage_report /usr/lib/python3/dist-packages/heat/engine/service.py:2370
2025-09-18 00:42:57.449 38731 DEBUG heat.engine.service [req-ee2cf85c-4034-4e42-ad22-2c4196837c5e - - - - -] Service 9e570dce-a210-4e99-9932-7a62101aa4f7 is updated service_manage_report /usr/lib/python3/dist-packages/heat/engine/service.py:2370
2025-09-18 00:42:57.464 38730 DEBUG heat.engine.service [req-1858a7d1-2813-42b4-b7ab-4c66761f72d7 - - - - -] Service 7cc00999-b0c7-40e9-a06d-e1cc2fb7f2ac is updated service_manage_report /usr/lib/python3/dist-packages/heat/engine/service.py:2370
2025-09-18 00:42:57.533 38732 DEBUG heat.engine.service [req-682d49dd-57f3-406e-a50f-e6c0a3511aba - - - - -] Service 8f773940-7929-4a14-a781-4b46fc607fc0 is updated service_manage_report /usr/lib/python3/dist-packages/heat/engine/service.py:2370
2025-09-18 00:42:57.538 38733 DEBUG heat.engine.service [req-671ad4d4-e172-4b43-a465-e79783f92ed5 - - - - -] Service b879a41e-4277-4671-b9a6-af60a8dcb9d0 is updated service_manage_report /usr/lib/python3/dist-packages/heat/engine/service.py:2370
2025-09-18 00:43:57.454 38731 DEBUG heat.engine.service [req-6625c963-0680-45db-993f-fa7a70e2de76 - - - - -] Service 9e570dce-a210-4e99-9932-7a62101aa4f7 is updated service_manage_report /usr/lib/python3/dist-packages/heat/engine/service.py:2370
2025-09-18 00:43:57.468 38730 DEBUG heat.engine.service [req-e50ba514-0c4e-47fd-a8a5-9a759e8d8b7b - - - - -] Service 7cc00999-b0c7-40e9-a06d-e1cc2fb7f2ac is updated service_manage_report /usr/lib/python3/dist-packages/heat/engine/service.py:2370
2025-09-18 00:43:57.534 38733 DEBUG heat.engine.service [req-50b496ff-8755-4426-be94-f1b4cbf646f6 - - - - -] Service b879a41e-4277-4671-b9a6-af60a8dcb9d0 is updated service_manage_report /usr/lib/python3/dist-packages/heat/engine/service.py:2370
2025-09-18 00:43:57.539 38732 DEBUG heat.engine.service [req-0c258909-6b62-42e2-b034-78bba6fbc212 - - - - -] Service 8f773940-7929-4a14-a781-4b46fc607fc0 is updated service_manage_report /usr/lib/python3/dist-packages/heat/engine/service.py:2370
2025-09-18 00:44:57.460 38731 DEBUG heat.engine.service [req-1fc8bcad-55bb-4953-b2ac-858532bd1ef7 - - - - -] Service 9e570dce-a210-4e99-9932-7a62101aa4f7 is updated service_manage_report /usr/lib/python3/dist-packages/heat/engine/service.py:2370
2025-09-18 00:44:57.473 38730 DEBUG heat.engine.service [req-3460a5c6-665e-4c60-b8c7-64ef5073c40a - - - - -] Service 7cc00999-b0c7-40e9-a06d-e1cc2fb7f2ac is updated service_manage_report /usr/lib/python3/dist-packages/heat/engine/service.py:2370
2025-09-18 00:44:57.540 38733 DEBUG heat.engine.service [req-fff03e0e-3078-4ab1-9a0a-44b639661304 - - - - -] Service b879a41e-4277-4671-b9a6-af60a8dcb9d0 is updated service_manage_report /usr/lib/python3/dist-packages/heat/engine/service.py:2370
2025-09-18 00:44:57.547 38732 DEBUG heat.engine.service [req-ce8b0d01-da78-45ed-b3d3-f868c373262f - - - - -] Service 8f773940-7929-4a14-a781-4b46fc607fc0 is updated service_manage_report /usr/lib/python3/dist-packages/heat/engine/service.py:2370
2025-09-18 00:45:57.466 38731 DEBUG heat.engine.service [req-951ca24b-c1c9-47e3-b633-7aaaa8bae4e1 - - - - -] Service 9e570dce-a210-4e99-9932-7a62101aa4f7 is updated service_manage_report /usr/lib/python3/dist-packages/heat/engine/service.py:2370
2025-09-18 00:45:57.478 38730 DEBUG heat.engine.service [req-78d5241d-74db-4fd6-afc8-a7d07325ed02 - - - - -] Service 7cc00999-b0c7-40e9-a06d-e1cc2fb7f2ac is updated service_manage_report /usr/lib/python3/dist-packages/heat/engine/service.py:2370
2025-09-18 00:45:57.536 38733 DEBUG heat.engine.service [req-40295f58-37ff-403c-ba0c-49a801b6a979 - - - - -] Service b879a41e-4277-4671-b9a6-af60a8dcb9d0 is updated service_manage_report /usr/lib/python3/dist-packages/heat/engine/service.py:2370
2025-09-18 00:45:57.541 38732 DEBUG heat.engine.service [req-4a51816f-4d22-4e31-94cf-5134b1bf8e6b - - - - -] Service 8f773940-7929-4a14-a781-4b46fc607fc0 is updated service_manage_report /usr/lib/python3/dist-packages/heat/engine/service.py:2370
2025-09-18 00:46:57.461 38731 DEBUG heat.engine.service [req-1119730e-4daa-449b-824f-861d315f5a37 - - - - -] Service 9e570dce-a210-4e99-9932-7a62101aa4f7 is updated service_manage_report /usr/lib/python3/dist-packages/heat/engine/service.py:2370
2025-09-18 00:46:57.481 38730 DEBUG heat.engine.service [req-a444dd8d-97cd-4745-ad0d-56b40f479ac7 - - - - -] Service 7cc00999-b0c7-40e9-a06d-e1cc2fb7f2ac is updated service_manage_report /usr/lib/python3/dist-packages/heat/engine/service.py:2370
2025-09-18 00:46:57.546 38733 DEBUG heat.engine.service [req-6cd642e4-0742-49ca-b8e4-37000c7d03a8 - - - - -] Service b879a41e-4277-4671-b9a6-af60a8dcb9d0 is updated service_manage_report /usr/lib/python3/dist-packages/heat/engine/service.py:2370
2025-09-18 00:46:57.548 38732 DEBUG heat.engine.service [req-6f3494d8-2a30-4d5d-9da1-46debc8b4c02 - - - - -] Service 8f773940-7929-4a14-a781-4b46fc607fc0 is updated service_manage_report /usr/lib/python3/dist-packages/heat/engine/service.py:2370
2025-09-18 00:47:57.467 38731 DEBUG heat.engine.service [req-3f589f1b-66f4-42de-a6f0-55e93a117317 - - - - -] Service 9e570dce-a210-4e99-9932-7a62101aa4f7 is updated service_manage_report /usr/lib/python3/dist-packages/heat/engine/service.py:2370
2025-09-18 00:47:57.486 38730 DEBUG heat.engine.service [req-f61a8731-4226-41f1-8e99-7da5fd5d213d - - - - -] Service 7cc00999-b0c7-40e9-a06d-e1cc2fb7f2ac is updated service_manage_report /usr/lib/python3/dist-packages/heat/engine/service.py:2370
2025-09-18 00:47:57.545 38733 DEBUG heat.engine.service [req-b5da631b-777d-42ed-a4bb-1afc67d79e0a - - - - -] Service b879a41e-4277-4671-b9a6-af60a8dcb9d0 is updated service_manage_report /usr/lib/python3/dist-packages/heat/engine/service.py:2370
2025-09-18 00:47:57.546 38732 DEBUG heat.engine.service [req-0f127b78-f0d3-43bb-92b8-65665e418f21 - - - - -] Service 8f773940-7929-4a14-a781-4b46fc607fc0 is updated service_manage_report /usr/lib/python3/dist-packages/heat/engine/service.py:2370
2025-09-18 00:48:57.462 38731 DEBUG heat.engine.service [req-e5e7e782-2826-4c6d-bce4-2de999c1a3b8 - - - - -] Service 9e570dce-a210-4e99-9932-7a62101aa4f7 is updated service_manage_report /usr/lib/python3/dist-packages/heat/engine/service.py:2370
2025-09-18 00:48:57.490 38730 DEBUG heat.engine.service [req-6d69135d-bb7b-42e4-902c-d45b9ab98ba9 - - - - -] Service 7cc00999-b0c7-40e9-a06d-e1cc2fb7f2ac is updated service_manage_report /usr/lib/python3/dist-packages/heat/engine/service.py:2370
2025-09-18 00:48:57.539 38733 DEBUG heat.engine.service [req-75cea048-c998-4eb3-8a2c-d89f2bf6559b - - - - -] Service b879a41e-4277-4671-b9a6-af60a8dcb9d0 is updated service_manage_report /usr/lib/python3/dist-packages/heat/engine/service.py:2370
2025-09-18 00:48:57.540 38732 DEBUG heat.engine.service [req-e9516310-4192-4c79-9ec5-387e7383b9e1 - - - - -] Service 8f773940-7929-4a14-a781-4b46fc607fc0 is updated service_manage_report /usr/lib/python3/dist-packages/heat/engine/service.py:2370
2025-09-18 00:49:57.468 38731 DEBUG heat.engine.service [req-99bed08f-c191-413f-b19c-5a8919ae4c30 - - - - -] Service 9e570dce-a210-4e99-9932-7a62101aa4f7 is updated service_manage_report /usr/lib/python3/dist-packages/heat/engine/service.py:2370
2025-09-18 00:49:57.496 38730 DEBUG heat.engine.service [req-ed309e31-8ef4-4ffe-8444-12d818323492 - - - - -] Service 7cc00999-b0c7-40e9-a06d-e1cc2fb7f2ac is updated service_manage_report /usr/lib/python3/dist-packages/heat/engine/service.py:2370
2025-09-18 00:49:57.544 38733 DEBUG heat.engine.service [req-f97d26ff-e3ce-449b-bc92-133dde605fa4 - - - - -] Service b879a41e-4277-4671-b9a6-af60a8dcb9d0 is updated service_manage_report /usr/lib/python3/dist-packages/heat/engine/service.py:2370
2025-09-18 00:49:57.549 38732 DEBUG heat.engine.service [req-6290ef77-dd4d-46a7-898e-c060a53b8042 - - - - -] Service 8f773940-7929-4a14-a781-4b46fc607fc0 is updated service_manage_report /usr/lib/python3/dist-packages/heat/engine/service.py:2370
2025-09-18 00:50:57.463 38731 DEBUG heat.engine.service [req-bb50de11-8630-4b59-8bdd-8109f25303a1 - - - - -] Service 9e570dce-a210-4e99-9932-7a62101aa4f7 is updated service_manage_report /usr/lib/python3/dist-packages/heat/engine/service.py:2370
2025-09-18 00:50:57.500 38730 DEBUG heat.engine.service [req-e8a5d358-02ff-493e-aeca-ea6fb1ee219d - - - - -] Service 7cc00999-b0c7-40e9-a06d-e1cc2fb7f2ac is updated service_manage_report /usr/lib/python3/dist-packages/heat/engine/service.py:2370
2025-09-18 00:50:57.544 38732 DEBUG heat.engine.service [req-602a6419-e211-4777-a984-714f68fed0ca - - - - -] Service 8f773940-7929-4a14-a781-4b46fc607fc0 is updated service_manage_report /usr/lib/python3/dist-packages/heat/engine/service.py:2370
2025-09-18 00:50:57.553 38733 DEBUG heat.engine.service [req-6d17fab8-273d-49b7-973e-3eab2bdf24ae - - - - -] Service b879a41e-4277-4671-b9a6-af60a8dcb9d0 is updated service_manage_report /usr/lib/python3/dist-packages/heat/engine/service.py:2370
2025-09-18 00:51:57.470 38731 DEBUG heat.engine.service [req-2707082f-845f-4baa-851d-3ec29821c072 - - - - -] Service 9e570dce-a210-4e99-9932-7a62101aa4f7 is updated service_manage_report /usr/lib/python3/dist-packages/heat/engine/service.py:2370
2025-09-18 00:51:57.506 38730 DEBUG heat.engine.service [req-5a26df17-8a7e-4349-869e-57eae19eed7c - - - - -] Service 7cc00999-b0c7-40e9-a06d-e1cc2fb7f2ac is updated service_manage_report /usr/lib/python3/dist-packages/heat/engine/service.py:2370
2025-09-18 00:51:57.547 38733 DEBUG heat.engine.service [req-886a6bcf-5490-45fb-a1fb-435fb2b2efef - - - - -] Service b879a41e-4277-4671-b9a6-af60a8dcb9d0 is updated service_manage_report /usr/lib/python3/dist-packages/heat/engine/service.py:2370
2025-09-18 00:51:57.550 38732 DEBUG heat.engine.service [req-a8f42972-d78f-4000-9e70-cd3fd5b94a95 - - - - -] Service 8f773940-7929-4a14-a781-4b46fc607fc0 is updated service_manage_report /usr/lib/python3/dist-packages/heat/engine/service.py:2370
2025-09-18 00:52:57.465 38731 DEBUG heat.engine.service [req-91fef72f-2a69-45ec-bf19-feb03918fe5d - - - - -] Service 9e570dce-a210-4e99-9932-7a62101aa4f7 is updated service_manage_report /usr/lib/python3/dist-packages/heat/engine/service.py:2370
