2025-09-15 01:56:58.148 7 DEBUG oslo_service.service [-] ml2_type_gre.tunnel_id_ranges = [] log_opt_values /var/lib/kolla/venv/lib/python3.6/site-packages/oslo_config/cfg.py:2611
2025-09-15 01:56:58.148 7 DEBUG oslo_service.service [-] ml2_type_vlan.network_vlan_ranges = [] log_opt_values /var/lib/kolla/venv/lib/python3.6/site-packages/oslo_config/cfg.py:2611
2025-09-15 01:56:58.148 7 DEBUG oslo_service.service [-] ml2_type_vxlan.vni_ranges = [] log_opt_values /var/lib/kolla/venv/lib/python3.6/site-packages/oslo_config/cfg.py:2611
2025-09-15 01:56:58.148 7 DEBUG oslo_service.service [-] ml2_type_vxlan.vxlan_group = None log_opt_values /var/lib/kolla/venv/lib/python3.6/site-packages/oslo_config/cfg.py:2611
2025-09-15 01:56:58.148 7 DEBUG oslo_service.service [-] database.backend = sqlalchemy log_opt_values /var/lib/kolla/venv/lib/python3.6/site-packages/oslo_config/cfg.py:2611
2025-09-15 01:56:58.148 7 DEBUG oslo_service.service [-] database.connection = **** log_opt_values /var/lib/kolla/venv/lib/python3.6/site-packages/oslo_config/cfg.py:2611
2025-09-15 01:56:58.148 7 DEBUG oslo_service.service [-] database.connection_debug = 0 log_opt_values /var/lib/kolla/venv/lib/python3.6/site-packages/oslo_config/cfg.py:2611
2025-09-15 01:56:58.148 7 DEBUG oslo_service.service [-] database.connection_parameters = log_opt_values /var/lib/kolla/venv/lib/python3.6/site-packages/oslo_config/cfg.py:2611
2025-09-15 01:56:58.149 7 DEBUG oslo_service.service [-] database.connection_recycle_time = 10 log_opt_values /var/lib/kolla/venv/lib/python3.6/site-packages/oslo_config/cfg.py:2611
2025-09-15 01:56:58.149 7 DEBUG oslo_service.service [-] database.connection_trace = False log_opt_values /var/lib/kolla/venv/lib/python3.6/site-packages/oslo_config/cfg.py:2611
2025-09-15 01:56:58.149 7 DEBUG oslo_service.service [-] database.db_inc_retry_interval = True log_opt_values /var/lib/kolla/venv/lib/python3.6/site-packages/oslo_config/cfg.py:2611
2025-09-15 01:56:58.149 7 DEBUG oslo_service.service [-] database.db_max_retries = 20 log_opt_values /var/lib/kolla/venv/lib/python3.6/site-packages/oslo_config/cfg.py:2611
2025-09-15 01:56:58.150 7 DEBUG oslo_service.service [-] database.db_max_retry_interval = 10 log_opt_values /var/lib/kolla/venv/lib/python3.6/site-packages/oslo_config/cfg.py:2611
2025-09-15 01:56:58.150 7 DEBUG oslo_service.service [-] database.db_retry_interval = 1 log_opt_values /var/lib/kolla/venv/lib/python3.6/site-packages/oslo_config/cfg.py:2611
2025-09-15 01:56:58.150 7 DEBUG oslo_service.service [-] database.max_overflow = 50 log_opt_values /var/lib/kolla/venv/lib/python3.6/site-packages/oslo_config/cfg.py:2611
2025-09-15 01:56:58.150 7 DEBUG oslo_service.service [-] database.max_pool_size = 1 log_opt_values /var/lib/kolla/venv/lib/python3.6/site-packages/oslo_config/cfg.py:2611
2025-09-15 01:56:58.150 7 DEBUG oslo_service.service [-] database.max_retries = -1 log_opt_values /var/lib/kolla/venv/lib/python3.6/site-packages/oslo_config/cfg.py:2611
2025-09-15 01:56:58.150 7 DEBUG oslo_service.service [-] database.mysql_enable_ndb = False log_opt_values /var/lib/kolla/venv/lib/python3.6/site-packages/oslo_config/cfg.py:2611
2025-09-15 01:56:58.150 7 DEBUG oslo_service.service [-] database.mysql_sql_mode = TRADITIONAL log_opt_values /var/lib/kolla/venv/lib/python3.6/site-packages/oslo_config/cfg.py:2611
2025-09-15 01:56:58.150 7 DEBUG oslo_service.service [-] database.pool_timeout = None log_opt_values /var/lib/kolla/venv/lib/python3.6/site-packages/oslo_config/cfg.py:2611
2025-09-15 01:56:58.150 7 DEBUG oslo_service.service [-] database.retry_interval = 10 log_opt_values /var/lib/kolla/venv/lib/python3.6/site-packages/oslo_config/cfg.py:2611
2025-09-15 01:56:58.150 7 DEBUG oslo_service.service [-] database.slave_connection = **** log_opt_values /var/lib/kolla/venv/lib/python3.6/site-packages/oslo_config/cfg.py:2611
2025-09-15 01:56:58.150 7 DEBUG oslo_service.service [-] database.sqlite_synchronous = True log_opt_values /var/lib/kolla/venv/lib/python3.6/site-packages/oslo_config/cfg.py:2611
2025-09-15 01:56:58.151 7 DEBUG oslo_service.service [-] database.use_db_reconnect = False log_opt_values /var/lib/kolla/venv/lib/python3.6/site-packages/oslo_config/cfg.py:2611
2025-09-15 01:56:58.151 7 DEBUG oslo_service.service [-] ******************************************************************************** log_opt_values /var/lib/kolla/venv/lib/python3.6/site-packages/oslo_config/cfg.py:2613
2025-09-15 01:57:00.055 22 DEBUG neutron.wsgi [-] (22) accepted ('10.0.0.141', 40692) server /var/lib/kolla/venv/lib/python3.6/site-packages/eventlet/wsgi.py:1004
2025-09-15 01:57:00.061 22 INFO neutron.wsgi [-] 10.0.0.141 "GET / HTTP/1.1" status: 200 len: 228 time: 0.0044847
2025-09-15 01:57:02.083 23 DEBUG neutron.api.rpc.handlers.dhcp_rpc [req-2a588e26-bf64-4d09-ae48-12b15729ea62 - - - - -] get_active_networks_info from cn-jenkins-deploy-platform-ansible-os-4109-1 get_active_networks_info /var/lib/kolla/venv/lib/python3.6/site-packages/neutron/api/rpc/handlers/dhcp_rpc.py:159
2025-09-15 01:57:02.105 26 DEBUG neutron_lib.callbacks.manager [req-461b828d-a03b-4772-a4f5-cdf0f3de1a22 - - - - -] Publish callbacks ['neutron.services.segments.db._update_segment_host_mapping_for_agent-8786048189043', 'neutron.services.l3_router.l3_router_plugin.DVRResourceOperationHandler.create_fip_agent_gw_ports-460803'] for agent (97effa6f-391c-4c5c-99b4-6dd064225292), after_create _notify_loop /var/lib/kolla/venv/lib/python3.6/site-packages/neutron_lib/callbacks/manager.py:177
2025-09-15 01:57:02.122 23 DEBUG neutron.scheduler.dhcp_agent_scheduler [req-2a588e26-bf64-4d09-ae48-12b15729ea62 - - - - -] No non-hosted networks auto_schedule_networks /var/lib/kolla/venv/lib/python3.6/site-packages/neutron/scheduler/dhcp_agent_scheduler.py:60
2025-09-15 01:57:19.551 28 DEBUG neutron_lib.callbacks.manager [req-2075bc8b-d4ff-4b2d-a039-b2ffb2947f11 - - - - -] Publish callbacks ['neutron.services.segments.db._update_segment_host_mapping_for_agent-8786048189043', 'neutron.services.l3_router.l3_router_plugin.DVRResourceOperationHandler.create_fip_agent_gw_ports-460803'] for agent (5244572e-f98b-43bf-a5eb-e21c158b0c03), after_create _notify_loop /var/lib/kolla/venv/lib/python3.6/site-packages/neutron_lib/callbacks/manager.py:177
2025-09-15 01:57:30.105 22 DEBUG neutron.wsgi [-] (22) accepted ('10.0.0.141', 41518) server /var/lib/kolla/venv/lib/python3.6/site-packages/eventlet/wsgi.py:1004
2025-09-15 01:57:30.109 22 INFO neutron.wsgi [-] 10.0.0.141 "GET / HTTP/1.1" status: 200 len: 228 time: 0.0027704
2025-09-15 01:57:32.092 25 DEBUG neutron_lib.callbacks.manager [req-89bf6474-5d4f-4846-90c0-13d431ce46a6 - - - - -] Publish callbacks ['neutron.services.segments.db._update_segment_host_mapping_for_agent-8786048189043', 'neutron.plugins.ml2.plugin.Ml2Plugin._retry_binding_revived_agents--9223372036853407088'] for agent (97effa6f-391c-4c5c-99b4-6dd064225292), after_update _notify_loop /var/lib/kolla/venv/lib/python3.6/site-packages/neutron_lib/callbacks/manager.py:177
2025-09-15 01:57:49.527 23 DEBUG neutron_lib.callbacks.manager [req-2075bc8b-d4ff-4b2d-a039-b2ffb2947f11 - - - - -] Publish callbacks ['neutron.services.segments.db._update_segment_host_mapping_for_agent-8786048189043', 'neutron.plugins.ml2.plugin.Ml2Plugin._retry_binding_revived_agents--9223372036853407088'] for agent (5244572e-f98b-43bf-a5eb-e21c158b0c03), after_update _notify_loop /var/lib/kolla/venv/lib/python3.6/site-packages/neutron_lib/callbacks/manager.py:177
2025-09-15 01:58:00.150 22 DEBUG neutron.wsgi [-] (22) accepted ('10.0.0.141', 36880) server /var/lib/kolla/venv/lib/python3.6/site-packages/eventlet/wsgi.py:1004
2025-09-15 01:58:00.154 22 INFO neutron.wsgi [-] 10.0.0.141 "GET / HTTP/1.1" status: 200 len: 228 time: 0.0027144
2025-09-15 01:58:02.089 27 DEBUG neutron_lib.callbacks.manager [req-6962a558-5890-4fa7-9a58-8e3a51a27976 - - - - -] Publish callbacks ['neutron.services.segments.db._update_segment_host_mapping_for_agent-8786048189043', 'neutron.plugins.ml2.plugin.Ml2Plugin._retry_binding_revived_agents--9223372036853407088'] for agent (97effa6f-391c-4c5c-99b4-6dd064225292), after_update _notify_loop /var/lib/kolla/venv/lib/python3.6/site-packages/neutron_lib/callbacks/manager.py:177
2025-09-15 01:58:05.070 29 DEBUG neutron.db.agents_db [req-761da272-e437-44eb-9123-00bb6a3ae552 - - - - -] Agent healthcheck: found 2 active agents agent_health_check /var/lib/kolla/venv/lib/python3.6/site-packages/neutron/db/agents_db.py:318
2025-09-15 01:58:19.537 24 DEBUG neutron_lib.callbacks.manager [req-2075bc8b-d4ff-4b2d-a039-b2ffb2947f11 - - - - -] Publish callbacks ['neutron.services.segments.db._update_segment_host_mapping_for_agent-8786048189043', 'neutron.plugins.ml2.plugin.Ml2Plugin._retry_binding_revived_agents--9223372036853407088'] for agent (5244572e-f98b-43bf-a5eb-e21c158b0c03), after_update _notify_loop /var/lib/kolla/venv/lib/python3.6/site-packages/neutron_lib/callbacks/manager.py:177
2025-09-15 01:58:30.194 22 DEBUG neutron.wsgi [-] (22) accepted ('10.0.0.141', 48968) server /var/lib/kolla/venv/lib/python3.6/site-packages/eventlet/wsgi.py:1004
2025-09-15 01:58:30.197 22 INFO neutron.wsgi [-] 10.0.0.141 "GET / HTTP/1.1" status: 200 len: 228 time: 0.0025809
2025-09-15 01:58:32.072 26 DEBUG neutron_lib.callbacks.manager [req-76875c7e-d248-4a55-8316-9e01c0d3fda9 - - - - -] Publish callbacks ['neutron.services.segments.db._update_segment_host_mapping_for_agent-8786048189043', 'neutron.plugins.ml2.plugin.Ml2Plugin._retry_binding_revived_agents--9223372036853407088'] for agent (97effa6f-391c-4c5c-99b4-6dd064225292), after_update _notify_loop /var/lib/kolla/venv/lib/python3.6/site-packages/neutron_lib/callbacks/manager.py:177
2025-09-15 01:58:42.068 29 DEBUG neutron.db.agents_db [req-761da272-e437-44eb-9123-00bb6a3ae552 - - - - -] Agent healthcheck: found 2 active agents agent_health_check /var/lib/kolla/venv/lib/python3.6/site-packages/neutron/db/agents_db.py:318
2025-09-15 01:58:49.528 28 DEBUG neutron_lib.callbacks.manager [req-2075bc8b-d4ff-4b2d-a039-b2ffb2947f11 - - - - -] Publish callbacks ['neutron.services.segments.db._update_segment_host_mapping_for_agent-8786048189043', 'neutron.plugins.ml2.plugin.Ml2Plugin._retry_binding_revived_agents--9223372036853407088'] for agent (5244572e-f98b-43bf-a5eb-e21c158b0c03), after_update _notify_loop /var/lib/kolla/venv/lib/python3.6/site-packages/neutron_lib/callbacks/manager.py:177
2025-09-15 01:59:00.238 22 DEBUG neutron.wsgi [-] (22) accepted ('10.0.0.141', 45058) server /var/lib/kolla/venv/lib/python3.6/site-packages/eventlet/wsgi.py:1004
2025-09-15 01:59:00.241 22 INFO neutron.wsgi [-] 10.0.0.141 "GET / HTTP/1.1" status: 200 len: 228 time: 0.0025477
2025-09-15 01:59:02.067 25 DEBUG neutron_lib.callbacks.manager [req-4e3e5d0b-2757-443d-b3bd-8ad8dd8527ec - - - - -] Publish callbacks ['neutron.services.segments.db._update_segment_host_mapping_for_agent-8786048189043', 'neutron.plugins.ml2.plugin.Ml2Plugin._retry_binding_revived_agents--9223372036853407088'] for agent (97effa6f-391c-4c5c-99b4-6dd064225292), after_update _notify_loop /var/lib/kolla/venv/lib/python3.6/site-packages/neutron_lib/callbacks/manager.py:177
2025-09-15 01:59:19.073 29 DEBUG neutron.db.agents_db [req-761da272-e437-44eb-9123-00bb6a3ae552 - - - - -] Agent healthcheck: found 2 active agents agent_health_check /var/lib/kolla/venv/lib/python3.6/site-packages/neutron/db/agents_db.py:318
2025-09-15 01:59:19.528 23 DEBUG neutron_lib.callbacks.manager [req-2075bc8b-d4ff-4b2d-a039-b2ffb2947f11 - - - - -] Publish callbacks ['neutron.services.segments.db._update_segment_host_mapping_for_agent-8786048189043', 'neutron.plugins.ml2.plugin.Ml2Plugin._retry_binding_revived_agents--9223372036853407088'] for agent (5244572e-f98b-43bf-a5eb-e21c158b0c03), after_update _notify_loop /var/lib/kolla/venv/lib/python3.6/site-packages/neutron_lib/callbacks/manager.py:177
2025-09-15 01:59:30.285 22 DEBUG neutron.wsgi [-] (22) accepted ('10.0.0.141', 42848) server /var/lib/kolla/venv/lib/python3.6/site-packages/eventlet/wsgi.py:1004
2025-09-15 01:59:30.288 22 INFO neutron.wsgi [-] 10.0.0.141 "GET / HTTP/1.1" status: 200 len: 228 time: 0.0027955
2025-09-15 01:59:32.074 27 DEBUG neutron_lib.callbacks.manager [req-718f7723-d68d-47de-b197-08dd7cbdbf73 - - - - -] Publish callbacks ['neutron.services.segments.db._update_segment_host_mapping_for_agent-8786048189043', 'neutron.plugins.ml2.plugin.Ml2Plugin._retry_binding_revived_agents--9223372036853407088'] for agent (97effa6f-391c-4c5c-99b4-6dd064225292), after_update _notify_loop /var/lib/kolla/venv/lib/python3.6/site-packages/neutron_lib/callbacks/manager.py:177
2025-09-15 01:59:49.530 24 DEBUG neutron_lib.callbacks.manager [req-2075bc8b-d4ff-4b2d-a039-b2ffb2947f11 - - - - -] Publish callbacks ['neutron.services.segments.db._update_segment_host_mapping_for_agent-8786048189043', 'neutron.plugins.ml2.plugin.Ml2Plugin._retry_binding_revived_agents--9223372036853407088'] for agent (5244572e-f98b-43bf-a5eb-e21c158b0c03), after_update _notify_loop /var/lib/kolla/venv/lib/python3.6/site-packages/neutron_lib/callbacks/manager.py:177
2025-09-15 01:59:56.080 29 DEBUG neutron.db.agents_db [req-761da272-e437-44eb-9123-00bb6a3ae552 - - - - -] Agent healthcheck: found 2 active agents agent_health_check /var/lib/kolla/venv/lib/python3.6/site-packages/neutron/db/agents_db.py:318
2025-09-15 02:00:00.335 22 DEBUG neutron.wsgi [-] (22) accepted ('10.0.0.141', 38836) server /var/lib/kolla/venv/lib/python3.6/site-packages/eventlet/wsgi.py:1004
2025-09-15 02:00:00.339 22 INFO neutron.wsgi [-] 10.0.0.141 "GET / HTTP/1.1" status: 200 len: 228 time: 0.0033858
2025-09-15 02:00:02.071 26 DEBUG neutron_lib.callbacks.manager [req-4ed51af2-75f3-4e4d-aaf6-0b361902363b - - - - -] Publish callbacks ['neutron.services.segments.db._update_segment_host_mapping_for_agent-8786048189043', 'neutron.plugins.ml2.plugin.Ml2Plugin._retry_binding_revived_agents--9223372036853407088'] for agent (97effa6f-391c-4c5c-99b4-6dd064225292), after_update _notify_loop /var/lib/kolla/venv/lib/python3.6/site-packages/neutron_lib/callbacks/manager.py:177
2025-09-15 02:00:19.532 28 DEBUG neutron_lib.callbacks.manager [req-2075bc8b-d4ff-4b2d-a039-b2ffb2947f11 - - - - -] Publish callbacks ['neutron.services.segments.db._update_segment_host_mapping_for_agent-8786048189043', 'neutron.plugins.ml2.plugin.Ml2Plugin._retry_binding_revived_agents--9223372036853407088'] for agent (5244572e-f98b-43bf-a5eb-e21c158b0c03), after_update _notify_loop /var/lib/kolla/venv/lib/python3.6/site-packages/neutron_lib/callbacks/manager.py:177
2025-09-15 02:00:30.382 22 DEBUG neutron.wsgi [-] (22) accepted ('10.0.0.141', 33530) server /var/lib/kolla/venv/lib/python3.6/site-packages/eventlet/wsgi.py:1004
2025-09-15 02:00:30.386 22 INFO neutron.wsgi [-] 10.0.0.141 "GET / HTTP/1.1" status: 200 len: 228 time: 0.0029385
2025-09-15 02:00:32.068 25 DEBUG neutron_lib.callbacks.manager [req-26c09972-7180-421e-b4c7-40952d73d5c3 - - - - -] Publish callbacks ['neutron.services.segments.db._update_segment_host_mapping_for_agent-8786048189043', 'neutron.plugins.ml2.plugin.Ml2Plugin._retry_binding_revived_agents--9223372036853407088'] for agent (97effa6f-391c-4c5c-99b4-6dd064225292), after_update _notify_loop /var/lib/kolla/venv/lib/python3.6/site-packages/neutron_lib/callbacks/manager.py:177
2025-09-15 02:00:33.085 29 DEBUG neutron.db.agents_db [req-761da272-e437-44eb-9123-00bb6a3ae552 - - - - -] Agent healthcheck: found 2 active agents agent_health_check /var/lib/kolla/venv/lib/python3.6/site-packages/neutron/db/agents_db.py:318
2025-09-15 02:00:49.535 23 DEBUG neutron_lib.callbacks.manager [req-2075bc8b-d4ff-4b2d-a039-b2ffb2947f11 - - - - -] Publish callbacks ['neutron.services.segments.db._update_segment_host_mapping_for_agent-8786048189043', 'neutron.plugins.ml2.plugin.Ml2Plugin._retry_binding_revived_agents--9223372036853407088'] for agent (5244572e-f98b-43bf-a5eb-e21c158b0c03), after_update _notify_loop /var/lib/kolla/venv/lib/python3.6/site-packages/neutron_lib/callbacks/manager.py:177
2025-09-15 02:01:00.435 22 DEBUG neutron.wsgi [-] (22) accepted ('10.0.0.141', 44172) server /var/lib/kolla/venv/lib/python3.6/site-packages/eventlet/wsgi.py:1004
2025-09-15 02:01:00.439 22 INFO neutron.wsgi [-] 10.0.0.141 "GET / HTTP/1.1" status: 200 len: 228 time: 0.0027418
2025-09-15 02:01:02.064 27 DEBUG neutron_lib.callbacks.manager [req-9efe295f-a278-4ab9-b643-68f49fa51e3e - - - - -] Publish callbacks ['neutron.services.segments.db._update_segment_host_mapping_for_agent-8786048189043', 'neutron.plugins.ml2.plugin.Ml2Plugin._retry_binding_revived_agents--9223372036853407088'] for agent (97effa6f-391c-4c5c-99b4-6dd064225292), after_update _notify_loop /var/lib/kolla/venv/lib/python3.6/site-packages/neutron_lib/callbacks/manager.py:177
2025-09-15 02:01:10.092 29 DEBUG neutron.db.agents_db [req-761da272-e437-44eb-9123-00bb6a3ae552 - - - - -] Agent healthcheck: found 2 active agents agent_health_check /var/lib/kolla/venv/lib/python3.6/site-packages/neutron/db/agents_db.py:318
2025-09-15 02:01:19.538 24 DEBUG neutron_lib.callbacks.manager [req-2075bc8b-d4ff-4b2d-a039-b2ffb2947f11 - - - - -] Publish callbacks ['neutron.services.segments.db._update_segment_host_mapping_for_agent-8786048189043', 'neutron.plugins.ml2.plugin.Ml2Plugin._retry_binding_revived_agents--9223372036853407088'] for agent (5244572e-f98b-43bf-a5eb-e21c158b0c03), after_update _notify_loop /var/lib/kolla/venv/lib/python3.6/site-packages/neutron_lib/callbacks/manager.py:177
2025-09-15 02:01:30.479 22 DEBUG neutron.wsgi [-] (22) accepted ('10.0.0.141', 59318) server /var/lib/kolla/venv/lib/python3.6/site-packages/eventlet/wsgi.py:1004
2025-09-15 02:01:30.485 22 INFO neutron.wsgi [-] 10.0.0.141 "GET / HTTP/1.1" status: 200 len: 228 time: 0.0048158
2025-09-15 02:01:32.062 26 DEBUG neutron_lib.callbacks.manager [req-919e8764-c076-4b1e-a060-dbe0bd88f442 - - - - -] Publish callbacks ['neutron.services.segments.db._update_segment_host_mapping_for_agent-8786048189043', 'neutron.plugins.ml2.plugin.Ml2Plugin._retry_binding_revived_agents--9223372036853407088'] for agent (97effa6f-391c-4c5c-99b4-6dd064225292), after_update _notify_loop /var/lib/kolla/venv/lib/python3.6/site-packages/neutron_lib/callbacks/manager.py:177
2025-09-15 02:01:47.096 29 DEBUG neutron.db.agents_db [req-761da272-e437-44eb-9123-00bb6a3ae552 - - - - -] Agent healthcheck: found 2 active agents agent_health_check /var/lib/kolla/venv/lib/python3.6/site-packages/neutron/db/agents_db.py:318
2025-09-15 02:01:49.537 28 DEBUG neutron_lib.callbacks.manager [req-2075bc8b-d4ff-4b2d-a039-b2ffb2947f11 - - - - -] Publish callbacks ['neutron.services.segments.db._update_segment_host_mapping_for_agent-8786048189043', 'neutron.plugins.ml2.plugin.Ml2Plugin._retry_binding_revived_agents--9223372036853407088'] for agent (5244572e-f98b-43bf-a5eb-e21c158b0c03), after_update _notify_loop /var/lib/kolla/venv/lib/python3.6/site-packages/neutron_lib/callbacks/manager.py:177
2025-09-15 02:02:00.529 22 DEBUG neutron.wsgi [-] (22) accepted ('10.0.0.141', 36450) server /var/lib/kolla/venv/lib/python3.6/site-packages/eventlet/wsgi.py:1004
2025-09-15 02:02:00.533 22 INFO neutron.wsgi [-] 10.0.0.141 "GET / HTTP/1.1" status: 200 len: 228 time: 0.0031350
2025-09-15 02:02:02.059 25 DEBUG neutron_lib.callbacks.manager [req-6c7a9044-2ced-4204-982d-574246708fe1 - - - - -] Publish callbacks ['neutron.services.segments.db._update_segment_host_mapping_for_agent-8786048189043', 'neutron.plugins.ml2.plugin.Ml2Plugin._retry_binding_revived_agents--9223372036853407088'] for agent (97effa6f-391c-4c5c-99b4-6dd064225292), after_update _notify_loop /var/lib/kolla/venv/lib/python3.6/site-packages/neutron_lib/callbacks/manager.py:177
2025-09-15 02:02:19.541 23 DEBUG neutron_lib.callbacks.manager [req-2075bc8b-d4ff-4b2d-a039-b2ffb2947f11 - - - - -] Publish callbacks ['neutron.services.segments.db._update_segment_host_mapping_for_agent-8786048189043', 'neutron.plugins.ml2.plugin.Ml2Plugin._retry_binding_revived_agents--9223372036853407088'] for agent (5244572e-f98b-43bf-a5eb-e21c158b0c03), after_update _notify_loop /var/lib/kolla/venv/lib/python3.6/site-packages/neutron_lib/callbacks/manager.py:177
2025-09-15 02:02:24.103 29 DEBUG neutron.db.agents_db [req-761da272-e437-44eb-9123-00bb6a3ae552 - - - - -] Agent healthcheck: found 2 active agents agent_health_check /var/lib/kolla/venv/lib/python3.6/site-packages/neutron/db/agents_db.py:318
2025-09-15 02:02:30.574 22 DEBUG neutron.wsgi [-] (22) accepted ('10.0.0.141', 56160) server /var/lib/kolla/venv/lib/python3.6/site-packages/eventlet/wsgi.py:1004
2025-09-15 02:02:30.577 22 INFO neutron.wsgi [-] 10.0.0.141 "GET / HTTP/1.1" status: 200 len: 228 time: 0.0024986
2025-09-15 02:02:32.058 27 DEBUG neutron_lib.callbacks.manager [req-b8ec4ac8-da39-4232-af47-75308346f596 - - - - -] Publish callbacks ['neutron.services.segments.db._update_segment_host_mapping_for_agent-8786048189043', 'neutron.plugins.ml2.plugin.Ml2Plugin._retry_binding_revived_agents--9223372036853407088'] for agent (97effa6f-391c-4c5c-99b4-6dd064225292), after_update _notify_loop /var/lib/kolla/venv/lib/python3.6/site-packages/neutron_lib/callbacks/manager.py:177
2025-09-15 02:02:49.546 24 DEBUG neutron_lib.callbacks.manager [req-2075bc8b-d4ff-4b2d-a039-b2ffb2947f11 - - - - -] Publish callbacks ['neutron.services.segments.db._update_segment_host_mapping_for_agent-8786048189043', 'neutron.plugins.ml2.plugin.Ml2Plugin._retry_binding_revived_agents--9223372036853407088'] for agent (5244572e-f98b-43bf-a5eb-e21c158b0c03), after_update _notify_loop /var/lib/kolla/venv/lib/python3.6/site-packages/neutron_lib/callbacks/manager.py:177
2025-09-15 02:03:00.627 22 DEBUG neutron.wsgi [-] (22) accepted ('10.0.0.141', 55398) server /var/lib/kolla/venv/lib/python3.6/site-packages/eventlet/wsgi.py:1004
2025-09-15 02:03:00.630 22 INFO neutron.wsgi [-] 10.0.0.141 "GET / HTTP/1.1" status: 200 len: 228 time: 0.0027115
2025-09-15 02:03:01.111 29 DEBUG neutron.db.agents_db [req-761da272-e437-44eb-9123-00bb6a3ae552 - - - - -] Agent healthcheck: found 2 active agents agent_health_check /var/lib/kolla/venv/lib/python3.6/site-packages/neutron/db/agents_db.py:318
2025-09-15 02:03:02.056 26 DEBUG neutron_lib.callbacks.manager [req-5fa001e3-69d0-4019-bd89-9b8c099d3502 - - - - -] Publish callbacks ['neutron.services.segments.db._update_segment_host_mapping_for_agent-8786048189043', 'neutron.plugins.ml2.plugin.Ml2Plugin._retry_binding_revived_agents--9223372036853407088'] for agent (97effa6f-391c-4c5c-99b4-6dd064225292), after_update _notify_loop /var/lib/kolla/venv/lib/python3.6/site-packages/neutron_lib/callbacks/manager.py:177
2025-09-15 02:03:19.544 28 DEBUG neutron_lib.callbacks.manager [req-2075bc8b-d4ff-4b2d-a039-b2ffb2947f11 - - - - -] Publish callbacks ['neutron.services.segments.db._update_segment_host_mapping_for_agent-8786048189043', 'neutron.plugins.ml2.plugin.Ml2Plugin._retry_binding_revived_agents--9223372036853407088'] for agent (5244572e-f98b-43bf-a5eb-e21c158b0c03), after_update _notify_loop /var/lib/kolla/venv/lib/python3.6/site-packages/neutron_lib/callbacks/manager.py:177
2025-09-15 02:03:30.673 22 DEBUG neutron.wsgi [-] (22) accepted ('10.0.0.141', 38470) server /var/lib/kolla/venv/lib/python3.6/site-packages/eventlet/wsgi.py:1004
2025-09-15 02:03:30.676 22 INFO neutron.wsgi [-] 10.0.0.141 "GET / HTTP/1.1" status: 200 len: 228 time: 0.0024486
2025-09-15 02:03:32.053 25 DEBUG neutron_lib.callbacks.manager [req-4d2033de-43db-484d-8cab-feaf601306da - - - - -] Publish callbacks ['neutron.services.segments.db._update_segment_host_mapping_for_agent-8786048189043', 'neutron.plugins.ml2.plugin.Ml2Plugin._retry_binding_revived_agents--9223372036853407088'] for agent (97effa6f-391c-4c5c-99b4-6dd064225292), after_update _notify_loop /var/lib/kolla/venv/lib/python3.6/site-packages/neutron_lib/callbacks/manager.py:177
2025-09-15 02:03:38.115 29 DEBUG neutron.db.agents_db [req-761da272-e437-44eb-9123-00bb6a3ae552 - - - - -] Agent healthcheck: found 2 active agents agent_health_check /var/lib/kolla/venv/lib/python3.6/site-packages/neutron/db/agents_db.py:318
2025-09-15 02:03:49.551 23 DEBUG neutron_lib.callbacks.manager [req-2075bc8b-d4ff-4b2d-a039-b2ffb2947f11 - - - - -] Publish callbacks ['neutron.services.segments.db._update_segment_host_mapping_for_agent-8786048189043', 'neutron.plugins.ml2.plugin.Ml2Plugin._retry_binding_revived_agents--9223372036853407088'] for agent (5244572e-f98b-43bf-a5eb-e21c158b0c03), after_update _notify_loop /var/lib/kolla/venv/lib/python3.6/site-packages/neutron_lib/callbacks/manager.py:177
2025-09-15 02:04:00.719 22 DEBUG neutron.wsgi [-] (22) accepted ('10.0.0.141', 35514) server /var/lib/kolla/venv/lib/python3.6/site-packages/eventlet/wsgi.py:1004
2025-09-15 02:04:00.722 22 INFO neutron.wsgi [-] 10.0.0.141 "GET / HTTP/1.1" status: 200 len: 228 time: 0.0029693
2025-09-15 02:04:02.050 27 DEBUG neutron_lib.callbacks.manager [req-262d6df6-3c54-481c-bd63-da97e20f3b8b - - - - -] Publish callbacks ['neutron.services.segments.db._update_segment_host_mapping_for_agent-8786048189043', 'neutron.plugins.ml2.plugin.Ml2Plugin._retry_binding_revived_agents--9223372036853407088'] for agent (97effa6f-391c-4c5c-99b4-6dd064225292), after_update _notify_loop /var/lib/kolla/venv/lib/python3.6/site-packages/neutron_lib/callbacks/manager.py:177
2025-09-15 02:04:15.122 29 DEBUG neutron.db.agents_db [req-761da272-e437-44eb-9123-00bb6a3ae552 - - - - -] Agent healthcheck: found 2 active agents agent_health_check /var/lib/kolla/venv/lib/python3.6/site-packages/neutron/db/agents_db.py:318
2025-09-15 02:04:19.549 24 DEBUG neutron_lib.callbacks.manager [req-2075bc8b-d4ff-4b2d-a039-b2ffb2947f11 - - - - -] Publish callbacks ['neutron.services.segments.db._update_segment_host_mapping_for_agent-8786048189043', 'neutron.plugins.ml2.plugin.Ml2Plugin._retry_binding_revived_agents--9223372036853407088'] for agent (5244572e-f98b-43bf-a5eb-e21c158b0c03), after_update _notify_loop /var/lib/kolla/venv/lib/python3.6/site-packages/neutron_lib/callbacks/manager.py:177
2025-09-15 02:04:30.771 22 DEBUG neutron.wsgi [-] (22) accepted ('10.0.0.141', 38034) server /var/lib/kolla/venv/lib/python3.6/site-packages/eventlet/wsgi.py:1004
2025-09-15 02:04:30.774 22 INFO neutron.wsgi [-] 10.0.0.141 "GET / HTTP/1.1" status: 200 len: 228 time: 0.0025761
2025-09-15 02:04:32.046 26 DEBUG neutron_lib.callbacks.manager [req-408e9907-9ded-48a5-9a19-71a7652bfb61 - - - - -] Publish callbacks ['neutron.services.segments.db._update_segment_host_mapping_for_agent-8786048189043', 'neutron.plugins.ml2.plugin.Ml2Plugin._retry_binding_revived_agents--9223372036853407088'] for agent (97effa6f-391c-4c5c-99b4-6dd064225292), after_update _notify_loop /var/lib/kolla/venv/lib/python3.6/site-packages/neutron_lib/callbacks/manager.py:177
2025-09-15 02:04:49.551 28 DEBUG neutron_lib.callbacks.manager [req-2075bc8b-d4ff-4b2d-a039-b2ffb2947f11 - - - - -] Publish callbacks ['neutron.services.segments.db._update_segment_host_mapping_for_agent-8786048189043', 'neutron.plugins.ml2.plugin.Ml2Plugin._retry_binding_revived_agents--9223372036853407088'] for agent (5244572e-f98b-43bf-a5eb-e21c158b0c03), after_update _notify_loop /var/lib/kolla/venv/lib/python3.6/site-packages/neutron_lib/callbacks/manager.py:177
2025-09-15 02:04:52.121 29 DEBUG neutron.db.agents_db [req-761da272-e437-44eb-9123-00bb6a3ae552 - - - - -] Agent healthcheck: found 2 active agents agent_health_check /var/lib/kolla/venv/lib/python3.6/site-packages/neutron/db/agents_db.py:318
2025-09-15 02:04:59.315 7 INFO oslo_service.service [-] Caught SIGTERM, stopping children
2025-09-15 02:04:59.316 7 DEBUG oslo_concurrency.lockutils [-] Acquired lock "singleton_lock" lock /var/lib/kolla/venv/lib/python3.6/site-packages/oslo_concurrency/lockutils.py:294
2025-09-15 02:04:59.316 7 DEBUG oslo_concurrency.lockutils [-] Releasing lock "singleton_lock" lock /var/lib/kolla/venv/lib/python3.6/site-packages/oslo_concurrency/lockutils.py:312
2025-09-15 02:04:59.316 7 DEBUG oslo_service.service [-] Stop services. stop /var/lib/kolla/venv/lib/python3.6/site-packages/oslo_service/service.py:695
2025-09-15 02:04:59.316 7 DEBUG neutron.service [-] calling RpcWorker stop() stop /var/lib/kolla/venv/lib/python3.6/site-packages/neutron/service.py:138
2025-09-15 02:04:59.316 7 DEBUG neutron.service [-] calling RpcWorker stop() stop /var/lib/kolla/venv/lib/python3.6/site-packages/neutron/service.py:138
2025-09-15 02:04:59.316 7 DEBUG oslo_service.service [-] Killing children. stop /var/lib/kolla/venv/lib/python3.6/site-packages/oslo_service/service.py:700
2025-09-15 02:04:59.316 7 INFO oslo_service.service [-] Waiting on 8 children to exit
2025-09-15 02:04:59.317 22 INFO neutron.wsgi [-] (22) wsgi exited, is_accepting=True
2025-09-15 02:04:59.317 24 DEBUG neutron.service [-] calling RpcWorker stop() stop /var/lib/kolla/venv/lib/python3.6/site-packages/neutron/service.py:138
2025-09-15 02:04:59.317 27 DEBUG neutron.service [-] calling RpcWorker stop() stop /var/lib/kolla/venv/lib/python3.6/site-packages/neutron/service.py:138
2025-09-15 02:04:59.317 25 DEBUG neutron.service [-] calling RpcWorker stop() stop /var/lib/kolla/venv/lib/python3.6/site-packages/neutron/service.py:138
2025-09-15 02:04:59.317 29 DEBUG neutron.service [-] calling RpcWorker stop() stop /var/lib/kolla/venv/lib/python3.6/site-packages/neutron/service.py:138
2025-09-15 02:04:59.317 22 DEBUG oslo_concurrency.lockutils [req-471d2c38-931b-4f33-8b72-886471c38226 - - - - -] Acquired lock "singleton_lock" lock /var/lib/kolla/venv/lib/python3.6/site-packages/oslo_concurrency/lockutils.py:294
2025-09-15 02:04:59.318 22 DEBUG oslo_concurrency.lockutils [req-471d2c38-931b-4f33-8b72-886471c38226 - - - - -] Releasing lock "singleton_lock" lock /var/lib/kolla/venv/lib/python3.6/site-packages/oslo_concurrency/lockutils.py:312
2025-09-15 02:04:59.318 29 DEBUG neutron.service [-] calling stop on stop /var/lib/kolla/venv/lib/python3.6/site-packages/neutron/service.py:141
2025-09-15 02:04:59.317 24 DEBUG neutron.service [-] calling stop on stop /var/lib/kolla/venv/lib/python3.6/site-packages/neutron/service.py:141
2025-09-15 02:04:59.317 27 DEBUG neutron.service [-] calling stop on stop /var/lib/kolla/venv/lib/python3.6/site-packages/neutron/service.py:141
2025-09-15 02:04:59.318 25 DEBUG neutron.service [-] calling stop on stop /var/lib/kolla/venv/lib/python3.6/site-packages/neutron/service.py:141
2025-09-15 02:04:59.320 23 DEBUG neutron.service [-] calling RpcWorker stop() stop /var/lib/kolla/venv/lib/python3.6/site-packages/neutron/service.py:138
2025-09-15 02:04:59.320 26 DEBUG neutron.service [-] calling RpcWorker stop() stop /var/lib/kolla/venv/lib/python3.6/site-packages/neutron/service.py:138
2025-09-15 02:04:59.321 7 INFO oslo_service.service [-] Child 22 exited with status 0
2025-09-15 02:04:59.320 23 DEBUG neutron.service [-] calling stop on stop /var/lib/kolla/venv/lib/python3.6/site-packages/neutron/service.py:141
2025-09-15 02:04:59.320 28 DEBUG neutron.service [-] calling RpcWorker stop() stop /var/lib/kolla/venv/lib/python3.6/site-packages/neutron/service.py:138
2025-09-15 02:04:59.320 26 DEBUG neutron.service [-] calling stop on stop /var/lib/kolla/venv/lib/python3.6/site-packages/neutron/service.py:141
2025-09-15 02:04:59.323 28 DEBUG neutron.service [-] calling stop on stop /var/lib/kolla/venv/lib/python3.6/site-packages/neutron/service.py:141
2025-09-15 02:05:00.244 26 DEBUG oslo_concurrency.lockutils [req-471d2c38-931b-4f33-8b72-886471c38226 - - - - -] Acquired lock "singleton_lock" lock /var/lib/kolla/venv/lib/python3.6/site-packages/oslo_concurrency/lockutils.py:294
2025-09-15 02:05:00.245 26 DEBUG oslo_concurrency.lockutils [req-471d2c38-931b-4f33-8b72-886471c38226 - - - - -] Releasing lock "singleton_lock" lock /var/lib/kolla/venv/lib/python3.6/site-packages/oslo_concurrency/lockutils.py:312
2025-09-15 02:05:00.245 26 DEBUG neutron.service [req-471d2c38-931b-4f33-8b72-886471c38226 - - - - -] calling RpcWorker wait() _wait /var/lib/kolla/venv/lib/python3.6/site-packages/neutron/service.py:128
2025-09-15 02:05:00.245 26 DEBUG neutron.service [req-471d2c38-931b-4f33-8b72-886471c38226 - - - - -] calling wait on _wait /var/lib/kolla/venv/lib/python3.6/site-packages/neutron/service.py:131
2025-09-15 02:05:00.255 26 WARNING amqp [req-471d2c38-931b-4f33-8b72-886471c38226 - - - - -] Received method (60, 30) during closing channel 1. This method will be ignored
2025-09-15 02:05:00.256 26 DEBUG neutron.service [req-471d2c38-931b-4f33-8b72-886471c38226 - - - - -] returning from RpcWorker wait() _wait /var/lib/kolla/venv/lib/python3.6/site-packages/neutron/service.py:135
2025-09-15 02:05:00.263 7 INFO oslo_service.service [-] Child 26 exited with status 0
2025-09-15 02:05:02.052 25 DEBUG neutron_lib.callbacks.manager [req-cd3428f9-6d62-4a29-90fc-d26a32ac1b97 - - - - -] Publish callbacks ['neutron.services.segments.db._update_segment_host_mapping_for_agent-8786048189043', 'neutron.plugins.ml2.plugin.Ml2Plugin._retry_binding_revived_agents--9223372036853407088'] for agent (97effa6f-391c-4c5c-99b4-6dd064225292), after_update _notify_loop /var/lib/kolla/venv/lib/python3.6/site-packages/neutron_lib/callbacks/manager.py:177
2025-09-15 02:05:02.745 28 DEBUG oslo_concurrency.lockutils [req-471d2c38-931b-4f33-8b72-886471c38226 - - - - -] Acquired lock "singleton_lock" lock /var/lib/kolla/venv/lib/python3.6/site-packages/oslo_concurrency/lockutils.py:294
2025-09-15 02:05:02.746 28 DEBUG oslo_concurrency.lockutils [req-471d2c38-931b-4f33-8b72-886471c38226 - - - - -] Releasing lock "singleton_lock" lock /var/lib/kolla/venv/lib/python3.6/site-packages/oslo_concurrency/lockutils.py:312
2025-09-15 02:05:02.746 28 DEBUG neutron.service [req-471d2c38-931b-4f33-8b72-886471c38226 - - - - -] calling RpcWorker wait() _wait /var/lib/kolla/venv/lib/python3.6/site-packages/neutron/service.py:128
2025-09-15 02:05:02.746 28 DEBUG neutron.service [req-471d2c38-931b-4f33-8b72-886471c38226 - - - - -] calling wait on _wait /var/lib/kolla/venv/lib/python3.6/site-packages/neutron/service.py:131
2025-09-15 02:05:02.757 28 WARNING amqp [req-471d2c38-931b-4f33-8b72-886471c38226 - - - - -] Received method (60, 30) during closing channel 1. This method will be ignored
2025-09-15 02:05:02.758 28 DEBUG neutron.service [req-471d2c38-931b-4f33-8b72-886471c38226 - - - - -] returning from RpcWorker wait() _wait /var/lib/kolla/venv/lib/python3.6/site-packages/neutron/service.py:135
2025-09-15 02:05:02.762 7 INFO oslo_service.service [-] Child 28 exited with status 0
2025-09-15 02:05:03.056 23 DEBUG neutron.service [-] calling stop on stop /var/lib/kolla/venv/lib/python3.6/site-packages/neutron/service.py:141
2025-09-15 02:05:03.064 25 DEBUG neutron.service [-] calling stop on stop /var/lib/kolla/venv/lib/python3.6/site-packages/neutron/service.py:141
2025-09-15 02:05:03.071 24 DEBUG neutron.service [-] calling stop on stop /var/lib/kolla/venv/lib/python3.6/site-packages/neutron/service.py:141
2025-09-15 02:05:03.073 23 DEBUG neutron.service [-] calling stop on stop /var/lib/kolla/venv/lib/python3.6/site-packages/neutron/service.py:141
2025-09-15 02:05:03.080 25 DEBUG neutron.service [-] calling stop on stop /var/lib/kolla/venv/lib/python3.6/site-packages/neutron/service.py:141
2025-09-15 02:05:03.082 29 DEBUG oslo_concurrency.lockutils [req-471d2c38-931b-4f33-8b72-886471c38226 - - - - -] Acquired lock "singleton_lock" lock /var/lib/kolla/venv/lib/python3.6/site-packages/oslo_concurrency/lockutils.py:294
2025-09-15 02:05:03.082 29 DEBUG oslo_concurrency.lockutils [req-471d2c38-931b-4f33-8b72-886471c38226 - - - - -] Releasing lock "singleton_lock" lock /var/lib/kolla/venv/lib/python3.6/site-packages/oslo_concurrency/lockutils.py:312
2025-09-15 02:05:03.083 29 DEBUG neutron.service [req-471d2c38-931b-4f33-8b72-886471c38226 - - - - -] calling RpcWorker wait() _wait /var/lib/kolla/venv/lib/python3.6/site-packages/neutron/service.py:128
2025-09-15 02:05:03.083 29 DEBUG neutron.service [req-471d2c38-931b-4f33-8b72-886471c38226 - - - - -] calling wait on _wait /var/lib/kolla/venv/lib/python3.6/site-packages/neutron/service.py:131
2025-09-15 02:05:03.089 29 WARNING amqp [req-471d2c38-931b-4f33-8b72-886471c38226 - - - - -] Received method (60, 30) during closing channel 1. This method will be ignored
2025-09-15 02:05:03.090 29 DEBUG neutron.service [req-471d2c38-931b-4f33-8b72-886471c38226 - - - - -] returning from RpcWorker wait() _wait /var/lib/kolla/venv/lib/python3.6/site-packages/neutron/service.py:135
2025-09-15 02:05:03.094 23 DEBUG neutron.service [-] calling stop on stop /var/lib/kolla/venv/lib/python3.6/site-packages/neutron/service.py:141
2025-09-15 02:05:03.094 7 INFO oslo_service.service [-] Child 29 exited with status 0
2025-09-15 02:05:03.097 24 DEBUG neutron.service [-] calling stop on stop /var/lib/kolla/venv/lib/python3.6/site-packages/neutron/service.py:141
2025-09-15 02:05:03.104 27 DEBUG oslo_concurrency.lockutils [req-471d2c38-931b-4f33-8b72-886471c38226 - - - - -] Acquired lock "singleton_lock" lock /var/lib/kolla/venv/lib/python3.6/site-packages/oslo_concurrency/lockutils.py:294
2025-09-15 02:05:03.104 27 DEBUG oslo_concurrency.lockutils [req-471d2c38-931b-4f33-8b72-886471c38226 - - - - -] Releasing lock "singleton_lock" lock /var/lib/kolla/venv/lib/python3.6/site-packages/oslo_concurrency/lockutils.py:312
2025-09-15 02:05:03.105 27 DEBUG neutron.service [req-471d2c38-931b-4f33-8b72-886471c38226 - - - - -] calling RpcWorker wait() _wait /var/lib/kolla/venv/lib/python3.6/site-packages/neutron/service.py:128
2025-09-15 02:05:03.105 27 DEBUG neutron.service [req-471d2c38-931b-4f33-8b72-886471c38226 - - - - -] calling wait on _wait /var/lib/kolla/venv/lib/python3.6/site-packages/neutron/service.py:131
2025-09-15 02:05:03.105 23 DEBUG oslo_concurrency.lockutils [req-471d2c38-931b-4f33-8b72-886471c38226 - - - - -] Acquired lock "singleton_lock" lock /var/lib/kolla/venv/lib/python3.6/site-packages/oslo_concurrency/lockutils.py:294
2025-09-15 02:05:03.105 23 DEBUG oslo_concurrency.lockutils [req-471d2c38-931b-4f33-8b72-886471c38226 - - - - -] Releasing lock "singleton_lock" lock /var/lib/kolla/venv/lib/python3.6/site-packages/oslo_concurrency/lockutils.py:312
2025-09-15 02:05:03.105 23 DEBUG neutron.service [req-471d2c38-931b-4f33-8b72-886471c38226 - - - - -] calling RpcWorker wait() _wait /var/lib/kolla/venv/lib/python3.6/site-packages/neutron/service.py:128
2025-09-15 02:05:03.106 23 DEBUG neutron.service [req-471d2c38-931b-4f33-8b72-886471c38226 - - - - -] calling wait on _wait /var/lib/kolla/venv/lib/python3.6/site-packages/neutron/service.py:131
2025-09-15 02:05:03.109 24 DEBUG neutron.service [-] calling stop on stop /var/lib/kolla/venv/lib/python3.6/site-packages/neutron/service.py:141
2025-09-15 02:05:03.110 27 WARNING amqp [req-471d2c38-931b-4f33-8b72-886471c38226 - - - - -] Received method (60, 30) during closing channel 1. This method will be ignored
2025-09-15 02:05:03.110 27 DEBUG neutron.service [req-471d2c38-931b-4f33-8b72-886471c38226 - - - - -] returning from RpcWorker wait() _wait /var/lib/kolla/venv/lib/python3.6/site-packages/neutron/service.py:135
2025-09-15 02:05:03.113 23 WARNING amqp [req-471d2c38-931b-4f33-8b72-886471c38226 - - - - -] Received method (60, 30) during closing channel 1. This method will be ignored
2025-09-15 02:05:03.114 23 DEBUG neutron.service [req-471d2c38-931b-4f33-8b72-886471c38226 - - - - -] calling wait on _wait /var/lib/kolla/venv/lib/python3.6/site-packages/neutron/service.py:131
2025-09-15 02:05:03.116 7 INFO oslo_service.service [-] Child 27 exited with status 0
2025-09-15 02:05:03.118 24 DEBUG oslo_concurrency.lockutils [req-471d2c38-931b-4f33-8b72-886471c38226 - - - - -] Acquired lock "singleton_lock" lock /var/lib/kolla/venv/lib/python3.6/site-packages/oslo_concurrency/lockutils.py:294
2025-09-15 02:05:03.118 24 DEBUG oslo_concurrency.lockutils [req-471d2c38-931b-4f33-8b72-886471c38226 - - - - -] Releasing lock "singleton_lock" lock /var/lib/kolla/venv/lib/python3.6/site-packages/oslo_concurrency/lockutils.py:312
2025-09-15 02:05:03.119 23 WARNING amqp [req-471d2c38-931b-4f33-8b72-886471c38226 - - - - -] Received method (60, 30) during closing channel 1. This method will be ignored
2025-09-15 02:05:03.119 24 DEBUG neutron.service [req-471d2c38-931b-4f33-8b72-886471c38226 - - - - -] calling RpcWorker wait() _wait /var/lib/kolla/venv/lib/python3.6/site-packages/neutron/service.py:128
2025-09-15 02:05:03.120 23 DEBUG neutron.service [req-471d2c38-931b-4f33-8b72-886471c38226 - - - - -] calling wait on _wait /var/lib/kolla/venv/lib/python3.6/site-packages/neutron/service.py:131
2025-09-15 02:05:03.120 24 DEBUG neutron.service [req-471d2c38-931b-4f33-8b72-886471c38226 - - - - -] calling wait on _wait /var/lib/kolla/venv/lib/python3.6/site-packages/neutron/service.py:131
2025-09-15 02:05:03.124 23 WARNING amqp [req-471d2c38-931b-4f33-8b72-886471c38226 - - - - -] Received method (60, 30) during closing channel 1. This method will be ignored
2025-09-15 02:05:03.124 23 DEBUG neutron.service [req-471d2c38-931b-4f33-8b72-886471c38226 - - - - -] calling wait on _wait /var/lib/kolla/venv/lib/python3.6/site-packages/neutron/service.py:131
2025-09-15 02:05:03.127 24 WARNING amqp [req-471d2c38-931b-4f33-8b72-886471c38226 - - - - -] Received method (60, 30) during closing channel 1. This method will be ignored
2025-09-15 02:05:03.128 24 DEBUG neutron.service [req-471d2c38-931b-4f33-8b72-886471c38226 - - - - -] calling wait on _wait /var/lib/kolla/venv/lib/python3.6/site-packages/neutron/service.py:131
2025-09-15 02:05:03.129 23 WARNING amqp [req-471d2c38-931b-4f33-8b72-886471c38226 - - - - -] Received method (60, 30) during closing channel 1. This method will be ignored
2025-09-15 02:05:03.130 23 DEBUG neutron.service [req-471d2c38-931b-4f33-8b72-886471c38226 - - - - -] returning from RpcWorker wait() _wait /var/lib/kolla/venv/lib/python3.6/site-packages/neutron/service.py:135
2025-09-15 02:05:03.133 24 WARNING amqp [req-471d2c38-931b-4f33-8b72-886471c38226 - - - - -] Received method (60, 30) during closing channel 1. This method will be ignored
2025-09-15 02:05:03.134 24 DEBUG neutron.service [req-471d2c38-931b-4f33-8b72-886471c38226 - - - - -] calling wait on _wait /var/lib/kolla/venv/lib/python3.6/site-packages/neutron/service.py:131
2025-09-15 02:05:03.135 7 INFO oslo_service.service [-] Child 23 exited with status 0
2025-09-15 02:05:03.138 24 WARNING amqp [req-471d2c38-931b-4f33-8b72-886471c38226 - - - - -] Received method (60, 30) during closing channel 1. This method will be ignored
2025-09-15 02:05:03.139 24 DEBUG neutron.service [req-471d2c38-931b-4f33-8b72-886471c38226 - - - - -] calling wait on _wait /var/lib/kolla/venv/lib/python3.6/site-packages/neutron/service.py:131
2025-09-15 02:05:03.143 24 WARNING amqp [req-471d2c38-931b-4f33-8b72-886471c38226 - - - - -] Received method (60, 30) during closing channel 1. This method will be ignored
2025-09-15 02:05:03.144 24 DEBUG neutron.service [req-471d2c38-931b-4f33-8b72-886471c38226 - - - - -] returning from RpcWorker wait() _wait /var/lib/kolla/venv/lib/python3.6/site-packages/neutron/service.py:135
2025-09-15 02:05:03.150 7 INFO oslo_service.service [-] Child 24 exited with status 0
2025-09-15 02:05:04.100 25 DEBUG neutron.service [-] calling stop on stop /var/lib/kolla/venv/lib/python3.6/site-packages/neutron/service.py:141
2025-09-15 02:05:08.104 25 DEBUG oslo_concurrency.lockutils [req-471d2c38-931b-4f33-8b72-886471c38226 - - - - -] Acquired lock "singleton_lock" lock /var/lib/kolla/venv/lib/python3.6/site-packages/oslo_concurrency/lockutils.py:294
2025-09-15 02:05:08.105 25 DEBUG oslo_concurrency.lockutils [req-471d2c38-931b-4f33-8b72-886471c38226 - - - - -] Releasing lock "singleton_lock" lock /var/lib/kolla/venv/lib/python3.6/site-packages/oslo_concurrency/lockutils.py:312
2025-09-15 02:05:08.105 25 DEBUG neutron.service [req-471d2c38-931b-4f33-8b72-886471c38226 - - - - -] calling RpcWorker wait() _wait /var/lib/kolla/venv/lib/python3.6/site-packages/neutron/service.py:128
2025-09-15 02:05:08.105 25 DEBUG neutron.service [req-471d2c38-931b-4f33-8b72-886471c38226 - - - - -] calling wait on _wait /var/lib/kolla/venv/lib/python3.6/site-packages/neutron/service.py:131
2025-09-15 02:05:08.111 25 WARNING amqp [req-471d2c38-931b-4f33-8b72-886471c38226 - - - - -] Received method (60, 30) during closing channel 1. This method will be ignored
2025-09-15 02:05:08.112 25 DEBUG neutron.service [req-471d2c38-931b-4f33-8b72-886471c38226 - - - - -] calling wait on _wait /var/lib/kolla/venv/lib/python3.6/site-packages/neutron/service.py:131
2025-09-15 02:05:08.117 25 WARNING amqp [req-471d2c38-931b-4f33-8b72-886471c38226 - - - - -] Received method (60, 30) during closing channel 1. This method will be ignored
2025-09-15 02:05:08.117 25 DEBUG neutron.service [req-471d2c38-931b-4f33-8b72-886471c38226 - - - - -] calling wait on _wait /var/lib/kolla/venv/lib/python3.6/site-packages/neutron/service.py:131
2025-09-15 02:05:08.121 25 WARNING amqp [req-471d2c38-931b-4f33-8b72-886471c38226 - - - - -] Received method (60, 30) during closing channel 1. This method will be ignored
2025-09-15 02:05:08.122 25 DEBUG neutron.service [req-471d2c38-931b-4f33-8b72-886471c38226 - - - - -] calling wait on _wait /var/lib/kolla/venv/lib/python3.6/site-packages/neutron/service.py:131
2025-09-15 02:05:08.126 25 WARNING amqp [req-471d2c38-931b-4f33-8b72-886471c38226 - - - - -] Received method (60, 30) during closing channel 1. This method will be ignored
2025-09-15 02:05:08.127 25 DEBUG neutron.service [req-471d2c38-931b-4f33-8b72-886471c38226 - - - - -] returning from RpcWorker wait() _wait /var/lib/kolla/venv/lib/python3.6/site-packages/neutron/service.py:135
2025-09-15 02:05:08.131 7 INFO oslo_service.service [-] Child 25 exited with status 0
2025-09-15 02:05:08.131 7 INFO oslo_service.service [-] Wait called after thread killed. Cleaning up.
2025-09-15 02:05:08.131 7 DEBUG oslo_service.service [-] Stop services. stop /var/lib/kolla/venv/lib/python3.6/site-packages/oslo_service/service.py:695
2025-09-15 02:05:08.131 7 DEBUG oslo_service.service [-] Killing children. stop /var/lib/kolla/venv/lib/python3.6/site-packages/oslo_service/service.py:700
2025-09-15 02:05:12.166 7 INFO neutron.common.config [-] Logging enabled!
2025-09-15 02:05:12.166 7 INFO neutron.common.config [-] /var/lib/kolla/venv/bin/neutron-server version 20.5.1.dev23
2025-09-15 02:05:12.166 7 DEBUG neutron.common.config [-] command line: /var/lib/kolla/venv/bin/neutron-server --config-file /etc/neutron/neutron.conf --config-file /etc/neutron/ContrailPlugin.ini --config-file /etc/neutron/api-paste.ini setup_logging /var/lib/kolla/venv/lib/python3.6/site-packages/neutron/common/config.py:115
2025-09-15 02:05:12.170 7 INFO neutron.common.config [-] Logging enabled!
2025-09-15 02:05:12.170 7 INFO neutron.common.config [-] /var/lib/kolla/venv/bin/neutron-server version 20.5.1.dev23
2025-09-15 02:05:12.170 7 DEBUG neutron.common.config [-] command line: /var/lib/kolla/venv/bin/neutron-server --config-file /etc/neutron/neutron.conf --config-file /etc/neutron/ContrailPlugin.ini --config-file /etc/neutron/api-paste.ini setup_logging /var/lib/kolla/venv/lib/python3.6/site-packages/neutron/common/config.py:115
2025-09-15 02:05:12.170 7 DEBUG neutron.common.config [-] ******************************************************************************** log_opt_values /var/lib/kolla/venv/lib/python3.6/site-packages/oslo_config/cfg.py:2589
2025-09-15 02:05:12.170 7 DEBUG neutron.common.config [-] Configuration options gathered from: log_opt_values /var/lib/kolla/venv/lib/python3.6/site-packages/oslo_config/cfg.py:2590
2025-09-15 02:05:12.171 7 DEBUG neutron.common.config [-] command line args: ['--config-file', '/etc/neutron/neutron.conf', '--config-file', '/etc/neutron/ContrailPlugin.ini', '--config-file', '/etc/neutron/api-paste.ini'] log_opt_values /var/lib/kolla/venv/lib/python3.6/site-packages/oslo_config/cfg.py:2591
2025-09-15 02:05:12.171 7 DEBUG neutron.common.config [-] config files: ['/etc/neutron/neutron.conf', '/etc/neutron/ContrailPlugin.ini', '/etc/neutron/api-paste.ini'] log_opt_values /var/lib/kolla/venv/lib/python3.6/site-packages/oslo_config/cfg.py:2593
2025-09-15 02:05:12.171 7 DEBUG neutron.common.config [-] ================================================================================ log_opt_values /var/lib/kolla/venv/lib/python3.6/site-packages/oslo_config/cfg.py:2594
2025-09-15 02:05:12.172 7 DEBUG neutron.common.config [-] allow_bulk = True log_opt_values /var/lib/kolla/venv/lib/python3.6/site-packages/oslo_config/cfg.py:2603
2025-09-15 02:05:12.172 7 WARNING oslo_config.cfg [-] Deprecated: Option "allow_overlapping_ips" from group "DEFAULT" is deprecated for removal. Its value may be silently ignored in the future.
2025-09-15 02:05:12.172 7 DEBUG neutron.common.config [-] allow_overlapping_ips = True log_opt_values /var/lib/kolla/venv/lib/python3.6/site-packages/oslo_config/cfg.py:2603
2025-09-15 02:05:12.172 7 DEBUG neutron.common.config [-] api_extensions_path = /opt/plugin/site-packages/neutron_plugin_contrail/extensions:/opt/plugin/site-packages/neutron_lbaas/extensions log_opt_values /var/lib/kolla/venv/lib/python3.6/site-packages/oslo_config/cfg.py:2603
2025-09-15 02:05:12.172 7 DEBUG neutron.common.config [-] api_paste_config = /etc/neutron/api-paste.ini log_opt_values /var/lib/kolla/venv/lib/python3.6/site-packages/oslo_config/cfg.py:2603
2025-09-15 02:05:12.172 7 DEBUG neutron.common.config [-] api_workers = 1 log_opt_values /var/lib/kolla/venv/lib/python3.6/site-packages/oslo_config/cfg.py:2603
2025-09-15 02:05:12.172 7 DEBUG neutron.common.config [-] auth_strategy = keystone log_opt_values /var/lib/kolla/venv/lib/python3.6/site-packages/oslo_config/cfg.py:2603
2025-09-15 02:05:12.172 7 DEBUG neutron.common.config [-] backlog = 4096 log_opt_values /var/lib/kolla/venv/lib/python3.6/site-packages/oslo_config/cfg.py:2603
