2024-09-16 01:56:18.775 63760 DEBUG oslo_service.service [-] clients_nova.http_log_debug = False log_opt_values /usr/lib/python3/dist-packages/oslo_config/cfg.py:2609
2024-09-16 01:56:18.776 63760 DEBUG oslo_service.service [-] clients_nova.insecure = None log_opt_values /usr/lib/python3/dist-packages/oslo_config/cfg.py:2609
2024-09-16 01:56:18.776 63760 DEBUG oslo_service.service [-] clients_nova.key_file = None log_opt_values /usr/lib/python3/dist-packages/oslo_config/cfg.py:2609
2024-09-16 01:56:18.776 63760 DEBUG oslo_service.service [-] clients_octavia.ca_file = None log_opt_values /usr/lib/python3/dist-packages/oslo_config/cfg.py:2609
2024-09-16 01:56:18.776 63760 DEBUG oslo_service.service [-] clients_octavia.cert_file = None log_opt_values /usr/lib/python3/dist-packages/oslo_config/cfg.py:2609
2024-09-16 01:56:18.776 63760 DEBUG oslo_service.service [-] clients_octavia.endpoint_type = None log_opt_values /usr/lib/python3/dist-packages/oslo_config/cfg.py:2609
2024-09-16 01:56:18.776 63760 DEBUG oslo_service.service [-] clients_octavia.insecure = None log_opt_values /usr/lib/python3/dist-packages/oslo_config/cfg.py:2609
2024-09-16 01:56:18.776 63760 DEBUG oslo_service.service [-] clients_octavia.key_file = None log_opt_values /usr/lib/python3/dist-packages/oslo_config/cfg.py:2609
2024-09-16 01:56:18.776 63760 DEBUG oslo_service.service [-] clients_sahara.ca_file = None log_opt_values /usr/lib/python3/dist-packages/oslo_config/cfg.py:2609
2024-09-16 01:56:18.776 63760 DEBUG oslo_service.service [-] clients_sahara.cert_file = None log_opt_values /usr/lib/python3/dist-packages/oslo_config/cfg.py:2609
2024-09-16 01:56:18.777 63760 DEBUG oslo_service.service [-] clients_sahara.endpoint_type = None log_opt_values /usr/lib/python3/dist-packages/oslo_config/cfg.py:2609
2024-09-16 01:56:18.777 63760 DEBUG oslo_service.service [-] clients_sahara.insecure = None log_opt_values /usr/lib/python3/dist-packages/oslo_config/cfg.py:2609
2024-09-16 01:56:18.777 63760 DEBUG oslo_service.service [-] clients_sahara.key_file = None log_opt_values /usr/lib/python3/dist-packages/oslo_config/cfg.py:2609
2024-09-16 01:56:18.777 63760 DEBUG oslo_service.service [-] clients_senlin.ca_file = None log_opt_values /usr/lib/python3/dist-packages/oslo_config/cfg.py:2609
2024-09-16 01:56:18.777 63760 DEBUG oslo_service.service [-] clients_senlin.cert_file = None log_opt_values /usr/lib/python3/dist-packages/oslo_config/cfg.py:2609
2024-09-16 01:56:18.777 63760 DEBUG oslo_service.service [-] clients_senlin.endpoint_type = None log_opt_values /usr/lib/python3/dist-packages/oslo_config/cfg.py:2609
2024-09-16 01:56:18.777 63760 DEBUG oslo_service.service [-] clients_senlin.insecure = None log_opt_values /usr/lib/python3/dist-packages/oslo_config/cfg.py:2609
2024-09-16 01:56:18.777 63760 DEBUG oslo_service.service [-] clients_senlin.key_file = None log_opt_values /usr/lib/python3/dist-packages/oslo_config/cfg.py:2609
2024-09-16 01:56:18.777 63760 DEBUG oslo_service.service [-] clients_swift.ca_file = None log_opt_values /usr/lib/python3/dist-packages/oslo_config/cfg.py:2609
2024-09-16 01:56:18.778 63760 DEBUG oslo_service.service [-] clients_swift.cert_file = None log_opt_values /usr/lib/python3/dist-packages/oslo_config/cfg.py:2609
2024-09-16 01:56:18.778 63760 DEBUG oslo_service.service [-] clients_swift.endpoint_type = None log_opt_values /usr/lib/python3/dist-packages/oslo_config/cfg.py:2609
2024-09-16 01:56:18.778 63760 DEBUG oslo_service.service [-] clients_swift.insecure = None log_opt_values /usr/lib/python3/dist-packages/oslo_config/cfg.py:2609
2024-09-16 01:56:18.778 63760 DEBUG oslo_service.service [-] clients_swift.key_file = None log_opt_values /usr/lib/python3/dist-packages/oslo_config/cfg.py:2609
2024-09-16 01:56:18.778 63760 DEBUG oslo_service.service [-] clients_trove.ca_file = None log_opt_values /usr/lib/python3/dist-packages/oslo_config/cfg.py:2609
2024-09-16 01:56:18.778 63760 DEBUG oslo_service.service [-] clients_trove.cert_file = None log_opt_values /usr/lib/python3/dist-packages/oslo_config/cfg.py:2609
2024-09-16 01:56:18.778 63760 DEBUG oslo_service.service [-] clients_trove.endpoint_type = None log_opt_values /usr/lib/python3/dist-packages/oslo_config/cfg.py:2609
2024-09-16 01:56:18.778 63760 DEBUG oslo_service.service [-] clients_trove.insecure = None log_opt_values /usr/lib/python3/dist-packages/oslo_config/cfg.py:2609
2024-09-16 01:56:18.778 63760 DEBUG oslo_service.service [-] clients_trove.key_file = None log_opt_values /usr/lib/python3/dist-packages/oslo_config/cfg.py:2609
2024-09-16 01:56:18.779 63760 DEBUG oslo_service.service [-] clients_vitrage.ca_file = None log_opt_values /usr/lib/python3/dist-packages/oslo_config/cfg.py:2609
2024-09-16 01:56:18.779 63760 DEBUG oslo_service.service [-] clients_vitrage.cert_file = None log_opt_values /usr/lib/python3/dist-packages/oslo_config/cfg.py:2609
2024-09-16 01:56:18.779 63760 DEBUG oslo_service.service [-] clients_vitrage.endpoint_type = None log_opt_values /usr/lib/python3/dist-packages/oslo_config/cfg.py:2609
2024-09-16 01:56:18.779 63760 DEBUG oslo_service.service [-] clients_vitrage.insecure = None log_opt_values /usr/lib/python3/dist-packages/oslo_config/cfg.py:2609
2024-09-16 01:56:18.779 63760 DEBUG oslo_service.service [-] clients_vitrage.key_file = None log_opt_values /usr/lib/python3/dist-packages/oslo_config/cfg.py:2609
2024-09-16 01:56:18.779 63760 DEBUG oslo_service.service [-] clients_zaqar.ca_file = None log_opt_values /usr/lib/python3/dist-packages/oslo_config/cfg.py:2609
2024-09-16 01:56:18.779 63760 DEBUG oslo_service.service [-] clients_zaqar.cert_file = None log_opt_values /usr/lib/python3/dist-packages/oslo_config/cfg.py:2609
2024-09-16 01:56:18.779 63760 DEBUG oslo_service.service [-] clients_zaqar.endpoint_type = None log_opt_values /usr/lib/python3/dist-packages/oslo_config/cfg.py:2609
2024-09-16 01:56:18.780 63760 DEBUG oslo_service.service [-] clients_zaqar.insecure = None log_opt_values /usr/lib/python3/dist-packages/oslo_config/cfg.py:2609
2024-09-16 01:56:18.780 63760 DEBUG oslo_service.service [-] clients_zaqar.key_file = None log_opt_values /usr/lib/python3/dist-packages/oslo_config/cfg.py:2609
2024-09-16 01:56:18.780 63760 DEBUG oslo_service.service [-] database.backend = sqlalchemy log_opt_values /usr/lib/python3/dist-packages/oslo_config/cfg.py:2609
2024-09-16 01:56:18.780 63760 DEBUG oslo_service.service [-] database.connection = **** log_opt_values /usr/lib/python3/dist-packages/oslo_config/cfg.py:2609
2024-09-16 01:56:18.780 63760 DEBUG oslo_service.service [-] database.connection_debug = 0 log_opt_values /usr/lib/python3/dist-packages/oslo_config/cfg.py:2609
2024-09-16 01:56:18.780 63760 DEBUG oslo_service.service [-] database.connection_parameters = log_opt_values /usr/lib/python3/dist-packages/oslo_config/cfg.py:2609
2024-09-16 01:56:18.780 63760 DEBUG oslo_service.service [-] database.connection_recycle_time = 3600 log_opt_values /usr/lib/python3/dist-packages/oslo_config/cfg.py:2609
2024-09-16 01:56:18.781 63760 DEBUG oslo_service.service [-] database.connection_trace = False log_opt_values /usr/lib/python3/dist-packages/oslo_config/cfg.py:2609
2024-09-16 01:56:18.781 63760 DEBUG oslo_service.service [-] database.db_inc_retry_interval = True log_opt_values /usr/lib/python3/dist-packages/oslo_config/cfg.py:2609
2024-09-16 01:56:18.781 63989 INFO heat.engine.worker [-] Starting engine_worker (1.4) in engine 09422a78-e81c-487e-9d5e-eb18ad1bd5df.
2024-09-16 01:56:18.781 63760 DEBUG oslo_service.service [-] database.db_max_retries = 20 log_opt_values /usr/lib/python3/dist-packages/oslo_config/cfg.py:2609
2024-09-16 01:56:18.781 63760 DEBUG oslo_service.service [-] database.db_max_retry_interval = 10 log_opt_values /usr/lib/python3/dist-packages/oslo_config/cfg.py:2609
2024-09-16 01:56:18.781 63760 DEBUG oslo_service.service [-] database.db_retry_interval = 1 log_opt_values /usr/lib/python3/dist-packages/oslo_config/cfg.py:2609
2024-09-16 01:56:18.781 63760 DEBUG oslo_service.service [-] database.max_overflow = 50 log_opt_values /usr/lib/python3/dist-packages/oslo_config/cfg.py:2609
2024-09-16 01:56:18.781 63760 DEBUG oslo_service.service [-] database.max_pool_size = 5 log_opt_values /usr/lib/python3/dist-packages/oslo_config/cfg.py:2609
2024-09-16 01:56:18.781 63760 DEBUG oslo_service.service [-] database.max_retries = 10 log_opt_values /usr/lib/python3/dist-packages/oslo_config/cfg.py:2609
2024-09-16 01:56:18.781 63760 DEBUG oslo_service.service [-] database.mysql_enable_ndb = False log_opt_values /usr/lib/python3/dist-packages/oslo_config/cfg.py:2609
2024-09-16 01:56:18.782 63760 DEBUG oslo_service.service [-] database.mysql_sql_mode = TRADITIONAL log_opt_values /usr/lib/python3/dist-packages/oslo_config/cfg.py:2609
2024-09-16 01:56:18.782 63760 DEBUG oslo_service.service [-] database.pool_timeout = None log_opt_values /usr/lib/python3/dist-packages/oslo_config/cfg.py:2609
2024-09-16 01:56:18.782 63760 DEBUG oslo_service.service [-] database.retry_interval = 10 log_opt_values /usr/lib/python3/dist-packages/oslo_config/cfg.py:2609
2024-09-16 01:56:18.782 63760 DEBUG oslo_service.service [-] database.slave_connection = **** log_opt_values /usr/lib/python3/dist-packages/oslo_config/cfg.py:2609
2024-09-16 01:56:18.782 63760 DEBUG oslo_service.service [-] database.sqlite_synchronous = True log_opt_values /usr/lib/python3/dist-packages/oslo_config/cfg.py:2609
2024-09-16 01:56:18.782 63760 DEBUG oslo_service.service [-] database.use_db_reconnect = False log_opt_values /usr/lib/python3/dist-packages/oslo_config/cfg.py:2609
2024-09-16 01:56:18.782 63760 DEBUG oslo_service.service [-] oslo_messaging_metrics.metrics_buffer_size = 1000 log_opt_values /usr/lib/python3/dist-packages/oslo_config/cfg.py:2609
2024-09-16 01:56:18.782 63760 DEBUG oslo_service.service [-] oslo_messaging_metrics.metrics_enabled = False log_opt_values /usr/lib/python3/dist-packages/oslo_config/cfg.py:2609
2024-09-16 01:56:18.783 63760 DEBUG oslo_service.service [-] oslo_messaging_metrics.metrics_process_name = log_opt_values /usr/lib/python3/dist-packages/oslo_config/cfg.py:2609
2024-09-16 01:56:18.783 63760 DEBUG oslo_service.service [-] oslo_messaging_metrics.metrics_socket_file = /var/tmp/metrics_collector.sock log_opt_values /usr/lib/python3/dist-packages/oslo_config/cfg.py:2609
2024-09-16 01:56:18.783 63760 DEBUG oslo_service.service [-] oslo_messaging_metrics.metrics_thread_stop_timeout = 10 log_opt_values /usr/lib/python3/dist-packages/oslo_config/cfg.py:2609
2024-09-16 01:56:18.783 63760 DEBUG oslo_service.service [-] oslo_policy.enforce_new_defaults = False log_opt_values /usr/lib/python3/dist-packages/oslo_config/cfg.py:2609
2024-09-16 01:56:18.783 63760 DEBUG oslo_service.service [-] oslo_policy.enforce_scope = False log_opt_values /usr/lib/python3/dist-packages/oslo_config/cfg.py:2609
2024-09-16 01:56:18.783 63760 DEBUG oslo_service.service [-] oslo_policy.policy_default_rule = default log_opt_values /usr/lib/python3/dist-packages/oslo_config/cfg.py:2609
2024-09-16 01:56:18.783 63760 DEBUG oslo_service.service [-] oslo_policy.policy_dirs = ['policy.d'] log_opt_values /usr/lib/python3/dist-packages/oslo_config/cfg.py:2609
2024-09-16 01:56:18.783 63760 DEBUG oslo_service.service [-] oslo_policy.policy_file = policy.yaml log_opt_values /usr/lib/python3/dist-packages/oslo_config/cfg.py:2609
2024-09-16 01:56:18.784 63760 DEBUG oslo_service.service [-] oslo_policy.remote_content_type = application/x-www-form-urlencoded log_opt_values /usr/lib/python3/dist-packages/oslo_config/cfg.py:2609
2024-09-16 01:56:18.784 63760 DEBUG oslo_service.service [-] oslo_policy.remote_ssl_ca_crt_file = None log_opt_values /usr/lib/python3/dist-packages/oslo_config/cfg.py:2609
2024-09-16 01:56:18.784 63760 DEBUG oslo_service.service [-] oslo_policy.remote_ssl_client_crt_file = None log_opt_values /usr/lib/python3/dist-packages/oslo_config/cfg.py:2609
2024-09-16 01:56:18.784 63760 DEBUG oslo_service.service [-] oslo_policy.remote_ssl_client_key_file = None log_opt_values /usr/lib/python3/dist-packages/oslo_config/cfg.py:2609
2024-09-16 01:56:18.784 63760 DEBUG oslo_service.service [-] oslo_policy.remote_ssl_verify_server_crt = False log_opt_values /usr/lib/python3/dist-packages/oslo_config/cfg.py:2609
2024-09-16 01:56:18.784 63760 DEBUG oslo_service.service [-] trustee.auth_section = None log_opt_values /usr/lib/python3/dist-packages/oslo_config/cfg.py:2609
2024-09-16 01:56:18.784 63760 WARNING oslo_config.cfg [-] Deprecated: Option "auth_plugin" from group "trustee" is deprecated. Use option "auth_type" from group "trustee".
2024-09-16 01:56:18.785 63760 DEBUG oslo_service.service [-] trustee.auth_type = password log_opt_values /usr/lib/python3/dist-packages/oslo_config/cfg.py:2609
2024-09-16 01:56:18.785 63760 DEBUG oslo_service.service [-] oslo_versionedobjects.fatal_exception_format_errors = False log_opt_values /usr/lib/python3/dist-packages/oslo_config/cfg.py:2609
2024-09-16 01:56:18.785 63760 DEBUG oslo_service.service [-] oslo_messaging_rabbit.amqp_auto_delete = False log_opt_values /usr/lib/python3/dist-packages/oslo_config/cfg.py:2609
2024-09-16 01:56:18.785 63760 DEBUG oslo_service.service [-] oslo_messaging_rabbit.amqp_durable_queues = False log_opt_values /usr/lib/python3/dist-packages/oslo_config/cfg.py:2609
2024-09-16 01:56:18.785 63760 DEBUG oslo_service.service [-] oslo_messaging_rabbit.conn_pool_min_size = 2 log_opt_values /usr/lib/python3/dist-packages/oslo_config/cfg.py:2609
2024-09-16 01:56:18.785 63760 DEBUG oslo_service.service [-] oslo_messaging_rabbit.conn_pool_ttl = 1200 log_opt_values /usr/lib/python3/dist-packages/oslo_config/cfg.py:2609
2024-09-16 01:56:18.785 63760 DEBUG oslo_service.service [-] oslo_messaging_rabbit.direct_mandatory_flag = True log_opt_values /usr/lib/python3/dist-packages/oslo_config/cfg.py:2609
2024-09-16 01:56:18.785 63760 DEBUG oslo_service.service [-] oslo_messaging_rabbit.enable_cancel_on_failover = False log_opt_values /usr/lib/python3/dist-packages/oslo_config/cfg.py:2609
2024-09-16 01:56:18.786 63760 DEBUG oslo_service.service [-] oslo_messaging_rabbit.heartbeat_in_pthread = True log_opt_values /usr/lib/python3/dist-packages/oslo_config/cfg.py:2609
2024-09-16 01:56:18.786 63760 DEBUG oslo_service.service [-] oslo_messaging_rabbit.heartbeat_rate = 2 log_opt_values /usr/lib/python3/dist-packages/oslo_config/cfg.py:2609
2024-09-16 01:56:18.786 63760 DEBUG oslo_service.service [-] oslo_messaging_rabbit.heartbeat_timeout_threshold = 60 log_opt_values /usr/lib/python3/dist-packages/oslo_config/cfg.py:2609
2024-09-16 01:56:18.786 63760 DEBUG oslo_service.service [-] oslo_messaging_rabbit.kombu_compression = None log_opt_values /usr/lib/python3/dist-packages/oslo_config/cfg.py:2609
2024-09-16 01:56:18.786 63760 DEBUG oslo_service.service [-] oslo_messaging_rabbit.kombu_failover_strategy = round-robin log_opt_values /usr/lib/python3/dist-packages/oslo_config/cfg.py:2609
2024-09-16 01:56:18.787 63760 DEBUG oslo_service.service [-] oslo_messaging_rabbit.kombu_missing_consumer_retry_timeout = 60 log_opt_values /usr/lib/python3/dist-packages/oslo_config/cfg.py:2609
2024-09-16 01:56:18.787 63760 DEBUG oslo_service.service [-] oslo_messaging_rabbit.kombu_reconnect_delay = 1.0 log_opt_values /usr/lib/python3/dist-packages/oslo_config/cfg.py:2609
2024-09-16 01:56:18.787 63760 DEBUG oslo_service.service [-] oslo_messaging_rabbit.rabbit_ha_queues = False log_opt_values /usr/lib/python3/dist-packages/oslo_config/cfg.py:2609
2024-09-16 01:56:18.787 63760 DEBUG oslo_service.service [-] oslo_messaging_rabbit.rabbit_interval_max = 30 log_opt_values /usr/lib/python3/dist-packages/oslo_config/cfg.py:2609
2024-09-16 01:56:18.787 63760 DEBUG oslo_service.service [-] oslo_messaging_rabbit.rabbit_login_method = AMQPLAIN log_opt_values /usr/lib/python3/dist-packages/oslo_config/cfg.py:2609
2024-09-16 01:56:18.787 63760 DEBUG oslo_service.service [-] oslo_messaging_rabbit.rabbit_qos_prefetch_count = 0 log_opt_values /usr/lib/python3/dist-packages/oslo_config/cfg.py:2609
2024-09-16 01:56:18.787 63760 DEBUG oslo_service.service [-] oslo_messaging_rabbit.rabbit_quorum_queue = False log_opt_values /usr/lib/python3/dist-packages/oslo_config/cfg.py:2609
2024-09-16 01:56:18.787 63760 DEBUG oslo_service.service [-] oslo_messaging_rabbit.rabbit_retry_backoff = 2 log_opt_values /usr/lib/python3/dist-packages/oslo_config/cfg.py:2609
2024-09-16 01:56:18.787 63760 DEBUG oslo_service.service [-] oslo_messaging_rabbit.rabbit_retry_interval = 1 log_opt_values /usr/lib/python3/dist-packages/oslo_config/cfg.py:2609
2024-09-16 01:56:18.788 63760 DEBUG oslo_service.service [-] oslo_messaging_rabbit.rabbit_transient_queues_ttl = 1800 log_opt_values /usr/lib/python3/dist-packages/oslo_config/cfg.py:2609
2024-09-16 01:56:18.788 63760 DEBUG oslo_service.service [-] oslo_messaging_rabbit.rpc_conn_pool_size = 30 log_opt_values /usr/lib/python3/dist-packages/oslo_config/cfg.py:2609
2024-09-16 01:56:18.788 63760 DEBUG oslo_service.service [-] oslo_messaging_rabbit.ssl = False log_opt_values /usr/lib/python3/dist-packages/oslo_config/cfg.py:2609
2024-09-16 01:56:18.788 63760 DEBUG oslo_service.service [-] oslo_messaging_rabbit.ssl_ca_file = log_opt_values /usr/lib/python3/dist-packages/oslo_config/cfg.py:2609
2024-09-16 01:56:18.788 63760 DEBUG oslo_service.service [-] oslo_messaging_rabbit.ssl_cert_file = log_opt_values /usr/lib/python3/dist-packages/oslo_config/cfg.py:2609
2024-09-16 01:56:18.788 63760 DEBUG oslo_service.service [-] oslo_messaging_rabbit.ssl_key_file = log_opt_values /usr/lib/python3/dist-packages/oslo_config/cfg.py:2609
2024-09-16 01:56:18.788 63760 DEBUG oslo_service.service [-] oslo_messaging_rabbit.ssl_version = log_opt_values /usr/lib/python3/dist-packages/oslo_config/cfg.py:2609
2024-09-16 01:56:18.788 63760 DEBUG oslo_service.service [-] oslo_messaging_notifications.driver = [] log_opt_values /usr/lib/python3/dist-packages/oslo_config/cfg.py:2609
2024-09-16 01:56:18.789 63760 DEBUG oslo_service.service [-] oslo_messaging_notifications.retry = -1 log_opt_values /usr/lib/python3/dist-packages/oslo_config/cfg.py:2609
2024-09-16 01:56:18.789 63760 DEBUG oslo_service.service [-] oslo_messaging_notifications.topics = ['notifications'] log_opt_values /usr/lib/python3/dist-packages/oslo_config/cfg.py:2609
2024-09-16 01:56:18.789 63760 DEBUG oslo_service.service [-] oslo_messaging_notifications.transport_url = **** log_opt_values /usr/lib/python3/dist-packages/oslo_config/cfg.py:2609
2024-09-16 01:56:18.789 63760 DEBUG oslo_service.service [-] cache.backend = dogpile.cache.null log_opt_values /usr/lib/python3/dist-packages/oslo_config/cfg.py:2609
2024-09-16 01:56:18.789 63760 DEBUG oslo_service.service [-] cache.backend_argument = **** log_opt_values /usr/lib/python3/dist-packages/oslo_config/cfg.py:2609
2024-09-16 01:56:18.789 63760 DEBUG oslo_service.service [-] cache.config_prefix = cache.oslo log_opt_values /usr/lib/python3/dist-packages/oslo_config/cfg.py:2609
2024-09-16 01:56:18.789 63760 DEBUG oslo_service.service [-] cache.debug_cache_backend = False log_opt_values /usr/lib/python3/dist-packages/oslo_config/cfg.py:2609
2024-09-16 01:56:18.789 63760 DEBUG oslo_service.service [-] cache.enabled = False log_opt_values /usr/lib/python3/dist-packages/oslo_config/cfg.py:2609
2024-09-16 01:56:18.790 63760 DEBUG oslo_service.service [-] cache.expiration_time = 600 log_opt_values /usr/lib/python3/dist-packages/oslo_config/cfg.py:2609
2024-09-16 01:56:18.790 63760 DEBUG oslo_service.service [-] cache.memcache_dead_retry = 300 log_opt_values /usr/lib/python3/dist-packages/oslo_config/cfg.py:2609
2024-09-16 01:56:18.790 63760 DEBUG oslo_service.service [-] cache.memcache_pool_connection_get_timeout = 10 log_opt_values /usr/lib/python3/dist-packages/oslo_config/cfg.py:2609
2024-09-16 01:56:18.790 63760 DEBUG oslo_service.service [-] cache.memcache_pool_flush_on_reconnect = False log_opt_values /usr/lib/python3/dist-packages/oslo_config/cfg.py:2609
2024-09-16 01:56:18.790 63760 DEBUG oslo_service.service [-] cache.memcache_pool_maxsize = 10 log_opt_values /usr/lib/python3/dist-packages/oslo_config/cfg.py:2609
2024-09-16 01:56:18.790 63760 DEBUG oslo_service.service [-] cache.memcache_pool_unused_timeout = 60 log_opt_values /usr/lib/python3/dist-packages/oslo_config/cfg.py:2609
2024-09-16 01:56:18.790 63760 DEBUG oslo_service.service [-] cache.memcache_servers = ['localhost:11211'] log_opt_values /usr/lib/python3/dist-packages/oslo_config/cfg.py:2609
2024-09-16 01:56:18.790 63760 DEBUG oslo_service.service [-] cache.memcache_socket_timeout = 1.0 log_opt_values /usr/lib/python3/dist-packages/oslo_config/cfg.py:2609
2024-09-16 01:56:18.790 63760 DEBUG oslo_service.service [-] cache.proxies = [] log_opt_values /usr/lib/python3/dist-packages/oslo_config/cfg.py:2609
2024-09-16 01:56:18.791 63760 DEBUG oslo_service.service [-] cache.tls_allowed_ciphers = None log_opt_values /usr/lib/python3/dist-packages/oslo_config/cfg.py:2609
2024-09-16 01:56:18.791 63760 DEBUG oslo_service.service [-] cache.tls_cafile = None log_opt_values /usr/lib/python3/dist-packages/oslo_config/cfg.py:2609
2024-09-16 01:56:18.791 63760 DEBUG oslo_service.service [-] cache.tls_certfile = None log_opt_values /usr/lib/python3/dist-packages/oslo_config/cfg.py:2609
2024-09-16 01:56:18.791 63760 DEBUG oslo_service.service [-] cache.tls_enabled = False log_opt_values /usr/lib/python3/dist-packages/oslo_config/cfg.py:2609
2024-09-16 01:56:18.791 63760 DEBUG oslo_service.service [-] cache.tls_keyfile = None log_opt_values /usr/lib/python3/dist-packages/oslo_config/cfg.py:2609
2024-09-16 01:56:18.791 63760 DEBUG oslo_service.service [-] constraint_validation_cache.caching = True log_opt_values /usr/lib/python3/dist-packages/oslo_config/cfg.py:2609
2024-09-16 01:56:18.791 63760 DEBUG oslo_service.service [-] constraint_validation_cache.expiration_time = 60 log_opt_values /usr/lib/python3/dist-packages/oslo_config/cfg.py:2609
2024-09-16 01:56:18.791 63760 DEBUG oslo_service.service [-] service_extension_cache.caching = True log_opt_values /usr/lib/python3/dist-packages/oslo_config/cfg.py:2609
2024-09-16 01:56:18.792 63760 DEBUG oslo_service.service [-] service_extension_cache.expiration_time = 3600 log_opt_values /usr/lib/python3/dist-packages/oslo_config/cfg.py:2609
2024-09-16 01:56:18.792 63760 DEBUG oslo_service.service [-] resource_finder_cache.caching = True log_opt_values /usr/lib/python3/dist-packages/oslo_config/cfg.py:2609
2024-09-16 01:56:18.792 63760 DEBUG oslo_service.service [-] resource_finder_cache.expiration_time = 3600 log_opt_values /usr/lib/python3/dist-packages/oslo_config/cfg.py:2609
2024-09-16 01:56:18.792 63760 DEBUG oslo_service.service [-] yaql.limit_iterators = 200 log_opt_values /usr/lib/python3/dist-packages/oslo_config/cfg.py:2609
2024-09-16 01:56:18.792 63760 DEBUG oslo_service.service [-] yaql.memory_quota = 10000 log_opt_values /usr/lib/python3/dist-packages/oslo_config/cfg.py:2609
2024-09-16 01:56:18.792 63760 DEBUG oslo_service.service [-] ******************************************************************************** log_opt_values /usr/lib/python3/dist-packages/oslo_config/cfg.py:2613
2024-09-16 01:56:18.793 63988 INFO heat.engine.worker [-] Starting engine_worker (1.4) in engine 621e2cb0-c8c8-42e9-a0cc-915bfa8fb934.
2024-09-16 01:56:18.822 63987 DEBUG oslo_db.sqlalchemy.engines [req-5225367c-f7a6-4a55-8fe7-3cea44ba611b - - - - -] MySQL server mode set to STRICT_TRANS_TABLES,STRICT_ALL_TABLES,NO_ZERO_IN_DATE,NO_ZERO_DATE,ERROR_FOR_DIVISION_BY_ZERO,TRADITIONAL,NO_ENGINE_SUBSTITUTION _check_effective_sql_mode /usr/lib/python3/dist-packages/oslo_db/sqlalchemy/engines.py:314
2024-09-16 01:56:18.834 63986 DEBUG oslo_db.sqlalchemy.engines [req-c0b798a0-c08e-4a4d-96dc-3a5e759144c3 - - - - -] MySQL server mode set to STRICT_TRANS_TABLES,STRICT_ALL_TABLES,NO_ZERO_IN_DATE,NO_ZERO_DATE,ERROR_FOR_DIVISION_BY_ZERO,TRADITIONAL,NO_ENGINE_SUBSTITUTION _check_effective_sql_mode /usr/lib/python3/dist-packages/oslo_db/sqlalchemy/engines.py:314
2024-09-16 01:56:18.849 63989 DEBUG oslo_db.sqlalchemy.engines [req-d2a2bec3-2024-4a55-9118-2184a5fbcfc6 - - - - -] MySQL server mode set to STRICT_TRANS_TABLES,STRICT_ALL_TABLES,NO_ZERO_IN_DATE,NO_ZERO_DATE,ERROR_FOR_DIVISION_BY_ZERO,TRADITIONAL,NO_ENGINE_SUBSTITUTION _check_effective_sql_mode /usr/lib/python3/dist-packages/oslo_db/sqlalchemy/engines.py:314
2024-09-16 01:56:18.856 63988 DEBUG oslo_db.sqlalchemy.engines [req-537045d9-ee14-4d3d-a7f8-5ab783df5b24 - - - - -] MySQL server mode set to STRICT_TRANS_TABLES,STRICT_ALL_TABLES,NO_ZERO_IN_DATE,NO_ZERO_DATE,ERROR_FOR_DIVISION_BY_ZERO,TRADITIONAL,NO_ENGINE_SUBSTITUTION _check_effective_sql_mode /usr/lib/python3/dist-packages/oslo_db/sqlalchemy/engines.py:314
2024-09-16 01:56:18.874 63987 DEBUG heat.engine.service [req-5225367c-f7a6-4a55-8fe7-3cea44ba611b - - - - -] Service 081dd221-e786-4bec-9509-0c58bc11883a was aborted service_manage_cleanup /usr/lib/python3/dist-packages/heat/engine/service.py:2391
2024-09-16 01:56:18.897 63986 DEBUG heat.engine.service [req-c0b798a0-c08e-4a4d-96dc-3a5e759144c3 - - - - -] Service 081dd221-e786-4bec-9509-0c58bc11883a was aborted service_manage_cleanup /usr/lib/python3/dist-packages/heat/engine/service.py:2391
2024-09-16 01:56:18.898 63989 DEBUG heat.engine.service [req-d2a2bec3-2024-4a55-9118-2184a5fbcfc6 - - - - -] Service 081dd221-e786-4bec-9509-0c58bc11883a was aborted service_manage_cleanup /usr/lib/python3/dist-packages/heat/engine/service.py:2391
2024-09-16 01:56:18.915 63988 DEBUG heat.engine.service [req-537045d9-ee14-4d3d-a7f8-5ab783df5b24 - - - - -] Service 081dd221-e786-4bec-9509-0c58bc11883a was aborted service_manage_cleanup /usr/lib/python3/dist-packages/heat/engine/service.py:2391
2024-09-16 01:56:19.753 63987 DEBUG heat.engine.service [req-5225367c-f7a6-4a55-8fe7-3cea44ba611b - - - - -] Service 33300852-85e4-46a6-845c-00e547cfd24e was aborted service_manage_cleanup /usr/lib/python3/dist-packages/heat/engine/service.py:2391
2024-09-16 01:56:19.754 63986 DEBUG heat.engine.service [req-c0b798a0-c08e-4a4d-96dc-3a5e759144c3 - - - - -] Service 33300852-85e4-46a6-845c-00e547cfd24e was aborted service_manage_cleanup /usr/lib/python3/dist-packages/heat/engine/service.py:2391
2024-09-16 01:56:19.755 63989 DEBUG heat.engine.service [req-d2a2bec3-2024-4a55-9118-2184a5fbcfc6 - - - - -] Service 33300852-85e4-46a6-845c-00e547cfd24e was aborted service_manage_cleanup /usr/lib/python3/dist-packages/heat/engine/service.py:2391
2024-09-16 01:56:19.756 63988 DEBUG heat.engine.service [req-537045d9-ee14-4d3d-a7f8-5ab783df5b24 - - - - -] Service 33300852-85e4-46a6-845c-00e547cfd24e was aborted service_manage_cleanup /usr/lib/python3/dist-packages/heat/engine/service.py:2391
2024-09-16 01:56:20.492 63986 DEBUG heat.engine.service [req-c0b798a0-c08e-4a4d-96dc-3a5e759144c3 - - - - -] Service 62bc5e98-8ff0-4ab5-871f-6cd2b52047f7 was aborted service_manage_cleanup /usr/lib/python3/dist-packages/heat/engine/service.py:2391
2024-09-16 01:56:20.493 63987 DEBUG heat.engine.service [req-5225367c-f7a6-4a55-8fe7-3cea44ba611b - - - - -] Service 62bc5e98-8ff0-4ab5-871f-6cd2b52047f7 was aborted service_manage_cleanup /usr/lib/python3/dist-packages/heat/engine/service.py:2391
2024-09-16 01:56:20.494 63989 DEBUG heat.engine.service [req-d2a2bec3-2024-4a55-9118-2184a5fbcfc6 - - - - -] Service 62bc5e98-8ff0-4ab5-871f-6cd2b52047f7 was aborted service_manage_cleanup /usr/lib/python3/dist-packages/heat/engine/service.py:2391
2024-09-16 01:56:20.495 63988 DEBUG heat.engine.service [req-537045d9-ee14-4d3d-a7f8-5ab783df5b24 - - - - -] Service 62bc5e98-8ff0-4ab5-871f-6cd2b52047f7 was aborted service_manage_cleanup /usr/lib/python3/dist-packages/heat/engine/service.py:2391
2024-09-16 01:56:20.504 63986 DEBUG heat.engine.service [req-c0b798a0-c08e-4a4d-96dc-3a5e759144c3 - - - - -] Service 794ad0c5-dc9d-40d7-abf5-646eddf884db was aborted service_manage_cleanup /usr/lib/python3/dist-packages/heat/engine/service.py:2391
2024-09-16 01:56:20.505 63987 DEBUG heat.engine.service [req-5225367c-f7a6-4a55-8fe7-3cea44ba611b - - - - -] Service 794ad0c5-dc9d-40d7-abf5-646eddf884db was aborted service_manage_cleanup /usr/lib/python3/dist-packages/heat/engine/service.py:2391
2024-09-16 01:56:20.516 63988 DEBUG heat.engine.service [req-537045d9-ee14-4d3d-a7f8-5ab783df5b24 - - - - -] Service 794ad0c5-dc9d-40d7-abf5-646eddf884db was aborted service_manage_cleanup /usr/lib/python3/dist-packages/heat/engine/service.py:2391
2024-09-16 01:56:20.517 63989 DEBUG heat.engine.service [req-d2a2bec3-2024-4a55-9118-2184a5fbcfc6 - - - - -] Service 794ad0c5-dc9d-40d7-abf5-646eddf884db was aborted service_manage_cleanup /usr/lib/python3/dist-packages/heat/engine/service.py:2391
2024-09-16 01:56:20.517 63986 DEBUG heat.engine.service [req-c0b798a0-c08e-4a4d-96dc-3a5e759144c3 - - - - -] Service 7e939c1c-8c92-4835-9687-7b796837fcf6 was aborted service_manage_cleanup /usr/lib/python3/dist-packages/heat/engine/service.py:2391
2024-09-16 01:56:20.518 63987 DEBUG heat.engine.service [req-5225367c-f7a6-4a55-8fe7-3cea44ba611b - - - - -] Service 7e939c1c-8c92-4835-9687-7b796837fcf6 was aborted service_manage_cleanup /usr/lib/python3/dist-packages/heat/engine/service.py:2391
2024-09-16 01:56:20.521 63988 DEBUG heat.engine.service [req-537045d9-ee14-4d3d-a7f8-5ab783df5b24 - - - - -] Service 7e939c1c-8c92-4835-9687-7b796837fcf6 was aborted service_manage_cleanup /usr/lib/python3/dist-packages/heat/engine/service.py:2391
2024-09-16 01:56:20.522 63989 DEBUG heat.engine.service [req-d2a2bec3-2024-4a55-9118-2184a5fbcfc6 - - - - -] Service 7e939c1c-8c92-4835-9687-7b796837fcf6 was aborted service_manage_cleanup /usr/lib/python3/dist-packages/heat/engine/service.py:2391
2024-09-16 01:56:20.531 63986 DEBUG heat.engine.service [req-c0b798a0-c08e-4a4d-96dc-3a5e759144c3 - - - - -] Service 9185a4da-eeae-4d1e-a0c1-c0e920667af1 was aborted service_manage_cleanup /usr/lib/python3/dist-packages/heat/engine/service.py:2391
2024-09-16 01:56:20.531 63987 DEBUG heat.engine.service [req-5225367c-f7a6-4a55-8fe7-3cea44ba611b - - - - -] Service 9185a4da-eeae-4d1e-a0c1-c0e920667af1 was aborted service_manage_cleanup /usr/lib/python3/dist-packages/heat/engine/service.py:2391
2024-09-16 01:56:20.533 63988 DEBUG heat.engine.service [req-537045d9-ee14-4d3d-a7f8-5ab783df5b24 - - - - -] Service 9185a4da-eeae-4d1e-a0c1-c0e920667af1 was aborted service_manage_cleanup /usr/lib/python3/dist-packages/heat/engine/service.py:2391
2024-09-16 01:56:20.534 63989 DEBUG heat.engine.service [req-d2a2bec3-2024-4a55-9118-2184a5fbcfc6 - - - - -] Service 9185a4da-eeae-4d1e-a0c1-c0e920667af1 was aborted service_manage_cleanup /usr/lib/python3/dist-packages/heat/engine/service.py:2391
2024-09-16 01:56:20.542 63986 DEBUG heat.engine.service [req-c0b798a0-c08e-4a4d-96dc-3a5e759144c3 - - - - -] Service 9cbe8964-940a-4da8-9493-a982d5dc8fed was aborted service_manage_cleanup /usr/lib/python3/dist-packages/heat/engine/service.py:2391
2024-09-16 01:56:20.543 63987 DEBUG heat.engine.service [req-5225367c-f7a6-4a55-8fe7-3cea44ba611b - - - - -] Service 9cbe8964-940a-4da8-9493-a982d5dc8fed was aborted service_manage_cleanup /usr/lib/python3/dist-packages/heat/engine/service.py:2391
2024-09-16 01:56:20.544 63988 DEBUG heat.engine.service [req-537045d9-ee14-4d3d-a7f8-5ab783df5b24 - - - - -] Service 9cbe8964-940a-4da8-9493-a982d5dc8fed was aborted service_manage_cleanup /usr/lib/python3/dist-packages/heat/engine/service.py:2391
2024-09-16 01:56:20.545 63989 DEBUG heat.engine.service [req-d2a2bec3-2024-4a55-9118-2184a5fbcfc6 - - - - -] Service 9cbe8964-940a-4da8-9493-a982d5dc8fed was aborted service_manage_cleanup /usr/lib/python3/dist-packages/heat/engine/service.py:2391
2024-09-16 01:56:20.554 63988 DEBUG heat.engine.service [req-537045d9-ee14-4d3d-a7f8-5ab783df5b24 - - - - -] Service c0b08f1b-3fc5-4894-b2d7-6c77e3c5dad2 was aborted service_manage_cleanup /usr/lib/python3/dist-packages/heat/engine/service.py:2391
2024-09-16 01:56:20.554 63987 DEBUG heat.engine.service [req-5225367c-f7a6-4a55-8fe7-3cea44ba611b - - - - -] Service c0b08f1b-3fc5-4894-b2d7-6c77e3c5dad2 was aborted service_manage_cleanup /usr/lib/python3/dist-packages/heat/engine/service.py:2391
2024-09-16 01:56:20.556 63986 DEBUG heat.engine.service [req-c0b798a0-c08e-4a4d-96dc-3a5e759144c3 - - - - -] Service c0b08f1b-3fc5-4894-b2d7-6c77e3c5dad2 was aborted service_manage_cleanup /usr/lib/python3/dist-packages/heat/engine/service.py:2391
2024-09-16 01:56:20.557 63989 DEBUG heat.engine.service [req-d2a2bec3-2024-4a55-9118-2184a5fbcfc6 - - - - -] Service c0b08f1b-3fc5-4894-b2d7-6c77e3c5dad2 was aborted service_manage_cleanup /usr/lib/python3/dist-packages/heat/engine/service.py:2391
2024-09-16 01:56:20.566 63988 DEBUG heat.engine.service [req-537045d9-ee14-4d3d-a7f8-5ab783df5b24 - - - - -] Service d1a11d85-0be0-4d61-a0f4-808e97fd0c6c was aborted service_manage_cleanup /usr/lib/python3/dist-packages/heat/engine/service.py:2391
2024-09-16 01:56:20.567 63987 DEBUG heat.engine.service [req-5225367c-f7a6-4a55-8fe7-3cea44ba611b - - - - -] Service d1a11d85-0be0-4d61-a0f4-808e97fd0c6c was aborted service_manage_cleanup /usr/lib/python3/dist-packages/heat/engine/service.py:2391
2024-09-16 01:56:20.567 63986 DEBUG heat.engine.service [req-c0b798a0-c08e-4a4d-96dc-3a5e759144c3 - - - - -] Service d1a11d85-0be0-4d61-a0f4-808e97fd0c6c was aborted service_manage_cleanup /usr/lib/python3/dist-packages/heat/engine/service.py:2391
2024-09-16 01:56:20.569 63989 DEBUG heat.engine.service [req-d2a2bec3-2024-4a55-9118-2184a5fbcfc6 - - - - -] Service d1a11d85-0be0-4d61-a0f4-808e97fd0c6c was aborted service_manage_cleanup /usr/lib/python3/dist-packages/heat/engine/service.py:2391
2024-09-16 01:56:20.579 63988 DEBUG heat.engine.service [req-537045d9-ee14-4d3d-a7f8-5ab783df5b24 - - - - -] Service d6787689-2418-48fe-b5d5-fc54e85d8c91 was aborted service_manage_cleanup /usr/lib/python3/dist-packages/heat/engine/service.py:2391
2024-09-16 01:56:20.580 63986 DEBUG heat.engine.service [req-c0b798a0-c08e-4a4d-96dc-3a5e759144c3 - - - - -] Service d6787689-2418-48fe-b5d5-fc54e85d8c91 was aborted service_manage_cleanup /usr/lib/python3/dist-packages/heat/engine/service.py:2391
2024-09-16 01:56:20.580 63987 DEBUG heat.engine.service [req-5225367c-f7a6-4a55-8fe7-3cea44ba611b - - - - -] Service d6787689-2418-48fe-b5d5-fc54e85d8c91 was aborted service_manage_cleanup /usr/lib/python3/dist-packages/heat/engine/service.py:2391
2024-09-16 01:56:20.581 63989 DEBUG heat.engine.service [req-d2a2bec3-2024-4a55-9118-2184a5fbcfc6 - - - - -] Service d6787689-2418-48fe-b5d5-fc54e85d8c91 was aborted service_manage_cleanup /usr/lib/python3/dist-packages/heat/engine/service.py:2391
2024-09-16 01:56:20.591 63988 DEBUG heat.engine.service [req-537045d9-ee14-4d3d-a7f8-5ab783df5b24 - - - - -] Service d7b00b8d-3ec9-4ee8-b502-cbaf364e4daf was aborted service_manage_cleanup /usr/lib/python3/dist-packages/heat/engine/service.py:2391
2024-09-16 01:56:20.591 63986 DEBUG heat.engine.service [req-c0b798a0-c08e-4a4d-96dc-3a5e759144c3 - - - - -] Service d7b00b8d-3ec9-4ee8-b502-cbaf364e4daf was aborted service_manage_cleanup /usr/lib/python3/dist-packages/heat/engine/service.py:2391
2024-09-16 01:56:20.592 63987 DEBUG heat.engine.service [req-5225367c-f7a6-4a55-8fe7-3cea44ba611b - - - - -] Service d7b00b8d-3ec9-4ee8-b502-cbaf364e4daf was aborted service_manage_cleanup /usr/lib/python3/dist-packages/heat/engine/service.py:2391
2024-09-16 01:56:20.593 63989 DEBUG heat.engine.service [req-d2a2bec3-2024-4a55-9118-2184a5fbcfc6 - - - - -] Service d7b00b8d-3ec9-4ee8-b502-cbaf364e4daf was aborted service_manage_cleanup /usr/lib/python3/dist-packages/heat/engine/service.py:2391
2024-09-16 01:56:20.602 63988 DEBUG heat.engine.service [req-537045d9-ee14-4d3d-a7f8-5ab783df5b24 - - - - -] Service deea4392-996d-4f95-8a37-3a640d31c390 was aborted service_manage_cleanup /usr/lib/python3/dist-packages/heat/engine/service.py:2391
2024-09-16 01:56:20.602 63986 DEBUG heat.engine.service [req-c0b798a0-c08e-4a4d-96dc-3a5e759144c3 - - - - -] Service deea4392-996d-4f95-8a37-3a640d31c390 was aborted service_manage_cleanup /usr/lib/python3/dist-packages/heat/engine/service.py:2391
2024-09-16 01:56:20.603 63987 DEBUG heat.engine.service [req-5225367c-f7a6-4a55-8fe7-3cea44ba611b - - - - -] Service deea4392-996d-4f95-8a37-3a640d31c390 was aborted service_manage_cleanup /usr/lib/python3/dist-packages/heat/engine/service.py:2391
2024-09-16 01:56:20.604 63989 DEBUG heat.engine.service [req-d2a2bec3-2024-4a55-9118-2184a5fbcfc6 - - - - -] Service deea4392-996d-4f95-8a37-3a640d31c390 was aborted service_manage_cleanup /usr/lib/python3/dist-packages/heat/engine/service.py:2391
2024-09-16 01:56:20.642 63986 DEBUG heat.engine.service [req-0db6d948-e305-4346-851a-da2ff4e29be6 - - - - -] Service 311bead0-497b-44a9-ad84-f21cea87b071 is started service_manage_report /usr/lib/python3/dist-packages/heat/engine/service.py:2363
2024-09-16 01:56:20.646 63987 DEBUG heat.engine.service [req-aafc138c-d193-441c-bf1f-a406bdd742b0 - - - - -] Service e3800492-db17-4d88-86e1-4f38c82bf594 is started service_manage_report /usr/lib/python3/dist-packages/heat/engine/service.py:2363
2024-09-16 01:56:20.650 63989 DEBUG heat.engine.service [req-f1f8a3a6-2e1d-4653-9436-0f027c14d4f9 - - - - -] Service a8d5d115-ea03-4fd1-aa7b-13013346e273 is started service_manage_report /usr/lib/python3/dist-packages/heat/engine/service.py:2363
2024-09-16 01:56:20.654 63988 DEBUG heat.engine.service [req-569d9bf1-1e75-41c6-9f92-03877d6538cd - - - - -] Service c250a07e-cd86-41ba-a441-69f2cc4026c6 is started service_manage_report /usr/lib/python3/dist-packages/heat/engine/service.py:2363
2024-09-16 01:56:20.662 63986 DEBUG heat.engine.service [req-0db6d948-e305-4346-851a-da2ff4e29be6 - - - - -] Service 311bead0-497b-44a9-ad84-f21cea87b071 is updated service_manage_report /usr/lib/python3/dist-packages/heat/engine/service.py:2370
2024-09-16 01:56:20.673 63989 DEBUG heat.engine.service [req-f1f8a3a6-2e1d-4653-9436-0f027c14d4f9 - - - - -] Service a8d5d115-ea03-4fd1-aa7b-13013346e273 is updated service_manage_report /usr/lib/python3/dist-packages/heat/engine/service.py:2370
2024-09-16 01:56:20.683 63987 DEBUG heat.engine.service [req-aafc138c-d193-441c-bf1f-a406bdd742b0 - - - - -] Service e3800492-db17-4d88-86e1-4f38c82bf594 is updated service_manage_report /usr/lib/python3/dist-packages/heat/engine/service.py:2370
2024-09-16 01:56:20.698 63988 DEBUG heat.engine.service [req-569d9bf1-1e75-41c6-9f92-03877d6538cd - - - - -] Service c250a07e-cd86-41ba-a441-69f2cc4026c6 is updated service_manage_report /usr/lib/python3/dist-packages/heat/engine/service.py:2370
2024-09-16 01:57:20.628 63989 DEBUG heat.engine.service [req-5d360907-00d8-45df-a5d2-2e29e3a16841 - - - - -] Service a8d5d115-ea03-4fd1-aa7b-13013346e273 is updated service_manage_report /usr/lib/python3/dist-packages/heat/engine/service.py:2370
2024-09-16 01:57:20.629 63986 DEBUG heat.engine.service [req-27848ace-b4c0-4976-8c86-3faed546e68a - - - - -] Service 311bead0-497b-44a9-ad84-f21cea87b071 is updated service_manage_report /usr/lib/python3/dist-packages/heat/engine/service.py:2370
2024-09-16 01:57:20.630 63987 DEBUG heat.engine.service [req-e86624c5-953d-4863-b503-29c6f686d3c6 - - - - -] Service e3800492-db17-4d88-86e1-4f38c82bf594 is updated service_manage_report /usr/lib/python3/dist-packages/heat/engine/service.py:2370
2024-09-16 01:57:20.633 63988 DEBUG heat.engine.service [req-a58591ba-001d-4a2c-bf84-55d4e8f15e0e - - - - -] Service c250a07e-cd86-41ba-a441-69f2cc4026c6 is updated service_manage_report /usr/lib/python3/dist-packages/heat/engine/service.py:2370
2024-09-16 01:58:07.287 63988 DEBUG heat.engine.service [-] Attempting to stop engine service... _stop_rpc_server /usr/lib/python3/dist-packages/heat/engine/service.py:437
2024-09-16 01:58:07.287 63989 DEBUG heat.engine.service [-] Attempting to stop engine service... _stop_rpc_server /usr/lib/python3/dist-packages/heat/engine/service.py:437
2024-09-16 01:58:07.287 63987 DEBUG heat.engine.service [-] Attempting to stop engine service... _stop_rpc_server /usr/lib/python3/dist-packages/heat/engine/service.py:437
2024-09-16 01:58:07.287 63986 DEBUG heat.engine.service [-] Attempting to stop engine service... _stop_rpc_server /usr/lib/python3/dist-packages/heat/engine/service.py:437
2024-09-16 01:58:07.290 63760 INFO oslo_service.service [-] Caught SIGTERM, stopping children
2024-09-16 01:58:07.290 63760 DEBUG oslo_concurrency.lockutils [-] Acquired lock "singleton_lock" lock /usr/lib/python3/dist-packages/oslo_concurrency/lockutils.py:294
2024-09-16 01:58:07.290 63760 DEBUG oslo_concurrency.lockutils [-] Releasing lock "singleton_lock" lock /usr/lib/python3/dist-packages/oslo_concurrency/lockutils.py:312
2024-09-16 01:58:07.291 63760 DEBUG oslo_service.service [-] Stop services. stop /usr/lib/python3/dist-packages/oslo_service/service.py:695
2024-09-16 01:58:07.291 63760 INFO heat.engine.service [-] All threads were gone, terminating engine
2024-09-16 01:58:07.291 63760 DEBUG oslo_service.service [-] Killing children. stop /usr/lib/python3/dist-packages/oslo_service/service.py:700
2024-09-16 01:58:07.291 63760 INFO oslo_service.service [-] Waiting on 4 children to exit
2024-09-16 01:58:07.301 63760 INFO oslo_service.service [-] Child 63988 killed by signal 15
2024-09-16 01:58:07.303 63760 INFO oslo_service.service [-] Child 63989 killed by signal 15
2024-09-16 01:58:07.307 63760 INFO oslo_service.service [-] Child 63986 killed by signal 15
2024-09-16 01:58:07.308 63760 INFO oslo_service.service [-] Child 63987 killed by signal 15
2024-09-16 01:58:09.057 65370 DEBUG oslo_concurrency.lockutils [-] Lock "context-manager" acquired by "neutron_lib.db.api._create_context_manager" :: waited 0.000s inner /usr/lib/python3/dist-packages/oslo_concurrency/lockutils.py:386
2024-09-16 01:58:09.057 65370 DEBUG oslo_concurrency.lockutils [-] Lock "context-manager" "released" by "neutron_lib.db.api._create_context_manager" :: held 0.001s inner /usr/lib/python3/dist-packages/oslo_concurrency/lockutils.py:400
2024-09-16 01:58:11.410 65370 WARNING heat.engine.environment [-] OS::Aodh::Alarm is DEPRECATED. Theshold alarm relies on ceilometer-api and has been deprecated in aodh since Ocata. Use OS::Aodh::GnocchiAggregationByResourcesAlarm instead.
2024-09-16 01:58:11.411 65370 WARNING heat.engine.environment [-] OS::Aodh::CombinationAlarm is HIDDEN. OS::Aodh::CombinationAlarm is deprecated and has been removed from Aodh, use OS::Aodh::CompositeAlarm instead.
2024-09-16 01:58:11.411 65370 WARNING heat.engine.environment [-] OS::Designate::Domain is HIDDEN. This resource has been removed, use OS::Designate::Zone instead.
2024-09-16 01:58:11.411 65370 WARNING heat.engine.environment [-] OS::Designate::Record is HIDDEN. This resource has been removed, use OS::Designate::RecordSet instead.
2024-09-16 01:58:11.411 65370 WARNING heat.engine.environment [-] OS::Glance::Image is DEPRECATED. Creating a Glance Image based on an existing URL location requires the Glance v1 API, which is deprecated.
2024-09-16 01:58:11.412 65370 WARNING heat.engine.environment [-] OS::Heat::HARestarter is HIDDEN. The HARestarter resource type has been removed. Existing stacks containing HARestarter resources can still be used, but the HARestarter resource will be a placeholder that does nothing.
2024-09-16 01:58:11.412 65370 WARNING heat.engine.environment [-] OS::Heat::SoftwareDeployments is HIDDEN. Please use OS::Heat::SoftwareDeploymentGroup instead.
2024-09-16 01:58:11.412 65370 WARNING heat.engine.environment [-] OS::Heat::StructuredDeployments is HIDDEN. Please use OS::Heat::StructuredDeploymentGroup instead.
2024-09-16 01:58:11.412 65370 WARNING heat.engine.environment [-] OS::Magnum::Bay is HIDDEN. Please use OS::Magnum::Cluster instead.
2024-09-16 01:58:11.412 65370 WARNING heat.engine.environment [-] OS::Magnum::BayModel is HIDDEN. Please use OS::Magnum::ClusterTemplate instead.
2024-09-16 01:58:11.413 65370 WARNING heat.engine.environment [-] OS::Neutron::ExtraRoute is UNSUPPORTED. Use this resource at your own risk.
2024-09-16 01:58:11.413 65370 WARNING heat.engine.environment [-] OS::Neutron::HealthMonitor is HIDDEN. Use LBaaS V2 instead.
2024-09-16 01:58:11.413 65370 WARNING heat.engine.environment [-] OS::Neutron::Pool is HIDDEN. Use LBaaS V2 instead.
2024-09-16 01:58:11.413 65370 WARNING heat.engine.environment [-] OS::Neutron::PoolMember is HIDDEN. Use LBaaS V2 instead.
2024-09-16 01:58:11.413 65370 WARNING heat.engine.environment [-] OS::Neutron::LoadBalancer is HIDDEN. Use LBaaS V2 instead.
2024-09-16 01:58:11.413 65370 WARNING heat.engine.environment [-] OS::Neutron::RouterGateway is HIDDEN. Use the `external_gateway_info` property in the router resource to set up the gateway.
2024-09-16 01:58:11.413 65370 WARNING heat.engine.environment [-] OS::Nova::FloatingIP is HIDDEN. Please use OS::Neutron::FloatingIP instead.
2024-09-16 01:58:11.414 65370 WARNING heat.engine.environment [-] OS::Nova::FloatingIPAssociation is HIDDEN. Please use OS::Neutron::FloatingIPAssociation instead.
2024-09-16 01:58:11.416 65370 INFO heat.engine.environment [-] Loading /etc/heat/environment.d/default.yaml
2024-09-16 01:58:11.417 65370 INFO heat.engine.environment [-] Registered: [Plugin](User:False) AWS::AutoScaling::AutoScalingGroup ->
2024-09-16 01:58:11.417 65370 INFO heat.engine.environment [-] Registered: [Plugin](User:False) AWS::AutoScaling::LaunchConfiguration ->
2024-09-16 01:58:11.417 65370 INFO heat.engine.environment [-] Registered: [Plugin](User:False) AWS::AutoScaling::ScalingPolicy ->
2024-09-16 01:58:11.417 65370 INFO heat.engine.environment [-] Registered: [Plugin](User:False) AWS::CloudFormation::Stack ->
2024-09-16 01:58:11.417 65370 INFO heat.engine.environment [-] Registered: [Plugin](User:False) AWS::CloudFormation::WaitCondition ->
2024-09-16 01:58:11.417 65370 INFO heat.engine.environment [-] Registered: [Plugin](User:False) AWS::CloudFormation::WaitConditionHandle ->
2024-09-16 01:58:11.417 65370 INFO heat.engine.environment [-] Registered: [Plugin](User:False) AWS::EC2::EIP ->
2024-09-16 01:58:11.417 65370 INFO heat.engine.environment [-] Registered: [Plugin](User:False) AWS::EC2::EIPAssociation ->
2024-09-16 01:58:11.417 65370 INFO heat.engine.environment [-] Registered: [Plugin](User:False) AWS::EC2::Instance ->
2024-09-16 01:58:11.418 65370 INFO heat.engine.environment [-] Registered: [Plugin](User:False) AWS::EC2::InternetGateway ->
2024-09-16 01:58:11.418 65370 INFO heat.engine.environment [-] Registered: [Plugin](User:False) AWS::EC2::VPCGatewayAttachment ->
2024-09-16 01:58:11.418 65370 INFO heat.engine.environment [-] Registered: [Plugin](User:False) AWS::EC2::NetworkInterface ->
2024-09-16 01:58:11.418 65370 INFO heat.engine.environment [-] Registered: [Plugin](User:False) AWS::EC2::RouteTable ->
2024-09-16 01:58:11.418 65370 INFO heat.engine.environment [-] Registered: [Plugin](User:False) AWS::EC2::SubnetRouteTableAssociation ->
2024-09-16 01:58:11.418 65370 INFO heat.engine.environment [-] Registered: [Plugin](User:False) AWS::EC2::SecurityGroup ->
2024-09-16 01:58:11.418 65370 INFO heat.engine.environment [-] Registered: [Plugin](User:False) AWS::EC2::Subnet ->
2024-09-16 01:58:11.418 65370 INFO heat.engine.environment [-] Registered: [Plugin](User:False) AWS::EC2::Volume ->
2024-09-16 01:58:11.418 65370 INFO heat.engine.environment [-] Registered: [Plugin](User:False) AWS::EC2::VolumeAttachment ->
2024-09-16 01:58:11.418 65370 INFO heat.engine.environment [-] Registered: [Plugin](User:False) AWS::EC2::VPC ->
2024-09-16 01:58:11.418 65370 INFO heat.engine.environment [-] Registered: [Plugin](User:False) AWS::IAM::User ->
2024-09-16 01:58:11.418 65370 INFO heat.engine.environment [-] Registered: [Plugin](User:False) AWS::IAM::AccessKey ->
2024-09-16 01:58:11.418 65370 INFO heat.engine.environment [-] Registered: [Plugin](User:False) AWS::ElasticLoadBalancing::LoadBalancer ->
2024-09-16 01:58:11.419 65370 INFO heat.engine.environment [-] Registered: [Plugin](User:False) AWS::S3::Bucket ->
2024-09-16 01:58:11.419 65370 INFO heat.engine.environment [-] Registered: [Plugin](User:False) OS::Aodh::Alarm ->
2024-09-16 01:58:11.419 65370 INFO heat.engine.environment [-] Registered: [Plugin](User:False) OS::Aodh::CombinationAlarm ->
2024-09-16 01:58:11.419 65370 INFO heat.engine.environment [-] Registered: [Plugin](User:False) OS::Aodh::EventAlarm ->
2024-09-16 01:58:11.419 65370 INFO heat.engine.environment [-] Registered: [Plugin](User:False) OS::Aodh::LBMemberHealthAlarm ->
2024-09-16 01:58:11.419 65370 INFO heat.engine.environment [-] Registered: [Plugin](User:False) OS::Aodh::CompositeAlarm ->
2024-09-16 01:58:11.419 65370 INFO heat.engine.environment [-] Registered: [Plugin](User:False) OS::Aodh::GnocchiResourcesAlarm ->
2024-09-16 01:58:11.419 65370 INFO heat.engine.environment [-] Registered: [Plugin](User:False) OS::Aodh::GnocchiAggregationByMetricsAlarm ->
2024-09-16 01:58:11.419 65370 INFO heat.engine.environment [-] Registered: [Plugin](User:False) OS::Aodh::GnocchiAggregationByResourcesAlarm ->
2024-09-16 01:58:11.419 65370 INFO heat.engine.environment [-] Registered: [Plugin](User:False) OS::Barbican::GenericContainer ->
2024-09-16 01:58:11.419 65370 INFO heat.engine.environment [-] Registered: [Plugin](User:False) OS::Barbican::CertificateContainer ->
2024-09-16 01:58:11.419 65370 INFO heat.engine.environment [-] Registered: [Plugin](User:False) OS::Barbican::RSAContainer ->
2024-09-16 01:58:11.420 65370 INFO heat.engine.environment [-] Registered: [Plugin](User:False) OS::Barbican::Order ->
2024-09-16 01:58:11.420 65370 INFO heat.engine.environment [-] Registered: [Plugin](User:False) OS::Barbican::Secret ->
2024-09-16 01:58:11.420 65370 INFO heat.engine.environment [-] Registered: [Plugin](User:False) OS::Blazar::Host ->
2024-09-16 01:58:11.420 65370 INFO heat.engine.environment [-] Registered: [Plugin](User:False) OS::Blazar::Lease ->
