2024-09-16 00:46:38.662 36021 DEBUG oslo_service.service [-] database.db_max_retry_interval = 10 log_opt_values /usr/lib/python3/dist-packages/oslo_config/cfg.py:2609
2024-09-16 00:46:38.662 36021 DEBUG oslo_service.service [-] database.db_retry_interval = 1 log_opt_values /usr/lib/python3/dist-packages/oslo_config/cfg.py:2609
2024-09-16 00:46:38.662 36021 DEBUG oslo_service.service [-] database.max_overflow = 50 log_opt_values /usr/lib/python3/dist-packages/oslo_config/cfg.py:2609
2024-09-16 00:46:38.663 36021 DEBUG oslo_service.service [-] database.max_pool_size = 5 log_opt_values /usr/lib/python3/dist-packages/oslo_config/cfg.py:2609
2024-09-16 00:46:38.663 36021 DEBUG oslo_service.service [-] database.max_retries = 10 log_opt_values /usr/lib/python3/dist-packages/oslo_config/cfg.py:2609
2024-09-16 00:46:38.663 36021 DEBUG oslo_service.service [-] database.mysql_enable_ndb = False log_opt_values /usr/lib/python3/dist-packages/oslo_config/cfg.py:2609
2024-09-16 00:46:38.663 36021 DEBUG oslo_service.service [-] database.mysql_sql_mode = TRADITIONAL log_opt_values /usr/lib/python3/dist-packages/oslo_config/cfg.py:2609
2024-09-16 00:46:38.663 36021 DEBUG oslo_service.service [-] database.pool_timeout = None log_opt_values /usr/lib/python3/dist-packages/oslo_config/cfg.py:2609
2024-09-16 00:46:38.663 36021 DEBUG oslo_service.service [-] database.retry_interval = 10 log_opt_values /usr/lib/python3/dist-packages/oslo_config/cfg.py:2609
2024-09-16 00:46:38.663 36021 DEBUG oslo_service.service [-] database.slave_connection = **** log_opt_values /usr/lib/python3/dist-packages/oslo_config/cfg.py:2609
2024-09-16 00:46:38.663 36021 DEBUG oslo_service.service [-] database.sqlite_synchronous = True log_opt_values /usr/lib/python3/dist-packages/oslo_config/cfg.py:2609
2024-09-16 00:46:38.664 36021 DEBUG oslo_service.service [-] database.use_db_reconnect = False log_opt_values /usr/lib/python3/dist-packages/oslo_config/cfg.py:2609
2024-09-16 00:46:38.664 36021 DEBUG oslo_service.service [-] oslo_messaging_metrics.metrics_buffer_size = 1000 log_opt_values /usr/lib/python3/dist-packages/oslo_config/cfg.py:2609
2024-09-16 00:46:38.664 36021 DEBUG oslo_service.service [-] oslo_messaging_metrics.metrics_enabled = False log_opt_values /usr/lib/python3/dist-packages/oslo_config/cfg.py:2609
2024-09-16 00:46:38.664 36021 DEBUG oslo_service.service [-] oslo_messaging_metrics.metrics_process_name = log_opt_values /usr/lib/python3/dist-packages/oslo_config/cfg.py:2609
2024-09-16 00:46:38.664 36021 DEBUG oslo_service.service [-] oslo_messaging_metrics.metrics_socket_file = /var/tmp/metrics_collector.sock log_opt_values /usr/lib/python3/dist-packages/oslo_config/cfg.py:2609
2024-09-16 00:46:38.664 36021 DEBUG oslo_service.service [-] oslo_messaging_metrics.metrics_thread_stop_timeout = 10 log_opt_values /usr/lib/python3/dist-packages/oslo_config/cfg.py:2609
2024-09-16 00:46:38.664 36021 DEBUG oslo_service.service [-] oslo_policy.enforce_new_defaults = False log_opt_values /usr/lib/python3/dist-packages/oslo_config/cfg.py:2609
2024-09-16 00:46:38.664 36021 DEBUG oslo_service.service [-] oslo_policy.enforce_scope = False log_opt_values /usr/lib/python3/dist-packages/oslo_config/cfg.py:2609
2024-09-16 00:46:38.664 36021 DEBUG oslo_service.service [-] oslo_policy.policy_default_rule = default log_opt_values /usr/lib/python3/dist-packages/oslo_config/cfg.py:2609
2024-09-16 00:46:38.665 36242 INFO heat.engine.worker [-] Starting engine_worker (1.4) in engine 9f640e72-5a3f-4444-a83e-b7ea8911962f.
2024-09-16 00:46:38.666 36021 DEBUG oslo_service.service [-] oslo_policy.policy_dirs = ['policy.d'] log_opt_values /usr/lib/python3/dist-packages/oslo_config/cfg.py:2609
2024-09-16 00:46:38.666 36021 DEBUG oslo_service.service [-] oslo_policy.policy_file = policy.yaml log_opt_values /usr/lib/python3/dist-packages/oslo_config/cfg.py:2609
2024-09-16 00:46:38.666 36021 DEBUG oslo_service.service [-] oslo_policy.remote_content_type = application/x-www-form-urlencoded log_opt_values /usr/lib/python3/dist-packages/oslo_config/cfg.py:2609
2024-09-16 00:46:38.666 36021 DEBUG oslo_service.service [-] oslo_policy.remote_ssl_ca_crt_file = None log_opt_values /usr/lib/python3/dist-packages/oslo_config/cfg.py:2609
2024-09-16 00:46:38.666 36021 DEBUG oslo_service.service [-] oslo_policy.remote_ssl_client_crt_file = None log_opt_values /usr/lib/python3/dist-packages/oslo_config/cfg.py:2609
2024-09-16 00:46:38.666 36021 DEBUG oslo_service.service [-] oslo_policy.remote_ssl_client_key_file = None log_opt_values /usr/lib/python3/dist-packages/oslo_config/cfg.py:2609
2024-09-16 00:46:38.666 36021 DEBUG oslo_service.service [-] oslo_policy.remote_ssl_verify_server_crt = False log_opt_values /usr/lib/python3/dist-packages/oslo_config/cfg.py:2609
2024-09-16 00:46:38.667 36021 DEBUG oslo_service.service [-] trustee.auth_section = None log_opt_values /usr/lib/python3/dist-packages/oslo_config/cfg.py:2609
2024-09-16 00:46:38.667 36021 WARNING oslo_config.cfg [-] Deprecated: Option "auth_plugin" from group "trustee" is deprecated. Use option "auth_type" from group "trustee".
2024-09-16 00:46:38.667 36021 DEBUG oslo_service.service [-] trustee.auth_type = password log_opt_values /usr/lib/python3/dist-packages/oslo_config/cfg.py:2609
2024-09-16 00:46:38.667 36021 DEBUG oslo_service.service [-] oslo_versionedobjects.fatal_exception_format_errors = False log_opt_values /usr/lib/python3/dist-packages/oslo_config/cfg.py:2609
2024-09-16 00:46:38.668 36021 DEBUG oslo_service.service [-] oslo_messaging_rabbit.amqp_auto_delete = False log_opt_values /usr/lib/python3/dist-packages/oslo_config/cfg.py:2609
2024-09-16 00:46:38.668 36021 DEBUG oslo_service.service [-] oslo_messaging_rabbit.amqp_durable_queues = False log_opt_values /usr/lib/python3/dist-packages/oslo_config/cfg.py:2609
2024-09-16 00:46:38.668 36021 DEBUG oslo_service.service [-] oslo_messaging_rabbit.conn_pool_min_size = 2 log_opt_values /usr/lib/python3/dist-packages/oslo_config/cfg.py:2609
2024-09-16 00:46:38.668 36021 DEBUG oslo_service.service [-] oslo_messaging_rabbit.conn_pool_ttl = 1200 log_opt_values /usr/lib/python3/dist-packages/oslo_config/cfg.py:2609
2024-09-16 00:46:38.668 36021 DEBUG oslo_service.service [-] oslo_messaging_rabbit.direct_mandatory_flag = True log_opt_values /usr/lib/python3/dist-packages/oslo_config/cfg.py:2609
2024-09-16 00:46:38.668 36021 DEBUG oslo_service.service [-] oslo_messaging_rabbit.enable_cancel_on_failover = False log_opt_values /usr/lib/python3/dist-packages/oslo_config/cfg.py:2609
2024-09-16 00:46:38.668 36021 DEBUG oslo_service.service [-] oslo_messaging_rabbit.heartbeat_in_pthread = True log_opt_values /usr/lib/python3/dist-packages/oslo_config/cfg.py:2609
2024-09-16 00:46:38.669 36021 DEBUG oslo_service.service [-] oslo_messaging_rabbit.heartbeat_rate = 2 log_opt_values /usr/lib/python3/dist-packages/oslo_config/cfg.py:2609
2024-09-16 00:46:38.669 36021 DEBUG oslo_service.service [-] oslo_messaging_rabbit.heartbeat_timeout_threshold = 60 log_opt_values /usr/lib/python3/dist-packages/oslo_config/cfg.py:2609
2024-09-16 00:46:38.669 36021 DEBUG oslo_service.service [-] oslo_messaging_rabbit.kombu_compression = None log_opt_values /usr/lib/python3/dist-packages/oslo_config/cfg.py:2609
2024-09-16 00:46:38.669 36021 DEBUG oslo_service.service [-] oslo_messaging_rabbit.kombu_failover_strategy = round-robin log_opt_values /usr/lib/python3/dist-packages/oslo_config/cfg.py:2609
2024-09-16 00:46:38.669 36021 DEBUG oslo_service.service [-] oslo_messaging_rabbit.kombu_missing_consumer_retry_timeout = 60 log_opt_values /usr/lib/python3/dist-packages/oslo_config/cfg.py:2609
2024-09-16 00:46:38.669 36021 DEBUG oslo_service.service [-] oslo_messaging_rabbit.kombu_reconnect_delay = 1.0 log_opt_values /usr/lib/python3/dist-packages/oslo_config/cfg.py:2609
2024-09-16 00:46:38.669 36021 DEBUG oslo_service.service [-] oslo_messaging_rabbit.rabbit_ha_queues = False log_opt_values /usr/lib/python3/dist-packages/oslo_config/cfg.py:2609
2024-09-16 00:46:38.670 36021 DEBUG oslo_service.service [-] oslo_messaging_rabbit.rabbit_interval_max = 30 log_opt_values /usr/lib/python3/dist-packages/oslo_config/cfg.py:2609
2024-09-16 00:46:38.670 36021 DEBUG oslo_service.service [-] oslo_messaging_rabbit.rabbit_login_method = AMQPLAIN log_opt_values /usr/lib/python3/dist-packages/oslo_config/cfg.py:2609
2024-09-16 00:46:38.670 36021 DEBUG oslo_service.service [-] oslo_messaging_rabbit.rabbit_qos_prefetch_count = 0 log_opt_values /usr/lib/python3/dist-packages/oslo_config/cfg.py:2609
2024-09-16 00:46:38.670 36021 DEBUG oslo_service.service [-] oslo_messaging_rabbit.rabbit_quorum_queue = False log_opt_values /usr/lib/python3/dist-packages/oslo_config/cfg.py:2609
2024-09-16 00:46:38.670 36021 DEBUG oslo_service.service [-] oslo_messaging_rabbit.rabbit_retry_backoff = 2 log_opt_values /usr/lib/python3/dist-packages/oslo_config/cfg.py:2609
2024-09-16 00:46:38.670 36021 DEBUG oslo_service.service [-] oslo_messaging_rabbit.rabbit_retry_interval = 1 log_opt_values /usr/lib/python3/dist-packages/oslo_config/cfg.py:2609
2024-09-16 00:46:38.670 36021 DEBUG oslo_service.service [-] oslo_messaging_rabbit.rabbit_transient_queues_ttl = 1800 log_opt_values /usr/lib/python3/dist-packages/oslo_config/cfg.py:2609
2024-09-16 00:46:38.671 36239 INFO heat.engine.worker [-] Starting engine_worker (1.4) in engine a981ecfa-f602-4582-9351-0a5c3b769377.
2024-09-16 00:46:38.671 36021 DEBUG oslo_service.service [-] oslo_messaging_rabbit.rpc_conn_pool_size = 30 log_opt_values /usr/lib/python3/dist-packages/oslo_config/cfg.py:2609
2024-09-16 00:46:38.671 36021 DEBUG oslo_service.service [-] oslo_messaging_rabbit.ssl = False log_opt_values /usr/lib/python3/dist-packages/oslo_config/cfg.py:2609
2024-09-16 00:46:38.672 36021 DEBUG oslo_service.service [-] oslo_messaging_rabbit.ssl_ca_file = log_opt_values /usr/lib/python3/dist-packages/oslo_config/cfg.py:2609
2024-09-16 00:46:38.672 36021 DEBUG oslo_service.service [-] oslo_messaging_rabbit.ssl_cert_file = log_opt_values /usr/lib/python3/dist-packages/oslo_config/cfg.py:2609
2024-09-16 00:46:38.672 36021 DEBUG oslo_service.service [-] oslo_messaging_rabbit.ssl_key_file = log_opt_values /usr/lib/python3/dist-packages/oslo_config/cfg.py:2609
2024-09-16 00:46:38.672 36021 DEBUG oslo_service.service [-] oslo_messaging_rabbit.ssl_version = log_opt_values /usr/lib/python3/dist-packages/oslo_config/cfg.py:2609
2024-09-16 00:46:38.672 36021 DEBUG oslo_service.service [-] oslo_messaging_notifications.driver = [] log_opt_values /usr/lib/python3/dist-packages/oslo_config/cfg.py:2609
2024-09-16 00:46:38.672 36021 DEBUG oslo_service.service [-] oslo_messaging_notifications.retry = -1 log_opt_values /usr/lib/python3/dist-packages/oslo_config/cfg.py:2609
2024-09-16 00:46:38.673 36021 DEBUG oslo_service.service [-] oslo_messaging_notifications.topics = ['notifications'] log_opt_values /usr/lib/python3/dist-packages/oslo_config/cfg.py:2609
2024-09-16 00:46:38.673 36021 DEBUG oslo_service.service [-] oslo_messaging_notifications.transport_url = **** log_opt_values /usr/lib/python3/dist-packages/oslo_config/cfg.py:2609
2024-09-16 00:46:38.673 36021 DEBUG oslo_service.service [-] cache.backend = dogpile.cache.null log_opt_values /usr/lib/python3/dist-packages/oslo_config/cfg.py:2609
2024-09-16 00:46:38.673 36021 DEBUG oslo_service.service [-] cache.backend_argument = **** log_opt_values /usr/lib/python3/dist-packages/oslo_config/cfg.py:2609
2024-09-16 00:46:38.673 36021 DEBUG oslo_service.service [-] cache.config_prefix = cache.oslo log_opt_values /usr/lib/python3/dist-packages/oslo_config/cfg.py:2609
2024-09-16 00:46:38.673 36021 DEBUG oslo_service.service [-] cache.debug_cache_backend = False log_opt_values /usr/lib/python3/dist-packages/oslo_config/cfg.py:2609
2024-09-16 00:46:38.673 36021 DEBUG oslo_service.service [-] cache.enabled = False log_opt_values /usr/lib/python3/dist-packages/oslo_config/cfg.py:2609
2024-09-16 00:46:38.673 36021 DEBUG oslo_service.service [-] cache.expiration_time = 600 log_opt_values /usr/lib/python3/dist-packages/oslo_config/cfg.py:2609
2024-09-16 00:46:38.674 36021 DEBUG oslo_service.service [-] cache.memcache_dead_retry = 300 log_opt_values /usr/lib/python3/dist-packages/oslo_config/cfg.py:2609
2024-09-16 00:46:38.674 36021 DEBUG oslo_service.service [-] cache.memcache_pool_connection_get_timeout = 10 log_opt_values /usr/lib/python3/dist-packages/oslo_config/cfg.py:2609
2024-09-16 00:46:38.674 36021 DEBUG oslo_service.service [-] cache.memcache_pool_flush_on_reconnect = False log_opt_values /usr/lib/python3/dist-packages/oslo_config/cfg.py:2609
2024-09-16 00:46:38.674 36021 DEBUG oslo_service.service [-] cache.memcache_pool_maxsize = 10 log_opt_values /usr/lib/python3/dist-packages/oslo_config/cfg.py:2609
2024-09-16 00:46:38.674 36021 DEBUG oslo_service.service [-] cache.memcache_pool_unused_timeout = 60 log_opt_values /usr/lib/python3/dist-packages/oslo_config/cfg.py:2609
2024-09-16 00:46:38.674 36021 DEBUG oslo_service.service [-] cache.memcache_servers = ['localhost:11211'] log_opt_values /usr/lib/python3/dist-packages/oslo_config/cfg.py:2609
2024-09-16 00:46:38.674 36021 DEBUG oslo_service.service [-] cache.memcache_socket_timeout = 1.0 log_opt_values /usr/lib/python3/dist-packages/oslo_config/cfg.py:2609
2024-09-16 00:46:38.674 36021 DEBUG oslo_service.service [-] cache.proxies = [] log_opt_values /usr/lib/python3/dist-packages/oslo_config/cfg.py:2609
2024-09-16 00:46:38.674 36021 DEBUG oslo_service.service [-] cache.tls_allowed_ciphers = None log_opt_values /usr/lib/python3/dist-packages/oslo_config/cfg.py:2609
2024-09-16 00:46:38.675 36021 DEBUG oslo_service.service [-] cache.tls_cafile = None log_opt_values /usr/lib/python3/dist-packages/oslo_config/cfg.py:2609
2024-09-16 00:46:38.675 36021 DEBUG oslo_service.service [-] cache.tls_certfile = None log_opt_values /usr/lib/python3/dist-packages/oslo_config/cfg.py:2609
2024-09-16 00:46:38.675 36021 DEBUG oslo_service.service [-] cache.tls_enabled = False log_opt_values /usr/lib/python3/dist-packages/oslo_config/cfg.py:2609
2024-09-16 00:46:38.675 36021 DEBUG oslo_service.service [-] cache.tls_keyfile = None log_opt_values /usr/lib/python3/dist-packages/oslo_config/cfg.py:2609
2024-09-16 00:46:38.675 36021 DEBUG oslo_service.service [-] constraint_validation_cache.caching = True log_opt_values /usr/lib/python3/dist-packages/oslo_config/cfg.py:2609
2024-09-16 00:46:38.675 36021 DEBUG oslo_service.service [-] constraint_validation_cache.expiration_time = 60 log_opt_values /usr/lib/python3/dist-packages/oslo_config/cfg.py:2609
2024-09-16 00:46:38.676 36021 DEBUG oslo_service.service [-] service_extension_cache.caching = True log_opt_values /usr/lib/python3/dist-packages/oslo_config/cfg.py:2609
2024-09-16 00:46:38.676 36021 DEBUG oslo_service.service [-] service_extension_cache.expiration_time = 3600 log_opt_values /usr/lib/python3/dist-packages/oslo_config/cfg.py:2609
2024-09-16 00:46:38.676 36021 DEBUG oslo_service.service [-] resource_finder_cache.caching = True log_opt_values /usr/lib/python3/dist-packages/oslo_config/cfg.py:2609
2024-09-16 00:46:38.676 36021 DEBUG oslo_service.service [-] resource_finder_cache.expiration_time = 3600 log_opt_values /usr/lib/python3/dist-packages/oslo_config/cfg.py:2609
2024-09-16 00:46:38.676 36021 DEBUG oslo_service.service [-] yaql.limit_iterators = 200 log_opt_values /usr/lib/python3/dist-packages/oslo_config/cfg.py:2609
2024-09-16 00:46:38.676 36021 DEBUG oslo_service.service [-] yaql.memory_quota = 10000 log_opt_values /usr/lib/python3/dist-packages/oslo_config/cfg.py:2609
2024-09-16 00:46:38.676 36021 DEBUG oslo_service.service [-] ******************************************************************************** log_opt_values /usr/lib/python3/dist-packages/oslo_config/cfg.py:2613
2024-09-16 00:46:38.743 36240 DEBUG oslo_db.sqlalchemy.engines [req-1c104423-26c8-497e-adf6-eb549d44d34d - - - - -] MySQL server mode set to STRICT_TRANS_TABLES,STRICT_ALL_TABLES,NO_ZERO_IN_DATE,NO_ZERO_DATE,ERROR_FOR_DIVISION_BY_ZERO,TRADITIONAL,NO_ENGINE_SUBSTITUTION _check_effective_sql_mode /usr/lib/python3/dist-packages/oslo_db/sqlalchemy/engines.py:314
2024-09-16 00:46:38.749 36239 DEBUG oslo_db.sqlalchemy.engines [req-057ac90b-432e-4bf0-8fa3-3e4dc071693c - - - - -] MySQL server mode set to STRICT_TRANS_TABLES,STRICT_ALL_TABLES,NO_ZERO_IN_DATE,NO_ZERO_DATE,ERROR_FOR_DIVISION_BY_ZERO,TRADITIONAL,NO_ENGINE_SUBSTITUTION _check_effective_sql_mode /usr/lib/python3/dist-packages/oslo_db/sqlalchemy/engines.py:314
2024-09-16 00:46:38.755 36242 DEBUG oslo_db.sqlalchemy.engines [req-955c15af-01c4-4667-bd86-e2f7e7f00ce7 - - - - -] MySQL server mode set to STRICT_TRANS_TABLES,STRICT_ALL_TABLES,NO_ZERO_IN_DATE,NO_ZERO_DATE,ERROR_FOR_DIVISION_BY_ZERO,TRADITIONAL,NO_ENGINE_SUBSTITUTION _check_effective_sql_mode /usr/lib/python3/dist-packages/oslo_db/sqlalchemy/engines.py:314
2024-09-16 00:46:38.761 36241 DEBUG oslo_db.sqlalchemy.engines [req-bc6fc617-5f3f-4833-9b57-2c952479a351 - - - - -] MySQL server mode set to STRICT_TRANS_TABLES,STRICT_ALL_TABLES,NO_ZERO_IN_DATE,NO_ZERO_DATE,ERROR_FOR_DIVISION_BY_ZERO,TRADITIONAL,NO_ENGINE_SUBSTITUTION _check_effective_sql_mode /usr/lib/python3/dist-packages/oslo_db/sqlalchemy/engines.py:314
2024-09-16 00:46:38.826 36240 DEBUG heat.engine.service [req-542dfdfd-7116-4255-854e-ad5fd2007257 - - - - -] Service d1a11d85-0be0-4d61-a0f4-808e97fd0c6c is started service_manage_report /usr/lib/python3/dist-packages/heat/engine/service.py:2363
2024-09-16 00:46:38.835 36242 DEBUG heat.engine.service [req-0bda205d-7971-4112-a0ad-a403e8e009f3 - - - - -] Service 9185a4da-eeae-4d1e-a0c1-c0e920667af1 is started service_manage_report /usr/lib/python3/dist-packages/heat/engine/service.py:2363
2024-09-16 00:46:38.848 36240 DEBUG heat.engine.service [req-542dfdfd-7116-4255-854e-ad5fd2007257 - - - - -] Service d1a11d85-0be0-4d61-a0f4-808e97fd0c6c is updated service_manage_report /usr/lib/python3/dist-packages/heat/engine/service.py:2370
2024-09-16 00:46:38.848 36239 DEBUG heat.engine.service [req-33302325-ddcb-4156-baf3-ef67da7d2a69 - - - - -] Service c0b08f1b-3fc5-4894-b2d7-6c77e3c5dad2 is started service_manage_report /usr/lib/python3/dist-packages/heat/engine/service.py:2363
2024-09-16 00:46:38.853 36241 DEBUG heat.engine.service [req-a740fc1c-8028-41c1-ac87-48e38676ecb7 - - - - -] Service d6787689-2418-48fe-b5d5-fc54e85d8c91 is started service_manage_report /usr/lib/python3/dist-packages/heat/engine/service.py:2363
2024-09-16 00:46:38.854 36242 DEBUG heat.engine.service [req-0bda205d-7971-4112-a0ad-a403e8e009f3 - - - - -] Service 9185a4da-eeae-4d1e-a0c1-c0e920667af1 is updated service_manage_report /usr/lib/python3/dist-packages/heat/engine/service.py:2370
2024-09-16 00:46:38.865 36239 DEBUG heat.engine.service [req-33302325-ddcb-4156-baf3-ef67da7d2a69 - - - - -] Service c0b08f1b-3fc5-4894-b2d7-6c77e3c5dad2 is updated service_manage_report /usr/lib/python3/dist-packages/heat/engine/service.py:2370
2024-09-16 00:46:38.871 36241 DEBUG heat.engine.service [req-a740fc1c-8028-41c1-ac87-48e38676ecb7 - - - - -] Service d6787689-2418-48fe-b5d5-fc54e85d8c91 is updated service_manage_report /usr/lib/python3/dist-packages/heat/engine/service.py:2370
2024-09-16 00:47:39.849 36240 DEBUG heat.engine.service [req-b6151018-06c4-435c-b4ea-275da9264524 - - - - -] Service d1a11d85-0be0-4d61-a0f4-808e97fd0c6c is updated service_manage_report /usr/lib/python3/dist-packages/heat/engine/service.py:2370
2024-09-16 00:47:39.863 36239 DEBUG heat.engine.service [req-c1a8accf-66e1-4e19-85f2-6e8bacc748dd - - - - -] Service c0b08f1b-3fc5-4894-b2d7-6c77e3c5dad2 is updated service_manage_report /usr/lib/python3/dist-packages/heat/engine/service.py:2370
2024-09-16 00:47:39.863 36242 DEBUG heat.engine.service [req-bdd3bd13-5967-4aff-9e13-11b80cf381fd - - - - -] Service 9185a4da-eeae-4d1e-a0c1-c0e920667af1 is updated service_manage_report /usr/lib/python3/dist-packages/heat/engine/service.py:2370
2024-09-16 00:47:39.864 36241 DEBUG heat.engine.service [req-7ccbe4d3-ee23-4cb3-8d6a-cfc5b1669129 - - - - -] Service d6787689-2418-48fe-b5d5-fc54e85d8c91 is updated service_manage_report /usr/lib/python3/dist-packages/heat/engine/service.py:2370
2024-09-16 00:48:38.819 36240 DEBUG heat.engine.service [req-400fcd96-f772-4d52-883a-17307cfdf958 - - - - -] Service d1a11d85-0be0-4d61-a0f4-808e97fd0c6c is updated service_manage_report /usr/lib/python3/dist-packages/heat/engine/service.py:2370
2024-09-16 00:48:38.832 36239 DEBUG heat.engine.service [req-ab8bb1fb-0a3e-44bb-a610-cc88327d0667 - - - - -] Service c0b08f1b-3fc5-4894-b2d7-6c77e3c5dad2 is updated service_manage_report /usr/lib/python3/dist-packages/heat/engine/service.py:2370
2024-09-16 00:48:38.836 36242 DEBUG heat.engine.service [req-697cb903-8afe-4984-8db6-8447adc0a0b7 - - - - -] Service 9185a4da-eeae-4d1e-a0c1-c0e920667af1 is updated service_manage_report /usr/lib/python3/dist-packages/heat/engine/service.py:2370
2024-09-16 00:48:38.856 36241 DEBUG heat.engine.service [req-66ca6d53-b547-408e-afa3-402ba2a37ee9 - - - - -] Service d6787689-2418-48fe-b5d5-fc54e85d8c91 is updated service_manage_report /usr/lib/python3/dist-packages/heat/engine/service.py:2370
2024-09-16 00:49:39.063 36240 DEBUG heat.engine.service [req-a55ba87d-953a-46e4-a94e-39268c8894c7 - - - - -] Service d1a11d85-0be0-4d61-a0f4-808e97fd0c6c is updated service_manage_report /usr/lib/python3/dist-packages/heat/engine/service.py:2370
2024-09-16 00:49:39.067 36242 DEBUG heat.engine.service [req-c7fe0ac9-960a-4669-8fe4-63edf567f71f - - - - -] Service 9185a4da-eeae-4d1e-a0c1-c0e920667af1 is updated service_manage_report /usr/lib/python3/dist-packages/heat/engine/service.py:2370
2024-09-16 00:49:39.067 36241 DEBUG heat.engine.service [req-760ce4dc-d700-4bd1-8720-da58db736251 - - - - -] Service d6787689-2418-48fe-b5d5-fc54e85d8c91 is updated service_manage_report /usr/lib/python3/dist-packages/heat/engine/service.py:2370
2024-09-16 00:49:39.068 36239 DEBUG heat.engine.service [req-4fd30f7e-d5d0-4ef7-a0b3-3ba7ebb67265 - - - - -] Service c0b08f1b-3fc5-4894-b2d7-6c77e3c5dad2 is updated service_manage_report /usr/lib/python3/dist-packages/heat/engine/service.py:2370
2024-09-16 00:50:39.466 36239 DEBUG heat.engine.service [req-33ea9a19-3245-468e-9749-7001cc65f2cb - - - - -] Service c0b08f1b-3fc5-4894-b2d7-6c77e3c5dad2 is updated service_manage_report /usr/lib/python3/dist-packages/heat/engine/service.py:2370
2024-09-16 00:50:39.468 36242 DEBUG heat.engine.service [req-f3720590-e350-4468-8654-3a7e91bfb966 - - - - -] Service 9185a4da-eeae-4d1e-a0c1-c0e920667af1 is updated service_manage_report /usr/lib/python3/dist-packages/heat/engine/service.py:2370
2024-09-16 00:50:39.468 36241 DEBUG heat.engine.service [req-600213f8-5a8b-42dc-a598-a35af30a0f8c - - - - -] Service d6787689-2418-48fe-b5d5-fc54e85d8c91 is updated service_manage_report /usr/lib/python3/dist-packages/heat/engine/service.py:2370
2024-09-16 00:50:39.468 36240 DEBUG heat.engine.service [req-cdb17812-a98a-43ba-82b1-699dfad10263 - - - - -] Service d1a11d85-0be0-4d61-a0f4-808e97fd0c6c is updated service_manage_report /usr/lib/python3/dist-packages/heat/engine/service.py:2370
2024-09-16 00:51:38.914 36239 DEBUG heat.engine.service [req-980814b3-4fd6-42c8-9ed1-62201df518df - - - - -] Service c0b08f1b-3fc5-4894-b2d7-6c77e3c5dad2 is updated service_manage_report /usr/lib/python3/dist-packages/heat/engine/service.py:2370
2024-09-16 00:51:38.915 36241 DEBUG heat.engine.service [req-49e0625a-8bfe-4aec-a343-a6af4ba4fcea - - - - -] Service d6787689-2418-48fe-b5d5-fc54e85d8c91 is updated service_manage_report /usr/lib/python3/dist-packages/heat/engine/service.py:2370
2024-09-16 00:51:38.915 36240 DEBUG heat.engine.service [req-a9b9004f-9a2d-4e96-a187-1be6c2e0e68e - - - - -] Service d1a11d85-0be0-4d61-a0f4-808e97fd0c6c is updated service_manage_report /usr/lib/python3/dist-packages/heat/engine/service.py:2370
2024-09-16 00:51:38.916 36242 DEBUG heat.engine.service [req-470c04be-e551-414a-8204-0597b43363e3 - - - - -] Service 9185a4da-eeae-4d1e-a0c1-c0e920667af1 is updated service_manage_report /usr/lib/python3/dist-packages/heat/engine/service.py:2370
2024-09-16 00:52:40.050 36239 DEBUG heat.engine.service [req-8b7bc963-ac31-4e49-bd98-f5e6bf1d9b83 - - - - -] Service c0b08f1b-3fc5-4894-b2d7-6c77e3c5dad2 is updated service_manage_report /usr/lib/python3/dist-packages/heat/engine/service.py:2370
2024-09-16 00:52:40.055 36240 DEBUG heat.engine.service [req-d6dfe8e7-a2d9-41aa-915e-8f25590b93ab - - - - -] Service d1a11d85-0be0-4d61-a0f4-808e97fd0c6c is updated service_manage_report /usr/lib/python3/dist-packages/heat/engine/service.py:2370
2024-09-16 00:52:40.092 36241 DEBUG heat.engine.service [req-f790d770-78b4-4c3f-8214-b2daf4a17a4a - - - - -] Service d6787689-2418-48fe-b5d5-fc54e85d8c91 is updated service_manage_report /usr/lib/python3/dist-packages/heat/engine/service.py:2370
2024-09-16 00:52:40.093 36242 DEBUG heat.engine.service [req-92436e7a-50bc-4b8f-8a19-45904fa247fe - - - - -] Service 9185a4da-eeae-4d1e-a0c1-c0e920667af1 is updated service_manage_report /usr/lib/python3/dist-packages/heat/engine/service.py:2370
2024-09-16 00:53:38.803 36239 DEBUG heat.engine.service [req-578d9461-88e7-41e9-886e-54be8e9403de - - - - -] Service c0b08f1b-3fc5-4894-b2d7-6c77e3c5dad2 is updated service_manage_report /usr/lib/python3/dist-packages/heat/engine/service.py:2370
2024-09-16 00:53:38.817 36240 DEBUG heat.engine.service [req-c0551196-652f-4fea-bfb3-c8825a51d3f5 - - - - -] Service d1a11d85-0be0-4d61-a0f4-808e97fd0c6c is updated service_manage_report /usr/lib/python3/dist-packages/heat/engine/service.py:2370
2024-09-16 00:53:38.823 36242 DEBUG heat.engine.service [req-5f116e7f-9c2b-4e38-9283-8f3ce1e588f2 - - - - -] Service 9185a4da-eeae-4d1e-a0c1-c0e920667af1 is updated service_manage_report /usr/lib/python3/dist-packages/heat/engine/service.py:2370
2024-09-16 00:53:38.833 36241 DEBUG heat.engine.service [req-93d76248-f431-46a6-aed1-a74569675ef7 - - - - -] Service d6787689-2418-48fe-b5d5-fc54e85d8c91 is updated service_manage_report /usr/lib/python3/dist-packages/heat/engine/service.py:2370
2024-09-16 00:54:38.939 36239 DEBUG heat.engine.service [req-f2278123-dfb6-4b89-8974-9995606e1a93 - - - - -] Service c0b08f1b-3fc5-4894-b2d7-6c77e3c5dad2 is updated service_manage_report /usr/lib/python3/dist-packages/heat/engine/service.py:2370
2024-09-16 00:54:38.940 36240 DEBUG heat.engine.service [req-d66c98ed-a9a5-4fc8-9660-d49b6be6ea00 - - - - -] Service d1a11d85-0be0-4d61-a0f4-808e97fd0c6c is updated service_manage_report /usr/lib/python3/dist-packages/heat/engine/service.py:2370
2024-09-16 00:54:38.940 36241 DEBUG heat.engine.service [req-222e2c09-dcf3-4066-941b-ef443def15ee - - - - -] Service d6787689-2418-48fe-b5d5-fc54e85d8c91 is updated service_manage_report /usr/lib/python3/dist-packages/heat/engine/service.py:2370
2024-09-16 00:54:38.940 36242 DEBUG heat.engine.service [req-8ec9ccc9-ef92-44f2-9ed9-40b98b0a08dd - - - - -] Service 9185a4da-eeae-4d1e-a0c1-c0e920667af1 is updated service_manage_report /usr/lib/python3/dist-packages/heat/engine/service.py:2370
2024-09-16 00:55:38.894 36239 DEBUG heat.engine.service [req-a5461afc-0890-488c-84c8-47d3de41a297 - - - - -] Service c0b08f1b-3fc5-4894-b2d7-6c77e3c5dad2 is updated service_manage_report /usr/lib/python3/dist-packages/heat/engine/service.py:2370
2024-09-16 00:55:38.897 36242 DEBUG heat.engine.service [req-0650cb8c-b100-49a5-a85c-e6cd0e598941 - - - - -] Service 9185a4da-eeae-4d1e-a0c1-c0e920667af1 is updated service_manage_report /usr/lib/python3/dist-packages/heat/engine/service.py:2370
2024-09-16 00:55:38.897 36241 DEBUG heat.engine.service [req-a650bba4-c653-4ea8-9382-bc4a4062f70f - - - - -] Service d6787689-2418-48fe-b5d5-fc54e85d8c91 is updated service_manage_report /usr/lib/python3/dist-packages/heat/engine/service.py:2370
2024-09-16 00:55:38.897 36240 DEBUG heat.engine.service [req-4479c01f-6c84-471a-a841-68f0636826af - - - - -] Service d1a11d85-0be0-4d61-a0f4-808e97fd0c6c is updated service_manage_report /usr/lib/python3/dist-packages/heat/engine/service.py:2370
2024-09-16 00:56:38.808 36239 DEBUG heat.engine.service [req-8fee0cf5-8fd2-49d5-84a9-f81286402004 - - - - -] Service c0b08f1b-3fc5-4894-b2d7-6c77e3c5dad2 is updated service_manage_report /usr/lib/python3/dist-packages/heat/engine/service.py:2370
2024-09-16 00:56:38.818 36242 DEBUG heat.engine.service [req-ab859e2f-ebdd-4f65-a5b9-3fdc7e5ac4f9 - - - - -] Service 9185a4da-eeae-4d1e-a0c1-c0e920667af1 is updated service_manage_report /usr/lib/python3/dist-packages/heat/engine/service.py:2370
2024-09-16 00:56:38.822 36240 DEBUG heat.engine.service [req-56747338-b2d7-4191-ad57-59a5fff588d7 - - - - -] Service d1a11d85-0be0-4d61-a0f4-808e97fd0c6c is updated service_manage_report /usr/lib/python3/dist-packages/heat/engine/service.py:2370
2024-09-16 00:56:38.827 36241 DEBUG heat.engine.service [req-8eb4f95b-3b12-4922-be0c-93cc6c681f70 - - - - -] Service d6787689-2418-48fe-b5d5-fc54e85d8c91 is updated service_manage_report /usr/lib/python3/dist-packages/heat/engine/service.py:2370
2024-09-16 00:57:38.811 36239 DEBUG heat.engine.service [req-ecb87b7f-c2af-44ad-aaa0-d2829af08a9e - - - - -] Service c0b08f1b-3fc5-4894-b2d7-6c77e3c5dad2 is updated service_manage_report /usr/lib/python3/dist-packages/heat/engine/service.py:2370
2024-09-16 00:57:38.822 36242 DEBUG heat.engine.service [req-f7d74928-db8f-4603-83ec-4d25a40fda2c - - - - -] Service 9185a4da-eeae-4d1e-a0c1-c0e920667af1 is updated service_manage_report /usr/lib/python3/dist-packages/heat/engine/service.py:2370
2024-09-16 00:57:38.826 36240 DEBUG heat.engine.service [req-3fc13083-7ab3-4a46-88b3-c3be64c4329e - - - - -] Service d1a11d85-0be0-4d61-a0f4-808e97fd0c6c is updated service_manage_report /usr/lib/python3/dist-packages/heat/engine/service.py:2370
2024-09-16 00:57:38.833 36241 DEBUG heat.engine.service [req-7385d00e-525c-4caa-a761-f8c9b64577fa - - - - -] Service d6787689-2418-48fe-b5d5-fc54e85d8c91 is updated service_manage_report /usr/lib/python3/dist-packages/heat/engine/service.py:2370
2024-09-16 00:58:39.257 36239 DEBUG heat.engine.service [req-81651f4e-65aa-40c0-a74b-5d4c33d0258b - - - - -] Service c0b08f1b-3fc5-4894-b2d7-6c77e3c5dad2 is updated service_manage_report /usr/lib/python3/dist-packages/heat/engine/service.py:2370
2024-09-16 00:58:39.262 36242 DEBUG heat.engine.service [req-123194ab-df56-4124-889b-67440c279368 - - - - -] Service 9185a4da-eeae-4d1e-a0c1-c0e920667af1 is updated service_manage_report /usr/lib/python3/dist-packages/heat/engine/service.py:2370
2024-09-16 00:58:39.264 36241 DEBUG heat.engine.service [req-e0a33adc-7f27-4c0d-802d-7bfbcc29aac7 - - - - -] Service d6787689-2418-48fe-b5d5-fc54e85d8c91 is updated service_manage_report /usr/lib/python3/dist-packages/heat/engine/service.py:2370
2024-09-16 00:58:39.264 36240 DEBUG heat.engine.service [req-080cdc2b-1d9f-4e67-8d1c-b776cd105cea - - - - -] Service d1a11d85-0be0-4d61-a0f4-808e97fd0c6c is updated service_manage_report /usr/lib/python3/dist-packages/heat/engine/service.py:2370
2024-09-16 00:59:39.589 36239 DEBUG heat.engine.service [req-aa5eb08b-7e77-4d74-9db7-7acae1000029 - - - - -] Service c0b08f1b-3fc5-4894-b2d7-6c77e3c5dad2 is updated service_manage_report /usr/lib/python3/dist-packages/heat/engine/service.py:2370
2024-09-16 00:59:39.595 36241 DEBUG heat.engine.service [req-e8809584-6c13-4418-98b4-3cfc37fee260 - - - - -] Service d6787689-2418-48fe-b5d5-fc54e85d8c91 is updated service_manage_report /usr/lib/python3/dist-packages/heat/engine/service.py:2370
2024-09-16 00:59:39.596 36240 DEBUG heat.engine.service [req-21559fa1-f754-4448-b8e2-fc4b83d0969d - - - - -] Service d1a11d85-0be0-4d61-a0f4-808e97fd0c6c is updated service_manage_report /usr/lib/python3/dist-packages/heat/engine/service.py:2370
2024-09-16 00:59:39.596 36242 DEBUG heat.engine.service [req-aff92dc1-3c7f-409a-85d0-0d2fe20a0eb5 - - - - -] Service 9185a4da-eeae-4d1e-a0c1-c0e920667af1 is updated service_manage_report /usr/lib/python3/dist-packages/heat/engine/service.py:2370
2024-09-16 01:00:40.216 36239 DEBUG heat.engine.service [req-fb959f3e-5986-4a0c-afcf-3d09a3c32402 - - - - -] Service c0b08f1b-3fc5-4894-b2d7-6c77e3c5dad2 is updated service_manage_report /usr/lib/python3/dist-packages/heat/engine/service.py:2370
2024-09-16 01:00:40.221 36241 DEBUG heat.engine.service [req-2e7dc13d-7ee3-4d62-a098-099cc4b3870c - - - - -] Service d6787689-2418-48fe-b5d5-fc54e85d8c91 is updated service_manage_report /usr/lib/python3/dist-packages/heat/engine/service.py:2370
2024-09-16 01:00:40.221 36242 DEBUG heat.engine.service [req-2a911d7d-faf0-4522-887a-d978965cabee - - - - -] Service 9185a4da-eeae-4d1e-a0c1-c0e920667af1 is updated service_manage_report /usr/lib/python3/dist-packages/heat/engine/service.py:2370
2024-09-16 01:00:40.221 36240 DEBUG heat.engine.service [req-caa2b139-50fd-4bf4-911a-55faf35e3d71 - - - - -] Service d1a11d85-0be0-4d61-a0f4-808e97fd0c6c is updated service_manage_report /usr/lib/python3/dist-packages/heat/engine/service.py:2370
2024-09-16 01:01:38.820 36239 DEBUG heat.engine.service [req-951dc53b-cd11-4357-919e-b30073422806 - - - - -] Service c0b08f1b-3fc5-4894-b2d7-6c77e3c5dad2 is updated service_manage_report /usr/lib/python3/dist-packages/heat/engine/service.py:2370
2024-09-16 01:01:38.832 36242 DEBUG heat.engine.service [req-51518627-5bdf-4233-8f47-3dd11ab986c2 - - - - -] Service 9185a4da-eeae-4d1e-a0c1-c0e920667af1 is updated service_manage_report /usr/lib/python3/dist-packages/heat/engine/service.py:2370
2024-09-16 01:01:38.834 36240 DEBUG heat.engine.service [req-72d6e0eb-b5ef-4de7-b95c-8c519a7b72b7 - - - - -] Service d1a11d85-0be0-4d61-a0f4-808e97fd0c6c is updated service_manage_report /usr/lib/python3/dist-packages/heat/engine/service.py:2370
2024-09-16 01:01:38.842 36241 DEBUG heat.engine.service [req-72e050ea-04e2-4fc1-ba0d-2e167be31e06 - - - - -] Service d6787689-2418-48fe-b5d5-fc54e85d8c91 is updated service_manage_report /usr/lib/python3/dist-packages/heat/engine/service.py:2370
2024-09-16 01:02:38.825 36239 DEBUG heat.engine.service [req-e1361f4d-336f-4e53-8f77-2a7fbcbb2997 - - - - -] Service c0b08f1b-3fc5-4894-b2d7-6c77e3c5dad2 is updated service_manage_report /usr/lib/python3/dist-packages/heat/engine/service.py:2370
2024-09-16 01:02:38.838 36242 DEBUG heat.engine.service [req-5c08d5b6-9a4c-4756-ab80-b9410579f58a - - - - -] Service 9185a4da-eeae-4d1e-a0c1-c0e920667af1 is updated service_manage_report /usr/lib/python3/dist-packages/heat/engine/service.py:2370
2024-09-16 01:02:38.839 36240 DEBUG heat.engine.service [req-3ee7deb9-0d36-43ca-a311-ef440cd4d6b2 - - - - -] Service d1a11d85-0be0-4d61-a0f4-808e97fd0c6c is updated service_manage_report /usr/lib/python3/dist-packages/heat/engine/service.py:2370
2024-09-16 01:02:38.846 36241 DEBUG heat.engine.service [req-f160fbb4-2884-4f5e-b888-6666b8271636 - - - - -] Service d6787689-2418-48fe-b5d5-fc54e85d8c91 is updated service_manage_report /usr/lib/python3/dist-packages/heat/engine/service.py:2370
2024-09-16 01:03:38.828 36239 DEBUG heat.engine.service [req-61f4dbf5-a519-41fb-9bdc-9c21f62f0c40 - - - - -] Service c0b08f1b-3fc5-4894-b2d7-6c77e3c5dad2 is updated service_manage_report /usr/lib/python3/dist-packages/heat/engine/service.py:2370
2024-09-16 01:03:38.839 36242 DEBUG heat.engine.service [req-11cc95c5-5ade-4152-a13b-a5b919b188bb - - - - -] Service 9185a4da-eeae-4d1e-a0c1-c0e920667af1 is updated service_manage_report /usr/lib/python3/dist-packages/heat/engine/service.py:2370
2024-09-16 01:03:38.842 36240 DEBUG heat.engine.service [req-153940ed-9d69-417b-a5f9-b2057ce94cee - - - - -] Service d1a11d85-0be0-4d61-a0f4-808e97fd0c6c is updated service_manage_report /usr/lib/python3/dist-packages/heat/engine/service.py:2370
2024-09-16 01:03:38.849 36241 DEBUG heat.engine.service [req-0410e586-765f-4708-b2a5-dc95f9a3e7c6 - - - - -] Service d6787689-2418-48fe-b5d5-fc54e85d8c91 is updated service_manage_report /usr/lib/python3/dist-packages/heat/engine/service.py:2370
2024-09-16 01:04:38.830 36239 DEBUG heat.engine.service [req-b67518db-2221-446e-8252-0e00ae3e2124 - - - - -] Service c0b08f1b-3fc5-4894-b2d7-6c77e3c5dad2 is updated service_manage_report /usr/lib/python3/dist-packages/heat/engine/service.py:2370
2024-09-16 01:04:38.842 36242 DEBUG heat.engine.service [req-b29e7e1a-4bc8-427f-9f35-e17c5d0369f1 - - - - -] Service 9185a4da-eeae-4d1e-a0c1-c0e920667af1 is updated service_manage_report /usr/lib/python3/dist-packages/heat/engine/service.py:2370
2024-09-16 01:04:38.846 36240 DEBUG heat.engine.service [req-38e612e3-dc0a-4e8b-8205-3267e97253a1 - - - - -] Service d1a11d85-0be0-4d61-a0f4-808e97fd0c6c is updated service_manage_report /usr/lib/python3/dist-packages/heat/engine/service.py:2370
2024-09-16 01:04:38.852 36241 DEBUG heat.engine.service [req-1bf3e64c-ca9e-40d3-a48b-6af35db09686 - - - - -] Service d6787689-2418-48fe-b5d5-fc54e85d8c91 is updated service_manage_report /usr/lib/python3/dist-packages/heat/engine/service.py:2370
2024-09-16 01:05:38.886 36239 DEBUG heat.engine.service [req-ad56a59a-b8fb-450f-b4b8-ff11f1a1fb2c - - - - -] Service c0b08f1b-3fc5-4894-b2d7-6c77e3c5dad2 is updated service_manage_report /usr/lib/python3/dist-packages/heat/engine/service.py:2370
2024-09-16 01:05:38.890 36242 DEBUG heat.engine.service [req-b1443d30-5e35-4219-8412-ad0701c65ef7 - - - - -] Service 9185a4da-eeae-4d1e-a0c1-c0e920667af1 is updated service_manage_report /usr/lib/python3/dist-packages/heat/engine/service.py:2370
2024-09-16 01:05:38.890 36240 DEBUG heat.engine.service [req-f9356187-2d1e-4de5-a6b4-0d5b3650116b - - - - -] Service d1a11d85-0be0-4d61-a0f4-808e97fd0c6c is updated service_manage_report /usr/lib/python3/dist-packages/heat/engine/service.py:2370
2024-09-16 01:05:38.891 36241 DEBUG heat.engine.service [req-e9e9c490-7b35-45ec-a83a-f10e47181d4c - - - - -] Service d6787689-2418-48fe-b5d5-fc54e85d8c91 is updated service_manage_report /usr/lib/python3/dist-packages/heat/engine/service.py:2370
2024-09-16 01:06:38.839 36239 DEBUG heat.engine.service [req-75e3c0c8-4ee0-479b-842d-122ae9e1d62c - - - - -] Service c0b08f1b-3fc5-4894-b2d7-6c77e3c5dad2 is updated service_manage_report /usr/lib/python3/dist-packages/heat/engine/service.py:2370
2024-09-16 01:06:38.844 36242 DEBUG heat.engine.service [req-4e6e4381-c8bf-4ab3-8114-b98962e7f628 - - - - -] Service 9185a4da-eeae-4d1e-a0c1-c0e920667af1 is updated service_manage_report /usr/lib/python3/dist-packages/heat/engine/service.py:2370
2024-09-16 01:06:38.853 36241 DEBUG heat.engine.service [req-0c388fa2-500b-48e7-8e69-d82ea1f41a08 - - - - -] Service d6787689-2418-48fe-b5d5-fc54e85d8c91 is updated service_manage_report /usr/lib/python3/dist-packages/heat/engine/service.py:2370
2024-09-16 01:06:38.855 36240 DEBUG heat.engine.service [req-1d955b16-e914-4dfa-a30e-e4e05f332d2b - - - - -] Service d1a11d85-0be0-4d61-a0f4-808e97fd0c6c is updated service_manage_report /usr/lib/python3/dist-packages/heat/engine/service.py:2370
2024-09-16 01:07:40.304 36239 DEBUG heat.engine.service [req-24541242-a3c6-4910-9831-28ccacda281e - - - - -] Service c0b08f1b-3fc5-4894-b2d7-6c77e3c5dad2 is updated service_manage_report /usr/lib/python3/dist-packages/heat/engine/service.py:2370
2024-09-16 01:07:40.308 36240 DEBUG heat.engine.service [req-8f417e55-d165-4da5-b328-cab0d1014ed9 - - - - -] Service d1a11d85-0be0-4d61-a0f4-808e97fd0c6c is updated service_manage_report /usr/lib/python3/dist-packages/heat/engine/service.py:2370
2024-09-16 01:07:40.308 36241 DEBUG heat.engine.service [req-df70ed26-983b-40da-9dd1-f687f308cc7e - - - - -] Service d6787689-2418-48fe-b5d5-fc54e85d8c91 is updated service_manage_report /usr/lib/python3/dist-packages/heat/engine/service.py:2370
2024-09-16 01:07:40.308 36242 DEBUG heat.engine.service [req-eece59d2-5f98-464e-b7c5-f50a3bd2f20a - - - - -] Service 9185a4da-eeae-4d1e-a0c1-c0e920667af1 is updated service_manage_report /usr/lib/python3/dist-packages/heat/engine/service.py:2370
2024-09-16 01:08:38.849 36239 DEBUG heat.engine.service [req-a09af0da-9229-4f8c-aaf6-a31334df4181 - - - - -] Service c0b08f1b-3fc5-4894-b2d7-6c77e3c5dad2 is updated service_manage_report /usr/lib/python3/dist-packages/heat/engine/service.py:2370
2024-09-16 01:08:38.852 36242 DEBUG heat.engine.service [req-af883754-4e6c-462b-8f38-5f3b006aa45b - - - - -] Service 9185a4da-eeae-4d1e-a0c1-c0e920667af1 is updated service_manage_report /usr/lib/python3/dist-packages/heat/engine/service.py:2370
2024-09-16 01:08:38.860 36241 DEBUG heat.engine.service [req-d3a279e2-60e4-4e72-b4ba-c71295c59247 - - - - -] Service d6787689-2418-48fe-b5d5-fc54e85d8c91 is updated service_manage_report /usr/lib/python3/dist-packages/heat/engine/service.py:2370
2024-09-16 01:08:38.861 36240 DEBUG heat.engine.service [req-4cafe8cf-3511-448a-9768-ca5a01856103 - - - - -] Service d1a11d85-0be0-4d61-a0f4-808e97fd0c6c is updated service_manage_report /usr/lib/python3/dist-packages/heat/engine/service.py:2370
2024-09-16 01:09:38.856 36239 DEBUG heat.engine.service [req-58fa2c4c-a74b-43b8-80dc-84051dc2ca66 - - - - -] Service c0b08f1b-3fc5-4894-b2d7-6c77e3c5dad2 is updated service_manage_report /usr/lib/python3/dist-packages/heat/engine/service.py:2370
2024-09-16 01:09:38.856 36242 DEBUG heat.engine.service [req-87154af4-2f41-4791-b310-7ca3c98566d7 - - - - -] Service 9185a4da-eeae-4d1e-a0c1-c0e920667af1 is updated service_manage_report /usr/lib/python3/dist-packages/heat/engine/service.py:2370
2024-09-16 01:09:38.861 36241 DEBUG heat.engine.service [req-a3f51b9f-0207-4b5e-9ab7-281f3c6dbe73 - - - - -] Service d6787689-2418-48fe-b5d5-fc54e85d8c91 is updated service_manage_report /usr/lib/python3/dist-packages/heat/engine/service.py:2370
2024-09-16 01:09:38.862 36240 DEBUG heat.engine.service [req-d4f27b8e-ad0f-45c5-900d-524966d6b285 - - - - -] Service d1a11d85-0be0-4d61-a0f4-808e97fd0c6c is updated service_manage_report /usr/lib/python3/dist-packages/heat/engine/service.py:2370
2024-09-16 01:10:40.061 36239 DEBUG heat.engine.service [req-c4e89a87-a45b-45b4-955a-e5a40c820650 - - - - -] Service c0b08f1b-3fc5-4894-b2d7-6c77e3c5dad2 is updated service_manage_report /usr/lib/python3/dist-packages/heat/engine/service.py:2370
2024-09-16 01:10:40.073 36242 DEBUG heat.engine.service [req-107df852-5634-4ec3-b009-e196294be5b8 - - - - -] Service 9185a4da-eeae-4d1e-a0c1-c0e920667af1 is updated service_manage_report /usr/lib/python3/dist-packages/heat/engine/service.py:2370
2024-09-16 01:10:40.082 36241 DEBUG heat.engine.service [req-5492a03e-9a9f-4fed-95cd-c58e030b4271 - - - - -] Service d6787689-2418-48fe-b5d5-fc54e85d8c91 is updated service_manage_report /usr/lib/python3/dist-packages/heat/engine/service.py:2370
2024-09-16 01:10:40.082 36240 DEBUG heat.engine.service [req-cd4683c4-ba5c-42d9-918d-b54c018a7622 - - - - -] Service d1a11d85-0be0-4d61-a0f4-808e97fd0c6c is updated service_manage_report /usr/lib/python3/dist-packages/heat/engine/service.py:2370
2024-09-16 01:11:38.854 36239 DEBUG heat.engine.service [req-6793edcd-9d45-4994-ae26-4d6b38e73827 - - - - -] Service c0b08f1b-3fc5-4894-b2d7-6c77e3c5dad2 is updated service_manage_report /usr/lib/python3/dist-packages/heat/engine/service.py:2370
2024-09-16 01:11:38.856 36242 DEBUG heat.engine.service [req-beb0672b-1a84-4925-85eb-e9a048181b23 - - - - -] Service 9185a4da-eeae-4d1e-a0c1-c0e920667af1 is updated service_manage_report /usr/lib/python3/dist-packages/heat/engine/service.py:2370
2024-09-16 01:11:38.866 36240 DEBUG heat.engine.service [req-83e8db1e-62e2-47f1-832d-0141f4763b5c - - - - -] Service d1a11d85-0be0-4d61-a0f4-808e97fd0c6c is updated service_manage_report /usr/lib/python3/dist-packages/heat/engine/service.py:2370
2024-09-16 01:11:38.867 36241 DEBUG heat.engine.service [req-e26011d1-0d83-4329-a88f-6a9bd7e133ec - - - - -] Service d6787689-2418-48fe-b5d5-fc54e85d8c91 is updated service_manage_report /usr/lib/python3/dist-packages/heat/engine/service.py:2370
2024-09-16 01:12:39.221 36239 DEBUG heat.engine.service [req-870bace1-3f0d-4f3b-a6fd-ad0d57278ee8 - - - - -] Service c0b08f1b-3fc5-4894-b2d7-6c77e3c5dad2 is updated service_manage_report /usr/lib/python3/dist-packages/heat/engine/service.py:2370
2024-09-16 01:12:39.226 36242 DEBUG heat.engine.service [req-c2d117a8-4378-4343-b3c7-efd5f61e00ed - - - - -] Service 9185a4da-eeae-4d1e-a0c1-c0e920667af1 is updated service_manage_report /usr/lib/python3/dist-packages/heat/engine/service.py:2370
2024-09-16 01:12:39.227 36240 DEBUG heat.engine.service [req-6facd283-8cdf-4ce3-8e8f-650e37566e8d - - - - -] Service d1a11d85-0be0-4d61-a0f4-808e97fd0c6c is updated service_manage_report /usr/lib/python3/dist-packages/heat/engine/service.py:2370
2024-09-16 01:12:39.228 36241 DEBUG heat.engine.service [req-7138dc1d-929b-4bf8-8ac6-5d043405d7f0 - - - - -] Service d6787689-2418-48fe-b5d5-fc54e85d8c91 is updated service_manage_report /usr/lib/python3/dist-packages/heat/engine/service.py:2370
2024-09-16 01:13:38.854 36239 DEBUG heat.engine.service [req-aacf68d7-1123-41e7-9c13-9c977107e7bc - - - - -] Service c0b08f1b-3fc5-4894-b2d7-6c77e3c5dad2 is updated service_manage_report /usr/lib/python3/dist-packages/heat/engine/service.py:2370
2024-09-16 01:13:38.857 36242 DEBUG heat.engine.service [req-48eed7d4-6065-4753-99f2-905fb34d9138 - - - - -] Service 9185a4da-eeae-4d1e-a0c1-c0e920667af1 is updated service_manage_report /usr/lib/python3/dist-packages/heat/engine/service.py:2370
2024-09-16 01:13:38.869 36240 DEBUG heat.engine.service [req-b3d73bf2-fecb-48df-ab8e-b140b5441bec - - - - -] Service d1a11d85-0be0-4d61-a0f4-808e97fd0c6c is updated service_manage_report /usr/lib/python3/dist-packages/heat/engine/service.py:2370
2024-09-16 01:13:38.872 36241 DEBUG heat.engine.service [req-83100da0-1278-45d9-b01c-ae5f94921bf7 - - - - -] Service d6787689-2418-48fe-b5d5-fc54e85d8c91 is updated service_manage_report /usr/lib/python3/dist-packages/heat/engine/service.py:2370
2024-09-16 01:14:38.857 36239 DEBUG heat.engine.service [req-08ed3417-d3a7-4f54-b6eb-d97dc2e4f9f4 - - - - -] Service c0b08f1b-3fc5-4894-b2d7-6c77e3c5dad2 is updated service_manage_report /usr/lib/python3/dist-packages/heat/engine/service.py:2370
2024-09-16 01:14:38.860 36242 DEBUG heat.engine.service [req-e853406e-762c-4a95-8ce7-9dbf665f0ff4 - - - - -] Service 9185a4da-eeae-4d1e-a0c1-c0e920667af1 is updated service_manage_report /usr/lib/python3/dist-packages/heat/engine/service.py:2370
2024-09-16 01:14:38.873 36240 DEBUG heat.engine.service [req-b95be1d7-929c-43e9-b1d4-716948d115cf - - - - -] Service d1a11d85-0be0-4d61-a0f4-808e97fd0c6c is updated service_manage_report /usr/lib/python3/dist-packages/heat/engine/service.py:2370
2024-09-16 01:14:38.877 36241 DEBUG heat.engine.service [req-1623892f-e120-4db5-a2e0-4cb85bdc1d7c - - - - -] Service d6787689-2418-48fe-b5d5-fc54e85d8c91 is updated service_manage_report /usr/lib/python3/dist-packages/heat/engine/service.py:2370
2024-09-16 01:15:38.862 36239 DEBUG heat.engine.service [req-db66736d-16c0-49b5-ace6-165b1f35e862 - - - - -] Service c0b08f1b-3fc5-4894-b2d7-6c77e3c5dad2 is updated service_manage_report /usr/lib/python3/dist-packages/heat/engine/service.py:2370
2024-09-16 01:15:38.864 36242 DEBUG heat.engine.service [req-0d38e539-783b-4b49-83d7-112a0b425e4a - - - - -] Service 9185a4da-eeae-4d1e-a0c1-c0e920667af1 is updated service_manage_report /usr/lib/python3/dist-packages/heat/engine/service.py:2370
2024-09-16 01:15:38.878 36240 DEBUG heat.engine.service [req-93e5cd75-d729-4e5e-8306-29009ad1d0ad - - - - -] Service d1a11d85-0be0-4d61-a0f4-808e97fd0c6c is updated service_manage_report /usr/lib/python3/dist-packages/heat/engine/service.py:2370
2024-09-16 01:15:38.882 36241 DEBUG heat.engine.service [req-96aea22d-a7ae-4b32-8c7c-c7bc9dd0eca9 - - - - -] Service d6787689-2418-48fe-b5d5-fc54e85d8c91 is updated service_manage_report /usr/lib/python3/dist-packages/heat/engine/service.py:2370
2024-09-16 01:16:38.865 36239 DEBUG heat.engine.service [req-56939865-51f9-4deb-a2b6-55f1e3a64ff5 - - - - -] Service c0b08f1b-3fc5-4894-b2d7-6c77e3c5dad2 is updated service_manage_report /usr/lib/python3/dist-packages/heat/engine/service.py:2370
2024-09-16 01:16:38.870 36242 DEBUG heat.engine.service [req-13ee0aa3-88c2-46a0-826c-49dd21ff2f73 - - - - -] Service 9185a4da-eeae-4d1e-a0c1-c0e920667af1 is updated service_manage_report /usr/lib/python3/dist-packages/heat/engine/service.py:2370
2024-09-16 01:16:38.883 36240 DEBUG heat.engine.service [req-f9fec246-2dc7-469f-a6dd-7fabf2054222 - - - - -] Service d1a11d85-0be0-4d61-a0f4-808e97fd0c6c is updated service_manage_report /usr/lib/python3/dist-packages/heat/engine/service.py:2370
2024-09-16 01:16:38.888 36241 DEBUG heat.engine.service [req-e78372d5-6a9b-4c6a-9a60-3125170044a9 - - - - -] Service d6787689-2418-48fe-b5d5-fc54e85d8c91 is updated service_manage_report /usr/lib/python3/dist-packages/heat/engine/service.py:2370
2024-09-16 01:17:38.869 36239 DEBUG heat.engine.service [req-a2629fcc-7276-4a5d-9637-b53778e695be - - - - -] Service c0b08f1b-3fc5-4894-b2d7-6c77e3c5dad2 is updated service_manage_report /usr/lib/python3/dist-packages/heat/engine/service.py:2370
2024-09-16 01:17:38.871 36242 DEBUG heat.engine.service [req-addcffa8-9da2-4eac-81c8-3c20438fe0e5 - - - - -] Service 9185a4da-eeae-4d1e-a0c1-c0e920667af1 is updated service_manage_report /usr/lib/python3/dist-packages/heat/engine/service.py:2370
2024-09-16 01:17:38.887 36240 DEBUG heat.engine.service [req-184b8d67-49dc-4eee-acf3-b715a3e1943f - - - - -] Service d1a11d85-0be0-4d61-a0f4-808e97fd0c6c is updated service_manage_report /usr/lib/python3/dist-packages/heat/engine/service.py:2370
2024-09-16 01:17:38.890 36241 DEBUG heat.engine.service [req-945d7c36-934a-49d6-8c52-dee692ef5800 - - - - -] Service d6787689-2418-48fe-b5d5-fc54e85d8c91 is updated service_manage_report /usr/lib/python3/dist-packages/heat/engine/service.py:2370
2024-09-16 01:18:38.876 36239 DEBUG heat.engine.service [req-5a11ac1b-847d-40be-869c-54894c5bcccb - - - - -] Service c0b08f1b-3fc5-4894-b2d7-6c77e3c5dad2 is updated service_manage_report /usr/lib/python3/dist-packages/heat/engine/service.py:2370
