2024-09-16 01:18:38.878 36242 DEBUG heat.engine.service [req-087dbbf9-3131-4173-8e27-d418c8236655 - - - - -] Service 9185a4da-eeae-4d1e-a0c1-c0e920667af1 is updated service_manage_report /usr/lib/python3/dist-packages/heat/engine/service.py:2370
2024-09-16 01:18:38.889 36240 DEBUG heat.engine.service [req-e412ca86-717d-4978-a8d2-da879164cd2e - - - - -] Service d1a11d85-0be0-4d61-a0f4-808e97fd0c6c is updated service_manage_report /usr/lib/python3/dist-packages/heat/engine/service.py:2370
2024-09-16 01:18:38.893 36241 DEBUG heat.engine.service [req-a24904a3-36f7-4322-b468-ae97b6699d5a - - - - -] Service d6787689-2418-48fe-b5d5-fc54e85d8c91 is updated service_manage_report /usr/lib/python3/dist-packages/heat/engine/service.py:2370
2024-09-16 01:19:38.870 36239 DEBUG heat.engine.service [req-9d251bbe-d71a-45f7-a3d1-bb54a7e50b08 - - - - -] Service c0b08f1b-3fc5-4894-b2d7-6c77e3c5dad2 is updated service_manage_report /usr/lib/python3/dist-packages/heat/engine/service.py:2370
2024-09-16 01:19:38.874 36242 DEBUG heat.engine.service [req-943a8d05-017b-4a65-ace0-5932be0fe34c - - - - -] Service 9185a4da-eeae-4d1e-a0c1-c0e920667af1 is updated service_manage_report /usr/lib/python3/dist-packages/heat/engine/service.py:2370
2024-09-16 01:19:38.892 36240 DEBUG heat.engine.service [req-3139997e-be6e-49d7-8905-fade1de69967 - - - - -] Service d1a11d85-0be0-4d61-a0f4-808e97fd0c6c is updated service_manage_report /usr/lib/python3/dist-packages/heat/engine/service.py:2370
2024-09-16 01:19:38.896 36241 DEBUG heat.engine.service [req-f06cac66-aeb1-4dce-8e47-8632702bcedf - - - - -] Service d6787689-2418-48fe-b5d5-fc54e85d8c91 is updated service_manage_report /usr/lib/python3/dist-packages/heat/engine/service.py:2370
2024-09-16 01:20:40.154 36239 DEBUG heat.engine.service [req-1fbd5cc8-e8d3-418c-94b5-1b1ed6b19258 - - - - -] Service c0b08f1b-3fc5-4894-b2d7-6c77e3c5dad2 is updated service_manage_report /usr/lib/python3/dist-packages/heat/engine/service.py:2370
2024-09-16 01:20:40.158 36242 DEBUG heat.engine.service [req-1024dbc1-1741-4641-8378-786d3fc61500 - - - - -] Service 9185a4da-eeae-4d1e-a0c1-c0e920667af1 is updated service_manage_report /usr/lib/python3/dist-packages/heat/engine/service.py:2370
2024-09-16 01:20:40.161 36240 DEBUG heat.engine.service [req-51d17cc4-b1d7-4d93-97c2-2b4631710093 - - - - -] Service d1a11d85-0be0-4d61-a0f4-808e97fd0c6c is updated service_manage_report /usr/lib/python3/dist-packages/heat/engine/service.py:2370
2024-09-16 01:20:40.161 36241 DEBUG heat.engine.service [req-c30564b2-5844-424f-8366-452759d60953 - - - - -] Service d6787689-2418-48fe-b5d5-fc54e85d8c91 is updated service_manage_report /usr/lib/python3/dist-packages/heat/engine/service.py:2370
2024-09-16 01:21:38.877 36239 DEBUG heat.engine.service [req-92cf2d3c-a0e9-4bba-8d58-5a849bdce69c - - - - -] Service c0b08f1b-3fc5-4894-b2d7-6c77e3c5dad2 is updated service_manage_report /usr/lib/python3/dist-packages/heat/engine/service.py:2370
2024-09-16 01:21:38.882 36242 DEBUG heat.engine.service [req-d5e292a8-b9e6-4e3f-9fce-9af4c51a395a - - - - -] Service 9185a4da-eeae-4d1e-a0c1-c0e920667af1 is updated service_manage_report /usr/lib/python3/dist-packages/heat/engine/service.py:2370
2024-09-16 01:21:38.894 36240 DEBUG heat.engine.service [req-6e0be318-d6b6-471c-8c99-dffbd9b7c33c - - - - -] Service d1a11d85-0be0-4d61-a0f4-808e97fd0c6c is updated service_manage_report /usr/lib/python3/dist-packages/heat/engine/service.py:2370
2024-09-16 01:21:38.903 36241 DEBUG heat.engine.service [req-80fc5739-746f-4208-b397-3d01eafe3d83 - - - - -] Service d6787689-2418-48fe-b5d5-fc54e85d8c91 is updated service_manage_report /usr/lib/python3/dist-packages/heat/engine/service.py:2370
2024-09-16 01:22:38.880 36239 DEBUG heat.engine.service [req-d003fc8b-6c7b-4ad5-b792-283b18265bfd - - - - -] Service c0b08f1b-3fc5-4894-b2d7-6c77e3c5dad2 is updated service_manage_report /usr/lib/python3/dist-packages/heat/engine/service.py:2370
2024-09-16 01:22:38.884 36242 DEBUG heat.engine.service [req-9d64f88e-486b-4b0f-9626-f8712fe77775 - - - - -] Service 9185a4da-eeae-4d1e-a0c1-c0e920667af1 is updated service_manage_report /usr/lib/python3/dist-packages/heat/engine/service.py:2370
2024-09-16 01:22:38.896 36240 DEBUG heat.engine.service [req-96a97c63-3d91-4121-8a91-defae0e6124d - - - - -] Service d1a11d85-0be0-4d61-a0f4-808e97fd0c6c is updated service_manage_report /usr/lib/python3/dist-packages/heat/engine/service.py:2370
2024-09-16 01:22:38.906 36241 DEBUG heat.engine.service [req-f0a8b183-069f-4313-b11f-cf8755499b05 - - - - -] Service d6787689-2418-48fe-b5d5-fc54e85d8c91 is updated service_manage_report /usr/lib/python3/dist-packages/heat/engine/service.py:2370
2024-09-16 01:23:38.884 36239 DEBUG heat.engine.service [req-5e19f4b6-40b9-4db2-98b4-6a06170ebb2a - - - - -] Service c0b08f1b-3fc5-4894-b2d7-6c77e3c5dad2 is updated service_manage_report /usr/lib/python3/dist-packages/heat/engine/service.py:2370
2024-09-16 01:23:38.887 36242 DEBUG heat.engine.service [req-282b55ad-ee36-452f-9367-9e781ee2dfb3 - - - - -] Service 9185a4da-eeae-4d1e-a0c1-c0e920667af1 is updated service_manage_report /usr/lib/python3/dist-packages/heat/engine/service.py:2370
2024-09-16 01:23:38.900 36240 DEBUG heat.engine.service [req-879d2229-46a8-44cd-a461-e80f330c66b2 - - - - -] Service d1a11d85-0be0-4d61-a0f4-808e97fd0c6c is updated service_manage_report /usr/lib/python3/dist-packages/heat/engine/service.py:2370
2024-09-16 01:23:38.908 36241 DEBUG heat.engine.service [req-aff5613e-f641-408d-b21a-247c01e0586a - - - - -] Service d6787689-2418-48fe-b5d5-fc54e85d8c91 is updated service_manage_report /usr/lib/python3/dist-packages/heat/engine/service.py:2370
2024-09-16 01:24:38.889 36239 DEBUG heat.engine.service [req-66d5cbaf-30dd-4a4b-8536-45496f48c7ec - - - - -] Service c0b08f1b-3fc5-4894-b2d7-6c77e3c5dad2 is updated service_manage_report /usr/lib/python3/dist-packages/heat/engine/service.py:2370
2024-09-16 01:24:38.896 36242 DEBUG heat.engine.service [req-1de1f79b-31ce-426b-aca1-a354d5f06dd0 - - - - -] Service 9185a4da-eeae-4d1e-a0c1-c0e920667af1 is updated service_manage_report /usr/lib/python3/dist-packages/heat/engine/service.py:2370
2024-09-16 01:24:38.904 36240 DEBUG heat.engine.service [req-13ead50d-3137-4ced-aeb4-f89c248ecac1 - - - - -] Service d1a11d85-0be0-4d61-a0f4-808e97fd0c6c is updated service_manage_report /usr/lib/python3/dist-packages/heat/engine/service.py:2370
2024-09-16 01:24:38.910 36241 DEBUG heat.engine.service [req-999de605-c01f-4c09-a10c-d0d28c759c53 - - - - -] Service d6787689-2418-48fe-b5d5-fc54e85d8c91 is updated service_manage_report /usr/lib/python3/dist-packages/heat/engine/service.py:2370
2024-09-16 01:25:38.889 36242 DEBUG heat.engine.service [req-8fc8a6c9-138e-4c33-a145-4722799b72d0 - - - - -] Service 9185a4da-eeae-4d1e-a0c1-c0e920667af1 is updated service_manage_report /usr/lib/python3/dist-packages/heat/engine/service.py:2370
2024-09-16 01:25:38.892 36239 DEBUG heat.engine.service [req-19c55225-60ee-47c3-b560-6de96340b5fb - - - - -] Service c0b08f1b-3fc5-4894-b2d7-6c77e3c5dad2 is updated service_manage_report /usr/lib/python3/dist-packages/heat/engine/service.py:2370
2024-09-16 01:25:38.907 36240 DEBUG heat.engine.service [req-7071f237-8bff-4b65-ae2b-f99aa1cb0de3 - - - - -] Service d1a11d85-0be0-4d61-a0f4-808e97fd0c6c is updated service_manage_report /usr/lib/python3/dist-packages/heat/engine/service.py:2370
2024-09-16 01:25:38.913 36241 DEBUG heat.engine.service [req-91d46efb-4be9-49af-b112-29a02c1d23e9 - - - - -] Service d6787689-2418-48fe-b5d5-fc54e85d8c91 is updated service_manage_report /usr/lib/python3/dist-packages/heat/engine/service.py:2370
2024-09-16 01:26:39.099 36242 DEBUG heat.engine.service [req-a661cf21-dbcc-478d-8619-8353024403af - - - - -] Service 9185a4da-eeae-4d1e-a0c1-c0e920667af1 is updated service_manage_report /usr/lib/python3/dist-packages/heat/engine/service.py:2370
2024-09-16 01:26:39.099 36239 DEBUG heat.engine.service [req-81f36112-e637-413f-aa64-d8e3887f01c8 - - - - -] Service c0b08f1b-3fc5-4894-b2d7-6c77e3c5dad2 is updated service_manage_report /usr/lib/python3/dist-packages/heat/engine/service.py:2370
2024-09-16 01:26:39.101 36240 DEBUG heat.engine.service [req-9ebb8608-7f62-4b95-8fed-70541963d0c2 - - - - -] Service d1a11d85-0be0-4d61-a0f4-808e97fd0c6c is updated service_manage_report /usr/lib/python3/dist-packages/heat/engine/service.py:2370
2024-09-16 01:26:39.101 36241 DEBUG heat.engine.service [req-8a1fbee5-fa73-444e-86a5-9add84d126af - - - - -] Service d6787689-2418-48fe-b5d5-fc54e85d8c91 is updated service_manage_report /usr/lib/python3/dist-packages/heat/engine/service.py:2370
2024-09-16 01:27:38.892 36242 DEBUG heat.engine.service [req-6dea63c0-dc29-4dc8-bbe8-7ce1c69b306d - - - - -] Service 9185a4da-eeae-4d1e-a0c1-c0e920667af1 is updated service_manage_report /usr/lib/python3/dist-packages/heat/engine/service.py:2370
2024-09-16 01:27:38.895 36239 DEBUG heat.engine.service [req-95d6311a-1294-4670-b608-5bd156397ef8 - - - - -] Service c0b08f1b-3fc5-4894-b2d7-6c77e3c5dad2 is updated service_manage_report /usr/lib/python3/dist-packages/heat/engine/service.py:2370
2024-09-16 01:27:38.913 36241 DEBUG heat.engine.service [req-01d9faf8-23f4-400c-93ae-32a8e5acd330 - - - - -] Service d6787689-2418-48fe-b5d5-fc54e85d8c91 is updated service_manage_report /usr/lib/python3/dist-packages/heat/engine/service.py:2370
2024-09-16 01:27:38.917 36240 DEBUG heat.engine.service [req-0b82055c-5df3-4ceb-8ec7-70d3a528aecc - - - - -] Service d1a11d85-0be0-4d61-a0f4-808e97fd0c6c is updated service_manage_report /usr/lib/python3/dist-packages/heat/engine/service.py:2370
2024-09-16 01:28:38.904 36242 DEBUG heat.engine.service [req-5905a0c9-8e92-4f27-9749-315971cbe408 - - - - -] Service 9185a4da-eeae-4d1e-a0c1-c0e920667af1 is updated service_manage_report /usr/lib/python3/dist-packages/heat/engine/service.py:2370
2024-09-16 01:28:38.908 36239 DEBUG heat.engine.service [req-d2236303-075a-45b8-9d87-7cd821403fba - - - - -] Service c0b08f1b-3fc5-4894-b2d7-6c77e3c5dad2 is updated service_manage_report /usr/lib/python3/dist-packages/heat/engine/service.py:2370
2024-09-16 01:28:38.928 36241 DEBUG heat.engine.service [req-30ed44b3-d7b9-418d-b730-214ad14740f6 - - - - -] Service d6787689-2418-48fe-b5d5-fc54e85d8c91 is updated service_manage_report /usr/lib/python3/dist-packages/heat/engine/service.py:2370
2024-09-16 01:28:38.935 36240 DEBUG heat.engine.service [req-021cb6c3-fe04-4984-a0d9-49ac8d061ad3 - - - - -] Service d1a11d85-0be0-4d61-a0f4-808e97fd0c6c is updated service_manage_report /usr/lib/python3/dist-packages/heat/engine/service.py:2370
2024-09-16 01:29:39.242 36242 DEBUG heat.engine.service [req-f89c4956-f03f-43e6-964c-734cd070645d - - - - -] Service 9185a4da-eeae-4d1e-a0c1-c0e920667af1 is updated service_manage_report /usr/lib/python3/dist-packages/heat/engine/service.py:2370
2024-09-16 01:29:39.242 36239 DEBUG heat.engine.service [req-4d8c75dd-0012-42cf-b355-8324187359c0 - - - - -] Service c0b08f1b-3fc5-4894-b2d7-6c77e3c5dad2 is updated service_manage_report /usr/lib/python3/dist-packages/heat/engine/service.py:2370
2024-09-16 01:29:39.243 36241 DEBUG heat.engine.service [req-9e200848-d952-4d54-85d0-4430a56f8827 - - - - -] Service d6787689-2418-48fe-b5d5-fc54e85d8c91 is updated service_manage_report /usr/lib/python3/dist-packages/heat/engine/service.py:2370
2024-09-16 01:29:39.244 36240 DEBUG heat.engine.service [req-6cc024cb-712c-43aa-b3ef-7de6db986863 - - - - -] Service d1a11d85-0be0-4d61-a0f4-808e97fd0c6c is updated service_manage_report /usr/lib/python3/dist-packages/heat/engine/service.py:2370
2024-09-16 01:30:38.898 36242 DEBUG heat.engine.service [req-5d7a6b78-d829-4c30-b461-36929b246335 - - - - -] Service 9185a4da-eeae-4d1e-a0c1-c0e920667af1 is updated service_manage_report /usr/lib/python3/dist-packages/heat/engine/service.py:2370
2024-09-16 01:30:38.908 36239 DEBUG heat.engine.service [req-8056e22a-99cd-4ba6-8710-98c02e579422 - - - - -] Service c0b08f1b-3fc5-4894-b2d7-6c77e3c5dad2 is updated service_manage_report /usr/lib/python3/dist-packages/heat/engine/service.py:2370
2024-09-16 01:30:38.916 36240 DEBUG heat.engine.service [req-d1c44ff3-f3ef-4856-be86-c40401a4ac56 - - - - -] Service d1a11d85-0be0-4d61-a0f4-808e97fd0c6c is updated service_manage_report /usr/lib/python3/dist-packages/heat/engine/service.py:2370
2024-09-16 01:30:38.926 36241 DEBUG heat.engine.service [req-a8087186-98b7-4d40-b9bf-3c5c4f16bdd2 - - - - -] Service d6787689-2418-48fe-b5d5-fc54e85d8c91 is updated service_manage_report /usr/lib/python3/dist-packages/heat/engine/service.py:2370
2024-09-16 01:31:38.900 36242 DEBUG heat.engine.service [req-79f0e3b2-16e6-4529-8f03-8b5033a09f75 - - - - -] Service 9185a4da-eeae-4d1e-a0c1-c0e920667af1 is updated service_manage_report /usr/lib/python3/dist-packages/heat/engine/service.py:2370
2024-09-16 01:31:38.911 36239 DEBUG heat.engine.service [req-fb973b26-94d1-44cc-ae35-33e546c64559 - - - - -] Service c0b08f1b-3fc5-4894-b2d7-6c77e3c5dad2 is updated service_manage_report /usr/lib/python3/dist-packages/heat/engine/service.py:2370
2024-09-16 01:31:38.919 36240 DEBUG heat.engine.service [req-af249a4e-9a0f-490f-895f-38c6bba7260a - - - - -] Service d1a11d85-0be0-4d61-a0f4-808e97fd0c6c is updated service_manage_report /usr/lib/python3/dist-packages/heat/engine/service.py:2370
2024-09-16 01:31:38.930 36241 DEBUG heat.engine.service [req-ffed26a6-6c94-4eea-9708-cec88157c887 - - - - -] Service d6787689-2418-48fe-b5d5-fc54e85d8c91 is updated service_manage_report /usr/lib/python3/dist-packages/heat/engine/service.py:2370
2024-09-16 01:32:39.090 36242 DEBUG heat.engine.service [req-e6ff78ea-47b4-4884-ac25-5c333fc1aa06 - - - - -] Service 9185a4da-eeae-4d1e-a0c1-c0e920667af1 is updated service_manage_report /usr/lib/python3/dist-packages/heat/engine/service.py:2370
2024-09-16 01:32:39.095 36239 DEBUG heat.engine.service [req-2d767eb1-d016-49a8-aaac-c563306978b5 - - - - -] Service c0b08f1b-3fc5-4894-b2d7-6c77e3c5dad2 is updated service_manage_report /usr/lib/python3/dist-packages/heat/engine/service.py:2370
2024-09-16 01:32:39.095 36241 DEBUG heat.engine.service [req-6b984c98-b30f-450c-af0b-cfe0d1320597 - - - - -] Service d6787689-2418-48fe-b5d5-fc54e85d8c91 is updated service_manage_report /usr/lib/python3/dist-packages/heat/engine/service.py:2370
2024-09-16 01:32:39.095 36240 DEBUG heat.engine.service [req-997f1927-4767-4066-bed2-c95869b3836a - - - - -] Service d1a11d85-0be0-4d61-a0f4-808e97fd0c6c is updated service_manage_report /usr/lib/python3/dist-packages/heat/engine/service.py:2370
2024-09-16 01:33:38.903 36242 DEBUG heat.engine.service [req-ca4b3b28-74be-4aac-808b-ac042a9b7633 - - - - -] Service 9185a4da-eeae-4d1e-a0c1-c0e920667af1 is updated service_manage_report /usr/lib/python3/dist-packages/heat/engine/service.py:2370
2024-09-16 01:33:38.919 36239 DEBUG heat.engine.service [req-a56916b4-a760-4e02-a86e-c3cdb05f4448 - - - - -] Service c0b08f1b-3fc5-4894-b2d7-6c77e3c5dad2 is updated service_manage_report /usr/lib/python3/dist-packages/heat/engine/service.py:2370
2024-09-16 01:33:38.919 36240 DEBUG heat.engine.service [req-733e8ee2-b11d-4154-a45e-b607974bfe39 - - - - -] Service d1a11d85-0be0-4d61-a0f4-808e97fd0c6c is updated service_manage_report /usr/lib/python3/dist-packages/heat/engine/service.py:2370
2024-09-16 01:33:38.940 36241 DEBUG heat.engine.service [req-6e47d512-81cf-4c3e-880f-ff588cb71227 - - - - -] Service d6787689-2418-48fe-b5d5-fc54e85d8c91 is updated service_manage_report /usr/lib/python3/dist-packages/heat/engine/service.py:2370
2024-09-16 01:34:38.908 36242 DEBUG heat.engine.service [req-091ad2a6-76db-4d03-899b-d2a54cb965fa - - - - -] Service 9185a4da-eeae-4d1e-a0c1-c0e920667af1 is updated service_manage_report /usr/lib/python3/dist-packages/heat/engine/service.py:2370
2024-09-16 01:34:38.923 36239 DEBUG heat.engine.service [req-9b993fe1-5b9a-4141-82d9-f05d518c661e - - - - -] Service c0b08f1b-3fc5-4894-b2d7-6c77e3c5dad2 is updated service_manage_report /usr/lib/python3/dist-packages/heat/engine/service.py:2370
2024-09-16 01:34:38.923 36240 DEBUG heat.engine.service [req-81396172-d318-42e1-b47d-f99f00d8d6d5 - - - - -] Service d1a11d85-0be0-4d61-a0f4-808e97fd0c6c is updated service_manage_report /usr/lib/python3/dist-packages/heat/engine/service.py:2370
2024-09-16 01:34:38.933 36241 DEBUG heat.engine.service [req-dbed0504-8116-4577-b5b5-4ad0e17a2f16 - - - - -] Service d6787689-2418-48fe-b5d5-fc54e85d8c91 is updated service_manage_report /usr/lib/python3/dist-packages/heat/engine/service.py:2370
2024-09-16 01:35:39.080 36242 DEBUG heat.engine.service [req-c48059a7-bd36-4f84-bc6e-06901b552d91 - - - - -] Service 9185a4da-eeae-4d1e-a0c1-c0e920667af1 is updated service_manage_report /usr/lib/python3/dist-packages/heat/engine/service.py:2370
2024-09-16 01:35:39.081 36239 DEBUG heat.engine.service [req-2c5663a9-90f9-4136-bff9-61c1ef5d4abf - - - - -] Service c0b08f1b-3fc5-4894-b2d7-6c77e3c5dad2 is updated service_manage_report /usr/lib/python3/dist-packages/heat/engine/service.py:2370
2024-09-16 01:35:39.081 36240 DEBUG heat.engine.service [req-37eaa01b-5784-4c53-b70e-7055bb249ed6 - - - - -] Service d1a11d85-0be0-4d61-a0f4-808e97fd0c6c is updated service_manage_report /usr/lib/python3/dist-packages/heat/engine/service.py:2370
2024-09-16 01:35:39.081 36241 DEBUG heat.engine.service [req-b6b054ad-b128-4d3e-9a99-96be2a1f27b6 - - - - -] Service d6787689-2418-48fe-b5d5-fc54e85d8c91 is updated service_manage_report /usr/lib/python3/dist-packages/heat/engine/service.py:2370
2024-09-16 01:36:38.913 36242 DEBUG heat.engine.service [req-07ef1d78-ab79-466c-befd-b9374a73b16e - - - - -] Service 9185a4da-eeae-4d1e-a0c1-c0e920667af1 is updated service_manage_report /usr/lib/python3/dist-packages/heat/engine/service.py:2370
2024-09-16 01:36:38.927 36240 DEBUG heat.engine.service [req-e18f2008-33db-4f2d-a449-06d0b1b75529 - - - - -] Service d1a11d85-0be0-4d61-a0f4-808e97fd0c6c is updated service_manage_report /usr/lib/python3/dist-packages/heat/engine/service.py:2370
2024-09-16 01:36:38.928 36239 DEBUG heat.engine.service [req-b10cf6d4-55b2-42e1-a349-bce5aa6aff58 - - - - -] Service c0b08f1b-3fc5-4894-b2d7-6c77e3c5dad2 is updated service_manage_report /usr/lib/python3/dist-packages/heat/engine/service.py:2370
2024-09-16 01:36:38.933 36241 DEBUG heat.engine.service [req-f482bcb1-c525-4378-99c8-f27dea397ae0 - - - - -] Service d6787689-2418-48fe-b5d5-fc54e85d8c91 is updated service_manage_report /usr/lib/python3/dist-packages/heat/engine/service.py:2370
2024-09-16 01:37:38.918 36242 DEBUG heat.engine.service [req-42de6c7f-0751-4d5f-acfe-498bcab68ffb - - - - -] Service 9185a4da-eeae-4d1e-a0c1-c0e920667af1 is updated service_manage_report /usr/lib/python3/dist-packages/heat/engine/service.py:2370
2024-09-16 01:37:38.921 36239 DEBUG heat.engine.service [req-f94e0c7f-655b-47a5-9218-4f223d5a059e - - - - -] Service c0b08f1b-3fc5-4894-b2d7-6c77e3c5dad2 is updated service_manage_report /usr/lib/python3/dist-packages/heat/engine/service.py:2370
2024-09-16 01:37:38.928 36240 DEBUG heat.engine.service [req-f0f87620-4b17-4882-8865-404a5b86d103 - - - - -] Service d1a11d85-0be0-4d61-a0f4-808e97fd0c6c is updated service_manage_report /usr/lib/python3/dist-packages/heat/engine/service.py:2370
2024-09-16 01:37:38.933 36241 DEBUG heat.engine.service [req-6a2eb5a7-e4ef-4329-9f8f-ffbcf89ff3f3 - - - - -] Service d6787689-2418-48fe-b5d5-fc54e85d8c91 is updated service_manage_report /usr/lib/python3/dist-packages/heat/engine/service.py:2370
2024-09-16 01:38:39.270 36242 DEBUG heat.engine.service [req-a8f30106-9f16-4a6e-a308-6d58e619a26b - - - - -] Service 9185a4da-eeae-4d1e-a0c1-c0e920667af1 is updated service_manage_report /usr/lib/python3/dist-packages/heat/engine/service.py:2370
2024-09-16 01:38:39.277 36239 DEBUG heat.engine.service [req-3dc819ef-41fd-4f64-8b49-0d0806363ffc - - - - -] Service c0b08f1b-3fc5-4894-b2d7-6c77e3c5dad2 is updated service_manage_report /usr/lib/python3/dist-packages/heat/engine/service.py:2370
2024-09-16 01:38:39.277 36241 DEBUG heat.engine.service [req-0b6c2594-b931-4df4-83d3-e113eaeb621d - - - - -] Service d6787689-2418-48fe-b5d5-fc54e85d8c91 is updated service_manage_report /usr/lib/python3/dist-packages/heat/engine/service.py:2370
2024-09-16 01:38:39.277 36240 DEBUG heat.engine.service [req-3a258121-18c6-4612-883d-4585257ce442 - - - - -] Service d1a11d85-0be0-4d61-a0f4-808e97fd0c6c is updated service_manage_report /usr/lib/python3/dist-packages/heat/engine/service.py:2370
2024-09-16 01:39:39.209 36240 DEBUG heat.engine.service [req-d395b37c-4692-42fb-9419-6fc42729ad0e - - - - -] Service d1a11d85-0be0-4d61-a0f4-808e97fd0c6c is updated service_manage_report /usr/lib/python3/dist-packages/heat/engine/service.py:2370
2024-09-16 01:39:39.209 36241 DEBUG heat.engine.service [req-02f931e2-1090-4309-aed0-3f7bc2aa72b7 - - - - -] Service d6787689-2418-48fe-b5d5-fc54e85d8c91 is updated service_manage_report /usr/lib/python3/dist-packages/heat/engine/service.py:2370
2024-09-16 01:39:39.210 36242 DEBUG heat.engine.service [req-407be340-88b6-4e30-9c8d-8f3f0d84d71d - - - - -] Service 9185a4da-eeae-4d1e-a0c1-c0e920667af1 is updated service_manage_report /usr/lib/python3/dist-packages/heat/engine/service.py:2370
2024-09-16 01:39:39.210 36239 DEBUG heat.engine.service [req-f8369857-8f81-4273-b07d-72f6bd7d78e8 - - - - -] Service c0b08f1b-3fc5-4894-b2d7-6c77e3c5dad2 is updated service_manage_report /usr/lib/python3/dist-packages/heat/engine/service.py:2370
2024-09-16 01:40:38.928 36242 DEBUG heat.engine.service [req-da661dda-5c1b-4277-b2b8-99bd1891fc9c - - - - -] Service 9185a4da-eeae-4d1e-a0c1-c0e920667af1 is updated service_manage_report /usr/lib/python3/dist-packages/heat/engine/service.py:2370
2024-09-16 01:40:38.930 36239 DEBUG heat.engine.service [req-1c06bb76-2ff5-411b-8e58-d074a1d83aef - - - - -] Service c0b08f1b-3fc5-4894-b2d7-6c77e3c5dad2 is updated service_manage_report /usr/lib/python3/dist-packages/heat/engine/service.py:2370
2024-09-16 01:40:38.931 36240 DEBUG heat.engine.service [req-d3325485-5c51-4756-8fba-5add6bf8e8c3 - - - - -] Service d1a11d85-0be0-4d61-a0f4-808e97fd0c6c is updated service_manage_report /usr/lib/python3/dist-packages/heat/engine/service.py:2370
2024-09-16 01:40:38.943 36241 DEBUG heat.engine.service [req-928dc2aa-ab3a-40a4-becb-9f442e537f01 - - - - -] Service d6787689-2418-48fe-b5d5-fc54e85d8c91 is updated service_manage_report /usr/lib/python3/dist-packages/heat/engine/service.py:2370
2024-09-16 01:41:40.327 36242 DEBUG heat.engine.service [req-168c5d53-5bf9-4a1c-a9e8-470803df6f36 - - - - -] Service 9185a4da-eeae-4d1e-a0c1-c0e920667af1 is updated service_manage_report /usr/lib/python3/dist-packages/heat/engine/service.py:2370
2024-09-16 01:41:40.334 36241 DEBUG heat.engine.service [req-09a0e7dd-3067-4609-8fc8-67fe112991fe - - - - -] Service d6787689-2418-48fe-b5d5-fc54e85d8c91 is updated service_manage_report /usr/lib/python3/dist-packages/heat/engine/service.py:2370
2024-09-16 01:41:40.334 36239 DEBUG heat.engine.service [req-25a4e715-7499-436b-bf98-690d00d494be - - - - -] Service c0b08f1b-3fc5-4894-b2d7-6c77e3c5dad2 is updated service_manage_report /usr/lib/python3/dist-packages/heat/engine/service.py:2370
2024-09-16 01:41:40.334 36240 DEBUG heat.engine.service [req-77048208-6c64-41a8-bd9e-63147f07416e - - - - -] Service d1a11d85-0be0-4d61-a0f4-808e97fd0c6c is updated service_manage_report /usr/lib/python3/dist-packages/heat/engine/service.py:2370
2024-09-16 01:42:38.921 36242 DEBUG heat.engine.service [req-72bbbdff-d812-40b2-bcab-9f54ab491817 - - - - -] Service 9185a4da-eeae-4d1e-a0c1-c0e920667af1 is updated service_manage_report /usr/lib/python3/dist-packages/heat/engine/service.py:2370
2024-09-16 01:42:38.928 36239 DEBUG heat.engine.service [req-be0fdfed-1a7c-4118-9efb-d9f4b3add1a3 - - - - -] Service c0b08f1b-3fc5-4894-b2d7-6c77e3c5dad2 is updated service_manage_report /usr/lib/python3/dist-packages/heat/engine/service.py:2370
2024-09-16 01:42:38.937 36240 DEBUG heat.engine.service [req-3103d765-5f2a-4345-b407-4059a9bafeb6 - - - - -] Service d1a11d85-0be0-4d61-a0f4-808e97fd0c6c is updated service_manage_report /usr/lib/python3/dist-packages/heat/engine/service.py:2370
2024-09-16 01:42:38.948 36241 DEBUG heat.engine.service [req-8beae447-22ef-4149-b105-5948f614e3cf - - - - -] Service d6787689-2418-48fe-b5d5-fc54e85d8c91 is updated service_manage_report /usr/lib/python3/dist-packages/heat/engine/service.py:2370
2024-09-16 01:43:40.116 36240 DEBUG heat.engine.service [req-173e34b0-eec4-4d3c-9560-c04186110277 - - - - -] Service d1a11d85-0be0-4d61-a0f4-808e97fd0c6c is updated service_manage_report /usr/lib/python3/dist-packages/heat/engine/service.py:2370
2024-09-16 01:43:40.116 36241 DEBUG heat.engine.service [req-d0072b37-9cb4-41ee-8706-cd7762b7aaee - - - - -] Service d6787689-2418-48fe-b5d5-fc54e85d8c91 is updated service_manage_report /usr/lib/python3/dist-packages/heat/engine/service.py:2370
2024-09-16 01:43:40.116 36242 DEBUG heat.engine.service [req-9a9f795f-97af-48b0-93b0-9fab4db75d7f - - - - -] Service 9185a4da-eeae-4d1e-a0c1-c0e920667af1 is updated service_manage_report /usr/lib/python3/dist-packages/heat/engine/service.py:2370
2024-09-16 01:43:40.116 36239 DEBUG heat.engine.service [req-62610cc2-e948-4b19-9d75-991afd74a3fa - - - - -] Service c0b08f1b-3fc5-4894-b2d7-6c77e3c5dad2 is updated service_manage_report /usr/lib/python3/dist-packages/heat/engine/service.py:2370
2024-09-16 01:44:38.931 36239 DEBUG heat.engine.service [req-ca0db687-2b90-4fef-b524-9066440d7fbd - - - - -] Service c0b08f1b-3fc5-4894-b2d7-6c77e3c5dad2 is updated service_manage_report /usr/lib/python3/dist-packages/heat/engine/service.py:2370
2024-09-16 01:44:38.931 36242 DEBUG heat.engine.service [req-08de4527-0bc6-4025-8382-b9dfbcb7235d - - - - -] Service 9185a4da-eeae-4d1e-a0c1-c0e920667af1 is updated service_manage_report /usr/lib/python3/dist-packages/heat/engine/service.py:2370
2024-09-16 01:44:38.940 36240 DEBUG heat.engine.service [req-313c1d52-b5f9-4034-a175-34d625b6c394 - - - - -] Service d1a11d85-0be0-4d61-a0f4-808e97fd0c6c is updated service_manage_report /usr/lib/python3/dist-packages/heat/engine/service.py:2370
2024-09-16 01:44:38.950 36241 DEBUG heat.engine.service [req-8b2914e1-d2b7-4023-b997-0282e2be2016 - - - - -] Service d6787689-2418-48fe-b5d5-fc54e85d8c91 is updated service_manage_report /usr/lib/python3/dist-packages/heat/engine/service.py:2370
2024-09-16 01:45:38.934 36242 DEBUG heat.engine.service [req-5d7a5065-ad59-4026-9f2d-92582c2f7599 - - - - -] Service 9185a4da-eeae-4d1e-a0c1-c0e920667af1 is updated service_manage_report /usr/lib/python3/dist-packages/heat/engine/service.py:2370
2024-09-16 01:45:38.936 36239 DEBUG heat.engine.service [req-3017936f-2ac8-47a3-8e84-363961bc6646 - - - - -] Service c0b08f1b-3fc5-4894-b2d7-6c77e3c5dad2 is updated service_manage_report /usr/lib/python3/dist-packages/heat/engine/service.py:2370
2024-09-16 01:45:38.942 36240 DEBUG heat.engine.service [req-827404be-0246-49de-b950-21673bb52fe2 - - - - -] Service d1a11d85-0be0-4d61-a0f4-808e97fd0c6c is updated service_manage_report /usr/lib/python3/dist-packages/heat/engine/service.py:2370
2024-09-16 01:45:38.951 36241 DEBUG heat.engine.service [req-12aec511-ddfb-4c8b-91f5-a5ef8d049048 - - - - -] Service d6787689-2418-48fe-b5d5-fc54e85d8c91 is updated service_manage_report /usr/lib/python3/dist-packages/heat/engine/service.py:2370
2024-09-16 01:46:39.368 36242 DEBUG heat.engine.service [req-e6527771-53f3-4048-8813-89633f46ae19 - - - - -] Service 9185a4da-eeae-4d1e-a0c1-c0e920667af1 is updated service_manage_report /usr/lib/python3/dist-packages/heat/engine/service.py:2370
2024-09-16 01:46:39.373 36241 DEBUG heat.engine.service [req-4ea77a64-9e6f-4b54-8f79-a560558898c2 - - - - -] Service d6787689-2418-48fe-b5d5-fc54e85d8c91 is updated service_manage_report /usr/lib/python3/dist-packages/heat/engine/service.py:2370
2024-09-16 01:46:39.373 36239 DEBUG heat.engine.service [req-6b91ab4d-1a65-45fa-b40b-9129ead45111 - - - - -] Service c0b08f1b-3fc5-4894-b2d7-6c77e3c5dad2 is updated service_manage_report /usr/lib/python3/dist-packages/heat/engine/service.py:2370
2024-09-16 01:46:39.373 36240 DEBUG heat.engine.service [req-4afbc41c-0ae1-40d4-b9de-8a1c643c93f0 - - - - -] Service d1a11d85-0be0-4d61-a0f4-808e97fd0c6c is updated service_manage_report /usr/lib/python3/dist-packages/heat/engine/service.py:2370
2024-09-16 01:47:39.997 36242 DEBUG heat.engine.service [req-6b26d465-b9c6-4b5e-aa14-cfb35ff8e95e - - - - -] Service 9185a4da-eeae-4d1e-a0c1-c0e920667af1 is updated service_manage_report /usr/lib/python3/dist-packages/heat/engine/service.py:2370
2024-09-16 01:47:40.004 36239 DEBUG heat.engine.service [req-a64ac230-efc6-4c9a-855b-fb15d5a7773a - - - - -] Service c0b08f1b-3fc5-4894-b2d7-6c77e3c5dad2 is updated service_manage_report /usr/lib/python3/dist-packages/heat/engine/service.py:2370
2024-09-16 01:47:40.004 36241 DEBUG heat.engine.service [req-8edb6a03-1985-46c0-80ee-7ca78dab73ff - - - - -] Service d6787689-2418-48fe-b5d5-fc54e85d8c91 is updated service_manage_report /usr/lib/python3/dist-packages/heat/engine/service.py:2370
2024-09-16 01:47:40.004 36240 DEBUG heat.engine.service [req-50ff58ec-5b67-4d20-be92-2410cfa94db1 - - - - -] Service d1a11d85-0be0-4d61-a0f4-808e97fd0c6c is updated service_manage_report /usr/lib/python3/dist-packages/heat/engine/service.py:2370
2024-09-16 01:48:41.142 36242 DEBUG heat.engine.service [req-e163c839-355e-49f0-886c-fb64fd74c10d - - - - -] Service 9185a4da-eeae-4d1e-a0c1-c0e920667af1 is updated service_manage_report /usr/lib/python3/dist-packages/heat/engine/service.py:2370
2024-09-16 01:48:41.197 36240 DEBUG heat.engine.service [req-8cdc7c4c-6edb-4d48-8f9d-ea00a329aab9 - - - - -] Service d1a11d85-0be0-4d61-a0f4-808e97fd0c6c is updated service_manage_report /usr/lib/python3/dist-packages/heat/engine/service.py:2370
2024-09-16 01:48:41.197 36239 DEBUG heat.engine.service [req-771c2729-731f-4aba-9708-b4a7a83b5d19 - - - - -] Service c0b08f1b-3fc5-4894-b2d7-6c77e3c5dad2 is updated service_manage_report /usr/lib/python3/dist-packages/heat/engine/service.py:2370
2024-09-16 01:48:41.197 36241 DEBUG heat.engine.service [req-f0874b2c-147b-499f-95e7-bf1d5d8ed72e - - - - -] Service d6787689-2418-48fe-b5d5-fc54e85d8c91 is updated service_manage_report /usr/lib/python3/dist-packages/heat/engine/service.py:2370
2024-09-16 01:49:05.579 36239 DEBUG heat.engine.service [-] Attempting to stop engine service... _stop_rpc_server /usr/lib/python3/dist-packages/heat/engine/service.py:437
2024-09-16 01:49:05.583 36241 DEBUG heat.engine.service [-] Attempting to stop engine service... _stop_rpc_server /usr/lib/python3/dist-packages/heat/engine/service.py:437
2024-09-16 01:49:05.583 36242 DEBUG heat.engine.service [-] Attempting to stop engine service... _stop_rpc_server /usr/lib/python3/dist-packages/heat/engine/service.py:437
2024-09-16 01:49:05.584 36240 DEBUG heat.engine.service [-] Attempting to stop engine service... _stop_rpc_server /usr/lib/python3/dist-packages/heat/engine/service.py:437
2024-09-16 01:49:05.594 36021 INFO oslo_service.service [-] Caught SIGTERM, stopping children
2024-09-16 01:49:05.598 36021 DEBUG oslo_concurrency.lockutils [-] Acquired lock "singleton_lock" lock /usr/lib/python3/dist-packages/oslo_concurrency/lockutils.py:294
2024-09-16 01:49:05.598 36021 DEBUG oslo_concurrency.lockutils [-] Releasing lock "singleton_lock" lock /usr/lib/python3/dist-packages/oslo_concurrency/lockutils.py:312
2024-09-16 01:49:05.598 36021 DEBUG oslo_service.service [-] Stop services. stop /usr/lib/python3/dist-packages/oslo_service/service.py:695
2024-09-16 01:49:05.599 36021 INFO heat.engine.service [-] All threads were gone, terminating engine
2024-09-16 01:49:05.599 36021 DEBUG oslo_service.service [-] Killing children. stop /usr/lib/python3/dist-packages/oslo_service/service.py:700
2024-09-16 01:49:05.599 36021 INFO oslo_service.service [-] Waiting on 4 children to exit
2024-09-16 01:49:05.607 36021 INFO oslo_service.service [-] Child 36240 killed by signal 15
2024-09-16 01:49:05.609 36021 INFO oslo_service.service [-] Child 36242 killed by signal 15
2024-09-16 01:49:05.614 36021 INFO oslo_service.service [-] Child 36241 killed by signal 15
2024-09-16 01:49:05.618 36021 INFO oslo_service.service [-] Child 36239 killed by signal 15
2024-09-16 01:49:09.101 57846 DEBUG oslo_concurrency.lockutils [-] Lock "context-manager" acquired by "neutron_lib.db.api._create_context_manager" :: waited 0.000s inner /usr/lib/python3/dist-packages/oslo_concurrency/lockutils.py:386
2024-09-16 01:49:09.102 57846 DEBUG oslo_concurrency.lockutils [-] Lock "context-manager" "released" by "neutron_lib.db.api._create_context_manager" :: held 0.000s inner /usr/lib/python3/dist-packages/oslo_concurrency/lockutils.py:400
2024-09-16 01:49:09.330 57846 WARNING heat.engine.environment [-] OS::Aodh::Alarm is DEPRECATED. Theshold alarm relies on ceilometer-api and has been deprecated in aodh since Ocata. Use OS::Aodh::GnocchiAggregationByResourcesAlarm instead.
2024-09-16 01:49:09.330 57846 WARNING heat.engine.environment [-] OS::Aodh::CombinationAlarm is HIDDEN. OS::Aodh::CombinationAlarm is deprecated and has been removed from Aodh, use OS::Aodh::CompositeAlarm instead.
2024-09-16 01:49:09.331 57846 WARNING heat.engine.environment [-] OS::Designate::Domain is HIDDEN. This resource has been removed, use OS::Designate::Zone instead.
2024-09-16 01:49:09.331 57846 WARNING heat.engine.environment [-] OS::Designate::Record is HIDDEN. This resource has been removed, use OS::Designate::RecordSet instead.
2024-09-16 01:49:09.331 57846 WARNING heat.engine.environment [-] OS::Glance::Image is DEPRECATED. Creating a Glance Image based on an existing URL location requires the Glance v1 API, which is deprecated.
2024-09-16 01:49:09.331 57846 WARNING heat.engine.environment [-] OS::Heat::HARestarter is HIDDEN. The HARestarter resource type has been removed. Existing stacks containing HARestarter resources can still be used, but the HARestarter resource will be a placeholder that does nothing.
2024-09-16 01:49:09.331 57846 WARNING heat.engine.environment [-] OS::Heat::SoftwareDeployments is HIDDEN. Please use OS::Heat::SoftwareDeploymentGroup instead.
2024-09-16 01:49:09.331 57846 WARNING heat.engine.environment [-] OS::Heat::StructuredDeployments is HIDDEN. Please use OS::Heat::StructuredDeploymentGroup instead.
2024-09-16 01:49:09.332 57846 WARNING heat.engine.environment [-] OS::Magnum::Bay is HIDDEN. Please use OS::Magnum::Cluster instead.
2024-09-16 01:49:09.332 57846 WARNING heat.engine.environment [-] OS::Magnum::BayModel is HIDDEN. Please use OS::Magnum::ClusterTemplate instead.
2024-09-16 01:49:09.332 57846 WARNING heat.engine.environment [-] OS::Neutron::ExtraRoute is UNSUPPORTED. Use this resource at your own risk.
2024-09-16 01:49:09.332 57846 WARNING heat.engine.environment [-] OS::Neutron::HealthMonitor is HIDDEN. Use LBaaS V2 instead.
2024-09-16 01:49:09.332 57846 WARNING heat.engine.environment [-] OS::Neutron::Pool is HIDDEN. Use LBaaS V2 instead.
2024-09-16 01:49:09.332 57846 WARNING heat.engine.environment [-] OS::Neutron::PoolMember is HIDDEN. Use LBaaS V2 instead.
2024-09-16 01:49:09.333 57846 WARNING heat.engine.environment [-] OS::Neutron::LoadBalancer is HIDDEN. Use LBaaS V2 instead.
2024-09-16 01:49:09.333 57846 WARNING heat.engine.environment [-] OS::Neutron::RouterGateway is HIDDEN. Use the `external_gateway_info` property in the router resource to set up the gateway.
2024-09-16 01:49:09.333 57846 WARNING heat.engine.environment [-] OS::Nova::FloatingIP is HIDDEN. Please use OS::Neutron::FloatingIP instead.
2024-09-16 01:49:09.333 57846 WARNING heat.engine.environment [-] OS::Nova::FloatingIPAssociation is HIDDEN. Please use OS::Neutron::FloatingIPAssociation instead.
2024-09-16 01:49:09.334 57846 INFO heat.engine.environment [-] Loading /etc/heat/environment.d/default.yaml
2024-09-16 01:49:09.335 57846 INFO heat.engine.environment [-] Registered: [Plugin](User:False) AWS::AutoScaling::AutoScalingGroup ->
2024-09-16 01:49:09.335 57846 INFO heat.engine.environment [-] Registered: [Plugin](User:False) AWS::AutoScaling::LaunchConfiguration ->
2024-09-16 01:49:09.335 57846 INFO heat.engine.environment [-] Registered: [Plugin](User:False) AWS::AutoScaling::ScalingPolicy ->
2024-09-16 01:49:09.335 57846 INFO heat.engine.environment [-] Registered: [Plugin](User:False) AWS::CloudFormation::Stack ->
2024-09-16 01:49:09.335 57846 INFO heat.engine.environment [-] Registered: [Plugin](User:False) AWS::CloudFormation::WaitCondition ->
2024-09-16 01:49:09.336 57846 INFO heat.engine.environment [-] Registered: [Plugin](User:False) AWS::CloudFormation::WaitConditionHandle ->
2024-09-16 01:49:09.336 57846 INFO heat.engine.environment [-] Registered: [Plugin](User:False) AWS::EC2::EIP ->
2024-09-16 01:49:09.336 57846 INFO heat.engine.environment [-] Registered: [Plugin](User:False) AWS::EC2::EIPAssociation ->
2024-09-16 01:49:09.336 57846 INFO heat.engine.environment [-] Registered: [Plugin](User:False) AWS::EC2::Instance ->
2024-09-16 01:49:09.336 57846 INFO heat.engine.environment [-] Registered: [Plugin](User:False) AWS::EC2::InternetGateway ->
2024-09-16 01:49:09.336 57846 INFO heat.engine.environment [-] Registered: [Plugin](User:False) AWS::EC2::VPCGatewayAttachment ->
2024-09-16 01:49:09.336 57846 INFO heat.engine.environment [-] Registered: [Plugin](User:False) AWS::EC2::NetworkInterface ->
2024-09-16 01:49:09.336 57846 INFO heat.engine.environment [-] Registered: [Plugin](User:False) AWS::EC2::RouteTable ->
2024-09-16 01:49:09.336 57846 INFO heat.engine.environment [-] Registered: [Plugin](User:False) AWS::EC2::SubnetRouteTableAssociation ->
2024-09-16 01:49:09.336 57846 INFO heat.engine.environment [-] Registered: [Plugin](User:False) AWS::EC2::SecurityGroup ->
2024-09-16 01:49:09.336 57846 INFO heat.engine.environment [-] Registered: [Plugin](User:False) AWS::EC2::Subnet ->
2024-09-16 01:49:09.336 57846 INFO heat.engine.environment [-] Registered: [Plugin](User:False) AWS::EC2::Volume ->
2024-09-16 01:49:09.337 57846 INFO heat.engine.environment [-] Registered: [Plugin](User:False) AWS::EC2::VolumeAttachment ->
2024-09-16 01:49:09.337 57846 INFO heat.engine.environment [-] Registered: [Plugin](User:False) AWS::EC2::VPC ->
2024-09-16 01:49:09.337 57846 INFO heat.engine.environment [-] Registered: [Plugin](User:False) AWS::IAM::User ->
2024-09-16 01:49:09.337 57846 INFO heat.engine.environment [-] Registered: [Plugin](User:False) AWS::IAM::AccessKey ->
2024-09-16 01:49:09.337 57846 INFO heat.engine.environment [-] Registered: [Plugin](User:False) AWS::ElasticLoadBalancing::LoadBalancer ->
2024-09-16 01:49:09.337 57846 INFO heat.engine.environment [-] Registered: [Plugin](User:False) AWS::S3::Bucket ->
2024-09-16 01:49:09.337 57846 INFO heat.engine.environment [-] Registered: [Plugin](User:False) OS::Aodh::Alarm ->
2024-09-16 01:49:09.337 57846 INFO heat.engine.environment [-] Registered: [Plugin](User:False) OS::Aodh::CombinationAlarm ->
2024-09-16 01:49:09.337 57846 INFO heat.engine.environment [-] Registered: [Plugin](User:False) OS::Aodh::EventAlarm ->
2024-09-16 01:49:09.337 57846 INFO heat.engine.environment [-] Registered: [Plugin](User:False) OS::Aodh::LBMemberHealthAlarm ->
2024-09-16 01:49:09.337 57846 INFO heat.engine.environment [-] Registered: [Plugin](User:False) OS::Aodh::CompositeAlarm ->
2024-09-16 01:49:09.337 57846 INFO heat.engine.environment [-] Registered: [Plugin](User:False) OS::Aodh::GnocchiResourcesAlarm ->
2024-09-16 01:49:09.338 57846 INFO heat.engine.environment [-] Registered: [Plugin](User:False) OS::Aodh::GnocchiAggregationByMetricsAlarm ->
2024-09-16 01:49:09.338 57846 INFO heat.engine.environment [-] Registered: [Plugin](User:False) OS::Aodh::GnocchiAggregationByResourcesAlarm ->
2024-09-16 01:49:09.338 57846 INFO heat.engine.environment [-] Registered: [Plugin](User:False) OS::Barbican::GenericContainer ->
2024-09-16 01:49:09.338 57846 INFO heat.engine.environment [-] Registered: [Plugin](User:False) OS::Barbican::CertificateContainer ->
2024-09-16 01:49:09.338 57846 INFO heat.engine.environment [-] Registered: [Plugin](User:False) OS::Barbican::RSAContainer ->
2024-09-16 01:49:09.338 57846 INFO heat.engine.environment [-] Registered: [Plugin](User:False) OS::Barbican::Order ->
2024-09-16 01:49:09.338 57846 INFO heat.engine.environment [-] Registered: [Plugin](User:False) OS::Barbican::Secret ->
2024-09-16 01:49:09.338 57846 INFO heat.engine.environment [-] Registered: [Plugin](User:False) OS::Blazar::Host ->
2024-09-16 01:49:09.338 57846 INFO heat.engine.environment [-] Registered: [Plugin](User:False) OS::Blazar::Lease ->
2024-09-16 01:49:09.338 57846 INFO heat.engine.environment [-] Registered: [Plugin](User:False) OS::Cinder::EncryptedVolumeType ->
2024-09-16 01:49:09.338 57846 INFO heat.engine.environment [-] Registered: [Plugin](User:False) OS::Cinder::QoSSpecs ->
2024-09-16 01:49:09.338 57846 INFO heat.engine.environment [-] Registered: [Plugin](User:False) OS::Cinder::QoSAssociation ->
2024-09-16 01:49:09.338 57846 INFO heat.engine.environment [-] Registered: [Plugin](User:False) OS::Cinder::Quota ->
2024-09-16 01:49:09.339 57846 INFO heat.engine.environment [-] Registered: [Plugin](User:False) OS::Cinder::Volume ->
2024-09-16 01:49:09.339 57846 INFO heat.engine.environment [-] Registered: [Plugin](User:False) OS::Cinder::VolumeAttachment ->
2024-09-16 01:49:09.339 57846 INFO heat.engine.environment [-] Registered: [Plugin](User:False) OS::Cinder::VolumeType ->
2024-09-16 01:49:09.339 57846 INFO heat.engine.environment [-] Registered: [Plugin](User:False) OS::Designate::Domain ->
2024-09-16 01:49:09.339 57846 INFO heat.engine.environment [-] Registered: [Plugin](User:False) OS::Designate::Record ->
2024-09-16 01:49:09.339 57846 INFO heat.engine.environment [-] Registered: [Plugin](User:False) OS::Designate::RecordSet ->
2024-09-16 01:49:09.339 57846 INFO heat.engine.environment [-] Registered: [Plugin](User:False) OS::Designate::Zone ->
2024-09-16 01:49:09.339 57846 INFO heat.engine.environment [-] Registered: [Plugin](User:False) OS::Glance::Image ->
2024-09-16 01:49:09.339 57846 INFO heat.engine.environment [-] Registered: [Plugin](User:False) OS::Glance::WebImage ->
2024-09-16 01:49:09.339 57846 INFO heat.engine.environment [-] Registered: [Plugin](User:False) OS::Heat::AccessPolicy ->
2024-09-16 01:49:09.339 57846 INFO heat.engine.environment [-] Registered: [Plugin](User:False) OS::Heat::AutoScalingGroup ->
2024-09-16 01:49:09.339 57846 INFO heat.engine.environment [-] Registered: [Plugin](User:False) OS::Heat::CloudConfig ->
2024-09-16 01:49:09.340 57846 INFO heat.engine.environment [-] Registered: [Plugin](User:False) OS::Heat::Delay ->
2024-09-16 01:49:09.340 57846 INFO heat.engine.environment [-] Registered: [Plugin](User:False) OS::Heat::DeployedServer ->
2024-09-16 01:49:09.340 57846 INFO heat.engine.environment [-] Registered: [Plugin](User:False) OS::Heat::HARestarter ->
2024-09-16 01:49:09.340 57846 INFO heat.engine.environment [-] Registered: [Plugin](User:False) OS::Heat::InstanceGroup ->
2024-09-16 01:49:09.340 57846 INFO heat.engine.environment [-] Registered: [Plugin](User:False) OS::Heat::MultipartMime ->
2024-09-16 01:49:09.340 57846 INFO heat.engine.environment [-] Registered: [Plugin](User:False) OS::Heat::None ->
2024-09-16 01:49:09.340 57846 INFO heat.engine.environment [-] Registered: [Plugin](User:False) OS::Heat::RandomString ->
2024-09-16 01:49:09.340 57846 INFO heat.engine.environment [-] Registered: [Plugin](User:False) OS::Heat::Stack ->
2024-09-16 01:49:09.340 57846 INFO heat.engine.environment [-] Registered: [Plugin](User:False) OS::Heat::ResourceChain ->
2024-09-16 01:49:09.340 57846 INFO heat.engine.environment [-] Registered: [Plugin](User:False) OS::Heat::ResourceGroup ->
2024-09-16 01:49:09.340 57846 INFO heat.engine.environment [-] Registered: [Plugin](User:False) OS::Heat::ScalingPolicy ->
2024-09-16 01:49:09.340 57846 INFO heat.engine.environment [-] Registered: [Plugin](User:False) OS::Heat::SoftwareComponent ->
2024-09-16 01:49:09.341 57846 INFO heat.engine.environment [-] Registered: [Plugin](User:False) OS::Heat::SoftwareConfig ->
2024-09-16 01:49:09.341 57846 INFO heat.engine.environment [-] Registered: [Plugin](User:False) OS::Heat::SoftwareDeployment ->
2024-09-16 01:49:09.341 57846 INFO heat.engine.environment [-] Registered: [Plugin](User:False) OS::Heat::SoftwareDeploymentGroup ->
2024-09-16 01:49:09.341 57846 INFO heat.engine.environment [-] Registered: [Plugin](User:False) OS::Heat::SoftwareDeployments ->
2024-09-16 01:49:09.341 57846 INFO heat.engine.environment [-] Registered: [Plugin](User:False) OS::Heat::StructuredConfig ->
2024-09-16 01:49:09.341 57846 INFO heat.engine.environment [-] Registered: [Plugin](User:False) OS::Heat::StructuredDeployment ->
2024-09-16 01:49:09.341 57846 INFO heat.engine.environment [-] Registered: [Plugin](User:False) OS::Heat::StructuredDeploymentGroup ->
2024-09-16 01:49:09.341 57846 INFO heat.engine.environment [-] Registered: [Plugin](User:False) OS::Heat::StructuredDeployments ->
2024-09-16 01:49:09.341 57846 INFO heat.engine.environment [-] Registered: [Plugin](User:False) OS::Heat::SwiftSignal ->
2024-09-16 01:49:09.341 57846 INFO heat.engine.environment [-] Registered: [Plugin](User:False) OS::Heat::SwiftSignalHandle ->
2024-09-16 01:49:09.341 57846 INFO heat.engine.environment [-] Registered: [Plugin](User:False) OS::Heat::TestResource ->
2024-09-16 01:49:09.341 57846 INFO heat.engine.environment [-] Registered: [Plugin](User:False) OS::Heat::Value ->
2024-09-16 01:49:09.342 57846 INFO heat.engine.environment [-] Registered: [Plugin](User:False) OS::Heat::WaitCondition ->
2024-09-16 01:49:09.342 57846 INFO heat.engine.environment [-] Registered: [Plugin](User:False) OS::Heat::WaitConditionHandle ->
2024-09-16 01:49:09.342 57846 INFO heat.engine.environment [-] Registered: [Plugin](User:False) OS::Heat::UpdateWaitConditionHandle ->
2024-09-16 01:49:09.342 57846 INFO heat.engine.environment [-] Registered: [Plugin](User:False) OS::Ironic::Port ->
2024-09-16 01:49:09.342 57846 INFO heat.engine.environment [-] Registered: [Plugin](User:False) OS::Keystone::Domain ->
2024-09-16 01:49:09.342 57846 INFO heat.engine.environment [-] Registered: [Plugin](User:False) OS::Keystone::Endpoint ->
2024-09-16 01:49:09.342 57846 INFO heat.engine.environment [-] Registered: [Plugin](User:False) OS::Keystone::Group ->
2024-09-16 01:49:09.342 57846 INFO heat.engine.environment [-] Registered: [Plugin](User:False) OS::Keystone::Project ->
2024-09-16 01:49:09.342 57846 INFO heat.engine.environment [-] Registered: [Plugin](User:False) OS::Keystone::Region ->
2024-09-16 01:49:09.342 57846 INFO heat.engine.environment [-] Registered: [Plugin](User:False) OS::Keystone::Role ->
2024-09-16 01:49:09.342 57846 INFO heat.engine.environment [-] Registered: [Plugin](User:False) OS::Keystone::UserRoleAssignment ->
2024-09-16 01:49:09.342 57846 INFO heat.engine.environment [-] Registered: [Plugin](User:False) OS::Keystone::GroupRoleAssignment ->
2024-09-16 01:49:09.343 57846 INFO heat.engine.environment [-] Registered: [Plugin](User:False) OS::Keystone::Service ->
2024-09-16 01:49:09.343 57846 INFO heat.engine.environment [-] Registered: [Plugin](User:False) OS::Keystone::User ->
2024-09-16 01:49:09.343 57846 INFO heat.engine.environment [-] Registered: [Plugin](User:False) OS::Magnum::Bay ->
2024-09-16 01:49:09.343 57846 INFO heat.engine.environment [-] Registered: [Plugin](User:False) OS::Magnum::BayModel ->
2024-09-16 01:49:09.343 57846 INFO heat.engine.environment [-] Registered: [Plugin](User:False) OS::Magnum::Cluster ->
2024-09-16 01:49:09.343 57846 INFO heat.engine.environment [-] Registered: [Plugin](User:False) OS::Magnum::ClusterTemplate ->
2024-09-16 01:49:09.343 57846 INFO heat.engine.environment [-] Registered: [Plugin](User:False) OS::Manila::SecurityService ->
2024-09-16 01:49:09.343 57846 INFO heat.engine.environment [-] Registered: [Plugin](User:False) OS::Manila::Share ->
2024-09-16 01:49:09.343 57846 INFO heat.engine.environment [-] Registered: [Plugin](User:False) OS::Manila::ShareNetwork ->
2024-09-16 01:49:09.343 57846 INFO heat.engine.environment [-] Registered: [Plugin](User:False) OS::Manila::ShareType ->
2024-09-16 01:49:09.343 57846 INFO heat.engine.environment [-] Registered: [Plugin](User:False) OS::Mistral::CronTrigger ->
2024-09-16 01:49:09.343 57846 INFO heat.engine.environment [-] Registered: [Plugin](User:False) OS::Mistral::ExternalResource ->
2024-09-16 01:49:09.344 57846 INFO heat.engine.environment [-] Registered: [Plugin](User:False) OS::Mistral::Workflow ->
2024-09-16 01:49:09.344 57846 INFO heat.engine.environment [-] Registered: [Plugin](User:False) OS::Monasca::AlarmDefinition ->
2024-09-16 01:49:09.344 57846 INFO heat.engine.environment [-] Registered: [Plugin](User:False) OS::Monasca::Notification ->
2024-09-16 01:49:09.344 57846 INFO heat.engine.environment [-] Registered: [Plugin](User:False) OS::Neutron::AddressScope ->
2024-09-16 01:49:09.344 57846 INFO heat.engine.environment [-] Registered: [Plugin](User:False) OS::Neutron::ExtraRoute ->
2024-09-16 01:49:09.344 57846 INFO heat.engine.environment [-] Registered: [Plugin](User:False) OS::Neutron::ExtraRouteSet ->
2024-09-16 01:49:09.344 57846 INFO heat.engine.environment [-] Registered: [Plugin](User:False) OS::Neutron::Firewall ->
2024-09-16 01:49:09.344 57846 INFO heat.engine.environment [-] Registered: [Plugin](User:False) OS::Neutron::FirewallPolicy ->
2024-09-16 01:49:09.344 57846 INFO heat.engine.environment [-] Registered: [Plugin](User:False) OS::Neutron::FirewallRule ->
2024-09-16 01:49:09.344 57846 INFO heat.engine.environment [-] Registered: [Plugin](User:False) OS::Neutron::FloatingIP ->
2024-09-16 01:49:09.344 57846 INFO heat.engine.environment [-] Registered: [Plugin](User:False) OS::Neutron::FloatingIPAssociation ->
2024-09-16 01:49:09.344 57846 INFO heat.engine.environment [-] Registered: [Plugin](User:False) OS::Neutron::L2Gateway ->
