2024-09-16 02:03:10.153 7 DEBUG oslo_service.service [-] ml2_type_gre.tunnel_id_ranges = [] log_opt_values /var/lib/kolla/venv/lib/python3.6/site-packages/oslo_config/cfg.py:2611
2024-09-16 02:03:10.153 7 DEBUG oslo_service.service [-] ml2_type_vlan.network_vlan_ranges = [] log_opt_values /var/lib/kolla/venv/lib/python3.6/site-packages/oslo_config/cfg.py:2611
2024-09-16 02:03:10.153 7 DEBUG oslo_service.service [-] ml2_type_vxlan.vni_ranges = [] log_opt_values /var/lib/kolla/venv/lib/python3.6/site-packages/oslo_config/cfg.py:2611
2024-09-16 02:03:10.153 7 DEBUG oslo_service.service [-] ml2_type_vxlan.vxlan_group = None log_opt_values /var/lib/kolla/venv/lib/python3.6/site-packages/oslo_config/cfg.py:2611
2024-09-16 02:03:10.153 7 DEBUG oslo_service.service [-] database.backend = sqlalchemy log_opt_values /var/lib/kolla/venv/lib/python3.6/site-packages/oslo_config/cfg.py:2611
2024-09-16 02:03:10.153 7 DEBUG oslo_service.service [-] database.connection = **** log_opt_values /var/lib/kolla/venv/lib/python3.6/site-packages/oslo_config/cfg.py:2611
2024-09-16 02:03:10.154 7 DEBUG oslo_service.service [-] database.connection_debug = 0 log_opt_values /var/lib/kolla/venv/lib/python3.6/site-packages/oslo_config/cfg.py:2611
2024-09-16 02:03:10.154 7 DEBUG oslo_service.service [-] database.connection_parameters = log_opt_values /var/lib/kolla/venv/lib/python3.6/site-packages/oslo_config/cfg.py:2611
2024-09-16 02:03:10.154 7 DEBUG oslo_service.service [-] database.connection_recycle_time = 10 log_opt_values /var/lib/kolla/venv/lib/python3.6/site-packages/oslo_config/cfg.py:2611
2024-09-16 02:03:10.154 7 DEBUG oslo_service.service [-] database.connection_trace = False log_opt_values /var/lib/kolla/venv/lib/python3.6/site-packages/oslo_config/cfg.py:2611
2024-09-16 02:03:10.154 7 DEBUG oslo_service.service [-] database.db_inc_retry_interval = True log_opt_values /var/lib/kolla/venv/lib/python3.6/site-packages/oslo_config/cfg.py:2611
2024-09-16 02:03:10.154 7 DEBUG oslo_service.service [-] database.db_max_retries = 20 log_opt_values /var/lib/kolla/venv/lib/python3.6/site-packages/oslo_config/cfg.py:2611
2024-09-16 02:03:10.154 7 DEBUG oslo_service.service [-] database.db_max_retry_interval = 10 log_opt_values /var/lib/kolla/venv/lib/python3.6/site-packages/oslo_config/cfg.py:2611
2024-09-16 02:03:10.154 7 DEBUG oslo_service.service [-] database.db_retry_interval = 1 log_opt_values /var/lib/kolla/venv/lib/python3.6/site-packages/oslo_config/cfg.py:2611
2024-09-16 02:03:10.154 7 DEBUG oslo_service.service [-] database.max_overflow = 50 log_opt_values /var/lib/kolla/venv/lib/python3.6/site-packages/oslo_config/cfg.py:2611
2024-09-16 02:03:10.154 7 DEBUG oslo_service.service [-] database.max_pool_size = 1 log_opt_values /var/lib/kolla/venv/lib/python3.6/site-packages/oslo_config/cfg.py:2611
2024-09-16 02:03:10.154 7 DEBUG oslo_service.service [-] database.max_retries = -1 log_opt_values /var/lib/kolla/venv/lib/python3.6/site-packages/oslo_config/cfg.py:2611
2024-09-16 02:03:10.154 7 DEBUG oslo_service.service [-] database.mysql_enable_ndb = False log_opt_values /var/lib/kolla/venv/lib/python3.6/site-packages/oslo_config/cfg.py:2611
2024-09-16 02:03:10.154 7 DEBUG oslo_service.service [-] database.mysql_sql_mode = TRADITIONAL log_opt_values /var/lib/kolla/venv/lib/python3.6/site-packages/oslo_config/cfg.py:2611
2024-09-16 02:03:10.154 7 DEBUG oslo_service.service [-] database.pool_timeout = None log_opt_values /var/lib/kolla/venv/lib/python3.6/site-packages/oslo_config/cfg.py:2611
2024-09-16 02:03:10.155 7 DEBUG oslo_service.service [-] database.retry_interval = 10 log_opt_values /var/lib/kolla/venv/lib/python3.6/site-packages/oslo_config/cfg.py:2611
2024-09-16 02:03:10.155 7 DEBUG oslo_service.service [-] database.slave_connection = **** log_opt_values /var/lib/kolla/venv/lib/python3.6/site-packages/oslo_config/cfg.py:2611
2024-09-16 02:03:10.155 7 DEBUG oslo_service.service [-] database.sqlite_synchronous = True log_opt_values /var/lib/kolla/venv/lib/python3.6/site-packages/oslo_config/cfg.py:2611
2024-09-16 02:03:10.155 7 DEBUG oslo_service.service [-] database.use_db_reconnect = False log_opt_values /var/lib/kolla/venv/lib/python3.6/site-packages/oslo_config/cfg.py:2611
2024-09-16 02:03:10.155 7 DEBUG oslo_service.service [-] ******************************************************************************** log_opt_values /var/lib/kolla/venv/lib/python3.6/site-packages/oslo_config/cfg.py:2613
2024-09-16 02:03:11.497 22 DEBUG neutron.wsgi [-] (22) accepted ('10.0.0.23', 47934) server /var/lib/kolla/venv/lib/python3.6/site-packages/eventlet/wsgi.py:1004
2024-09-16 02:03:11.504 22 INFO neutron.wsgi [-] 10.0.0.23 "GET / HTTP/1.1" status: 200 len: 227 time: 0.0050912
2024-09-16 02:03:14.443 24 DEBUG neutron.api.rpc.handlers.dhcp_rpc [req-49dd099f-2308-45ba-911c-0d634153ae78 - - - - -] get_active_networks_info from cn-jenkins-deploy-platform-ansible-os-1943-1 get_active_networks_info /var/lib/kolla/venv/lib/python3.6/site-packages/neutron/api/rpc/handlers/dhcp_rpc.py:159
2024-09-16 02:03:14.465 26 DEBUG neutron_lib.callbacks.manager [req-cbc8251d-68df-4829-92b3-5956608c89ea - - - - -] Publish callbacks ['neutron.services.segments.db._update_segment_host_mapping_for_agent-8736416485184', 'neutron.services.l3_router.l3_router_plugin.DVRResourceOperationHandler.create_fip_agent_gw_ports-480701'] for agent (fe9ce1e9-7fb5-479d-bb71-a8266cc321da), after_create _notify_loop /var/lib/kolla/venv/lib/python3.6/site-packages/neutron_lib/callbacks/manager.py:177
2024-09-16 02:03:14.491 24 DEBUG neutron.scheduler.dhcp_agent_scheduler [req-49dd099f-2308-45ba-911c-0d634153ae78 - - - - -] No non-hosted networks auto_schedule_networks /var/lib/kolla/venv/lib/python3.6/site-packages/neutron/scheduler/dhcp_agent_scheduler.py:60
2024-09-16 02:03:27.748 27 DEBUG neutron_lib.callbacks.manager [req-ce6b4250-2e86-4571-befb-4775c469c42e - - - - -] Publish callbacks ['neutron.services.segments.db._update_segment_host_mapping_for_agent-8736416485184', 'neutron.services.l3_router.l3_router_plugin.DVRResourceOperationHandler.create_fip_agent_gw_ports-480701'] for agent (252e19fd-9994-490b-a1ce-5729217f1e0d), after_create _notify_loop /var/lib/kolla/venv/lib/python3.6/site-packages/neutron_lib/callbacks/manager.py:177
2024-09-16 02:03:41.546 22 DEBUG neutron.wsgi [-] (22) accepted ('10.0.0.23', 38590) server /var/lib/kolla/venv/lib/python3.6/site-packages/eventlet/wsgi.py:1004
2024-09-16 02:03:41.549 22 INFO neutron.wsgi [-] 10.0.0.23 "GET / HTTP/1.1" status: 200 len: 227 time: 0.0031536
2024-09-16 02:03:44.443 24 DEBUG neutron_lib.callbacks.manager [req-0bf26a57-b8f0-4df2-a51a-aff374a16d23 - - - - -] Publish callbacks ['neutron.services.segments.db._update_segment_host_mapping_for_agent-8736416485184', 'neutron.plugins.ml2.plugin.Ml2Plugin._retry_binding_revived_agents-32831507'] for agent (fe9ce1e9-7fb5-479d-bb71-a8266cc321da), after_update _notify_loop /var/lib/kolla/venv/lib/python3.6/site-packages/neutron_lib/callbacks/manager.py:177
2024-09-16 02:03:57.736 23 DEBUG neutron_lib.callbacks.manager [req-ce6b4250-2e86-4571-befb-4775c469c42e - - - - -] Publish callbacks ['neutron.services.segments.db._update_segment_host_mapping_for_agent-8736416485184', 'neutron.plugins.ml2.plugin.Ml2Plugin._retry_binding_revived_agents-32831507'] for agent (252e19fd-9994-490b-a1ce-5729217f1e0d), after_update _notify_loop /var/lib/kolla/venv/lib/python3.6/site-packages/neutron_lib/callbacks/manager.py:177
2024-09-16 02:04:11.588 22 DEBUG neutron.wsgi [-] (22) accepted ('10.0.0.23', 53854) server /var/lib/kolla/venv/lib/python3.6/site-packages/eventlet/wsgi.py:1004
2024-09-16 02:04:11.592 22 INFO neutron.wsgi [-] 10.0.0.23 "GET / HTTP/1.1" status: 200 len: 227 time: 0.0029457
2024-09-16 02:04:14.456 25 DEBUG neutron_lib.callbacks.manager [req-734be4c2-265b-46b5-be7b-de1028fef117 - - - - -] Publish callbacks ['neutron.services.segments.db._update_segment_host_mapping_for_agent-8736416485184', 'neutron.plugins.ml2.plugin.Ml2Plugin._retry_binding_revived_agents-32831507'] for agent (fe9ce1e9-7fb5-479d-bb71-a8266cc321da), after_update _notify_loop /var/lib/kolla/venv/lib/python3.6/site-packages/neutron_lib/callbacks/manager.py:177
2024-09-16 02:04:20.106 29 DEBUG neutron.db.agents_db [req-54489158-df84-4f6a-8363-49a8d75cee6f - - - - -] Agent healthcheck: found 2 active agents agent_health_check /var/lib/kolla/venv/lib/python3.6/site-packages/neutron/db/agents_db.py:318
2024-09-16 02:04:27.738 28 DEBUG neutron_lib.callbacks.manager [req-ce6b4250-2e86-4571-befb-4775c469c42e - - - - -] Publish callbacks ['neutron.services.segments.db._update_segment_host_mapping_for_agent-8736416485184', 'neutron.plugins.ml2.plugin.Ml2Plugin._retry_binding_revived_agents-32831507'] for agent (252e19fd-9994-490b-a1ce-5729217f1e0d), after_update _notify_loop /var/lib/kolla/venv/lib/python3.6/site-packages/neutron_lib/callbacks/manager.py:177
2024-09-16 02:04:41.634 22 DEBUG neutron.wsgi [-] (22) accepted ('10.0.0.23', 55738) server /var/lib/kolla/venv/lib/python3.6/site-packages/eventlet/wsgi.py:1004
2024-09-16 02:04:41.638 22 INFO neutron.wsgi [-] 10.0.0.23 "GET / HTTP/1.1" status: 200 len: 227 time: 0.0028515
2024-09-16 02:04:44.441 26 DEBUG neutron_lib.callbacks.manager [req-4faa0322-51db-42b0-997c-a5a247e16540 - - - - -] Publish callbacks ['neutron.services.segments.db._update_segment_host_mapping_for_agent-8736416485184', 'neutron.plugins.ml2.plugin.Ml2Plugin._retry_binding_revived_agents-32831507'] for agent (fe9ce1e9-7fb5-479d-bb71-a8266cc321da), after_update _notify_loop /var/lib/kolla/venv/lib/python3.6/site-packages/neutron_lib/callbacks/manager.py:177
2024-09-16 02:04:57.104 29 DEBUG neutron.db.agents_db [req-54489158-df84-4f6a-8363-49a8d75cee6f - - - - -] Agent healthcheck: found 2 active agents agent_health_check /var/lib/kolla/venv/lib/python3.6/site-packages/neutron/db/agents_db.py:318
2024-09-16 02:04:57.729 27 DEBUG neutron_lib.callbacks.manager [req-ce6b4250-2e86-4571-befb-4775c469c42e - - - - -] Publish callbacks ['neutron.services.segments.db._update_segment_host_mapping_for_agent-8736416485184', 'neutron.plugins.ml2.plugin.Ml2Plugin._retry_binding_revived_agents-32831507'] for agent (252e19fd-9994-490b-a1ce-5729217f1e0d), after_update _notify_loop /var/lib/kolla/venv/lib/python3.6/site-packages/neutron_lib/callbacks/manager.py:177
2024-09-16 02:05:11.677 22 DEBUG neutron.wsgi [-] (22) accepted ('10.0.0.23', 55140) server /var/lib/kolla/venv/lib/python3.6/site-packages/eventlet/wsgi.py:1004
2024-09-16 02:05:11.680 22 INFO neutron.wsgi [-] 10.0.0.23 "GET / HTTP/1.1" status: 200 len: 227 time: 0.0028360
2024-09-16 02:05:14.437 24 DEBUG neutron_lib.callbacks.manager [req-52a7f286-6d66-47a0-86bd-3f614553ebb9 - - - - -] Publish callbacks ['neutron.services.segments.db._update_segment_host_mapping_for_agent-8736416485184', 'neutron.plugins.ml2.plugin.Ml2Plugin._retry_binding_revived_agents-32831507'] for agent (fe9ce1e9-7fb5-479d-bb71-a8266cc321da), after_update _notify_loop /var/lib/kolla/venv/lib/python3.6/site-packages/neutron_lib/callbacks/manager.py:177
2024-09-16 02:05:27.728 23 DEBUG neutron_lib.callbacks.manager [req-ce6b4250-2e86-4571-befb-4775c469c42e - - - - -] Publish callbacks ['neutron.services.segments.db._update_segment_host_mapping_for_agent-8736416485184', 'neutron.plugins.ml2.plugin.Ml2Plugin._retry_binding_revived_agents-32831507'] for agent (252e19fd-9994-490b-a1ce-5729217f1e0d), after_update _notify_loop /var/lib/kolla/venv/lib/python3.6/site-packages/neutron_lib/callbacks/manager.py:177
2024-09-16 02:05:34.103 29 DEBUG neutron.db.agents_db [req-54489158-df84-4f6a-8363-49a8d75cee6f - - - - -] Agent healthcheck: found 2 active agents agent_health_check /var/lib/kolla/venv/lib/python3.6/site-packages/neutron/db/agents_db.py:318
2024-09-16 02:05:41.720 22 DEBUG neutron.wsgi [-] (22) accepted ('10.0.0.23', 56068) server /var/lib/kolla/venv/lib/python3.6/site-packages/eventlet/wsgi.py:1004
2024-09-16 02:05:41.725 22 INFO neutron.wsgi [-] 10.0.0.23 "GET / HTTP/1.1" status: 200 len: 227 time: 0.0044801
2024-09-16 02:05:44.435 25 DEBUG neutron_lib.callbacks.manager [req-a54cffc6-0076-4ccd-be89-6a43d95d2a6e - - - - -] Publish callbacks ['neutron.services.segments.db._update_segment_host_mapping_for_agent-8736416485184', 'neutron.plugins.ml2.plugin.Ml2Plugin._retry_binding_revived_agents-32831507'] for agent (fe9ce1e9-7fb5-479d-bb71-a8266cc321da), after_update _notify_loop /var/lib/kolla/venv/lib/python3.6/site-packages/neutron_lib/callbacks/manager.py:177
2024-09-16 02:05:57.730 28 DEBUG neutron_lib.callbacks.manager [req-ce6b4250-2e86-4571-befb-4775c469c42e - - - - -] Publish callbacks ['neutron.services.segments.db._update_segment_host_mapping_for_agent-8736416485184', 'neutron.plugins.ml2.plugin.Ml2Plugin._retry_binding_revived_agents-32831507'] for agent (252e19fd-9994-490b-a1ce-5729217f1e0d), after_update _notify_loop /var/lib/kolla/venv/lib/python3.6/site-packages/neutron_lib/callbacks/manager.py:177
2024-09-16 02:06:11.100 29 DEBUG neutron.db.agents_db [req-54489158-df84-4f6a-8363-49a8d75cee6f - - - - -] Agent healthcheck: found 2 active agents agent_health_check /var/lib/kolla/venv/lib/python3.6/site-packages/neutron/db/agents_db.py:318
2024-09-16 02:06:11.765 22 DEBUG neutron.wsgi [-] (22) accepted ('10.0.0.23', 48570) server /var/lib/kolla/venv/lib/python3.6/site-packages/eventlet/wsgi.py:1004
2024-09-16 02:06:11.768 22 INFO neutron.wsgi [-] 10.0.0.23 "GET / HTTP/1.1" status: 200 len: 227 time: 0.0026658
2024-09-16 02:06:14.431 26 DEBUG neutron_lib.callbacks.manager [req-cfae93cd-b5c8-451e-a9e0-498c1a1df63a - - - - -] Publish callbacks ['neutron.services.segments.db._update_segment_host_mapping_for_agent-8736416485184', 'neutron.plugins.ml2.plugin.Ml2Plugin._retry_binding_revived_agents-32831507'] for agent (fe9ce1e9-7fb5-479d-bb71-a8266cc321da), after_update _notify_loop /var/lib/kolla/venv/lib/python3.6/site-packages/neutron_lib/callbacks/manager.py:177
2024-09-16 02:06:27.746 27 DEBUG neutron_lib.callbacks.manager [req-ce6b4250-2e86-4571-befb-4775c469c42e - - - - -] Publish callbacks ['neutron.services.segments.db._update_segment_host_mapping_for_agent-8736416485184', 'neutron.plugins.ml2.plugin.Ml2Plugin._retry_binding_revived_agents-32831507'] for agent (252e19fd-9994-490b-a1ce-5729217f1e0d), after_update _notify_loop /var/lib/kolla/venv/lib/python3.6/site-packages/neutron_lib/callbacks/manager.py:177
2024-09-16 02:06:41.808 22 DEBUG neutron.wsgi [-] (22) accepted ('10.0.0.23', 40516) server /var/lib/kolla/venv/lib/python3.6/site-packages/eventlet/wsgi.py:1004
2024-09-16 02:06:41.811 22 INFO neutron.wsgi [-] 10.0.0.23 "GET / HTTP/1.1" status: 200 len: 227 time: 0.0028286
2024-09-16 02:06:44.427 24 DEBUG neutron_lib.callbacks.manager [req-e4e97328-07b8-4195-b3fd-87abf2d4b256 - - - - -] Publish callbacks ['neutron.services.segments.db._update_segment_host_mapping_for_agent-8736416485184', 'neutron.plugins.ml2.plugin.Ml2Plugin._retry_binding_revived_agents-32831507'] for agent (fe9ce1e9-7fb5-479d-bb71-a8266cc321da), after_update _notify_loop /var/lib/kolla/venv/lib/python3.6/site-packages/neutron_lib/callbacks/manager.py:177
2024-09-16 02:06:48.098 29 DEBUG neutron.db.agents_db [req-54489158-df84-4f6a-8363-49a8d75cee6f - - - - -] Agent healthcheck: found 2 active agents agent_health_check /var/lib/kolla/venv/lib/python3.6/site-packages/neutron/db/agents_db.py:318
2024-09-16 02:06:57.733 23 DEBUG neutron_lib.callbacks.manager [req-ce6b4250-2e86-4571-befb-4775c469c42e - - - - -] Publish callbacks ['neutron.services.segments.db._update_segment_host_mapping_for_agent-8736416485184', 'neutron.plugins.ml2.plugin.Ml2Plugin._retry_binding_revived_agents-32831507'] for agent (252e19fd-9994-490b-a1ce-5729217f1e0d), after_update _notify_loop /var/lib/kolla/venv/lib/python3.6/site-packages/neutron_lib/callbacks/manager.py:177
2024-09-16 02:07:11.854 22 DEBUG neutron.wsgi [-] (22) accepted ('10.0.0.23', 35684) server /var/lib/kolla/venv/lib/python3.6/site-packages/eventlet/wsgi.py:1004
2024-09-16 02:07:11.858 22 INFO neutron.wsgi [-] 10.0.0.23 "GET / HTTP/1.1" status: 200 len: 227 time: 0.0027831
2024-09-16 02:07:14.424 25 DEBUG neutron_lib.callbacks.manager [req-6c2180be-c77b-4a73-abaa-b57b17bba946 - - - - -] Publish callbacks ['neutron.services.segments.db._update_segment_host_mapping_for_agent-8736416485184', 'neutron.plugins.ml2.plugin.Ml2Plugin._retry_binding_revived_agents-32831507'] for agent (fe9ce1e9-7fb5-479d-bb71-a8266cc321da), after_update _notify_loop /var/lib/kolla/venv/lib/python3.6/site-packages/neutron_lib/callbacks/manager.py:177
2024-09-16 02:07:25.100 29 DEBUG neutron.db.agents_db [req-54489158-df84-4f6a-8363-49a8d75cee6f - - - - -] Agent healthcheck: found 2 active agents agent_health_check /var/lib/kolla/venv/lib/python3.6/site-packages/neutron/db/agents_db.py:318
2024-09-16 02:07:27.735 28 DEBUG neutron_lib.callbacks.manager [req-ce6b4250-2e86-4571-befb-4775c469c42e - - - - -] Publish callbacks ['neutron.services.segments.db._update_segment_host_mapping_for_agent-8736416485184', 'neutron.plugins.ml2.plugin.Ml2Plugin._retry_binding_revived_agents-32831507'] for agent (252e19fd-9994-490b-a1ce-5729217f1e0d), after_update _notify_loop /var/lib/kolla/venv/lib/python3.6/site-packages/neutron_lib/callbacks/manager.py:177
2024-09-16 02:07:41.898 22 DEBUG neutron.wsgi [-] (22) accepted ('10.0.0.23', 38834) server /var/lib/kolla/venv/lib/python3.6/site-packages/eventlet/wsgi.py:1004
2024-09-16 02:07:41.902 22 INFO neutron.wsgi [-] 10.0.0.23 "GET / HTTP/1.1" status: 200 len: 227 time: 0.0028076
2024-09-16 02:07:44.420 26 DEBUG neutron_lib.callbacks.manager [req-7f8e67a6-9041-474c-aa26-7b1a1f90fc92 - - - - -] Publish callbacks ['neutron.services.segments.db._update_segment_host_mapping_for_agent-8736416485184', 'neutron.plugins.ml2.plugin.Ml2Plugin._retry_binding_revived_agents-32831507'] for agent (fe9ce1e9-7fb5-479d-bb71-a8266cc321da), after_update _notify_loop /var/lib/kolla/venv/lib/python3.6/site-packages/neutron_lib/callbacks/manager.py:177
2024-09-16 02:07:57.737 27 DEBUG neutron_lib.callbacks.manager [req-ce6b4250-2e86-4571-befb-4775c469c42e - - - - -] Publish callbacks ['neutron.services.segments.db._update_segment_host_mapping_for_agent-8736416485184', 'neutron.plugins.ml2.plugin.Ml2Plugin._retry_binding_revived_agents-32831507'] for agent (252e19fd-9994-490b-a1ce-5729217f1e0d), after_update _notify_loop /var/lib/kolla/venv/lib/python3.6/site-packages/neutron_lib/callbacks/manager.py:177
2024-09-16 02:08:02.096 29 DEBUG neutron.db.agents_db [req-54489158-df84-4f6a-8363-49a8d75cee6f - - - - -] Agent healthcheck: found 2 active agents agent_health_check /var/lib/kolla/venv/lib/python3.6/site-packages/neutron/db/agents_db.py:318
2024-09-16 02:08:11.964 22 DEBUG neutron.wsgi [-] (22) accepted ('10.0.0.23', 45630) server /var/lib/kolla/venv/lib/python3.6/site-packages/eventlet/wsgi.py:1004
2024-09-16 02:08:11.968 22 INFO neutron.wsgi [-] 10.0.0.23 "GET / HTTP/1.1" status: 200 len: 227 time: 0.0036471
2024-09-16 02:08:14.419 24 DEBUG neutron_lib.callbacks.manager [req-7edf144c-fe86-41fb-93ae-03c8f2c0a7cc - - - - -] Publish callbacks ['neutron.services.segments.db._update_segment_host_mapping_for_agent-8736416485184', 'neutron.plugins.ml2.plugin.Ml2Plugin._retry_binding_revived_agents-32831507'] for agent (fe9ce1e9-7fb5-479d-bb71-a8266cc321da), after_update _notify_loop /var/lib/kolla/venv/lib/python3.6/site-packages/neutron_lib/callbacks/manager.py:177
2024-09-16 02:08:27.739 23 DEBUG neutron_lib.callbacks.manager [req-ce6b4250-2e86-4571-befb-4775c469c42e - - - - -] Publish callbacks ['neutron.services.segments.db._update_segment_host_mapping_for_agent-8736416485184', 'neutron.plugins.ml2.plugin.Ml2Plugin._retry_binding_revived_agents-32831507'] for agent (252e19fd-9994-490b-a1ce-5729217f1e0d), after_update _notify_loop /var/lib/kolla/venv/lib/python3.6/site-packages/neutron_lib/callbacks/manager.py:177
2024-09-16 02:08:39.093 29 DEBUG neutron.db.agents_db [req-54489158-df84-4f6a-8363-49a8d75cee6f - - - - -] Agent healthcheck: found 2 active agents agent_health_check /var/lib/kolla/venv/lib/python3.6/site-packages/neutron/db/agents_db.py:318
2024-09-16 02:08:42.014 22 DEBUG neutron.wsgi [-] (22) accepted ('10.0.0.23', 45190) server /var/lib/kolla/venv/lib/python3.6/site-packages/eventlet/wsgi.py:1004
2024-09-16 02:08:42.019 22 INFO neutron.wsgi [-] 10.0.0.23 "GET / HTTP/1.1" status: 200 len: 227 time: 0.0027611
2024-09-16 02:08:44.418 25 DEBUG neutron_lib.callbacks.manager [req-a0776bec-f798-4114-93ff-ae62a667e2de - - - - -] Publish callbacks ['neutron.services.segments.db._update_segment_host_mapping_for_agent-8736416485184', 'neutron.plugins.ml2.plugin.Ml2Plugin._retry_binding_revived_agents-32831507'] for agent (fe9ce1e9-7fb5-479d-bb71-a8266cc321da), after_update _notify_loop /var/lib/kolla/venv/lib/python3.6/site-packages/neutron_lib/callbacks/manager.py:177
2024-09-16 02:08:57.742 28 DEBUG neutron_lib.callbacks.manager [req-ce6b4250-2e86-4571-befb-4775c469c42e - - - - -] Publish callbacks ['neutron.services.segments.db._update_segment_host_mapping_for_agent-8736416485184', 'neutron.plugins.ml2.plugin.Ml2Plugin._retry_binding_revived_agents-32831507'] for agent (252e19fd-9994-490b-a1ce-5729217f1e0d), after_update _notify_loop /var/lib/kolla/venv/lib/python3.6/site-packages/neutron_lib/callbacks/manager.py:177
2024-09-16 02:09:12.059 22 DEBUG neutron.wsgi [-] (22) accepted ('10.0.0.23', 36898) server /var/lib/kolla/venv/lib/python3.6/site-packages/eventlet/wsgi.py:1004
2024-09-16 02:09:12.063 22 INFO neutron.wsgi [-] 10.0.0.23 "GET / HTTP/1.1" status: 200 len: 227 time: 0.0032539
2024-09-16 02:09:14.413 26 DEBUG neutron_lib.callbacks.manager [req-3124a476-8121-4312-801e-5c588ecfa5d1 - - - - -] Publish callbacks ['neutron.services.segments.db._update_segment_host_mapping_for_agent-8736416485184', 'neutron.plugins.ml2.plugin.Ml2Plugin._retry_binding_revived_agents-32831507'] for agent (fe9ce1e9-7fb5-479d-bb71-a8266cc321da), after_update _notify_loop /var/lib/kolla/venv/lib/python3.6/site-packages/neutron_lib/callbacks/manager.py:177
2024-09-16 02:09:16.090 29 DEBUG neutron.db.agents_db [req-54489158-df84-4f6a-8363-49a8d75cee6f - - - - -] Agent healthcheck: found 2 active agents agent_health_check /var/lib/kolla/venv/lib/python3.6/site-packages/neutron/db/agents_db.py:318
2024-09-16 02:09:27.854 27 DEBUG neutron_lib.callbacks.manager [req-ce6b4250-2e86-4571-befb-4775c469c42e - - - - -] Publish callbacks ['neutron.services.segments.db._update_segment_host_mapping_for_agent-8736416485184', 'neutron.plugins.ml2.plugin.Ml2Plugin._retry_binding_revived_agents-32831507'] for agent (252e19fd-9994-490b-a1ce-5729217f1e0d), after_update _notify_loop /var/lib/kolla/venv/lib/python3.6/site-packages/neutron_lib/callbacks/manager.py:177
2024-09-16 02:09:42.103 22 DEBUG neutron.wsgi [-] (22) accepted ('10.0.0.23', 42590) server /var/lib/kolla/venv/lib/python3.6/site-packages/eventlet/wsgi.py:1004
2024-09-16 02:09:42.106 22 INFO neutron.wsgi [-] 10.0.0.23 "GET / HTTP/1.1" status: 200 len: 227 time: 0.0027304
2024-09-16 02:09:44.419 24 DEBUG neutron_lib.callbacks.manager [req-48839c51-dd95-4152-89c2-a45cd0f7d0b3 - - - - -] Publish callbacks ['neutron.services.segments.db._update_segment_host_mapping_for_agent-8736416485184', 'neutron.plugins.ml2.plugin.Ml2Plugin._retry_binding_revived_agents-32831507'] for agent (fe9ce1e9-7fb5-479d-bb71-a8266cc321da), after_update _notify_loop /var/lib/kolla/venv/lib/python3.6/site-packages/neutron_lib/callbacks/manager.py:177
2024-09-16 02:09:53.087 29 DEBUG neutron.db.agents_db [req-54489158-df84-4f6a-8363-49a8d75cee6f - - - - -] Agent healthcheck: found 2 active agents agent_health_check /var/lib/kolla/venv/lib/python3.6/site-packages/neutron/db/agents_db.py:318
2024-09-16 02:09:57.746 23 DEBUG neutron_lib.callbacks.manager [req-ce6b4250-2e86-4571-befb-4775c469c42e - - - - -] Publish callbacks ['neutron.services.segments.db._update_segment_host_mapping_for_agent-8736416485184', 'neutron.plugins.ml2.plugin.Ml2Plugin._retry_binding_revived_agents-32831507'] for agent (252e19fd-9994-490b-a1ce-5729217f1e0d), after_update _notify_loop /var/lib/kolla/venv/lib/python3.6/site-packages/neutron_lib/callbacks/manager.py:177
2024-09-16 02:10:12.194 22 DEBUG neutron.wsgi [-] (22) accepted ('10.0.0.23', 50788) server /var/lib/kolla/venv/lib/python3.6/site-packages/eventlet/wsgi.py:1004
2024-09-16 02:10:12.198 22 INFO neutron.wsgi [-] 10.0.0.23 "GET / HTTP/1.1" status: 200 len: 227 time: 0.0037556
2024-09-16 02:10:14.415 25 DEBUG neutron_lib.callbacks.manager [req-8fa38f74-d7b3-4f1c-911e-9139e1be1c48 - - - - -] Publish callbacks ['neutron.services.segments.db._update_segment_host_mapping_for_agent-8736416485184', 'neutron.plugins.ml2.plugin.Ml2Plugin._retry_binding_revived_agents-32831507'] for agent (fe9ce1e9-7fb5-479d-bb71-a8266cc321da), after_update _notify_loop /var/lib/kolla/venv/lib/python3.6/site-packages/neutron_lib/callbacks/manager.py:177
2024-09-16 02:10:27.792 28 DEBUG neutron_lib.callbacks.manager [req-ce6b4250-2e86-4571-befb-4775c469c42e - - - - -] Publish callbacks ['neutron.services.segments.db._update_segment_host_mapping_for_agent-8736416485184', 'neutron.plugins.ml2.plugin.Ml2Plugin._retry_binding_revived_agents-32831507'] for agent (252e19fd-9994-490b-a1ce-5729217f1e0d), after_update _notify_loop /var/lib/kolla/venv/lib/python3.6/site-packages/neutron_lib/callbacks/manager.py:177
2024-09-16 02:10:30.085 29 DEBUG neutron.db.agents_db [req-54489158-df84-4f6a-8363-49a8d75cee6f - - - - -] Agent healthcheck: found 2 active agents agent_health_check /var/lib/kolla/venv/lib/python3.6/site-packages/neutron/db/agents_db.py:318
2024-09-16 02:10:42.237 22 DEBUG neutron.wsgi [-] (22) accepted ('10.0.0.23', 47448) server /var/lib/kolla/venv/lib/python3.6/site-packages/eventlet/wsgi.py:1004
2024-09-16 02:10:42.241 22 INFO neutron.wsgi [-] 10.0.0.23 "GET / HTTP/1.1" status: 200 len: 227 time: 0.0032270
2024-09-16 02:10:44.421 26 DEBUG neutron_lib.callbacks.manager [req-bf914ea9-980d-4f7d-b476-45cdc6c2c6d1 - - - - -] Publish callbacks ['neutron.services.segments.db._update_segment_host_mapping_for_agent-8736416485184', 'neutron.plugins.ml2.plugin.Ml2Plugin._retry_binding_revived_agents-32831507'] for agent (fe9ce1e9-7fb5-479d-bb71-a8266cc321da), after_update _notify_loop /var/lib/kolla/venv/lib/python3.6/site-packages/neutron_lib/callbacks/manager.py:177
2024-09-16 02:10:57.754 27 DEBUG neutron_lib.callbacks.manager [req-ce6b4250-2e86-4571-befb-4775c469c42e - - - - -] Publish callbacks ['neutron.services.segments.db._update_segment_host_mapping_for_agent-8736416485184', 'neutron.plugins.ml2.plugin.Ml2Plugin._retry_binding_revived_agents-32831507'] for agent (252e19fd-9994-490b-a1ce-5729217f1e0d), after_update _notify_loop /var/lib/kolla/venv/lib/python3.6/site-packages/neutron_lib/callbacks/manager.py:177
2024-09-16 02:11:07.081 29 DEBUG neutron.db.agents_db [req-54489158-df84-4f6a-8363-49a8d75cee6f - - - - -] Agent healthcheck: found 2 active agents agent_health_check /var/lib/kolla/venv/lib/python3.6/site-packages/neutron/db/agents_db.py:318
2024-09-16 02:11:12.279 22 DEBUG neutron.wsgi [-] (22) accepted ('10.0.0.23', 39610) server /var/lib/kolla/venv/lib/python3.6/site-packages/eventlet/wsgi.py:1004
2024-09-16 02:11:12.283 22 INFO neutron.wsgi [-] 10.0.0.23 "GET / HTTP/1.1" status: 200 len: 227 time: 0.0031404
2024-09-16 02:11:14.417 24 DEBUG neutron_lib.callbacks.manager [req-e6d340a1-e59a-4b50-ae8b-80ed37089016 - - - - -] Publish callbacks ['neutron.services.segments.db._update_segment_host_mapping_for_agent-8736416485184', 'neutron.plugins.ml2.plugin.Ml2Plugin._retry_binding_revived_agents-32831507'] for agent (fe9ce1e9-7fb5-479d-bb71-a8266cc321da), after_update _notify_loop /var/lib/kolla/venv/lib/python3.6/site-packages/neutron_lib/callbacks/manager.py:177
2024-09-16 02:11:27.752 23 DEBUG neutron_lib.callbacks.manager [req-ce6b4250-2e86-4571-befb-4775c469c42e - - - - -] Publish callbacks ['neutron.services.segments.db._update_segment_host_mapping_for_agent-8736416485184', 'neutron.plugins.ml2.plugin.Ml2Plugin._retry_binding_revived_agents-32831507'] for agent (252e19fd-9994-490b-a1ce-5729217f1e0d), after_update _notify_loop /var/lib/kolla/venv/lib/python3.6/site-packages/neutron_lib/callbacks/manager.py:177
2024-09-16 02:11:42.322 22 DEBUG neutron.wsgi [-] (22) accepted ('10.0.0.23', 40518) server /var/lib/kolla/venv/lib/python3.6/site-packages/eventlet/wsgi.py:1004
2024-09-16 02:11:42.325 22 INFO neutron.wsgi [-] 10.0.0.23 "GET / HTTP/1.1" status: 200 len: 227 time: 0.0027299
2024-09-16 02:11:44.080 29 DEBUG neutron.db.agents_db [req-54489158-df84-4f6a-8363-49a8d75cee6f - - - - -] Agent healthcheck: found 2 active agents agent_health_check /var/lib/kolla/venv/lib/python3.6/site-packages/neutron/db/agents_db.py:318
2024-09-16 02:11:44.415 25 DEBUG neutron_lib.callbacks.manager [req-b69ba8af-3e23-4ee6-b73b-52bcb85299d0 - - - - -] Publish callbacks ['neutron.services.segments.db._update_segment_host_mapping_for_agent-8736416485184', 'neutron.plugins.ml2.plugin.Ml2Plugin._retry_binding_revived_agents-32831507'] for agent (fe9ce1e9-7fb5-479d-bb71-a8266cc321da), after_update _notify_loop /var/lib/kolla/venv/lib/python3.6/site-packages/neutron_lib/callbacks/manager.py:177
2024-09-16 02:11:57.754 28 DEBUG neutron_lib.callbacks.manager [req-ce6b4250-2e86-4571-befb-4775c469c42e - - - - -] Publish callbacks ['neutron.services.segments.db._update_segment_host_mapping_for_agent-8736416485184', 'neutron.plugins.ml2.plugin.Ml2Plugin._retry_binding_revived_agents-32831507'] for agent (252e19fd-9994-490b-a1ce-5729217f1e0d), after_update _notify_loop /var/lib/kolla/venv/lib/python3.6/site-packages/neutron_lib/callbacks/manager.py:177
2024-09-16 02:12:12.365 22 DEBUG neutron.wsgi [-] (22) accepted ('10.0.0.23', 46004) server /var/lib/kolla/venv/lib/python3.6/site-packages/eventlet/wsgi.py:1004
2024-09-16 02:12:12.368 22 INFO neutron.wsgi [-] 10.0.0.23 "GET / HTTP/1.1" status: 200 len: 227 time: 0.0026147
2024-09-16 02:12:14.411 26 DEBUG neutron_lib.callbacks.manager [req-6ababb4b-cff6-4cb1-a9bc-cf705e6a91c1 - - - - -] Publish callbacks ['neutron.services.segments.db._update_segment_host_mapping_for_agent-8736416485184', 'neutron.plugins.ml2.plugin.Ml2Plugin._retry_binding_revived_agents-32831507'] for agent (fe9ce1e9-7fb5-479d-bb71-a8266cc321da), after_update _notify_loop /var/lib/kolla/venv/lib/python3.6/site-packages/neutron_lib/callbacks/manager.py:177
2024-09-16 02:12:21.076 29 DEBUG neutron.db.agents_db [req-54489158-df84-4f6a-8363-49a8d75cee6f - - - - -] Agent healthcheck: found 2 active agents agent_health_check /var/lib/kolla/venv/lib/python3.6/site-packages/neutron/db/agents_db.py:318
2024-09-16 02:12:27.756 27 DEBUG neutron_lib.callbacks.manager [req-ce6b4250-2e86-4571-befb-4775c469c42e - - - - -] Publish callbacks ['neutron.services.segments.db._update_segment_host_mapping_for_agent-8736416485184', 'neutron.plugins.ml2.plugin.Ml2Plugin._retry_binding_revived_agents-32831507'] for agent (252e19fd-9994-490b-a1ce-5729217f1e0d), after_update _notify_loop /var/lib/kolla/venv/lib/python3.6/site-packages/neutron_lib/callbacks/manager.py:177
2024-09-16 02:12:42.414 22 DEBUG neutron.wsgi [-] (22) accepted ('10.0.0.23', 50832) server /var/lib/kolla/venv/lib/python3.6/site-packages/eventlet/wsgi.py:1004
2024-09-16 02:12:42.418 22 INFO neutron.wsgi [-] 10.0.0.23 "GET / HTTP/1.1" status: 200 len: 227 time: 0.0034516
2024-09-16 02:12:44.407 24 DEBUG neutron_lib.callbacks.manager [req-c9bf49f0-652b-4596-a722-d6d64639374c - - - - -] Publish callbacks ['neutron.services.segments.db._update_segment_host_mapping_for_agent-8736416485184', 'neutron.plugins.ml2.plugin.Ml2Plugin._retry_binding_revived_agents-32831507'] for agent (fe9ce1e9-7fb5-479d-bb71-a8266cc321da), after_update _notify_loop /var/lib/kolla/venv/lib/python3.6/site-packages/neutron_lib/callbacks/manager.py:177
2024-09-16 02:12:57.760 23 DEBUG neutron_lib.callbacks.manager [req-ce6b4250-2e86-4571-befb-4775c469c42e - - - - -] Publish callbacks ['neutron.services.segments.db._update_segment_host_mapping_for_agent-8736416485184', 'neutron.plugins.ml2.plugin.Ml2Plugin._retry_binding_revived_agents-32831507'] for agent (252e19fd-9994-490b-a1ce-5729217f1e0d), after_update _notify_loop /var/lib/kolla/venv/lib/python3.6/site-packages/neutron_lib/callbacks/manager.py:177
2024-09-16 02:12:58.077 29 DEBUG neutron.db.agents_db [req-54489158-df84-4f6a-8363-49a8d75cee6f - - - - -] Agent healthcheck: found 2 active agents agent_health_check /var/lib/kolla/venv/lib/python3.6/site-packages/neutron/db/agents_db.py:318
2024-09-16 02:13:12.486 22 DEBUG neutron.wsgi [-] (22) accepted ('10.0.0.23', 35750) server /var/lib/kolla/venv/lib/python3.6/site-packages/eventlet/wsgi.py:1004
2024-09-16 02:13:12.490 22 INFO neutron.wsgi [-] 10.0.0.23 "GET / HTTP/1.1" status: 200 len: 227 time: 0.0031037
2024-09-16 02:13:14.414 25 DEBUG neutron_lib.callbacks.manager [req-3a91a7e4-6d48-43f3-a7e0-ab6f058baf46 - - - - -] Publish callbacks ['neutron.services.segments.db._update_segment_host_mapping_for_agent-8736416485184', 'neutron.plugins.ml2.plugin.Ml2Plugin._retry_binding_revived_agents-32831507'] for agent (fe9ce1e9-7fb5-479d-bb71-a8266cc321da), after_update _notify_loop /var/lib/kolla/venv/lib/python3.6/site-packages/neutron_lib/callbacks/manager.py:177
2024-09-16 02:13:27.761 28 DEBUG neutron_lib.callbacks.manager [req-ce6b4250-2e86-4571-befb-4775c469c42e - - - - -] Publish callbacks ['neutron.services.segments.db._update_segment_host_mapping_for_agent-8736416485184', 'neutron.plugins.ml2.plugin.Ml2Plugin._retry_binding_revived_agents-32831507'] for agent (252e19fd-9994-490b-a1ce-5729217f1e0d), after_update _notify_loop /var/lib/kolla/venv/lib/python3.6/site-packages/neutron_lib/callbacks/manager.py:177
2024-09-16 02:13:35.076 29 DEBUG neutron.db.agents_db [req-54489158-df84-4f6a-8363-49a8d75cee6f - - - - -] Agent healthcheck: found 2 active agents agent_health_check /var/lib/kolla/venv/lib/python3.6/site-packages/neutron/db/agents_db.py:318
2024-09-16 02:13:42.540 22 DEBUG neutron.wsgi [-] (22) accepted ('10.0.0.23', 55346) server /var/lib/kolla/venv/lib/python3.6/site-packages/eventlet/wsgi.py:1004
2024-09-16 02:13:42.544 22 INFO neutron.wsgi [-] 10.0.0.23 "GET / HTTP/1.1" status: 200 len: 227 time: 0.0028369
2024-09-16 02:13:44.413 26 DEBUG neutron_lib.callbacks.manager [req-f684629e-5fad-4073-9a6c-792caae73cf8 - - - - -] Publish callbacks ['neutron.services.segments.db._update_segment_host_mapping_for_agent-8736416485184', 'neutron.plugins.ml2.plugin.Ml2Plugin._retry_binding_revived_agents-32831507'] for agent (fe9ce1e9-7fb5-479d-bb71-a8266cc321da), after_update _notify_loop /var/lib/kolla/venv/lib/python3.6/site-packages/neutron_lib/callbacks/manager.py:177
2024-09-16 02:13:57.764 27 DEBUG neutron_lib.callbacks.manager [req-ce6b4250-2e86-4571-befb-4775c469c42e - - - - -] Publish callbacks ['neutron.services.segments.db._update_segment_host_mapping_for_agent-8736416485184', 'neutron.plugins.ml2.plugin.Ml2Plugin._retry_binding_revived_agents-32831507'] for agent (252e19fd-9994-490b-a1ce-5729217f1e0d), after_update _notify_loop /var/lib/kolla/venv/lib/python3.6/site-packages/neutron_lib/callbacks/manager.py:177
2024-09-16 02:14:03.524 7 INFO oslo_service.service [-] Caught SIGTERM, stopping children
2024-09-16 02:14:03.525 7 DEBUG oslo_concurrency.lockutils [-] Acquired lock "singleton_lock" lock /var/lib/kolla/venv/lib/python3.6/site-packages/oslo_concurrency/lockutils.py:294
2024-09-16 02:14:03.525 7 DEBUG oslo_concurrency.lockutils [-] Releasing lock "singleton_lock" lock /var/lib/kolla/venv/lib/python3.6/site-packages/oslo_concurrency/lockutils.py:312
2024-09-16 02:14:03.525 7 DEBUG oslo_service.service [-] Stop services. stop /var/lib/kolla/venv/lib/python3.6/site-packages/oslo_service/service.py:695
2024-09-16 02:14:03.525 7 DEBUG neutron.service [-] calling RpcWorker stop() stop /var/lib/kolla/venv/lib/python3.6/site-packages/neutron/service.py:138
2024-09-16 02:14:03.525 7 DEBUG neutron.service [-] calling RpcWorker stop() stop /var/lib/kolla/venv/lib/python3.6/site-packages/neutron/service.py:138
2024-09-16 02:14:03.525 7 DEBUG oslo_service.service [-] Killing children. stop /var/lib/kolla/venv/lib/python3.6/site-packages/oslo_service/service.py:700
2024-09-16 02:14:03.526 7 INFO oslo_service.service [-] Waiting on 8 children to exit
2024-09-16 02:14:03.526 27 DEBUG neutron.service [-] calling RpcWorker stop() stop /var/lib/kolla/venv/lib/python3.6/site-packages/neutron/service.py:138
2024-09-16 02:14:03.526 24 DEBUG neutron.service [-] calling RpcWorker stop() stop /var/lib/kolla/venv/lib/python3.6/site-packages/neutron/service.py:138
2024-09-16 02:14:03.526 25 DEBUG neutron.service [-] calling RpcWorker stop() stop /var/lib/kolla/venv/lib/python3.6/site-packages/neutron/service.py:138
2024-09-16 02:14:03.527 22 INFO neutron.wsgi [-] (22) wsgi exited, is_accepting=True
2024-09-16 02:14:03.526 24 DEBUG neutron.service [-] calling stop on stop /var/lib/kolla/venv/lib/python3.6/site-packages/neutron/service.py:141
2024-09-16 02:14:03.528 22 DEBUG oslo_concurrency.lockutils [req-78045a0c-dd06-42f3-b0b5-83a1ad22c1fe - - - - -] Acquired lock "singleton_lock" lock /var/lib/kolla/venv/lib/python3.6/site-packages/oslo_concurrency/lockutils.py:294
2024-09-16 02:14:03.528 22 DEBUG oslo_concurrency.lockutils [req-78045a0c-dd06-42f3-b0b5-83a1ad22c1fe - - - - -] Releasing lock "singleton_lock" lock /var/lib/kolla/venv/lib/python3.6/site-packages/oslo_concurrency/lockutils.py:312
2024-09-16 02:14:03.526 27 DEBUG neutron.service [-] calling stop on stop /var/lib/kolla/venv/lib/python3.6/site-packages/neutron/service.py:141
2024-09-16 02:14:03.527 25 DEBUG neutron.service [-] calling stop on stop /var/lib/kolla/venv/lib/python3.6/site-packages/neutron/service.py:141
2024-09-16 02:14:03.529 26 DEBUG neutron.service [-] calling RpcWorker stop() stop /var/lib/kolla/venv/lib/python3.6/site-packages/neutron/service.py:138
2024-09-16 02:14:03.530 26 DEBUG neutron.service [-] calling stop on stop /var/lib/kolla/venv/lib/python3.6/site-packages/neutron/service.py:141
2024-09-16 02:14:03.534 23 DEBUG neutron.service [-] calling RpcWorker stop() stop /var/lib/kolla/venv/lib/python3.6/site-packages/neutron/service.py:138
2024-09-16 02:14:03.535 28 DEBUG neutron.service [-] calling RpcWorker stop() stop /var/lib/kolla/venv/lib/python3.6/site-packages/neutron/service.py:138
2024-09-16 02:14:03.535 23 DEBUG neutron.service [-] calling stop on stop /var/lib/kolla/venv/lib/python3.6/site-packages/neutron/service.py:141
2024-09-16 02:14:03.538 7 INFO oslo_service.service [-] Child 22 exited with status 0
2024-09-16 02:14:03.535 28 DEBUG neutron.service [-] calling stop on stop /var/lib/kolla/venv/lib/python3.6/site-packages/neutron/service.py:141
2024-09-16 02:14:03.539 29 DEBUG neutron.service [-] calling RpcWorker stop() stop /var/lib/kolla/venv/lib/python3.6/site-packages/neutron/service.py:138
2024-09-16 02:14:03.540 29 DEBUG neutron.service [-] calling stop on stop /var/lib/kolla/venv/lib/python3.6/site-packages/neutron/service.py:141
2024-09-16 02:14:05.118 23 DEBUG neutron.service [-] calling stop on stop /var/lib/kolla/venv/lib/python3.6/site-packages/neutron/service.py:141
2024-09-16 02:14:05.134 24 DEBUG neutron.service [-] calling stop on stop /var/lib/kolla/venv/lib/python3.6/site-packages/neutron/service.py:141
2024-09-16 02:14:05.139 23 DEBUG neutron.service [-] calling stop on stop /var/lib/kolla/venv/lib/python3.6/site-packages/neutron/service.py:141
2024-09-16 02:14:05.139 25 DEBUG neutron.service [-] calling stop on stop /var/lib/kolla/venv/lib/python3.6/site-packages/neutron/service.py:141
2024-09-16 02:14:05.141 23 DEBUG neutron.service [-] calling stop on stop /var/lib/kolla/venv/lib/python3.6/site-packages/neutron/service.py:141
2024-09-16 02:14:05.149 29 DEBUG oslo_concurrency.lockutils [req-78045a0c-dd06-42f3-b0b5-83a1ad22c1fe - - - - -] Acquired lock "singleton_lock" lock /var/lib/kolla/venv/lib/python3.6/site-packages/oslo_concurrency/lockutils.py:294
2024-09-16 02:14:05.149 29 DEBUG oslo_concurrency.lockutils [req-78045a0c-dd06-42f3-b0b5-83a1ad22c1fe - - - - -] Releasing lock "singleton_lock" lock /var/lib/kolla/venv/lib/python3.6/site-packages/oslo_concurrency/lockutils.py:312
2024-09-16 02:14:05.149 29 DEBUG neutron.service [req-78045a0c-dd06-42f3-b0b5-83a1ad22c1fe - - - - -] calling RpcWorker wait() _wait /var/lib/kolla/venv/lib/python3.6/site-packages/neutron/service.py:128
2024-09-16 02:14:05.149 29 DEBUG neutron.service [req-78045a0c-dd06-42f3-b0b5-83a1ad22c1fe - - - - -] calling wait on _wait /var/lib/kolla/venv/lib/python3.6/site-packages/neutron/service.py:131
2024-09-16 02:14:05.152 23 DEBUG oslo_concurrency.lockutils [req-78045a0c-dd06-42f3-b0b5-83a1ad22c1fe - - - - -] Acquired lock "singleton_lock" lock /var/lib/kolla/venv/lib/python3.6/site-packages/oslo_concurrency/lockutils.py:294
2024-09-16 02:14:05.152 23 DEBUG oslo_concurrency.lockutils [req-78045a0c-dd06-42f3-b0b5-83a1ad22c1fe - - - - -] Releasing lock "singleton_lock" lock /var/lib/kolla/venv/lib/python3.6/site-packages/oslo_concurrency/lockutils.py:312
2024-09-16 02:14:05.152 23 DEBUG neutron.service [req-78045a0c-dd06-42f3-b0b5-83a1ad22c1fe - - - - -] calling RpcWorker wait() _wait /var/lib/kolla/venv/lib/python3.6/site-packages/neutron/service.py:128
2024-09-16 02:14:05.155 23 DEBUG neutron.service [req-78045a0c-dd06-42f3-b0b5-83a1ad22c1fe - - - - -] calling wait on _wait /var/lib/kolla/venv/lib/python3.6/site-packages/neutron/service.py:131
2024-09-16 02:14:05.156 29 WARNING amqp [req-78045a0c-dd06-42f3-b0b5-83a1ad22c1fe - - - - -] Received method (60, 30) during closing channel 1. This method will be ignored
2024-09-16 02:14:05.157 29 DEBUG neutron.service [req-78045a0c-dd06-42f3-b0b5-83a1ad22c1fe - - - - -] returning from RpcWorker wait() _wait /var/lib/kolla/venv/lib/python3.6/site-packages/neutron/service.py:135
2024-09-16 02:14:05.160 23 WARNING amqp [req-78045a0c-dd06-42f3-b0b5-83a1ad22c1fe - - - - -] Received method (60, 30) during closing channel 1. This method will be ignored
2024-09-16 02:14:05.163 7 INFO oslo_service.service [-] Child 29 exited with status 0
2024-09-16 02:14:05.164 23 DEBUG neutron.service [req-78045a0c-dd06-42f3-b0b5-83a1ad22c1fe - - - - -] calling wait on _wait /var/lib/kolla/venv/lib/python3.6/site-packages/neutron/service.py:131
2024-09-16 02:14:05.170 23 WARNING amqp [req-78045a0c-dd06-42f3-b0b5-83a1ad22c1fe - - - - -] Received method (60, 30) during closing channel 1. This method will be ignored
2024-09-16 02:14:05.172 23 DEBUG neutron.service [req-78045a0c-dd06-42f3-b0b5-83a1ad22c1fe - - - - -] calling wait on _wait /var/lib/kolla/venv/lib/python3.6/site-packages/neutron/service.py:131
2024-09-16 02:14:05.177 23 WARNING amqp [req-78045a0c-dd06-42f3-b0b5-83a1ad22c1fe - - - - -] Received method (60, 30) during closing channel 1. This method will be ignored
2024-09-16 02:14:05.178 23 DEBUG neutron.service [req-78045a0c-dd06-42f3-b0b5-83a1ad22c1fe - - - - -] calling wait on _wait /var/lib/kolla/venv/lib/python3.6/site-packages/neutron/service.py:131
2024-09-16 02:14:05.183 23 WARNING amqp [req-78045a0c-dd06-42f3-b0b5-83a1ad22c1fe - - - - -] Received method (60, 30) during closing channel 1. This method will be ignored
2024-09-16 02:14:05.184 23 DEBUG neutron.service [req-78045a0c-dd06-42f3-b0b5-83a1ad22c1fe - - - - -] returning from RpcWorker wait() _wait /var/lib/kolla/venv/lib/python3.6/site-packages/neutron/service.py:135
2024-09-16 02:14:05.189 7 INFO oslo_service.service [-] Child 23 exited with status 0
2024-09-16 02:14:05.960 27 DEBUG oslo_concurrency.lockutils [req-78045a0c-dd06-42f3-b0b5-83a1ad22c1fe - - - - -] Acquired lock "singleton_lock" lock /var/lib/kolla/venv/lib/python3.6/site-packages/oslo_concurrency/lockutils.py:294
2024-09-16 02:14:05.961 27 DEBUG oslo_concurrency.lockutils [req-78045a0c-dd06-42f3-b0b5-83a1ad22c1fe - - - - -] Releasing lock "singleton_lock" lock /var/lib/kolla/venv/lib/python3.6/site-packages/oslo_concurrency/lockutils.py:312
2024-09-16 02:14:05.961 27 DEBUG neutron.service [req-78045a0c-dd06-42f3-b0b5-83a1ad22c1fe - - - - -] calling RpcWorker wait() _wait /var/lib/kolla/venv/lib/python3.6/site-packages/neutron/service.py:128
2024-09-16 02:14:05.961 27 DEBUG neutron.service [req-78045a0c-dd06-42f3-b0b5-83a1ad22c1fe - - - - -] calling wait on _wait /var/lib/kolla/venv/lib/python3.6/site-packages/neutron/service.py:131
2024-09-16 02:14:05.967 27 WARNING amqp [req-78045a0c-dd06-42f3-b0b5-83a1ad22c1fe - - - - -] Received method (60, 30) during closing channel 1. This method will be ignored
2024-09-16 02:14:05.967 27 DEBUG neutron.service [req-78045a0c-dd06-42f3-b0b5-83a1ad22c1fe - - - - -] returning from RpcWorker wait() _wait /var/lib/kolla/venv/lib/python3.6/site-packages/neutron/service.py:135
2024-09-16 02:14:05.972 7 INFO oslo_service.service [-] Child 27 exited with status 0
2024-09-16 02:14:05.983 28 DEBUG oslo_concurrency.lockutils [req-78045a0c-dd06-42f3-b0b5-83a1ad22c1fe - - - - -] Acquired lock "singleton_lock" lock /var/lib/kolla/venv/lib/python3.6/site-packages/oslo_concurrency/lockutils.py:294
2024-09-16 02:14:05.983 28 DEBUG oslo_concurrency.lockutils [req-78045a0c-dd06-42f3-b0b5-83a1ad22c1fe - - - - -] Releasing lock "singleton_lock" lock /var/lib/kolla/venv/lib/python3.6/site-packages/oslo_concurrency/lockutils.py:312
2024-09-16 02:14:05.983 28 DEBUG neutron.service [req-78045a0c-dd06-42f3-b0b5-83a1ad22c1fe - - - - -] calling RpcWorker wait() _wait /var/lib/kolla/venv/lib/python3.6/site-packages/neutron/service.py:128
2024-09-16 02:14:05.984 28 DEBUG neutron.service [req-78045a0c-dd06-42f3-b0b5-83a1ad22c1fe - - - - -] calling wait on _wait /var/lib/kolla/venv/lib/python3.6/site-packages/neutron/service.py:131
2024-09-16 02:14:05.989 28 WARNING amqp [req-78045a0c-dd06-42f3-b0b5-83a1ad22c1fe - - - - -] Received method (60, 30) during closing channel 1. This method will be ignored
2024-09-16 02:14:05.990 28 DEBUG neutron.service [req-78045a0c-dd06-42f3-b0b5-83a1ad22c1fe - - - - -] returning from RpcWorker wait() _wait /var/lib/kolla/venv/lib/python3.6/site-packages/neutron/service.py:135
2024-09-16 02:14:05.995 7 INFO oslo_service.service [-] Child 28 exited with status 0
2024-09-16 02:14:07.609 26 DEBUG oslo_concurrency.lockutils [req-78045a0c-dd06-42f3-b0b5-83a1ad22c1fe - - - - -] Acquired lock "singleton_lock" lock /var/lib/kolla/venv/lib/python3.6/site-packages/oslo_concurrency/lockutils.py:294
2024-09-16 02:14:07.610 26 DEBUG oslo_concurrency.lockutils [req-78045a0c-dd06-42f3-b0b5-83a1ad22c1fe - - - - -] Releasing lock "singleton_lock" lock /var/lib/kolla/venv/lib/python3.6/site-packages/oslo_concurrency/lockutils.py:312
2024-09-16 02:14:07.610 26 DEBUG neutron.service [req-78045a0c-dd06-42f3-b0b5-83a1ad22c1fe - - - - -] calling RpcWorker wait() _wait /var/lib/kolla/venv/lib/python3.6/site-packages/neutron/service.py:128
2024-09-16 02:14:07.611 26 DEBUG neutron.service [req-78045a0c-dd06-42f3-b0b5-83a1ad22c1fe - - - - -] calling wait on _wait /var/lib/kolla/venv/lib/python3.6/site-packages/neutron/service.py:131
2024-09-16 02:14:07.617 26 WARNING amqp [req-78045a0c-dd06-42f3-b0b5-83a1ad22c1fe - - - - -] Received method (60, 30) during closing channel 1. This method will be ignored
2024-09-16 02:14:07.618 26 DEBUG neutron.service [req-78045a0c-dd06-42f3-b0b5-83a1ad22c1fe - - - - -] returning from RpcWorker wait() _wait /var/lib/kolla/venv/lib/python3.6/site-packages/neutron/service.py:135
2024-09-16 02:14:07.624 7 INFO oslo_service.service [-] Child 26 exited with status 0
2024-09-16 02:14:16.808 7 INFO neutron.common.config [-] Logging enabled!
2024-09-16 02:14:16.809 7 INFO neutron.common.config [-] /var/lib/kolla/venv/bin/neutron-server version 20.5.1.dev23
2024-09-16 02:14:16.809 7 DEBUG neutron.common.config [-] command line: /var/lib/kolla/venv/bin/neutron-server --config-file /etc/neutron/neutron.conf --config-file /etc/neutron/ContrailPlugin.ini --config-file /etc/neutron/api-paste.ini setup_logging /var/lib/kolla/venv/lib/python3.6/site-packages/neutron/common/config.py:115
2024-09-16 02:14:16.813 7 INFO neutron.common.config [-] Logging enabled!
2024-09-16 02:14:16.813 7 INFO neutron.common.config [-] /var/lib/kolla/venv/bin/neutron-server version 20.5.1.dev23
2024-09-16 02:14:16.813 7 DEBUG neutron.common.config [-] command line: /var/lib/kolla/venv/bin/neutron-server --config-file /etc/neutron/neutron.conf --config-file /etc/neutron/ContrailPlugin.ini --config-file /etc/neutron/api-paste.ini setup_logging /var/lib/kolla/venv/lib/python3.6/site-packages/neutron/common/config.py:115
2024-09-16 02:14:16.814 7 DEBUG neutron.common.config [-] ******************************************************************************** log_opt_values /var/lib/kolla/venv/lib/python3.6/site-packages/oslo_config/cfg.py:2589
2024-09-16 02:14:16.814 7 DEBUG neutron.common.config [-] Configuration options gathered from: log_opt_values /var/lib/kolla/venv/lib/python3.6/site-packages/oslo_config/cfg.py:2590
2024-09-16 02:14:16.814 7 DEBUG neutron.common.config [-] command line args: ['--config-file', '/etc/neutron/neutron.conf', '--config-file', '/etc/neutron/ContrailPlugin.ini', '--config-file', '/etc/neutron/api-paste.ini'] log_opt_values /var/lib/kolla/venv/lib/python3.6/site-packages/oslo_config/cfg.py:2591
2024-09-16 02:14:16.815 7 DEBUG neutron.common.config [-] config files: ['/etc/neutron/neutron.conf', '/etc/neutron/ContrailPlugin.ini', '/etc/neutron/api-paste.ini'] log_opt_values /var/lib/kolla/venv/lib/python3.6/site-packages/oslo_config/cfg.py:2593
2024-09-16 02:14:16.815 7 DEBUG neutron.common.config [-] ================================================================================ log_opt_values /var/lib/kolla/venv/lib/python3.6/site-packages/oslo_config/cfg.py:2594
