2025-09-11 00:35:39.708 129301 DEBUG oslo_service.service [req-6428b8dc-48bb-497b-bfff-01166433f6c0 - - - - -] oslo_limit.timeout = None log_opt_values /usr/lib/python3/dist-packages/oslo_config/cfg.py:2609
2025-09-11 00:35:39.708 129301 DEBUG oslo_service.service [req-6428b8dc-48bb-497b-bfff-01166433f6c0 - - - - -] oslo_limit.valid_interfaces = None log_opt_values /usr/lib/python3/dist-packages/oslo_config/cfg.py:2609
2025-09-11 00:35:39.708 129301 DEBUG oslo_service.service [req-6428b8dc-48bb-497b-bfff-01166433f6c0 - - - - -] oslo_limit.version = None log_opt_values /usr/lib/python3/dist-packages/oslo_config/cfg.py:2609
2025-09-11 00:35:39.708 129301 DEBUG oslo_service.service [req-6428b8dc-48bb-497b-bfff-01166433f6c0 - - - - -] oslo_reports.file_event_handler = None log_opt_values /usr/lib/python3/dist-packages/oslo_config/cfg.py:2609
2025-09-11 00:35:39.709 129301 DEBUG oslo_service.service [req-6428b8dc-48bb-497b-bfff-01166433f6c0 - - - - -] oslo_reports.file_event_handler_interval = 1 log_opt_values /usr/lib/python3/dist-packages/oslo_config/cfg.py:2609
2025-09-11 00:35:39.709 129301 DEBUG oslo_service.service [req-6428b8dc-48bb-497b-bfff-01166433f6c0 - - - - -] oslo_reports.log_dir = None log_opt_values /usr/lib/python3/dist-packages/oslo_config/cfg.py:2609
2025-09-11 00:35:39.709 129301 DEBUG oslo_service.service [req-6428b8dc-48bb-497b-bfff-01166433f6c0 - - - - -] ******************************************************************************** log_opt_values /usr/lib/python3/dist-packages/oslo_config/cfg.py:2613
2025-09-11 00:35:40.511 130695 DEBUG oslo_messaging._drivers.amqpdriver [-] AMQPListener connection timeout poll /usr/lib/python3/dist-packages/oslo_messaging/_drivers/amqpdriver.py:360
2025-09-11 00:35:40.511 130695 DEBUG oslo_messaging._drivers.amqpdriver [-] Listener is running poll /usr/lib/python3/dist-packages/oslo_messaging/_drivers/amqpdriver.py:343
2025-09-11 00:35:40.511 130695 DEBUG oslo_messaging._drivers.amqpdriver [-] AMQPListener connection consume poll /usr/lib/python3/dist-packages/oslo_messaging/_drivers/amqpdriver.py:357
2025-09-11 00:35:40.516 130694 DEBUG oslo_messaging._drivers.amqpdriver [-] AMQPListener connection timeout poll /usr/lib/python3/dist-packages/oslo_messaging/_drivers/amqpdriver.py:360
2025-09-11 00:35:40.516 130694 DEBUG oslo_messaging._drivers.amqpdriver [-] Listener is running poll /usr/lib/python3/dist-packages/oslo_messaging/_drivers/amqpdriver.py:343
2025-09-11 00:35:40.516 130694 DEBUG oslo_messaging._drivers.amqpdriver [-] AMQPListener connection consume poll /usr/lib/python3/dist-packages/oslo_messaging/_drivers/amqpdriver.py:357
2025-09-11 00:35:40.532 130687 DEBUG oslo_messaging._drivers.amqpdriver [-] AMQPListener connection timeout poll /usr/lib/python3/dist-packages/oslo_messaging/_drivers/amqpdriver.py:360
2025-09-11 00:35:40.533 130693 DEBUG oslo_messaging._drivers.amqpdriver [-] AMQPListener connection timeout poll /usr/lib/python3/dist-packages/oslo_messaging/_drivers/amqpdriver.py:360
2025-09-11 00:35:40.533 130687 DEBUG oslo_messaging._drivers.amqpdriver [-] Listener is running poll /usr/lib/python3/dist-packages/oslo_messaging/_drivers/amqpdriver.py:343
2025-09-11 00:35:40.533 130693 DEBUG oslo_messaging._drivers.amqpdriver [-] Listener is running poll /usr/lib/python3/dist-packages/oslo_messaging/_drivers/amqpdriver.py:343
2025-09-11 00:35:40.533 130687 DEBUG oslo_messaging._drivers.amqpdriver [-] AMQPListener connection consume poll /usr/lib/python3/dist-packages/oslo_messaging/_drivers/amqpdriver.py:357
2025-09-11 00:35:40.533 130693 DEBUG oslo_messaging._drivers.amqpdriver [-] AMQPListener connection consume poll /usr/lib/python3/dist-packages/oslo_messaging/_drivers/amqpdriver.py:357
2025-09-11 00:35:42.514 130695 DEBUG oslo_messaging._drivers.amqpdriver [-] AMQPListener connection timeout poll /usr/lib/python3/dist-packages/oslo_messaging/_drivers/amqpdriver.py:360
2025-09-11 00:35:42.515 130695 DEBUG oslo_messaging._drivers.amqpdriver [-] Listener is running poll /usr/lib/python3/dist-packages/oslo_messaging/_drivers/amqpdriver.py:343
2025-09-11 00:35:42.515 130695 DEBUG oslo_messaging._drivers.amqpdriver [-] AMQPListener connection consume poll /usr/lib/python3/dist-packages/oslo_messaging/_drivers/amqpdriver.py:357
2025-09-11 00:35:42.519 130694 DEBUG oslo_messaging._drivers.amqpdriver [-] AMQPListener connection timeout poll /usr/lib/python3/dist-packages/oslo_messaging/_drivers/amqpdriver.py:360
2025-09-11 00:35:42.519 130694 DEBUG oslo_messaging._drivers.amqpdriver [-] Listener is running poll /usr/lib/python3/dist-packages/oslo_messaging/_drivers/amqpdriver.py:343
2025-09-11 00:35:42.519 130694 DEBUG oslo_messaging._drivers.amqpdriver [-] AMQPListener connection consume poll /usr/lib/python3/dist-packages/oslo_messaging/_drivers/amqpdriver.py:357
2025-09-11 00:35:42.534 130693 DEBUG oslo_messaging._drivers.amqpdriver [-] AMQPListener connection timeout poll /usr/lib/python3/dist-packages/oslo_messaging/_drivers/amqpdriver.py:360
2025-09-11 00:35:42.534 130693 DEBUG oslo_messaging._drivers.amqpdriver [-] Listener is running poll /usr/lib/python3/dist-packages/oslo_messaging/_drivers/amqpdriver.py:343
2025-09-11 00:35:42.535 130687 DEBUG oslo_messaging._drivers.amqpdriver [-] AMQPListener connection timeout poll /usr/lib/python3/dist-packages/oslo_messaging/_drivers/amqpdriver.py:360
2025-09-11 00:35:42.537 130693 DEBUG oslo_messaging._drivers.amqpdriver [-] AMQPListener connection consume poll /usr/lib/python3/dist-packages/oslo_messaging/_drivers/amqpdriver.py:357
2025-09-11 00:35:42.537 130687 DEBUG oslo_messaging._drivers.amqpdriver [-] Listener is running poll /usr/lib/python3/dist-packages/oslo_messaging/_drivers/amqpdriver.py:343
2025-09-11 00:35:42.537 130687 DEBUG oslo_messaging._drivers.amqpdriver [-] AMQPListener connection consume poll /usr/lib/python3/dist-packages/oslo_messaging/_drivers/amqpdriver.py:357
2025-09-11 00:35:46.517 130695 DEBUG oslo_messaging._drivers.amqpdriver [-] AMQPListener connection timeout poll /usr/lib/python3/dist-packages/oslo_messaging/_drivers/amqpdriver.py:360
2025-09-11 00:35:46.517 130695 DEBUG oslo_messaging._drivers.amqpdriver [-] Listener is running poll /usr/lib/python3/dist-packages/oslo_messaging/_drivers/amqpdriver.py:343
2025-09-11 00:35:46.518 130695 DEBUG oslo_messaging._drivers.amqpdriver [-] AMQPListener connection consume poll /usr/lib/python3/dist-packages/oslo_messaging/_drivers/amqpdriver.py:357
2025-09-11 00:35:46.522 130694 DEBUG oslo_messaging._drivers.amqpdriver [-] AMQPListener connection timeout poll /usr/lib/python3/dist-packages/oslo_messaging/_drivers/amqpdriver.py:360
2025-09-11 00:35:46.522 130694 DEBUG oslo_messaging._drivers.amqpdriver [-] Listener is running poll /usr/lib/python3/dist-packages/oslo_messaging/_drivers/amqpdriver.py:343
2025-09-11 00:35:46.522 130694 DEBUG oslo_messaging._drivers.amqpdriver [-] AMQPListener connection consume poll /usr/lib/python3/dist-packages/oslo_messaging/_drivers/amqpdriver.py:357
2025-09-11 00:35:46.539 130693 DEBUG oslo_messaging._drivers.amqpdriver [-] AMQPListener connection timeout poll /usr/lib/python3/dist-packages/oslo_messaging/_drivers/amqpdriver.py:360
2025-09-11 00:35:46.540 130693 DEBUG oslo_messaging._drivers.amqpdriver [-] Listener is running poll /usr/lib/python3/dist-packages/oslo_messaging/_drivers/amqpdriver.py:343
2025-09-11 00:35:46.541 130693 DEBUG oslo_messaging._drivers.amqpdriver [-] AMQPListener connection consume poll /usr/lib/python3/dist-packages/oslo_messaging/_drivers/amqpdriver.py:357
2025-09-11 00:35:46.540 130687 DEBUG oslo_messaging._drivers.amqpdriver [-] AMQPListener connection timeout poll /usr/lib/python3/dist-packages/oslo_messaging/_drivers/amqpdriver.py:360
2025-09-11 00:35:46.541 130687 DEBUG oslo_messaging._drivers.amqpdriver [-] Listener is running poll /usr/lib/python3/dist-packages/oslo_messaging/_drivers/amqpdriver.py:343
2025-09-11 00:35:46.541 130687 DEBUG oslo_messaging._drivers.amqpdriver [-] AMQPListener connection consume poll /usr/lib/python3/dist-packages/oslo_messaging/_drivers/amqpdriver.py:357
2025-09-11 00:35:47.513 130694 DEBUG oslo_service.periodic_task [req-7bd6c134-609a-4705-814e-eee147c88c85 - - - - -] Running periodic task SchedulerManager._discover_hosts_in_cells run_periodic_tasks /usr/lib/python3/dist-packages/oslo_service/periodic_task.py:210
2025-09-11 00:35:47.514 130694 DEBUG oslo_db.sqlalchemy.engines [req-7bd6c134-609a-4705-814e-eee147c88c85 - - - - -] Parent process 129301 forked (130694) with an open database connection, which is being discarded and recreated. checkout /usr/lib/python3/dist-packages/oslo_db/sqlalchemy/engines.py:413
2025-09-11 00:35:47.523 130694 DEBUG oslo_concurrency.lockutils [req-7bd6c134-609a-4705-814e-eee147c88c85 - - - - -] Lock "5c5e030e-e77e-406e-bc84-e2887f9a662a" acquired by "nova.context.set_target_cell..get_or_set_cached_cell_and_set_connections" :: waited 0.000s inner /usr/lib/python3/dist-packages/oslo_concurrency/lockutils.py:386
2025-09-11 00:35:47.525 130694 DEBUG oslo_concurrency.lockutils [req-7bd6c134-609a-4705-814e-eee147c88c85 - - - - -] Lock "5c5e030e-e77e-406e-bc84-e2887f9a662a" "released" by "nova.context.set_target_cell..get_or_set_cached_cell_and_set_connections" :: held 0.002s inner /usr/lib/python3/dist-packages/oslo_concurrency/lockutils.py:400
2025-09-11 00:35:47.531 130694 DEBUG oslo_db.sqlalchemy.engines [req-7bd6c134-609a-4705-814e-eee147c88c85 - - - - -] MySQL server mode set to STRICT_TRANS_TABLES,STRICT_ALL_TABLES,NO_ZERO_IN_DATE,NO_ZERO_DATE,ERROR_FOR_DIVISION_BY_ZERO,TRADITIONAL,NO_ENGINE_SUBSTITUTION _check_effective_sql_mode /usr/lib/python3/dist-packages/oslo_db/sqlalchemy/engines.py:314
2025-09-11 00:35:54.519 130695 DEBUG oslo_messaging._drivers.amqpdriver [-] AMQPListener connection timeout poll /usr/lib/python3/dist-packages/oslo_messaging/_drivers/amqpdriver.py:360
2025-09-11 00:35:54.519 130695 DEBUG oslo_messaging._drivers.amqpdriver [-] Listener is running poll /usr/lib/python3/dist-packages/oslo_messaging/_drivers/amqpdriver.py:343
2025-09-11 00:35:54.519 130695 DEBUG oslo_messaging._drivers.amqpdriver [-] AMQPListener connection consume poll /usr/lib/python3/dist-packages/oslo_messaging/_drivers/amqpdriver.py:357
2025-09-11 00:35:54.524 130694 DEBUG oslo_messaging._drivers.amqpdriver [-] AMQPListener connection timeout poll /usr/lib/python3/dist-packages/oslo_messaging/_drivers/amqpdriver.py:360
2025-09-11 00:35:54.524 130694 DEBUG oslo_messaging._drivers.amqpdriver [-] Listener is running poll /usr/lib/python3/dist-packages/oslo_messaging/_drivers/amqpdriver.py:343
2025-09-11 00:35:54.524 130694 DEBUG oslo_messaging._drivers.amqpdriver [-] AMQPListener connection consume poll /usr/lib/python3/dist-packages/oslo_messaging/_drivers/amqpdriver.py:357
2025-09-11 00:35:54.542 130693 DEBUG oslo_messaging._drivers.amqpdriver [-] AMQPListener connection timeout poll /usr/lib/python3/dist-packages/oslo_messaging/_drivers/amqpdriver.py:360
2025-09-11 00:35:54.542 130693 DEBUG oslo_messaging._drivers.amqpdriver [-] Listener is running poll /usr/lib/python3/dist-packages/oslo_messaging/_drivers/amqpdriver.py:343
2025-09-11 00:35:54.542 130693 DEBUG oslo_messaging._drivers.amqpdriver [-] AMQPListener connection consume poll /usr/lib/python3/dist-packages/oslo_messaging/_drivers/amqpdriver.py:357
2025-09-11 00:35:54.542 130687 DEBUG oslo_messaging._drivers.amqpdriver [-] AMQPListener connection timeout poll /usr/lib/python3/dist-packages/oslo_messaging/_drivers/amqpdriver.py:360
2025-09-11 00:35:54.543 130687 DEBUG oslo_messaging._drivers.amqpdriver [-] Listener is running poll /usr/lib/python3/dist-packages/oslo_messaging/_drivers/amqpdriver.py:343
2025-09-11 00:35:54.543 130687 DEBUG oslo_messaging._drivers.amqpdriver [-] AMQPListener connection consume poll /usr/lib/python3/dist-packages/oslo_messaging/_drivers/amqpdriver.py:357
2025-09-11 00:35:57.530 130693 DEBUG oslo_service.periodic_task [req-263b23b8-ce4c-4d76-8c89-65ffb8aa725c - - - - -] Running periodic task SchedulerManager._discover_hosts_in_cells run_periodic_tasks /usr/lib/python3/dist-packages/oslo_service/periodic_task.py:210
2025-09-11 00:35:57.531 130693 DEBUG oslo_db.sqlalchemy.engines [req-263b23b8-ce4c-4d76-8c89-65ffb8aa725c - - - - -] Parent process 129301 forked (130693) with an open database connection, which is being discarded and recreated. checkout /usr/lib/python3/dist-packages/oslo_db/sqlalchemy/engines.py:413
2025-09-11 00:35:57.539 130693 DEBUG oslo_concurrency.lockutils [req-263b23b8-ce4c-4d76-8c89-65ffb8aa725c - - - - -] Lock "5c5e030e-e77e-406e-bc84-e2887f9a662a" acquired by "nova.context.set_target_cell..get_or_set_cached_cell_and_set_connections" :: waited 0.000s inner /usr/lib/python3/dist-packages/oslo_concurrency/lockutils.py:386
2025-09-11 00:35:57.541 130693 DEBUG oslo_concurrency.lockutils [req-263b23b8-ce4c-4d76-8c89-65ffb8aa725c - - - - -] Lock "5c5e030e-e77e-406e-bc84-e2887f9a662a" "released" by "nova.context.set_target_cell..get_or_set_cached_cell_and_set_connections" :: held 0.002s inner /usr/lib/python3/dist-packages/oslo_concurrency/lockutils.py:400
2025-09-11 00:35:57.546 130693 DEBUG oslo_db.sqlalchemy.engines [req-263b23b8-ce4c-4d76-8c89-65ffb8aa725c - - - - -] MySQL server mode set to STRICT_TRANS_TABLES,STRICT_ALL_TABLES,NO_ZERO_IN_DATE,NO_ZERO_DATE,ERROR_FOR_DIVISION_BY_ZERO,TRADITIONAL,NO_ENGINE_SUBSTITUTION _check_effective_sql_mode /usr/lib/python3/dist-packages/oslo_db/sqlalchemy/engines.py:314
2025-09-11 00:36:17.548 130694 DEBUG oslo_service.periodic_task [req-7bd6c134-609a-4705-814e-eee147c88c85 - - - - -] Running periodic task SchedulerManager._discover_hosts_in_cells run_periodic_tasks /usr/lib/python3/dist-packages/oslo_service/periodic_task.py:210
2025-09-11 00:36:17.552 130694 DEBUG oslo_concurrency.lockutils [req-58284842-5922-4872-917b-b7d00ec104e6 - - - - -] Lock "5c5e030e-e77e-406e-bc84-e2887f9a662a" acquired by "nova.context.set_target_cell..get_or_set_cached_cell_and_set_connections" :: waited 0.000s inner /usr/lib/python3/dist-packages/oslo_concurrency/lockutils.py:386
2025-09-11 00:36:17.553 130694 DEBUG oslo_concurrency.lockutils [req-58284842-5922-4872-917b-b7d00ec104e6 - - - - -] Lock "5c5e030e-e77e-406e-bc84-e2887f9a662a" "released" by "nova.context.set_target_cell..get_or_set_cached_cell_and_set_connections" :: held 0.000s inner /usr/lib/python3/dist-packages/oslo_concurrency/lockutils.py:400
2025-09-11 00:36:20.510 130695 DEBUG oslo_service.periodic_task [req-9b4d5313-90e3-470c-a821-ad8cfbb01cd1 - - - - -] Running periodic task SchedulerManager._discover_hosts_in_cells run_periodic_tasks /usr/lib/python3/dist-packages/oslo_service/periodic_task.py:210
2025-09-11 00:36:20.511 130695 DEBUG oslo_db.sqlalchemy.engines [req-9b4d5313-90e3-470c-a821-ad8cfbb01cd1 - - - - -] Parent process 129301 forked (130695) with an open database connection, which is being discarded and recreated. checkout /usr/lib/python3/dist-packages/oslo_db/sqlalchemy/engines.py:413
2025-09-11 00:36:20.517 130695 DEBUG oslo_concurrency.lockutils [req-9b4d5313-90e3-470c-a821-ad8cfbb01cd1 - - - - -] Lock "5c5e030e-e77e-406e-bc84-e2887f9a662a" acquired by "nova.context.set_target_cell..get_or_set_cached_cell_and_set_connections" :: waited 0.000s inner /usr/lib/python3/dist-packages/oslo_concurrency/lockutils.py:386
2025-09-11 00:36:20.519 130695 DEBUG oslo_concurrency.lockutils [req-9b4d5313-90e3-470c-a821-ad8cfbb01cd1 - - - - -] Lock "5c5e030e-e77e-406e-bc84-e2887f9a662a" "released" by "nova.context.set_target_cell..get_or_set_cached_cell_and_set_connections" :: held 0.002s inner /usr/lib/python3/dist-packages/oslo_concurrency/lockutils.py:400
2025-09-11 00:36:20.524 130695 DEBUG oslo_db.sqlalchemy.engines [req-9b4d5313-90e3-470c-a821-ad8cfbb01cd1 - - - - -] MySQL server mode set to STRICT_TRANS_TABLES,STRICT_ALL_TABLES,NO_ZERO_IN_DATE,NO_ZERO_DATE,ERROR_FOR_DIVISION_BY_ZERO,TRADITIONAL,NO_ENGINE_SUBSTITUTION _check_effective_sql_mode /usr/lib/python3/dist-packages/oslo_db/sqlalchemy/engines.py:314
2025-09-11 00:36:24.486 130695 DEBUG oslo_messaging._drivers.amqpdriver [-] AMQPListener connection timeout poll /usr/lib/python3/dist-packages/oslo_messaging/_drivers/amqpdriver.py:360
2025-09-11 00:36:24.486 130695 DEBUG oslo_messaging._drivers.amqpdriver [-] Listener is running poll /usr/lib/python3/dist-packages/oslo_messaging/_drivers/amqpdriver.py:343
2025-09-11 00:36:24.486 130695 DEBUG oslo_messaging._drivers.amqpdriver [-] AMQPListener connection consume poll /usr/lib/python3/dist-packages/oslo_messaging/_drivers/amqpdriver.py:357
2025-09-11 00:36:24.502 130694 DEBUG oslo_messaging._drivers.amqpdriver [-] AMQPListener connection timeout poll /usr/lib/python3/dist-packages/oslo_messaging/_drivers/amqpdriver.py:360
2025-09-11 00:36:24.503 130694 DEBUG oslo_messaging._drivers.amqpdriver [-] Listener is running poll /usr/lib/python3/dist-packages/oslo_messaging/_drivers/amqpdriver.py:343
2025-09-11 00:36:24.503 130694 DEBUG oslo_messaging._drivers.amqpdriver [-] AMQPListener connection consume poll /usr/lib/python3/dist-packages/oslo_messaging/_drivers/amqpdriver.py:357
2025-09-11 00:36:24.518 130687 DEBUG oslo_messaging._drivers.amqpdriver [-] AMQPListener connection timeout poll /usr/lib/python3/dist-packages/oslo_messaging/_drivers/amqpdriver.py:360
2025-09-11 00:36:24.519 130687 DEBUG oslo_messaging._drivers.amqpdriver [-] Listener is running poll /usr/lib/python3/dist-packages/oslo_messaging/_drivers/amqpdriver.py:343
2025-09-11 00:36:24.519 130687 DEBUG oslo_messaging._drivers.amqpdriver [-] AMQPListener connection consume poll /usr/lib/python3/dist-packages/oslo_messaging/_drivers/amqpdriver.py:357
2025-09-11 00:36:24.521 130693 DEBUG oslo_messaging._drivers.amqpdriver [-] AMQPListener connection timeout poll /usr/lib/python3/dist-packages/oslo_messaging/_drivers/amqpdriver.py:360
2025-09-11 00:36:24.522 130693 DEBUG oslo_messaging._drivers.amqpdriver [-] Listener is running poll /usr/lib/python3/dist-packages/oslo_messaging/_drivers/amqpdriver.py:343
2025-09-11 00:36:24.522 130693 DEBUG oslo_messaging._drivers.amqpdriver [-] AMQPListener connection consume poll /usr/lib/python3/dist-packages/oslo_messaging/_drivers/amqpdriver.py:357
2025-09-11 00:36:27.562 130693 DEBUG oslo_service.periodic_task [req-263b23b8-ce4c-4d76-8c89-65ffb8aa725c - - - - -] Running periodic task SchedulerManager._discover_hosts_in_cells run_periodic_tasks /usr/lib/python3/dist-packages/oslo_service/periodic_task.py:210
2025-09-11 00:36:27.568 130693 DEBUG oslo_concurrency.lockutils [req-9ef97dfb-0426-47f7-8882-d6e72cbf6b14 - - - - -] Lock "5c5e030e-e77e-406e-bc84-e2887f9a662a" acquired by "nova.context.set_target_cell..get_or_set_cached_cell_and_set_connections" :: waited 0.000s inner /usr/lib/python3/dist-packages/oslo_concurrency/lockutils.py:386
2025-09-11 00:36:27.569 130693 DEBUG oslo_concurrency.lockutils [req-9ef97dfb-0426-47f7-8882-d6e72cbf6b14 - - - - -] Lock "5c5e030e-e77e-406e-bc84-e2887f9a662a" "released" by "nova.context.set_target_cell..get_or_set_cached_cell_and_set_connections" :: held 0.000s inner /usr/lib/python3/dist-packages/oslo_concurrency/lockutils.py:400
2025-09-11 00:36:37.527 130687 DEBUG oslo_service.periodic_task [req-48fb2865-18c1-44fa-a494-ec264122847b - - - - -] Running periodic task SchedulerManager._discover_hosts_in_cells run_periodic_tasks /usr/lib/python3/dist-packages/oslo_service/periodic_task.py:210
2025-09-11 00:36:37.528 130687 DEBUG oslo_db.sqlalchemy.engines [req-48fb2865-18c1-44fa-a494-ec264122847b - - - - -] Parent process 129301 forked (130687) with an open database connection, which is being discarded and recreated. checkout /usr/lib/python3/dist-packages/oslo_db/sqlalchemy/engines.py:413
2025-09-11 00:36:37.540 130687 DEBUG oslo_concurrency.lockutils [req-48fb2865-18c1-44fa-a494-ec264122847b - - - - -] Lock "5c5e030e-e77e-406e-bc84-e2887f9a662a" acquired by "nova.context.set_target_cell..get_or_set_cached_cell_and_set_connections" :: waited 0.000s inner /usr/lib/python3/dist-packages/oslo_concurrency/lockutils.py:386
2025-09-11 00:36:37.542 130687 DEBUG oslo_concurrency.lockutils [req-48fb2865-18c1-44fa-a494-ec264122847b - - - - -] Lock "5c5e030e-e77e-406e-bc84-e2887f9a662a" "released" by "nova.context.set_target_cell..get_or_set_cached_cell_and_set_connections" :: held 0.002s inner /usr/lib/python3/dist-packages/oslo_concurrency/lockutils.py:400
2025-09-11 00:36:37.547 130687 DEBUG oslo_db.sqlalchemy.engines [req-48fb2865-18c1-44fa-a494-ec264122847b - - - - -] MySQL server mode set to STRICT_TRANS_TABLES,STRICT_ALL_TABLES,NO_ZERO_IN_DATE,NO_ZERO_DATE,ERROR_FOR_DIVISION_BY_ZERO,TRADITIONAL,NO_ENGINE_SUBSTITUTION _check_effective_sql_mode /usr/lib/python3/dist-packages/oslo_db/sqlalchemy/engines.py:314
2025-09-11 00:36:47.561 130694 DEBUG oslo_service.periodic_task [req-58284842-5922-4872-917b-b7d00ec104e6 - - - - -] Running periodic task SchedulerManager._discover_hosts_in_cells run_periodic_tasks /usr/lib/python3/dist-packages/oslo_service/periodic_task.py:210
2025-09-11 00:36:47.565 130694 DEBUG oslo_concurrency.lockutils [req-54a8dab8-13d7-4e3f-8bd9-027857cd620b - - - - -] Lock "5c5e030e-e77e-406e-bc84-e2887f9a662a" acquired by "nova.context.set_target_cell..get_or_set_cached_cell_and_set_connections" :: waited 0.000s inner /usr/lib/python3/dist-packages/oslo_concurrency/lockutils.py:386
2025-09-11 00:36:47.566 130694 DEBUG oslo_concurrency.lockutils [req-54a8dab8-13d7-4e3f-8bd9-027857cd620b - - - - -] Lock "5c5e030e-e77e-406e-bc84-e2887f9a662a" "released" by "nova.context.set_target_cell..get_or_set_cached_cell_and_set_connections" :: held 0.000s inner /usr/lib/python3/dist-packages/oslo_concurrency/lockutils.py:400
2025-09-11 00:36:50.542 130695 DEBUG oslo_service.periodic_task [req-9b4d5313-90e3-470c-a821-ad8cfbb01cd1 - - - - -] Running periodic task SchedulerManager._discover_hosts_in_cells run_periodic_tasks /usr/lib/python3/dist-packages/oslo_service/periodic_task.py:210
2025-09-11 00:36:50.546 130695 DEBUG oslo_concurrency.lockutils [req-8b3bcf78-daea-4489-9ac1-f1b63b0be078 - - - - -] Lock "5c5e030e-e77e-406e-bc84-e2887f9a662a" acquired by "nova.context.set_target_cell..get_or_set_cached_cell_and_set_connections" :: waited 0.000s inner /usr/lib/python3/dist-packages/oslo_concurrency/lockutils.py:386
2025-09-11 00:36:50.546 130695 DEBUG oslo_concurrency.lockutils [req-8b3bcf78-daea-4489-9ac1-f1b63b0be078 - - - - -] Lock "5c5e030e-e77e-406e-bc84-e2887f9a662a" "released" by "nova.context.set_target_cell..get_or_set_cached_cell_and_set_connections" :: held 0.000s inner /usr/lib/python3/dist-packages/oslo_concurrency/lockutils.py:400
2025-09-11 00:36:51.135 129301 INFO oslo_service.service [req-6428b8dc-48bb-497b-bfff-01166433f6c0 - - - - -] Caught SIGTERM, stopping children
2025-09-11 00:36:51.135 129301 DEBUG oslo_concurrency.lockutils [req-6428b8dc-48bb-497b-bfff-01166433f6c0 - - - - -] Acquired lock "singleton_lock" lock /usr/lib/python3/dist-packages/oslo_concurrency/lockutils.py:294
2025-09-11 00:36:51.135 129301 DEBUG oslo_concurrency.lockutils [req-6428b8dc-48bb-497b-bfff-01166433f6c0 - - - - -] Releasing lock "singleton_lock" lock /usr/lib/python3/dist-packages/oslo_concurrency/lockutils.py:312
2025-09-11 00:36:51.136 129301 DEBUG oslo_service.service [req-6428b8dc-48bb-497b-bfff-01166433f6c0 - - - - -] Stop services. stop /usr/lib/python3/dist-packages/oslo_service/service.py:695
2025-09-11 00:36:51.136 129301 DEBUG oslo_service.service [req-6428b8dc-48bb-497b-bfff-01166433f6c0 - - - - -] Killing children. stop /usr/lib/python3/dist-packages/oslo_service/service.py:700
2025-09-11 00:36:51.141 129301 INFO oslo_service.service [req-6428b8dc-48bb-497b-bfff-01166433f6c0 - - - - -] Waiting on 4 children to exit
2025-09-11 00:36:51.141 129301 INFO oslo_service.service [req-6428b8dc-48bb-497b-bfff-01166433f6c0 - - - - -] Child 130687 killed by signal 15
2025-09-11 00:36:51.145 129301 INFO oslo_service.service [req-6428b8dc-48bb-497b-bfff-01166433f6c0 - - - - -] Child 130693 killed by signal 15
2025-09-11 00:36:51.147 129301 INFO oslo_service.service [req-6428b8dc-48bb-497b-bfff-01166433f6c0 - - - - -] Child 130695 killed by signal 15
2025-09-11 00:36:51.148 129301 INFO oslo_service.service [req-6428b8dc-48bb-497b-bfff-01166433f6c0 - - - - -] Child 130694 killed by signal 15
2025-09-11 00:36:53.367 135119 DEBUG oslo_db.sqlalchemy.engines [req-3d4120ff-119c-4dee-92e2-725b37e1fb24 - - - - -] MySQL server mode set to STRICT_TRANS_TABLES,STRICT_ALL_TABLES,NO_ZERO_IN_DATE,NO_ZERO_DATE,ERROR_FOR_DIVISION_BY_ZERO,TRADITIONAL,NO_ENGINE_SUBSTITUTION _check_effective_sql_mode /usr/lib/python3/dist-packages/oslo_db/sqlalchemy/engines.py:314
2025-09-11 00:36:53.401 135119 DEBUG nova.scheduler.host_manager [req-3d4120ff-119c-4dee-92e2-725b37e1fb24 - - - - -] Found 1 cells: 5c5e030e-e77e-406e-bc84-e2887f9a662a refresh_cells_caches /usr/lib/python3/dist-packages/nova/scheduler/host_manager.py:730
2025-09-11 00:36:53.402 135119 DEBUG nova.scheduler.host_manager [req-3d4120ff-119c-4dee-92e2-725b37e1fb24 - - - - -] Found 0 disabled cells: refresh_cells_caches /usr/lib/python3/dist-packages/nova/scheduler/host_manager.py:742
2025-09-11 00:36:53.407 135119 WARNING nova.scheduler.filters.availability_zone_filter [req-3d4120ff-119c-4dee-92e2-725b37e1fb24 - - - - -] The 'AvailabilityZoneFilter' is deprecated since the 24.0.0 (Xena) release. Since the 18.0.0 (Rocky) release, nova has supported mapping AZs to placement aggregates. The feature is enabled by the 'query_placement_for_availability_zone' config option and is now enabled by default. As such, the 'AvailabilityZoneFilter' is no longer required. Nova is currently configured to use both placement and the AvailabilityZoneFilter for AZ enforcement.
2025-09-11 00:36:53.488 135119 DEBUG nova.scheduler.host_manager [req-3d4120ff-119c-4dee-92e2-725b37e1fb24 - - - - -] START:_async_init_instance_info _async_init_instance_info /usr/lib/python3/dist-packages/nova/scheduler/host_manager.py:411
2025-09-11 00:36:53.490 135119 DEBUG oslo_concurrency.lockutils [req-d5abb707-9283-490a-be22-74f8e3a51faf - - - - -] Lock "5c5e030e-e77e-406e-bc84-e2887f9a662a" acquired by "nova.context.set_target_cell..get_or_set_cached_cell_and_set_connections" :: waited 0.000s inner /usr/lib/python3/dist-packages/oslo_concurrency/lockutils.py:386
2025-09-11 00:36:53.492 135119 DEBUG oslo_concurrency.lockutils [req-d5abb707-9283-490a-be22-74f8e3a51faf - - - - -] Lock "5c5e030e-e77e-406e-bc84-e2887f9a662a" "released" by "nova.context.set_target_cell..get_or_set_cached_cell_and_set_connections" :: held 0.002s inner /usr/lib/python3/dist-packages/oslo_concurrency/lockutils.py:400
2025-09-11 00:36:53.496 135119 DEBUG oslo_db.sqlalchemy.engines [req-d5abb707-9283-490a-be22-74f8e3a51faf - - - - -] MySQL server mode set to STRICT_TRANS_TABLES,STRICT_ALL_TABLES,NO_ZERO_IN_DATE,NO_ZERO_DATE,ERROR_FOR_DIVISION_BY_ZERO,TRADITIONAL,NO_ENGINE_SUBSTITUTION _check_effective_sql_mode /usr/lib/python3/dist-packages/oslo_db/sqlalchemy/engines.py:314
2025-09-11 00:36:53.506 135119 DEBUG nova.scheduler.host_manager [req-d5abb707-9283-490a-be22-74f8e3a51faf - - - - -] Total number of compute nodes: 0 _async_init_instance_info /usr/lib/python3/dist-packages/nova/scheduler/host_manager.py:424
2025-09-11 00:36:53.507 135119 DEBUG oslo_concurrency.lockutils [req-d5abb707-9283-490a-be22-74f8e3a51faf - - - - -] Lock "5c5e030e-e77e-406e-bc84-e2887f9a662a" acquired by "nova.context.set_target_cell..get_or_set_cached_cell_and_set_connections" :: waited 0.000s inner /usr/lib/python3/dist-packages/oslo_concurrency/lockutils.py:386
2025-09-11 00:36:53.507 135119 DEBUG oslo_concurrency.lockutils [req-d5abb707-9283-490a-be22-74f8e3a51faf - - - - -] Lock "5c5e030e-e77e-406e-bc84-e2887f9a662a" "released" by "nova.context.set_target_cell..get_or_set_cached_cell_and_set_connections" :: held 0.000s inner /usr/lib/python3/dist-packages/oslo_concurrency/lockutils.py:400
2025-09-11 00:36:53.562 135119 DEBUG nova.scheduler.host_manager [req-d5abb707-9283-490a-be22-74f8e3a51faf - - - - -] Adding 0 instances for hosts 10-20 _async_init_instance_info /usr/lib/python3/dist-packages/nova/scheduler/host_manager.py:443
2025-09-11 00:36:53.562 135119 DEBUG nova.scheduler.host_manager [req-d5abb707-9283-490a-be22-74f8e3a51faf - - - - -] END:_async_init_instance_info _async_init_instance_info /usr/lib/python3/dist-packages/nova/scheduler/host_manager.py:454
2025-09-11 00:36:55.316 135119 DEBUG nova.context [req-3d4120ff-119c-4dee-92e2-725b37e1fb24 - - - - -] Found 2 cells: 00000000-0000-0000-0000-000000000000(cell0),5c5e030e-e77e-406e-bc84-e2887f9a662a(cell1) load_cells /usr/lib/python3/dist-packages/nova/context.py:464
2025-09-11 00:36:55.318 135119 DEBUG oslo_concurrency.lockutils [req-7ef50747-9ba2-4036-94bc-0a67f7bc4cb5 - - - - -] Lock "00000000-0000-0000-0000-000000000000" acquired by "nova.context.set_target_cell..get_or_set_cached_cell_and_set_connections" :: waited 0.000s inner /usr/lib/python3/dist-packages/oslo_concurrency/lockutils.py:386
2025-09-11 00:36:55.318 135119 DEBUG oslo_concurrency.lockutils [req-7ef50747-9ba2-4036-94bc-0a67f7bc4cb5 - - - - -] Lock "00000000-0000-0000-0000-000000000000" "released" by "nova.context.set_target_cell..get_or_set_cached_cell_and_set_connections" :: held 0.001s inner /usr/lib/python3/dist-packages/oslo_concurrency/lockutils.py:400
2025-09-11 00:36:55.319 135119 DEBUG oslo_concurrency.lockutils [req-7ef50747-9ba2-4036-94bc-0a67f7bc4cb5 - - - - -] Lock "5c5e030e-e77e-406e-bc84-e2887f9a662a" acquired by "nova.context.set_target_cell..get_or_set_cached_cell_and_set_connections" :: waited 0.000s inner /usr/lib/python3/dist-packages/oslo_concurrency/lockutils.py:386
2025-09-11 00:36:55.319 135119 DEBUG oslo_concurrency.lockutils [req-7ef50747-9ba2-4036-94bc-0a67f7bc4cb5 - - - - -] Lock "5c5e030e-e77e-406e-bc84-e2887f9a662a" "released" by "nova.context.set_target_cell..get_or_set_cached_cell_and_set_connections" :: held 0.000s inner /usr/lib/python3/dist-packages/oslo_concurrency/lockutils.py:400
2025-09-11 00:36:55.329 135119 DEBUG oslo_db.sqlalchemy.engines [req-7ef50747-9ba2-4036-94bc-0a67f7bc4cb5 - - - - -] MySQL server mode set to STRICT_TRANS_TABLES,STRICT_ALL_TABLES,NO_ZERO_IN_DATE,NO_ZERO_DATE,ERROR_FOR_DIVISION_BY_ZERO,TRADITIONAL,NO_ENGINE_SUBSTITUTION _check_effective_sql_mode /usr/lib/python3/dist-packages/oslo_db/sqlalchemy/engines.py:314
2025-09-11 00:36:55.337 135119 DEBUG oslo_concurrency.lockutils [req-7ef50747-9ba2-4036-94bc-0a67f7bc4cb5 - - - - -] Acquired lock "singleton_lock" lock /usr/lib/python3/dist-packages/oslo_concurrency/lockutils.py:294
2025-09-11 00:36:55.338 135119 DEBUG oslo_concurrency.lockutils [req-7ef50747-9ba2-4036-94bc-0a67f7bc4cb5 - - - - -] Releasing lock "singleton_lock" lock /usr/lib/python3/dist-packages/oslo_concurrency/lockutils.py:312
2025-09-11 00:36:55.338 135119 INFO oslo_service.service [req-7ef50747-9ba2-4036-94bc-0a67f7bc4cb5 - - - - -] Starting 4 workers
2025-09-11 00:36:55.342 135119 DEBUG oslo_service.service [req-7ef50747-9ba2-4036-94bc-0a67f7bc4cb5 - - - - -] Started child 135847 _start_child /usr/lib/python3/dist-packages/oslo_service/service.py:575
2025-09-11 00:36:55.347 135119 DEBUG oslo_service.service [req-7ef50747-9ba2-4036-94bc-0a67f7bc4cb5 - - - - -] Started child 135848 _start_child /usr/lib/python3/dist-packages/oslo_service/service.py:575
2025-09-11 00:36:55.348 135847 INFO nova.service [-] Starting scheduler node (version 25.2.1)
2025-09-11 00:36:55.352 135848 INFO nova.service [-] Starting scheduler node (version 25.2.1)
2025-09-11 00:36:55.352 135119 DEBUG oslo_service.service [req-7ef50747-9ba2-4036-94bc-0a67f7bc4cb5 - - - - -] Started child 135850 _start_child /usr/lib/python3/dist-packages/oslo_service/service.py:575
2025-09-11 00:36:55.356 135119 DEBUG oslo_service.service [req-7ef50747-9ba2-4036-94bc-0a67f7bc4cb5 - - - - -] Started child 135852 _start_child /usr/lib/python3/dist-packages/oslo_service/service.py:575
2025-09-11 00:36:55.357 135850 INFO nova.service [-] Starting scheduler node (version 25.2.1)
2025-09-11 00:36:55.358 135119 DEBUG oslo_service.service [req-7ef50747-9ba2-4036-94bc-0a67f7bc4cb5 - - - - -] Full set of CONF: wait /usr/lib/python3/dist-packages/oslo_service/service.py:649
2025-09-11 00:36:55.358 135119 DEBUG oslo_service.service [req-7ef50747-9ba2-4036-94bc-0a67f7bc4cb5 - - - - -] ******************************************************************************** log_opt_values /usr/lib/python3/dist-packages/oslo_config/cfg.py:2589
2025-09-11 00:36:55.358 135119 DEBUG oslo_service.service [req-7ef50747-9ba2-4036-94bc-0a67f7bc4cb5 - - - - -] Configuration options gathered from: log_opt_values /usr/lib/python3/dist-packages/oslo_config/cfg.py:2590
2025-09-11 00:36:55.358 135119 DEBUG oslo_service.service [req-7ef50747-9ba2-4036-94bc-0a67f7bc4cb5 - - - - -] command line args: ['--config-file=/etc/nova/nova.conf', '--log-file=/var/log/nova/nova-scheduler.log'] log_opt_values /usr/lib/python3/dist-packages/oslo_config/cfg.py:2591
2025-09-11 00:36:55.359 135119 DEBUG oslo_service.service [req-7ef50747-9ba2-4036-94bc-0a67f7bc4cb5 - - - - -] config files: ['/etc/nova/nova.conf'] log_opt_values /usr/lib/python3/dist-packages/oslo_config/cfg.py:2592
2025-09-11 00:36:55.359 135119 DEBUG oslo_service.service [req-7ef50747-9ba2-4036-94bc-0a67f7bc4cb5 - - - - -] ================================================================================ log_opt_values /usr/lib/python3/dist-packages/oslo_config/cfg.py:2594
2025-09-11 00:36:55.359 135119 DEBUG oslo_service.service [req-7ef50747-9ba2-4036-94bc-0a67f7bc4cb5 - - - - -] allow_resize_to_same_host = False log_opt_values /usr/lib/python3/dist-packages/oslo_config/cfg.py:2602
2025-09-11 00:36:55.360 135119 DEBUG oslo_service.service [req-7ef50747-9ba2-4036-94bc-0a67f7bc4cb5 - - - - -] arq_binding_timeout = 300 log_opt_values /usr/lib/python3/dist-packages/oslo_config/cfg.py:2602
2025-09-11 00:36:55.360 135119 DEBUG oslo_service.service [req-7ef50747-9ba2-4036-94bc-0a67f7bc4cb5 - - - - -] block_device_allocate_retries = 60 log_opt_values /usr/lib/python3/dist-packages/oslo_config/cfg.py:2602
2025-09-11 00:36:55.360 135119 DEBUG oslo_service.service [req-7ef50747-9ba2-4036-94bc-0a67f7bc4cb5 - - - - -] block_device_allocate_retries_interval = 3 log_opt_values /usr/lib/python3/dist-packages/oslo_config/cfg.py:2602
2025-09-11 00:36:55.360 135119 DEBUG oslo_service.service [req-7ef50747-9ba2-4036-94bc-0a67f7bc4cb5 - - - - -] cert = self.pem log_opt_values /usr/lib/python3/dist-packages/oslo_config/cfg.py:2602
2025-09-11 00:36:55.361 135119 DEBUG oslo_service.service [req-7ef50747-9ba2-4036-94bc-0a67f7bc4cb5 - - - - -] compute_driver = libvirt.LibvirtDriver log_opt_values /usr/lib/python3/dist-packages/oslo_config/cfg.py:2602
2025-09-11 00:36:55.361 135119 DEBUG oslo_service.service [req-7ef50747-9ba2-4036-94bc-0a67f7bc4cb5 - - - - -] compute_monitors = [] log_opt_values /usr/lib/python3/dist-packages/oslo_config/cfg.py:2602
2025-09-11 00:36:55.361 135119 DEBUG oslo_service.service [req-7ef50747-9ba2-4036-94bc-0a67f7bc4cb5 - - - - -] config_dir = [] log_opt_values /usr/lib/python3/dist-packages/oslo_config/cfg.py:2602
2025-09-11 00:36:55.361 135847 DEBUG oslo_db.sqlalchemy.engines [req-e55be8ba-a322-472f-9cd9-c487f33a016d - - - - -] MySQL server mode set to STRICT_TRANS_TABLES,STRICT_ALL_TABLES,NO_ZERO_IN_DATE,NO_ZERO_DATE,ERROR_FOR_DIVISION_BY_ZERO,TRADITIONAL,NO_ENGINE_SUBSTITUTION _check_effective_sql_mode /usr/lib/python3/dist-packages/oslo_db/sqlalchemy/engines.py:314
2025-09-11 00:36:55.361 135119 DEBUG oslo_service.service [req-7ef50747-9ba2-4036-94bc-0a67f7bc4cb5 - - - - -] config_drive_format = iso9660 log_opt_values /usr/lib/python3/dist-packages/oslo_config/cfg.py:2602
2025-09-11 00:36:55.361 135119 DEBUG oslo_service.service [req-7ef50747-9ba2-4036-94bc-0a67f7bc4cb5 - - - - -] config_file = ['/etc/nova/nova.conf'] log_opt_values /usr/lib/python3/dist-packages/oslo_config/cfg.py:2602
2025-09-11 00:36:55.362 135119 DEBUG oslo_service.service [req-7ef50747-9ba2-4036-94bc-0a67f7bc4cb5 - - - - -] config_source = [] log_opt_values /usr/lib/python3/dist-packages/oslo_config/cfg.py:2602
2025-09-11 00:36:55.362 135119 DEBUG oslo_service.service [req-7ef50747-9ba2-4036-94bc-0a67f7bc4cb5 - - - - -] console_host = juju-cffb37-0-lxd-7 log_opt_values /usr/lib/python3/dist-packages/oslo_config/cfg.py:2602
2025-09-11 00:36:55.362 135119 DEBUG oslo_service.service [req-7ef50747-9ba2-4036-94bc-0a67f7bc4cb5 - - - - -] control_exchange = nova log_opt_values /usr/lib/python3/dist-packages/oslo_config/cfg.py:2602
2025-09-11 00:36:55.362 135119 DEBUG oslo_service.service [req-7ef50747-9ba2-4036-94bc-0a67f7bc4cb5 - - - - -] cpu_allocation_ratio = 2.0 log_opt_values /usr/lib/python3/dist-packages/oslo_config/cfg.py:2602
2025-09-11 00:36:55.362 135119 DEBUG oslo_service.service [req-7ef50747-9ba2-4036-94bc-0a67f7bc4cb5 - - - - -] daemon = False log_opt_values /usr/lib/python3/dist-packages/oslo_config/cfg.py:2602
2025-09-11 00:36:55.363 135119 DEBUG oslo_service.service [req-7ef50747-9ba2-4036-94bc-0a67f7bc4cb5 - - - - -] debug = True log_opt_values /usr/lib/python3/dist-packages/oslo_config/cfg.py:2602
2025-09-11 00:36:55.363 135119 DEBUG oslo_service.service [req-7ef50747-9ba2-4036-94bc-0a67f7bc4cb5 - - - - -] default_access_ip_network_name = None log_opt_values /usr/lib/python3/dist-packages/oslo_config/cfg.py:2602
2025-09-11 00:36:55.363 135119 DEBUG oslo_service.service [req-7ef50747-9ba2-4036-94bc-0a67f7bc4cb5 - - - - -] default_availability_zone = nova log_opt_values /usr/lib/python3/dist-packages/oslo_config/cfg.py:2602
2025-09-11 00:36:55.363 135119 DEBUG oslo_service.service [req-7ef50747-9ba2-4036-94bc-0a67f7bc4cb5 - - - - -] default_ephemeral_format = None log_opt_values /usr/lib/python3/dist-packages/oslo_config/cfg.py:2602
2025-09-11 00:36:55.363 135119 DEBUG oslo_service.service [req-7ef50747-9ba2-4036-94bc-0a67f7bc4cb5 - - - - -] default_log_levels = ['amqp=WARN', 'amqplib=WARN', 'boto=WARN', 'qpid=WARN', 'sqlalchemy=WARN', 'suds=INFO', 'oslo.messaging=INFO', 'oslo_messaging=DEBUG', 'iso8601=WARN', 'requests.packages.urllib3.connectionpool=WARN', 'urllib3.connectionpool=WARN', 'websocket=WARN', 'requests.packages.urllib3.util.retry=WARN', 'urllib3.util.retry=WARN', 'keystonemiddleware=WARN', 'routes.middleware=WARN', 'stevedore=WARN', 'taskflow=WARN', 'keystoneauth=WARN', 'oslo.cache=INFO', 'dogpile.core.dogpile=INFO', 'glanceclient=WARN', 'oslo.privsep.daemon=INFO'] log_opt_values /usr/lib/python3/dist-packages/oslo_config/cfg.py:2602
2025-09-11 00:36:55.364 135119 DEBUG oslo_service.service [req-7ef50747-9ba2-4036-94bc-0a67f7bc4cb5 - - - - -] default_schedule_zone = None log_opt_values /usr/lib/python3/dist-packages/oslo_config/cfg.py:2602
2025-09-11 00:36:55.364 135119 DEBUG oslo_service.service [req-7ef50747-9ba2-4036-94bc-0a67f7bc4cb5 - - - - -] disk_allocation_ratio = 1.0 log_opt_values /usr/lib/python3/dist-packages/oslo_config/cfg.py:2602
2025-09-11 00:36:55.364 135119 DEBUG oslo_service.service [req-7ef50747-9ba2-4036-94bc-0a67f7bc4cb5 - - - - -] enable_new_services = True log_opt_values /usr/lib/python3/dist-packages/oslo_config/cfg.py:2602
2025-09-11 00:36:55.364 135119 DEBUG oslo_service.service [req-7ef50747-9ba2-4036-94bc-0a67f7bc4cb5 - - - - -] enabled_apis = ['osapi_compute', 'metadata'] log_opt_values /usr/lib/python3/dist-packages/oslo_config/cfg.py:2602
2025-09-11 00:36:55.364 135119 DEBUG oslo_service.service [req-7ef50747-9ba2-4036-94bc-0a67f7bc4cb5 - - - - -] enabled_ssl_apis = [] log_opt_values /usr/lib/python3/dist-packages/oslo_config/cfg.py:2602
2025-09-11 00:36:55.365 135119 DEBUG oslo_service.service [req-7ef50747-9ba2-4036-94bc-0a67f7bc4cb5 - - - - -] fatal_deprecations = False log_opt_values /usr/lib/python3/dist-packages/oslo_config/cfg.py:2602
2025-09-11 00:36:55.365 135119 DEBUG oslo_service.service [req-7ef50747-9ba2-4036-94bc-0a67f7bc4cb5 - - - - -] flat_injected = False log_opt_values /usr/lib/python3/dist-packages/oslo_config/cfg.py:2602
2025-09-11 00:36:55.365 135119 DEBUG oslo_service.service [req-7ef50747-9ba2-4036-94bc-0a67f7bc4cb5 - - - - -] force_config_drive = False log_opt_values /usr/lib/python3/dist-packages/oslo_config/cfg.py:2602
2025-09-11 00:36:55.365 135119 DEBUG oslo_service.service [req-7ef50747-9ba2-4036-94bc-0a67f7bc4cb5 - - - - -] force_raw_images = True log_opt_values /usr/lib/python3/dist-packages/oslo_config/cfg.py:2602
2025-09-11 00:36:55.365 135119 DEBUG oslo_service.service [req-7ef50747-9ba2-4036-94bc-0a67f7bc4cb5 - - - - -] graceful_shutdown_timeout = 60 log_opt_values /usr/lib/python3/dist-packages/oslo_config/cfg.py:2602
2025-09-11 00:36:55.366 135119 DEBUG oslo_service.service [req-7ef50747-9ba2-4036-94bc-0a67f7bc4cb5 - - - - -] heal_instance_info_cache_interval = 60 log_opt_values /usr/lib/python3/dist-packages/oslo_config/cfg.py:2602
2025-09-11 00:36:55.366 135119 DEBUG oslo_service.service [req-7ef50747-9ba2-4036-94bc-0a67f7bc4cb5 - - - - -] host = juju-cffb37-0-lxd-7 log_opt_values /usr/lib/python3/dist-packages/oslo_config/cfg.py:2602
2025-09-11 00:36:55.366 135119 DEBUG oslo_service.service [req-7ef50747-9ba2-4036-94bc-0a67f7bc4cb5 - - - - -] initial_cpu_allocation_ratio = 16.0 log_opt_values /usr/lib/python3/dist-packages/oslo_config/cfg.py:2602
2025-09-11 00:36:55.366 135119 DEBUG oslo_service.service [req-7ef50747-9ba2-4036-94bc-0a67f7bc4cb5 - - - - -] initial_disk_allocation_ratio = 1.0 log_opt_values /usr/lib/python3/dist-packages/oslo_config/cfg.py:2602
2025-09-11 00:36:55.367 135119 DEBUG oslo_service.service [req-7ef50747-9ba2-4036-94bc-0a67f7bc4cb5 - - - - -] initial_ram_allocation_ratio = 1.5 log_opt_values /usr/lib/python3/dist-packages/oslo_config/cfg.py:2602
2025-09-11 00:36:55.366 135848 DEBUG oslo_db.sqlalchemy.engines [req-37b49755-cc2c-429d-9241-4ddc577c3046 - - - - -] MySQL server mode set to STRICT_TRANS_TABLES,STRICT_ALL_TABLES,NO_ZERO_IN_DATE,NO_ZERO_DATE,ERROR_FOR_DIVISION_BY_ZERO,TRADITIONAL,NO_ENGINE_SUBSTITUTION _check_effective_sql_mode /usr/lib/python3/dist-packages/oslo_db/sqlalchemy/engines.py:314
2025-09-11 00:36:55.367 135119 DEBUG oslo_service.service [req-7ef50747-9ba2-4036-94bc-0a67f7bc4cb5 - - - - -] injected_network_template = /usr/lib/python3/dist-packages/nova/virt/interfaces.template log_opt_values /usr/lib/python3/dist-packages/oslo_config/cfg.py:2602
2025-09-11 00:36:55.367 135119 DEBUG oslo_service.service [req-7ef50747-9ba2-4036-94bc-0a67f7bc4cb5 - - - - -] instance_build_timeout = 0 log_opt_values /usr/lib/python3/dist-packages/oslo_config/cfg.py:2602
2025-09-11 00:36:55.367 135119 DEBUG oslo_service.service [req-7ef50747-9ba2-4036-94bc-0a67f7bc4cb5 - - - - -] instance_delete_interval = 300 log_opt_values /usr/lib/python3/dist-packages/oslo_config/cfg.py:2602
2025-09-11 00:36:55.367 135119 DEBUG oslo_service.service [req-7ef50747-9ba2-4036-94bc-0a67f7bc4cb5 - - - - -] instance_format = [instance: %(uuid)s] log_opt_values /usr/lib/python3/dist-packages/oslo_config/cfg.py:2602
2025-09-11 00:36:55.368 135119 DEBUG oslo_service.service [req-7ef50747-9ba2-4036-94bc-0a67f7bc4cb5 - - - - -] instance_name_template = instance-%08x log_opt_values /usr/lib/python3/dist-packages/oslo_config/cfg.py:2602
2025-09-11 00:36:55.368 135119 DEBUG oslo_service.service [req-7ef50747-9ba2-4036-94bc-0a67f7bc4cb5 - - - - -] instance_usage_audit = False log_opt_values /usr/lib/python3/dist-packages/oslo_config/cfg.py:2602
2025-09-11 00:36:55.368 135119 DEBUG oslo_service.service [req-7ef50747-9ba2-4036-94bc-0a67f7bc4cb5 - - - - -] instance_usage_audit_period = month log_opt_values /usr/lib/python3/dist-packages/oslo_config/cfg.py:2602
2025-09-11 00:36:55.369 135850 DEBUG oslo_db.sqlalchemy.engines [req-9fd1b9fd-d564-4392-8d4a-64bbfab9c5b7 - - - - -] MySQL server mode set to STRICT_TRANS_TABLES,STRICT_ALL_TABLES,NO_ZERO_IN_DATE,NO_ZERO_DATE,ERROR_FOR_DIVISION_BY_ZERO,TRADITIONAL,NO_ENGINE_SUBSTITUTION _check_effective_sql_mode /usr/lib/python3/dist-packages/oslo_db/sqlalchemy/engines.py:314
2025-09-11 00:36:55.371 135119 DEBUG oslo_service.service [req-7ef50747-9ba2-4036-94bc-0a67f7bc4cb5 - - - - -] instance_uuid_format = [instance: %(uuid)s] log_opt_values /usr/lib/python3/dist-packages/oslo_config/cfg.py:2602
2025-09-11 00:36:55.371 135119 DEBUG oslo_service.service [req-7ef50747-9ba2-4036-94bc-0a67f7bc4cb5 - - - - -] instances_path = /var/lib/nova/instances log_opt_values /usr/lib/python3/dist-packages/oslo_config/cfg.py:2602
2025-09-11 00:36:55.371 135119 DEBUG oslo_service.service [req-7ef50747-9ba2-4036-94bc-0a67f7bc4cb5 - - - - -] internal_service_availability_zone = internal log_opt_values /usr/lib/python3/dist-packages/oslo_config/cfg.py:2602
2025-09-11 00:36:55.371 135119 DEBUG oslo_service.service [req-7ef50747-9ba2-4036-94bc-0a67f7bc4cb5 - - - - -] key = None log_opt_values /usr/lib/python3/dist-packages/oslo_config/cfg.py:2602
2025-09-11 00:36:55.372 135119 DEBUG oslo_service.service [req-7ef50747-9ba2-4036-94bc-0a67f7bc4cb5 - - - - -] live_migration_retry_count = 30 log_opt_values /usr/lib/python3/dist-packages/oslo_config/cfg.py:2602
2025-09-11 00:36:55.372 135119 DEBUG oslo_service.service [req-7ef50747-9ba2-4036-94bc-0a67f7bc4cb5 - - - - -] log_config_append = None log_opt_values /usr/lib/python3/dist-packages/oslo_config/cfg.py:2602
2025-09-11 00:36:55.372 135119 DEBUG oslo_service.service [req-7ef50747-9ba2-4036-94bc-0a67f7bc4cb5 - - - - -] log_date_format = %Y-%m-%d %H:%M:%S log_opt_values /usr/lib/python3/dist-packages/oslo_config/cfg.py:2602
2025-09-11 00:36:55.372 135119 DEBUG oslo_service.service [req-7ef50747-9ba2-4036-94bc-0a67f7bc4cb5 - - - - -] log_dir = /var/log/nova log_opt_values /usr/lib/python3/dist-packages/oslo_config/cfg.py:2602
2025-09-11 00:36:55.372 135119 DEBUG oslo_service.service [req-7ef50747-9ba2-4036-94bc-0a67f7bc4cb5 - - - - -] log_file = /var/log/nova/nova-scheduler.log log_opt_values /usr/lib/python3/dist-packages/oslo_config/cfg.py:2602
2025-09-11 00:36:55.372 135119 DEBUG oslo_service.service [req-7ef50747-9ba2-4036-94bc-0a67f7bc4cb5 - - - - -] log_options = True log_opt_values /usr/lib/python3/dist-packages/oslo_config/cfg.py:2602
2025-09-11 00:36:55.373 135119 DEBUG oslo_service.service [req-7ef50747-9ba2-4036-94bc-0a67f7bc4cb5 - - - - -] log_rotate_interval = 1 log_opt_values /usr/lib/python3/dist-packages/oslo_config/cfg.py:2602
2025-09-11 00:36:55.373 135119 DEBUG oslo_service.service [req-7ef50747-9ba2-4036-94bc-0a67f7bc4cb5 - - - - -] log_rotate_interval_type = days log_opt_values /usr/lib/python3/dist-packages/oslo_config/cfg.py:2602
2025-09-11 00:36:55.373 135119 DEBUG oslo_service.service [req-7ef50747-9ba2-4036-94bc-0a67f7bc4cb5 - - - - -] log_rotation_type = none log_opt_values /usr/lib/python3/dist-packages/oslo_config/cfg.py:2602
2025-09-11 00:36:55.373 135119 DEBUG oslo_service.service [req-7ef50747-9ba2-4036-94bc-0a67f7bc4cb5 - - - - -] logging_context_format_string = %(asctime)s.%(msecs)03d %(process)d %(levelname)s %(name)s [%(request_id)s %(user_identity)s] %(instance)s%(message)s log_opt_values /usr/lib/python3/dist-packages/oslo_config/cfg.py:2602
2025-09-11 00:36:55.375 135852 INFO nova.service [-] Starting scheduler node (version 25.2.1)
2025-09-11 00:36:55.373 135119 DEBUG oslo_service.service [req-7ef50747-9ba2-4036-94bc-0a67f7bc4cb5 - - - - -] logging_debug_format_suffix = %(funcName)s %(pathname)s:%(lineno)d log_opt_values /usr/lib/python3/dist-packages/oslo_config/cfg.py:2602
2025-09-11 00:36:55.378 135119 DEBUG oslo_service.service [req-7ef50747-9ba2-4036-94bc-0a67f7bc4cb5 - - - - -] logging_default_format_string = %(asctime)s.%(msecs)03d %(process)d %(levelname)s %(name)s [-] %(instance)s%(message)s log_opt_values /usr/lib/python3/dist-packages/oslo_config/cfg.py:2602
2025-09-11 00:36:55.378 135119 DEBUG oslo_service.service [req-7ef50747-9ba2-4036-94bc-0a67f7bc4cb5 - - - - -] logging_exception_prefix = %(asctime)s.%(msecs)03d %(process)d ERROR %(name)s %(instance)s log_opt_values /usr/lib/python3/dist-packages/oslo_config/cfg.py:2602
2025-09-11 00:36:55.378 135119 DEBUG oslo_service.service [req-7ef50747-9ba2-4036-94bc-0a67f7bc4cb5 - - - - -] logging_user_identity_format = %(user)s %(project)s %(domain)s %(user_domain)s %(project_domain)s log_opt_values /usr/lib/python3/dist-packages/oslo_config/cfg.py:2602
2025-09-11 00:36:55.378 135119 DEBUG oslo_service.service [req-7ef50747-9ba2-4036-94bc-0a67f7bc4cb5 - - - - -] long_rpc_timeout = 1800 log_opt_values /usr/lib/python3/dist-packages/oslo_config/cfg.py:2602
2025-09-11 00:36:55.378 135119 DEBUG oslo_service.service [req-7ef50747-9ba2-4036-94bc-0a67f7bc4cb5 - - - - -] max_concurrent_builds = 10 log_opt_values /usr/lib/python3/dist-packages/oslo_config/cfg.py:2602
2025-09-11 00:36:55.378 135119 DEBUG oslo_service.service [req-7ef50747-9ba2-4036-94bc-0a67f7bc4cb5 - - - - -] max_concurrent_live_migrations = 1 log_opt_values /usr/lib/python3/dist-packages/oslo_config/cfg.py:2602
2025-09-11 00:36:55.379 135119 DEBUG oslo_service.service [req-7ef50747-9ba2-4036-94bc-0a67f7bc4cb5 - - - - -] max_concurrent_snapshots = 5 log_opt_values /usr/lib/python3/dist-packages/oslo_config/cfg.py:2602
2025-09-11 00:36:55.379 135119 DEBUG oslo_service.service [req-7ef50747-9ba2-4036-94bc-0a67f7bc4cb5 - - - - -] max_local_block_devices = 3 log_opt_values /usr/lib/python3/dist-packages/oslo_config/cfg.py:2602
2025-09-11 00:36:55.379 135119 DEBUG oslo_service.service [req-7ef50747-9ba2-4036-94bc-0a67f7bc4cb5 - - - - -] max_logfile_count = 30 log_opt_values /usr/lib/python3/dist-packages/oslo_config/cfg.py:2602
2025-09-11 00:36:55.379 135119 DEBUG oslo_service.service [req-7ef50747-9ba2-4036-94bc-0a67f7bc4cb5 - - - - -] max_logfile_size_mb = 200 log_opt_values /usr/lib/python3/dist-packages/oslo_config/cfg.py:2602
2025-09-11 00:36:55.379 135119 DEBUG oslo_service.service [req-7ef50747-9ba2-4036-94bc-0a67f7bc4cb5 - - - - -] maximum_instance_delete_attempts = 5 log_opt_values /usr/lib/python3/dist-packages/oslo_config/cfg.py:2602
