2025-09-11 00:36:55.379 135847 DEBUG nova.service [req-e55be8ba-a322-472f-9cd9-c487f33a016d - - - - -] Creating RPC server for service scheduler start /usr/lib/python3/dist-packages/nova/service.py:182
2025-09-11 00:36:55.380 135119 DEBUG oslo_service.service [req-7ef50747-9ba2-4036-94bc-0a67f7bc4cb5 - - - - -] metadata_listen = 0.0.0.0 log_opt_values /usr/lib/python3/dist-packages/oslo_config/cfg.py:2602
2025-09-11 00:36:55.380 135119 DEBUG oslo_service.service [req-7ef50747-9ba2-4036-94bc-0a67f7bc4cb5 - - - - -] metadata_listen_port = 8765 log_opt_values /usr/lib/python3/dist-packages/oslo_config/cfg.py:2602
2025-09-11 00:36:55.380 135119 DEBUG oslo_service.service [req-7ef50747-9ba2-4036-94bc-0a67f7bc4cb5 - - - - -] metadata_workers = None log_opt_values /usr/lib/python3/dist-packages/oslo_config/cfg.py:2602
2025-09-11 00:36:55.380 135119 DEBUG oslo_service.service [req-7ef50747-9ba2-4036-94bc-0a67f7bc4cb5 - - - - -] migrate_max_retries = -1 log_opt_values /usr/lib/python3/dist-packages/oslo_config/cfg.py:2602
2025-09-11 00:36:55.380 135119 DEBUG oslo_service.service [req-7ef50747-9ba2-4036-94bc-0a67f7bc4cb5 - - - - -] mkisofs_cmd = genisoimage log_opt_values /usr/lib/python3/dist-packages/oslo_config/cfg.py:2602
2025-09-11 00:36:55.380 135119 DEBUG oslo_service.service [req-7ef50747-9ba2-4036-94bc-0a67f7bc4cb5 - - - - -] my_block_storage_ip = 252.50.204.6 log_opt_values /usr/lib/python3/dist-packages/oslo_config/cfg.py:2602
2025-09-11 00:36:55.381 135119 DEBUG oslo_service.service [req-7ef50747-9ba2-4036-94bc-0a67f7bc4cb5 - - - - -] my_ip = 252.50.204.6 log_opt_values /usr/lib/python3/dist-packages/oslo_config/cfg.py:2602
2025-09-11 00:36:55.381 135119 DEBUG oslo_service.service [req-7ef50747-9ba2-4036-94bc-0a67f7bc4cb5 - - - - -] network_allocate_retries = 0 log_opt_values /usr/lib/python3/dist-packages/oslo_config/cfg.py:2602
2025-09-11 00:36:55.381 135119 DEBUG oslo_service.service [req-7ef50747-9ba2-4036-94bc-0a67f7bc4cb5 - - - - -] non_inheritable_image_properties = ['cache_in_nova', 'bittorrent'] log_opt_values /usr/lib/python3/dist-packages/oslo_config/cfg.py:2602
2025-09-11 00:36:55.381 135119 DEBUG oslo_service.service [req-7ef50747-9ba2-4036-94bc-0a67f7bc4cb5 - - - - -] osapi_compute_listen = 0.0.0.0 log_opt_values /usr/lib/python3/dist-packages/oslo_config/cfg.py:2602
2025-09-11 00:36:55.381 135119 DEBUG oslo_service.service [req-7ef50747-9ba2-4036-94bc-0a67f7bc4cb5 - - - - -] osapi_compute_listen_port = 8764 log_opt_values /usr/lib/python3/dist-packages/oslo_config/cfg.py:2602
2025-09-11 00:36:55.382 135119 DEBUG oslo_service.service [req-7ef50747-9ba2-4036-94bc-0a67f7bc4cb5 - - - - -] osapi_compute_unique_server_name_scope = log_opt_values /usr/lib/python3/dist-packages/oslo_config/cfg.py:2602
2025-09-11 00:36:55.382 135119 DEBUG oslo_service.service [req-7ef50747-9ba2-4036-94bc-0a67f7bc4cb5 - - - - -] osapi_compute_workers = 4 log_opt_values /usr/lib/python3/dist-packages/oslo_config/cfg.py:2602
2025-09-11 00:36:55.382 135119 DEBUG oslo_service.service [req-7ef50747-9ba2-4036-94bc-0a67f7bc4cb5 - - - - -] password_length = 12 log_opt_values /usr/lib/python3/dist-packages/oslo_config/cfg.py:2602
2025-09-11 00:36:55.382 135119 DEBUG oslo_service.service [req-7ef50747-9ba2-4036-94bc-0a67f7bc4cb5 - - - - -] periodic_enable = True log_opt_values /usr/lib/python3/dist-packages/oslo_config/cfg.py:2602
2025-09-11 00:36:55.384 135848 DEBUG nova.service [req-37b49755-cc2c-429d-9241-4ddc577c3046 - - - - -] Creating RPC server for service scheduler start /usr/lib/python3/dist-packages/nova/service.py:182
2025-09-11 00:36:55.386 135850 DEBUG nova.service [req-9fd1b9fd-d564-4392-8d4a-64bbfab9c5b7 - - - - -] Creating RPC server for service scheduler start /usr/lib/python3/dist-packages/nova/service.py:182
2025-09-11 00:36:55.382 135119 DEBUG oslo_service.service [req-7ef50747-9ba2-4036-94bc-0a67f7bc4cb5 - - - - -] periodic_fuzzy_delay = 60 log_opt_values /usr/lib/python3/dist-packages/oslo_config/cfg.py:2602
2025-09-11 00:36:55.387 135119 DEBUG oslo_service.service [req-7ef50747-9ba2-4036-94bc-0a67f7bc4cb5 - - - - -] pointer_model = usbtablet log_opt_values /usr/lib/python3/dist-packages/oslo_config/cfg.py:2602
2025-09-11 00:36:55.387 135119 DEBUG oslo_service.service [req-7ef50747-9ba2-4036-94bc-0a67f7bc4cb5 - - - - -] preallocate_images = none log_opt_values /usr/lib/python3/dist-packages/oslo_config/cfg.py:2602
2025-09-11 00:36:55.387 135119 DEBUG oslo_service.service [req-7ef50747-9ba2-4036-94bc-0a67f7bc4cb5 - - - - -] publish_errors = False log_opt_values /usr/lib/python3/dist-packages/oslo_config/cfg.py:2602
2025-09-11 00:36:55.387 135119 DEBUG oslo_service.service [req-7ef50747-9ba2-4036-94bc-0a67f7bc4cb5 - - - - -] pybasedir = /usr/lib/python3/dist-packages log_opt_values /usr/lib/python3/dist-packages/oslo_config/cfg.py:2602
2025-09-11 00:36:55.388 135119 DEBUG oslo_service.service [req-7ef50747-9ba2-4036-94bc-0a67f7bc4cb5 - - - - -] ram_allocation_ratio = 0.98 log_opt_values /usr/lib/python3/dist-packages/oslo_config/cfg.py:2602
2025-09-11 00:36:55.388 135119 DEBUG oslo_service.service [req-7ef50747-9ba2-4036-94bc-0a67f7bc4cb5 - - - - -] rate_limit_burst = 0 log_opt_values /usr/lib/python3/dist-packages/oslo_config/cfg.py:2602
2025-09-11 00:36:55.388 135119 DEBUG oslo_service.service [req-7ef50747-9ba2-4036-94bc-0a67f7bc4cb5 - - - - -] rate_limit_except_level = CRITICAL log_opt_values /usr/lib/python3/dist-packages/oslo_config/cfg.py:2602
2025-09-11 00:36:55.388 135119 DEBUG oslo_service.service [req-7ef50747-9ba2-4036-94bc-0a67f7bc4cb5 - - - - -] rate_limit_interval = 0 log_opt_values /usr/lib/python3/dist-packages/oslo_config/cfg.py:2602
2025-09-11 00:36:55.388 135119 DEBUG oslo_service.service [req-7ef50747-9ba2-4036-94bc-0a67f7bc4cb5 - - - - -] reboot_timeout = 0 log_opt_values /usr/lib/python3/dist-packages/oslo_config/cfg.py:2602
2025-09-11 00:36:55.388 135119 DEBUG oslo_service.service [req-7ef50747-9ba2-4036-94bc-0a67f7bc4cb5 - - - - -] reclaim_instance_interval = 0 log_opt_values /usr/lib/python3/dist-packages/oslo_config/cfg.py:2602
2025-09-11 00:36:55.389 135119 DEBUG oslo_service.service [req-7ef50747-9ba2-4036-94bc-0a67f7bc4cb5 - - - - -] record = None log_opt_values /usr/lib/python3/dist-packages/oslo_config/cfg.py:2602
2025-09-11 00:36:55.389 135119 DEBUG oslo_service.service [req-7ef50747-9ba2-4036-94bc-0a67f7bc4cb5 - - - - -] report_interval = 10 log_opt_values /usr/lib/python3/dist-packages/oslo_config/cfg.py:2602
2025-09-11 00:36:55.389 135119 DEBUG oslo_service.service [req-7ef50747-9ba2-4036-94bc-0a67f7bc4cb5 - - - - -] rescue_timeout = 0 log_opt_values /usr/lib/python3/dist-packages/oslo_config/cfg.py:2602
2025-09-11 00:36:55.389 135119 DEBUG oslo_service.service [req-7ef50747-9ba2-4036-94bc-0a67f7bc4cb5 - - - - -] reserved_host_cpus = 0 log_opt_values /usr/lib/python3/dist-packages/oslo_config/cfg.py:2602
2025-09-11 00:36:55.389 135119 DEBUG oslo_service.service [req-7ef50747-9ba2-4036-94bc-0a67f7bc4cb5 - - - - -] reserved_host_disk_mb = 0 log_opt_values /usr/lib/python3/dist-packages/oslo_config/cfg.py:2602
2025-09-11 00:36:55.390 135119 DEBUG oslo_service.service [req-7ef50747-9ba2-4036-94bc-0a67f7bc4cb5 - - - - -] reserved_host_memory_mb = 512 log_opt_values /usr/lib/python3/dist-packages/oslo_config/cfg.py:2602
2025-09-11 00:36:55.390 135119 DEBUG oslo_service.service [req-7ef50747-9ba2-4036-94bc-0a67f7bc4cb5 - - - - -] reserved_huge_pages = None log_opt_values /usr/lib/python3/dist-packages/oslo_config/cfg.py:2602
2025-09-11 00:36:55.390 135119 DEBUG oslo_service.service [req-7ef50747-9ba2-4036-94bc-0a67f7bc4cb5 - - - - -] resize_confirm_window = 0 log_opt_values /usr/lib/python3/dist-packages/oslo_config/cfg.py:2602
2025-09-11 00:36:55.390 135119 DEBUG oslo_service.service [req-7ef50747-9ba2-4036-94bc-0a67f7bc4cb5 - - - - -] resize_fs_using_block_device = False log_opt_values /usr/lib/python3/dist-packages/oslo_config/cfg.py:2602
2025-09-11 00:36:55.390 135119 DEBUG oslo_service.service [req-7ef50747-9ba2-4036-94bc-0a67f7bc4cb5 - - - - -] resume_guests_state_on_host_boot = False log_opt_values /usr/lib/python3/dist-packages/oslo_config/cfg.py:2602
2025-09-11 00:36:55.390 135119 DEBUG oslo_service.service [req-7ef50747-9ba2-4036-94bc-0a67f7bc4cb5 - - - - -] rootwrap_config = /etc/nova/rootwrap.conf log_opt_values /usr/lib/python3/dist-packages/oslo_config/cfg.py:2602
2025-09-11 00:36:55.391 135119 DEBUG oslo_service.service [req-7ef50747-9ba2-4036-94bc-0a67f7bc4cb5 - - - - -] run_external_periodic_tasks = True log_opt_values /usr/lib/python3/dist-packages/oslo_config/cfg.py:2602
2025-09-11 00:36:55.391 135119 DEBUG oslo_service.service [req-7ef50747-9ba2-4036-94bc-0a67f7bc4cb5 - - - - -] running_deleted_instance_action = reap log_opt_values /usr/lib/python3/dist-packages/oslo_config/cfg.py:2602
2025-09-11 00:36:55.392 135119 DEBUG oslo_service.service [req-7ef50747-9ba2-4036-94bc-0a67f7bc4cb5 - - - - -] running_deleted_instance_poll_interval = 1800 log_opt_values /usr/lib/python3/dist-packages/oslo_config/cfg.py:2602
2025-09-11 00:36:55.392 135119 DEBUG oslo_service.service [req-7ef50747-9ba2-4036-94bc-0a67f7bc4cb5 - - - - -] running_deleted_instance_timeout = 0 log_opt_values /usr/lib/python3/dist-packages/oslo_config/cfg.py:2602
2025-09-11 00:36:55.392 135119 DEBUG oslo_service.service [req-7ef50747-9ba2-4036-94bc-0a67f7bc4cb5 - - - - -] scheduler_instance_sync_interval = 120 log_opt_values /usr/lib/python3/dist-packages/oslo_config/cfg.py:2602
2025-09-11 00:36:55.392 135119 DEBUG oslo_service.service [req-7ef50747-9ba2-4036-94bc-0a67f7bc4cb5 - - - - -] service_down_time = 60 log_opt_values /usr/lib/python3/dist-packages/oslo_config/cfg.py:2602
2025-09-11 00:36:55.392 135119 DEBUG oslo_service.service [req-7ef50747-9ba2-4036-94bc-0a67f7bc4cb5 - - - - -] servicegroup_driver = db log_opt_values /usr/lib/python3/dist-packages/oslo_config/cfg.py:2602
2025-09-11 00:36:55.393 135119 DEBUG oslo_service.service [req-7ef50747-9ba2-4036-94bc-0a67f7bc4cb5 - - - - -] shelved_offload_time = 0 log_opt_values /usr/lib/python3/dist-packages/oslo_config/cfg.py:2602
2025-09-11 00:36:55.393 135119 DEBUG oslo_service.service [req-7ef50747-9ba2-4036-94bc-0a67f7bc4cb5 - - - - -] shelved_poll_interval = 3600 log_opt_values /usr/lib/python3/dist-packages/oslo_config/cfg.py:2602
2025-09-11 00:36:55.393 135119 DEBUG oslo_service.service [req-7ef50747-9ba2-4036-94bc-0a67f7bc4cb5 - - - - -] shutdown_timeout = 60 log_opt_values /usr/lib/python3/dist-packages/oslo_config/cfg.py:2602
2025-09-11 00:36:55.393 135119 DEBUG oslo_service.service [req-7ef50747-9ba2-4036-94bc-0a67f7bc4cb5 - - - - -] source_is_ipv6 = False log_opt_values /usr/lib/python3/dist-packages/oslo_config/cfg.py:2602
2025-09-11 00:36:55.393 135119 DEBUG oslo_service.service [req-7ef50747-9ba2-4036-94bc-0a67f7bc4cb5 - - - - -] ssl_only = False log_opt_values /usr/lib/python3/dist-packages/oslo_config/cfg.py:2602
2025-09-11 00:36:55.393 135119 DEBUG oslo_service.service [req-7ef50747-9ba2-4036-94bc-0a67f7bc4cb5 - - - - -] state_path = /var/lib/nova log_opt_values /usr/lib/python3/dist-packages/oslo_config/cfg.py:2602
2025-09-11 00:36:55.394 135119 DEBUG oslo_service.service [req-7ef50747-9ba2-4036-94bc-0a67f7bc4cb5 - - - - -] sync_power_state_interval = 600 log_opt_values /usr/lib/python3/dist-packages/oslo_config/cfg.py:2602
2025-09-11 00:36:55.394 135119 DEBUG oslo_service.service [req-7ef50747-9ba2-4036-94bc-0a67f7bc4cb5 - - - - -] sync_power_state_pool_size = 1000 log_opt_values /usr/lib/python3/dist-packages/oslo_config/cfg.py:2602
2025-09-11 00:36:55.394 135119 DEBUG oslo_service.service [req-7ef50747-9ba2-4036-94bc-0a67f7bc4cb5 - - - - -] syslog_log_facility = LOG_USER log_opt_values /usr/lib/python3/dist-packages/oslo_config/cfg.py:2602
2025-09-11 00:36:55.394 135119 DEBUG oslo_service.service [req-7ef50747-9ba2-4036-94bc-0a67f7bc4cb5 - - - - -] tempdir = None log_opt_values /usr/lib/python3/dist-packages/oslo_config/cfg.py:2602
2025-09-11 00:36:55.394 135119 DEBUG oslo_service.service [req-7ef50747-9ba2-4036-94bc-0a67f7bc4cb5 - - - - -] timeout_nbd = 10 log_opt_values /usr/lib/python3/dist-packages/oslo_config/cfg.py:2602
2025-09-11 00:36:55.394 135119 DEBUG oslo_service.service [req-7ef50747-9ba2-4036-94bc-0a67f7bc4cb5 - - - - -] transport_url = **** log_opt_values /usr/lib/python3/dist-packages/oslo_config/cfg.py:2602
2025-09-11 00:36:55.395 135119 DEBUG oslo_service.service [req-7ef50747-9ba2-4036-94bc-0a67f7bc4cb5 - - - - -] update_resources_interval = 0 log_opt_values /usr/lib/python3/dist-packages/oslo_config/cfg.py:2602
2025-09-11 00:36:55.395 135119 DEBUG oslo_service.service [req-7ef50747-9ba2-4036-94bc-0a67f7bc4cb5 - - - - -] use_cow_images = True log_opt_values /usr/lib/python3/dist-packages/oslo_config/cfg.py:2602
2025-09-11 00:36:55.395 135119 DEBUG oslo_service.service [req-7ef50747-9ba2-4036-94bc-0a67f7bc4cb5 - - - - -] use_eventlog = False log_opt_values /usr/lib/python3/dist-packages/oslo_config/cfg.py:2602
2025-09-11 00:36:55.395 135119 DEBUG oslo_service.service [req-7ef50747-9ba2-4036-94bc-0a67f7bc4cb5 - - - - -] use_journal = False log_opt_values /usr/lib/python3/dist-packages/oslo_config/cfg.py:2602
2025-09-11 00:36:55.396 135119 DEBUG oslo_service.service [req-7ef50747-9ba2-4036-94bc-0a67f7bc4cb5 - - - - -] use_json = False log_opt_values /usr/lib/python3/dist-packages/oslo_config/cfg.py:2602
2025-09-11 00:36:55.396 135119 DEBUG oslo_service.service [req-7ef50747-9ba2-4036-94bc-0a67f7bc4cb5 - - - - -] use_rootwrap_daemon = False log_opt_values /usr/lib/python3/dist-packages/oslo_config/cfg.py:2602
2025-09-11 00:36:55.396 135119 DEBUG oslo_service.service [req-7ef50747-9ba2-4036-94bc-0a67f7bc4cb5 - - - - -] use_stderr = False log_opt_values /usr/lib/python3/dist-packages/oslo_config/cfg.py:2602
2025-09-11 00:36:55.396 135119 DEBUG oslo_service.service [req-7ef50747-9ba2-4036-94bc-0a67f7bc4cb5 - - - - -] use_syslog = False log_opt_values /usr/lib/python3/dist-packages/oslo_config/cfg.py:2602
2025-09-11 00:36:55.396 135119 DEBUG oslo_service.service [req-7ef50747-9ba2-4036-94bc-0a67f7bc4cb5 - - - - -] vcpu_pin_set = None log_opt_values /usr/lib/python3/dist-packages/oslo_config/cfg.py:2602
2025-09-11 00:36:55.397 135119 DEBUG oslo_service.service [req-7ef50747-9ba2-4036-94bc-0a67f7bc4cb5 - - - - -] vif_plugging_is_fatal = True log_opt_values /usr/lib/python3/dist-packages/oslo_config/cfg.py:2602
2025-09-11 00:36:55.397 135119 DEBUG oslo_service.service [req-7ef50747-9ba2-4036-94bc-0a67f7bc4cb5 - - - - -] vif_plugging_timeout = 300 log_opt_values /usr/lib/python3/dist-packages/oslo_config/cfg.py:2602
2025-09-11 00:36:55.397 135119 DEBUG oslo_service.service [req-7ef50747-9ba2-4036-94bc-0a67f7bc4cb5 - - - - -] virt_mkfs = [] log_opt_values /usr/lib/python3/dist-packages/oslo_config/cfg.py:2602
2025-09-11 00:36:55.397 135119 DEBUG oslo_service.service [req-7ef50747-9ba2-4036-94bc-0a67f7bc4cb5 - - - - -] volume_usage_poll_interval = 0 log_opt_values /usr/lib/python3/dist-packages/oslo_config/cfg.py:2602
2025-09-11 00:36:55.397 135119 DEBUG oslo_service.service [req-7ef50747-9ba2-4036-94bc-0a67f7bc4cb5 - - - - -] watch_log_file = False log_opt_values /usr/lib/python3/dist-packages/oslo_config/cfg.py:2602
2025-09-11 00:36:55.397 135119 DEBUG oslo_service.service [req-7ef50747-9ba2-4036-94bc-0a67f7bc4cb5 - - - - -] web = /usr/share/spice-html5 log_opt_values /usr/lib/python3/dist-packages/oslo_config/cfg.py:2602
2025-09-11 00:36:55.398 135119 DEBUG oslo_service.service [req-7ef50747-9ba2-4036-94bc-0a67f7bc4cb5 - - - - -] oslo_concurrency.disable_process_locking = False log_opt_values /usr/lib/python3/dist-packages/oslo_config/cfg.py:2609
2025-09-11 00:36:55.398 135119 DEBUG oslo_service.service [req-7ef50747-9ba2-4036-94bc-0a67f7bc4cb5 - - - - -] oslo_concurrency.lock_path = /var/lock/nova log_opt_values /usr/lib/python3/dist-packages/oslo_config/cfg.py:2609
2025-09-11 00:36:55.399 135119 WARNING oslo_config.cfg [req-7ef50747-9ba2-4036-94bc-0a67f7bc4cb5 - - - - -] Deprecated: Option "auth_strategy" from group "api" is deprecated for removal ( The only non-default choice, ``noauth2``, is for internal development and testing purposes only and should not be used in deployments. This option and its middleware, NoAuthMiddleware[V2_18], will be removed in a future release. ). Its value may be silently ignored in the future.
2025-09-11 00:36:55.399 135119 DEBUG oslo_service.service [req-7ef50747-9ba2-4036-94bc-0a67f7bc4cb5 - - - - -] api.auth_strategy = keystone log_opt_values /usr/lib/python3/dist-packages/oslo_config/cfg.py:2609
2025-09-11 00:36:55.399 135119 DEBUG oslo_service.service [req-7ef50747-9ba2-4036-94bc-0a67f7bc4cb5 - - - - -] api.compute_link_prefix = None log_opt_values /usr/lib/python3/dist-packages/oslo_config/cfg.py:2609
2025-09-11 00:36:55.400 135119 DEBUG oslo_service.service [req-7ef50747-9ba2-4036-94bc-0a67f7bc4cb5 - - - - -] api.config_drive_skip_versions = 1.0 2007-01-19 2007-03-01 2007-08-29 2007-10-10 2007-12-15 2008-02-01 2008-09-01 log_opt_values /usr/lib/python3/dist-packages/oslo_config/cfg.py:2609
2025-09-11 00:36:55.400 135119 DEBUG oslo_service.service [req-7ef50747-9ba2-4036-94bc-0a67f7bc4cb5 - - - - -] api.dhcp_domain = novalocal log_opt_values /usr/lib/python3/dist-packages/oslo_config/cfg.py:2609
2025-09-11 00:36:55.400 135119 DEBUG oslo_service.service [req-7ef50747-9ba2-4036-94bc-0a67f7bc4cb5 - - - - -] api.enable_instance_password = True log_opt_values /usr/lib/python3/dist-packages/oslo_config/cfg.py:2609
2025-09-11 00:36:55.400 135119 DEBUG oslo_service.service [req-7ef50747-9ba2-4036-94bc-0a67f7bc4cb5 - - - - -] api.glance_link_prefix = None log_opt_values /usr/lib/python3/dist-packages/oslo_config/cfg.py:2609
2025-09-11 00:36:55.400 135119 DEBUG oslo_service.service [req-7ef50747-9ba2-4036-94bc-0a67f7bc4cb5 - - - - -] api.instance_list_cells_batch_fixed_size = 100 log_opt_values /usr/lib/python3/dist-packages/oslo_config/cfg.py:2609
2025-09-11 00:36:55.401 135119 DEBUG oslo_service.service [req-7ef50747-9ba2-4036-94bc-0a67f7bc4cb5 - - - - -] api.instance_list_cells_batch_strategy = distributed log_opt_values /usr/lib/python3/dist-packages/oslo_config/cfg.py:2609
2025-09-11 00:36:55.401 135119 DEBUG oslo_service.service [req-7ef50747-9ba2-4036-94bc-0a67f7bc4cb5 - - - - -] api.instance_list_per_project_cells = False log_opt_values /usr/lib/python3/dist-packages/oslo_config/cfg.py:2609
2025-09-11 00:36:55.401 135119 DEBUG oslo_service.service [req-7ef50747-9ba2-4036-94bc-0a67f7bc4cb5 - - - - -] api.list_records_by_skipping_down_cells = True log_opt_values /usr/lib/python3/dist-packages/oslo_config/cfg.py:2609
2025-09-11 00:36:55.401 135119 DEBUG oslo_service.service [req-7ef50747-9ba2-4036-94bc-0a67f7bc4cb5 - - - - -] api.local_metadata_per_cell = False log_opt_values /usr/lib/python3/dist-packages/oslo_config/cfg.py:2609
2025-09-11 00:36:55.401 135119 DEBUG oslo_service.service [req-7ef50747-9ba2-4036-94bc-0a67f7bc4cb5 - - - - -] api.max_limit = 1000 log_opt_values /usr/lib/python3/dist-packages/oslo_config/cfg.py:2609
2025-09-11 00:36:55.402 135119 DEBUG oslo_service.service [req-7ef50747-9ba2-4036-94bc-0a67f7bc4cb5 - - - - -] api.metadata_cache_expiration = 15 log_opt_values /usr/lib/python3/dist-packages/oslo_config/cfg.py:2609
2025-09-11 00:36:55.402 135119 DEBUG oslo_service.service [req-7ef50747-9ba2-4036-94bc-0a67f7bc4cb5 - - - - -] api.neutron_default_tenant_id = default log_opt_values /usr/lib/python3/dist-packages/oslo_config/cfg.py:2609
2025-09-11 00:36:55.402 135119 DEBUG oslo_service.service [req-7ef50747-9ba2-4036-94bc-0a67f7bc4cb5 - - - - -] api.use_forwarded_for = False log_opt_values /usr/lib/python3/dist-packages/oslo_config/cfg.py:2609
2025-09-11 00:36:55.402 135119 DEBUG oslo_service.service [req-7ef50747-9ba2-4036-94bc-0a67f7bc4cb5 - - - - -] api.use_neutron_default_nets = False log_opt_values /usr/lib/python3/dist-packages/oslo_config/cfg.py:2609
2025-09-11 00:36:55.402 135119 DEBUG oslo_service.service [req-7ef50747-9ba2-4036-94bc-0a67f7bc4cb5 - - - - -] api.vendordata_dynamic_connect_timeout = 5 log_opt_values /usr/lib/python3/dist-packages/oslo_config/cfg.py:2609
2025-09-11 00:36:55.402 135119 DEBUG oslo_service.service [req-7ef50747-9ba2-4036-94bc-0a67f7bc4cb5 - - - - -] api.vendordata_dynamic_failure_fatal = False log_opt_values /usr/lib/python3/dist-packages/oslo_config/cfg.py:2609
2025-09-11 00:36:55.403 135119 DEBUG oslo_service.service [req-7ef50747-9ba2-4036-94bc-0a67f7bc4cb5 - - - - -] api.vendordata_dynamic_read_timeout = 5 log_opt_values /usr/lib/python3/dist-packages/oslo_config/cfg.py:2609
2025-09-11 00:36:55.403 135119 DEBUG oslo_service.service [req-7ef50747-9ba2-4036-94bc-0a67f7bc4cb5 - - - - -] api.vendordata_dynamic_ssl_certfile = log_opt_values /usr/lib/python3/dist-packages/oslo_config/cfg.py:2609
2025-09-11 00:36:55.403 135119 DEBUG oslo_service.service [req-7ef50747-9ba2-4036-94bc-0a67f7bc4cb5 - - - - -] api.vendordata_dynamic_targets = [] log_opt_values /usr/lib/python3/dist-packages/oslo_config/cfg.py:2609
2025-09-11 00:36:55.403 135119 DEBUG oslo_service.service [req-7ef50747-9ba2-4036-94bc-0a67f7bc4cb5 - - - - -] api.vendordata_jsonfile_path = None log_opt_values /usr/lib/python3/dist-packages/oslo_config/cfg.py:2609
2025-09-11 00:36:55.403 135119 DEBUG oslo_service.service [req-7ef50747-9ba2-4036-94bc-0a67f7bc4cb5 - - - - -] api.vendordata_providers = ['StaticJSON'] log_opt_values /usr/lib/python3/dist-packages/oslo_config/cfg.py:2609
2025-09-11 00:36:55.404 135119 DEBUG oslo_service.service [req-7ef50747-9ba2-4036-94bc-0a67f7bc4cb5 - - - - -] cache.backend = dogpile.cache.null log_opt_values /usr/lib/python3/dist-packages/oslo_config/cfg.py:2609
2025-09-11 00:36:55.404 135852 DEBUG oslo_db.sqlalchemy.engines [req-c2226629-e513-4808-8d8c-53f860516718 - - - - -] MySQL server mode set to STRICT_TRANS_TABLES,STRICT_ALL_TABLES,NO_ZERO_IN_DATE,NO_ZERO_DATE,ERROR_FOR_DIVISION_BY_ZERO,TRADITIONAL,NO_ENGINE_SUBSTITUTION _check_effective_sql_mode /usr/lib/python3/dist-packages/oslo_db/sqlalchemy/engines.py:314
2025-09-11 00:36:55.404 135847 DEBUG oslo_messaging._drivers.amqpdriver [-] Listener is running poll /usr/lib/python3/dist-packages/oslo_messaging/_drivers/amqpdriver.py:343
2025-09-11 00:36:55.405 135119 DEBUG oslo_service.service [req-7ef50747-9ba2-4036-94bc-0a67f7bc4cb5 - - - - -] cache.backend_argument = **** log_opt_values /usr/lib/python3/dist-packages/oslo_config/cfg.py:2609
2025-09-11 00:36:55.405 135847 DEBUG oslo_messaging._drivers.amqpdriver [-] AMQPListener connection consume poll /usr/lib/python3/dist-packages/oslo_messaging/_drivers/amqpdriver.py:357
2025-09-11 00:36:55.405 135119 DEBUG oslo_service.service [req-7ef50747-9ba2-4036-94bc-0a67f7bc4cb5 - - - - -] cache.config_prefix = cache.oslo log_opt_values /usr/lib/python3/dist-packages/oslo_config/cfg.py:2609
2025-09-11 00:36:55.405 135119 DEBUG oslo_service.service [req-7ef50747-9ba2-4036-94bc-0a67f7bc4cb5 - - - - -] cache.debug_cache_backend = False log_opt_values /usr/lib/python3/dist-packages/oslo_config/cfg.py:2609
2025-09-11 00:36:55.405 135119 DEBUG oslo_service.service [req-7ef50747-9ba2-4036-94bc-0a67f7bc4cb5 - - - - -] cache.enabled = False log_opt_values /usr/lib/python3/dist-packages/oslo_config/cfg.py:2609
2025-09-11 00:36:55.405 135119 DEBUG oslo_service.service [req-7ef50747-9ba2-4036-94bc-0a67f7bc4cb5 - - - - -] cache.expiration_time = 600 log_opt_values /usr/lib/python3/dist-packages/oslo_config/cfg.py:2609
2025-09-11 00:36:55.406 135847 DEBUG nova.service [req-e55be8ba-a322-472f-9cd9-c487f33a016d - - - - -] Join ServiceGroup membership for this service scheduler start /usr/lib/python3/dist-packages/nova/service.py:199
2025-09-11 00:36:55.406 135119 DEBUG oslo_service.service [req-7ef50747-9ba2-4036-94bc-0a67f7bc4cb5 - - - - -] cache.memcache_dead_retry = 300 log_opt_values /usr/lib/python3/dist-packages/oslo_config/cfg.py:2609
2025-09-11 00:36:55.406 135119 DEBUG oslo_service.service [req-7ef50747-9ba2-4036-94bc-0a67f7bc4cb5 - - - - -] cache.memcache_pool_connection_get_timeout = 10 log_opt_values /usr/lib/python3/dist-packages/oslo_config/cfg.py:2609
2025-09-11 00:36:55.406 135119 DEBUG oslo_service.service [req-7ef50747-9ba2-4036-94bc-0a67f7bc4cb5 - - - - -] cache.memcache_pool_flush_on_reconnect = False log_opt_values /usr/lib/python3/dist-packages/oslo_config/cfg.py:2609
2025-09-11 00:36:55.406 135847 DEBUG nova.servicegroup.drivers.db [req-e55be8ba-a322-472f-9cd9-c487f33a016d - - - - -] DB_Driver: join new ServiceGroup member juju-cffb37-0-lxd-7 to the scheduler group, service = join /usr/lib/python3/dist-packages/nova/servicegroup/drivers/db.py:44
2025-09-11 00:36:55.407 135119 DEBUG oslo_service.service [req-7ef50747-9ba2-4036-94bc-0a67f7bc4cb5 - - - - -] cache.memcache_pool_maxsize = 10 log_opt_values /usr/lib/python3/dist-packages/oslo_config/cfg.py:2609
2025-09-11 00:36:55.407 135119 DEBUG oslo_service.service [req-7ef50747-9ba2-4036-94bc-0a67f7bc4cb5 - - - - -] cache.memcache_pool_unused_timeout = 60 log_opt_values /usr/lib/python3/dist-packages/oslo_config/cfg.py:2609
2025-09-11 00:36:55.407 135119 DEBUG oslo_service.service [req-7ef50747-9ba2-4036-94bc-0a67f7bc4cb5 - - - - -] cache.memcache_servers = ['localhost:11211'] log_opt_values /usr/lib/python3/dist-packages/oslo_config/cfg.py:2609
2025-09-11 00:36:55.407 135119 DEBUG oslo_service.service [req-7ef50747-9ba2-4036-94bc-0a67f7bc4cb5 - - - - -] cache.memcache_socket_timeout = 1.0 log_opt_values /usr/lib/python3/dist-packages/oslo_config/cfg.py:2609
2025-09-11 00:36:55.407 135119 DEBUG oslo_service.service [req-7ef50747-9ba2-4036-94bc-0a67f7bc4cb5 - - - - -] cache.proxies = [] log_opt_values /usr/lib/python3/dist-packages/oslo_config/cfg.py:2609
2025-09-11 00:36:55.407 135119 DEBUG oslo_service.service [req-7ef50747-9ba2-4036-94bc-0a67f7bc4cb5 - - - - -] cache.tls_allowed_ciphers = None log_opt_values /usr/lib/python3/dist-packages/oslo_config/cfg.py:2609
2025-09-11 00:36:55.408 135119 DEBUG oslo_service.service [req-7ef50747-9ba2-4036-94bc-0a67f7bc4cb5 - - - - -] cache.tls_cafile = None log_opt_values /usr/lib/python3/dist-packages/oslo_config/cfg.py:2609
2025-09-11 00:36:55.408 135119 DEBUG oslo_service.service [req-7ef50747-9ba2-4036-94bc-0a67f7bc4cb5 - - - - -] cache.tls_certfile = None log_opt_values /usr/lib/python3/dist-packages/oslo_config/cfg.py:2609
2025-09-11 00:36:55.408 135119 DEBUG oslo_service.service [req-7ef50747-9ba2-4036-94bc-0a67f7bc4cb5 - - - - -] cache.tls_enabled = False log_opt_values /usr/lib/python3/dist-packages/oslo_config/cfg.py:2609
2025-09-11 00:36:55.408 135119 DEBUG oslo_service.service [req-7ef50747-9ba2-4036-94bc-0a67f7bc4cb5 - - - - -] cache.tls_keyfile = None log_opt_values /usr/lib/python3/dist-packages/oslo_config/cfg.py:2609
2025-09-11 00:36:55.408 135119 DEBUG oslo_service.service [req-7ef50747-9ba2-4036-94bc-0a67f7bc4cb5 - - - - -] cinder.auth_section = None log_opt_values /usr/lib/python3/dist-packages/oslo_config/cfg.py:2609
2025-09-11 00:36:55.409 135119 DEBUG oslo_service.service [req-7ef50747-9ba2-4036-94bc-0a67f7bc4cb5 - - - - -] cinder.auth_type = None log_opt_values /usr/lib/python3/dist-packages/oslo_config/cfg.py:2609
2025-09-11 00:36:55.409 135119 DEBUG oslo_service.service [req-7ef50747-9ba2-4036-94bc-0a67f7bc4cb5 - - - - -] cinder.cafile = None log_opt_values /usr/lib/python3/dist-packages/oslo_config/cfg.py:2609
2025-09-11 00:36:55.409 135119 DEBUG oslo_service.service [req-7ef50747-9ba2-4036-94bc-0a67f7bc4cb5 - - - - -] cinder.catalog_info = volumev3::publicURL log_opt_values /usr/lib/python3/dist-packages/oslo_config/cfg.py:2609
2025-09-11 00:36:55.409 135119 DEBUG oslo_service.service [req-7ef50747-9ba2-4036-94bc-0a67f7bc4cb5 - - - - -] cinder.certfile = None log_opt_values /usr/lib/python3/dist-packages/oslo_config/cfg.py:2609
2025-09-11 00:36:55.409 135119 DEBUG oslo_service.service [req-7ef50747-9ba2-4036-94bc-0a67f7bc4cb5 - - - - -] cinder.collect_timing = False log_opt_values /usr/lib/python3/dist-packages/oslo_config/cfg.py:2609
2025-09-11 00:36:55.409 135847 DEBUG oslo_messaging._drivers.amqpdriver [-] AMQPListener connection timeout poll /usr/lib/python3/dist-packages/oslo_messaging/_drivers/amqpdriver.py:360
2025-09-11 00:36:55.409 135119 DEBUG oslo_service.service [req-7ef50747-9ba2-4036-94bc-0a67f7bc4cb5 - - - - -] cinder.cross_az_attach = True log_opt_values /usr/lib/python3/dist-packages/oslo_config/cfg.py:2609
2025-09-11 00:36:55.409 135847 DEBUG oslo_messaging._drivers.amqpdriver [-] Listener is running poll /usr/lib/python3/dist-packages/oslo_messaging/_drivers/amqpdriver.py:343
2025-09-11 00:36:55.410 135847 DEBUG oslo_messaging._drivers.amqpdriver [-] AMQPListener connection consume poll /usr/lib/python3/dist-packages/oslo_messaging/_drivers/amqpdriver.py:357
2025-09-11 00:36:55.410 135119 DEBUG oslo_service.service [req-7ef50747-9ba2-4036-94bc-0a67f7bc4cb5 - - - - -] cinder.debug = False log_opt_values /usr/lib/python3/dist-packages/oslo_config/cfg.py:2609
2025-09-11 00:36:55.410 135119 DEBUG oslo_service.service [req-7ef50747-9ba2-4036-94bc-0a67f7bc4cb5 - - - - -] cinder.endpoint_template = None log_opt_values /usr/lib/python3/dist-packages/oslo_config/cfg.py:2609
2025-09-11 00:36:55.411 135119 DEBUG oslo_service.service [req-7ef50747-9ba2-4036-94bc-0a67f7bc4cb5 - - - - -] cinder.http_retries = 3 log_opt_values /usr/lib/python3/dist-packages/oslo_config/cfg.py:2609
2025-09-11 00:36:55.411 135119 DEBUG oslo_service.service [req-7ef50747-9ba2-4036-94bc-0a67f7bc4cb5 - - - - -] cinder.insecure = False log_opt_values /usr/lib/python3/dist-packages/oslo_config/cfg.py:2609
2025-09-11 00:36:55.411 135119 DEBUG oslo_service.service [req-7ef50747-9ba2-4036-94bc-0a67f7bc4cb5 - - - - -] cinder.keyfile = None log_opt_values /usr/lib/python3/dist-packages/oslo_config/cfg.py:2609
2025-09-11 00:36:55.412 135119 DEBUG oslo_service.service [req-7ef50747-9ba2-4036-94bc-0a67f7bc4cb5 - - - - -] cinder.os_region_name = None log_opt_values /usr/lib/python3/dist-packages/oslo_config/cfg.py:2609
2025-09-11 00:36:55.412 135119 DEBUG oslo_service.service [req-7ef50747-9ba2-4036-94bc-0a67f7bc4cb5 - - - - -] cinder.split_loggers = False log_opt_values /usr/lib/python3/dist-packages/oslo_config/cfg.py:2609
2025-09-11 00:36:55.412 135119 DEBUG oslo_service.service [req-7ef50747-9ba2-4036-94bc-0a67f7bc4cb5 - - - - -] cinder.timeout = None log_opt_values /usr/lib/python3/dist-packages/oslo_config/cfg.py:2609
2025-09-11 00:36:55.412 135119 DEBUG oslo_service.service [req-7ef50747-9ba2-4036-94bc-0a67f7bc4cb5 - - - - -] compute.consecutive_build_service_disable_threshold = 10 log_opt_values /usr/lib/python3/dist-packages/oslo_config/cfg.py:2609
2025-09-11 00:36:55.412 135119 DEBUG oslo_service.service [req-7ef50747-9ba2-4036-94bc-0a67f7bc4cb5 - - - - -] compute.cpu_dedicated_set = None log_opt_values /usr/lib/python3/dist-packages/oslo_config/cfg.py:2609
2025-09-11 00:36:55.412 135119 DEBUG oslo_service.service [req-7ef50747-9ba2-4036-94bc-0a67f7bc4cb5 - - - - -] compute.cpu_shared_set = None log_opt_values /usr/lib/python3/dist-packages/oslo_config/cfg.py:2609
2025-09-11 00:36:55.413 135119 DEBUG oslo_service.service [req-7ef50747-9ba2-4036-94bc-0a67f7bc4cb5 - - - - -] compute.image_type_exclude_list = [] log_opt_values /usr/lib/python3/dist-packages/oslo_config/cfg.py:2609
2025-09-11 00:36:55.413 135119 DEBUG oslo_service.service [req-7ef50747-9ba2-4036-94bc-0a67f7bc4cb5 - - - - -] compute.live_migration_wait_for_vif_plug = True log_opt_values /usr/lib/python3/dist-packages/oslo_config/cfg.py:2609
2025-09-11 00:36:55.413 135119 DEBUG oslo_service.service [req-7ef50747-9ba2-4036-94bc-0a67f7bc4cb5 - - - - -] compute.max_concurrent_disk_ops = 0 log_opt_values /usr/lib/python3/dist-packages/oslo_config/cfg.py:2609
2025-09-11 00:36:55.413 135119 DEBUG oslo_service.service [req-7ef50747-9ba2-4036-94bc-0a67f7bc4cb5 - - - - -] compute.max_disk_devices_to_attach = -1 log_opt_values /usr/lib/python3/dist-packages/oslo_config/cfg.py:2609
2025-09-11 00:36:55.413 135119 DEBUG oslo_service.service [req-7ef50747-9ba2-4036-94bc-0a67f7bc4cb5 - - - - -] compute.packing_host_numa_cells_allocation_strategy = True log_opt_values /usr/lib/python3/dist-packages/oslo_config/cfg.py:2609
2025-09-11 00:36:55.413 135850 DEBUG oslo_messaging._drivers.amqpdriver [-] Listener is running poll /usr/lib/python3/dist-packages/oslo_messaging/_drivers/amqpdriver.py:343
2025-09-11 00:36:55.414 135119 DEBUG oslo_service.service [req-7ef50747-9ba2-4036-94bc-0a67f7bc4cb5 - - - - -] compute.provider_config_location = /etc/nova/provider_config/ log_opt_values /usr/lib/python3/dist-packages/oslo_config/cfg.py:2609
2025-09-11 00:36:55.414 135119 DEBUG oslo_service.service [req-7ef50747-9ba2-4036-94bc-0a67f7bc4cb5 - - - - -] compute.resource_provider_association_refresh = 300 log_opt_values /usr/lib/python3/dist-packages/oslo_config/cfg.py:2609
2025-09-11 00:36:55.414 135850 DEBUG oslo_messaging._drivers.amqpdriver [-] AMQPListener connection consume poll /usr/lib/python3/dist-packages/oslo_messaging/_drivers/amqpdriver.py:357
2025-09-11 00:36:55.414 135119 DEBUG oslo_service.service [req-7ef50747-9ba2-4036-94bc-0a67f7bc4cb5 - - - - -] compute.shutdown_retry_interval = 10 log_opt_values /usr/lib/python3/dist-packages/oslo_config/cfg.py:2609
2025-09-11 00:36:55.415 135119 DEBUG oslo_service.service [req-7ef50747-9ba2-4036-94bc-0a67f7bc4cb5 - - - - -] compute.vmdk_allowed_types = ['streamOptimized', 'monolithicSparse'] log_opt_values /usr/lib/python3/dist-packages/oslo_config/cfg.py:2609
2025-09-11 00:36:55.415 135119 DEBUG oslo_service.service [req-7ef50747-9ba2-4036-94bc-0a67f7bc4cb5 - - - - -] conductor.workers = 4 log_opt_values /usr/lib/python3/dist-packages/oslo_config/cfg.py:2609
2025-09-11 00:36:55.415 135119 DEBUG oslo_service.service [req-7ef50747-9ba2-4036-94bc-0a67f7bc4cb5 - - - - -] console.allowed_origins = [] log_opt_values /usr/lib/python3/dist-packages/oslo_config/cfg.py:2609
2025-09-11 00:36:55.416 135119 DEBUG oslo_service.service [req-7ef50747-9ba2-4036-94bc-0a67f7bc4cb5 - - - - -] console.ssl_ciphers = None log_opt_values /usr/lib/python3/dist-packages/oslo_config/cfg.py:2609
2025-09-11 00:36:55.416 135119 DEBUG oslo_service.service [req-7ef50747-9ba2-4036-94bc-0a67f7bc4cb5 - - - - -] console.ssl_minimum_version = default log_opt_values /usr/lib/python3/dist-packages/oslo_config/cfg.py:2609
2025-09-11 00:36:55.416 135119 DEBUG oslo_service.service [req-7ef50747-9ba2-4036-94bc-0a67f7bc4cb5 - - - - -] consoleauth.token_ttl = 600 log_opt_values /usr/lib/python3/dist-packages/oslo_config/cfg.py:2609
2025-09-11 00:36:55.416 135119 DEBUG oslo_service.service [req-7ef50747-9ba2-4036-94bc-0a67f7bc4cb5 - - - - -] cyborg.cafile = None log_opt_values /usr/lib/python3/dist-packages/oslo_config/cfg.py:2609
2025-09-11 00:36:55.417 135119 DEBUG oslo_service.service [req-7ef50747-9ba2-4036-94bc-0a67f7bc4cb5 - - - - -] cyborg.certfile = None log_opt_values /usr/lib/python3/dist-packages/oslo_config/cfg.py:2609
2025-09-11 00:36:55.417 135119 DEBUG oslo_service.service [req-7ef50747-9ba2-4036-94bc-0a67f7bc4cb5 - - - - -] cyborg.collect_timing = False log_opt_values /usr/lib/python3/dist-packages/oslo_config/cfg.py:2609
2025-09-11 00:36:55.417 135119 DEBUG oslo_service.service [req-7ef50747-9ba2-4036-94bc-0a67f7bc4cb5 - - - - -] cyborg.connect_retries = None log_opt_values /usr/lib/python3/dist-packages/oslo_config/cfg.py:2609
2025-09-11 00:36:55.417 135119 DEBUG oslo_service.service [req-7ef50747-9ba2-4036-94bc-0a67f7bc4cb5 - - - - -] cyborg.connect_retry_delay = None log_opt_values /usr/lib/python3/dist-packages/oslo_config/cfg.py:2609
2025-09-11 00:36:55.417 135119 DEBUG oslo_service.service [req-7ef50747-9ba2-4036-94bc-0a67f7bc4cb5 - - - - -] cyborg.endpoint_override = None log_opt_values /usr/lib/python3/dist-packages/oslo_config/cfg.py:2609
2025-09-11 00:36:55.417 135850 DEBUG nova.service [req-9fd1b9fd-d564-4392-8d4a-64bbfab9c5b7 - - - - -] Join ServiceGroup membership for this service scheduler start /usr/lib/python3/dist-packages/nova/service.py:199
2025-09-11 00:36:55.417 135119 DEBUG oslo_service.service [req-7ef50747-9ba2-4036-94bc-0a67f7bc4cb5 - - - - -] cyborg.insecure = False log_opt_values /usr/lib/python3/dist-packages/oslo_config/cfg.py:2609
2025-09-11 00:36:55.418 135119 DEBUG oslo_service.service [req-7ef50747-9ba2-4036-94bc-0a67f7bc4cb5 - - - - -] cyborg.keyfile = None log_opt_values /usr/lib/python3/dist-packages/oslo_config/cfg.py:2609
2025-09-11 00:36:55.418 135850 DEBUG nova.servicegroup.drivers.db [req-9fd1b9fd-d564-4392-8d4a-64bbfab9c5b7 - - - - -] DB_Driver: join new ServiceGroup member juju-cffb37-0-lxd-7 to the scheduler group, service = join /usr/lib/python3/dist-packages/nova/servicegroup/drivers/db.py:44
2025-09-11 00:36:55.418 135119 DEBUG oslo_service.service [req-7ef50747-9ba2-4036-94bc-0a67f7bc4cb5 - - - - -] cyborg.max_version = None log_opt_values /usr/lib/python3/dist-packages/oslo_config/cfg.py:2609
2025-09-11 00:36:55.418 135848 DEBUG oslo_messaging._drivers.amqpdriver [-] Listener is running poll /usr/lib/python3/dist-packages/oslo_messaging/_drivers/amqpdriver.py:343
2025-09-11 00:36:55.418 135119 DEBUG oslo_service.service [req-7ef50747-9ba2-4036-94bc-0a67f7bc4cb5 - - - - -] cyborg.min_version = None log_opt_values /usr/lib/python3/dist-packages/oslo_config/cfg.py:2609
2025-09-11 00:36:55.418 135848 DEBUG oslo_messaging._drivers.amqpdriver [-] AMQPListener connection consume poll /usr/lib/python3/dist-packages/oslo_messaging/_drivers/amqpdriver.py:357
2025-09-11 00:36:55.418 135119 DEBUG oslo_service.service [req-7ef50747-9ba2-4036-94bc-0a67f7bc4cb5 - - - - -] cyborg.region_name = None log_opt_values /usr/lib/python3/dist-packages/oslo_config/cfg.py:2609
2025-09-11 00:36:55.418 135850 DEBUG oslo_messaging._drivers.amqpdriver [-] AMQPListener connection timeout poll /usr/lib/python3/dist-packages/oslo_messaging/_drivers/amqpdriver.py:360
2025-09-11 00:36:55.418 135119 DEBUG oslo_service.service [req-7ef50747-9ba2-4036-94bc-0a67f7bc4cb5 - - - - -] cyborg.service_name = None log_opt_values /usr/lib/python3/dist-packages/oslo_config/cfg.py:2609
2025-09-11 00:36:55.418 135850 DEBUG oslo_messaging._drivers.amqpdriver [-] Listener is running poll /usr/lib/python3/dist-packages/oslo_messaging/_drivers/amqpdriver.py:343
2025-09-11 00:36:55.418 135119 DEBUG oslo_service.service [req-7ef50747-9ba2-4036-94bc-0a67f7bc4cb5 - - - - -] cyborg.service_type = accelerator log_opt_values /usr/lib/python3/dist-packages/oslo_config/cfg.py:2609
2025-09-11 00:36:55.419 135850 DEBUG oslo_messaging._drivers.amqpdriver [-] AMQPListener connection consume poll /usr/lib/python3/dist-packages/oslo_messaging/_drivers/amqpdriver.py:357
2025-09-11 00:36:55.419 135119 DEBUG oslo_service.service [req-7ef50747-9ba2-4036-94bc-0a67f7bc4cb5 - - - - -] cyborg.split_loggers = False log_opt_values /usr/lib/python3/dist-packages/oslo_config/cfg.py:2609
2025-09-11 00:36:55.419 135119 DEBUG oslo_service.service [req-7ef50747-9ba2-4036-94bc-0a67f7bc4cb5 - - - - -] cyborg.status_code_retries = None log_opt_values /usr/lib/python3/dist-packages/oslo_config/cfg.py:2609
2025-09-11 00:36:55.419 135119 DEBUG oslo_service.service [req-7ef50747-9ba2-4036-94bc-0a67f7bc4cb5 - - - - -] cyborg.status_code_retry_delay = None log_opt_values /usr/lib/python3/dist-packages/oslo_config/cfg.py:2609
2025-09-11 00:36:55.419 135119 DEBUG oslo_service.service [req-7ef50747-9ba2-4036-94bc-0a67f7bc4cb5 - - - - -] cyborg.timeout = None log_opt_values /usr/lib/python3/dist-packages/oslo_config/cfg.py:2609
2025-09-11 00:36:55.419 135119 DEBUG oslo_service.service [req-7ef50747-9ba2-4036-94bc-0a67f7bc4cb5 - - - - -] cyborg.valid_interfaces = ['internal', 'public'] log_opt_values /usr/lib/python3/dist-packages/oslo_config/cfg.py:2609
2025-09-11 00:36:55.419 135848 DEBUG nova.service [req-37b49755-cc2c-429d-9241-4ddc577c3046 - - - - -] Join ServiceGroup membership for this service scheduler start /usr/lib/python3/dist-packages/nova/service.py:199
2025-09-11 00:36:55.420 135119 DEBUG oslo_service.service [req-7ef50747-9ba2-4036-94bc-0a67f7bc4cb5 - - - - -] cyborg.version = None log_opt_values /usr/lib/python3/dist-packages/oslo_config/cfg.py:2609
2025-09-11 00:36:55.420 135848 DEBUG nova.servicegroup.drivers.db [req-37b49755-cc2c-429d-9241-4ddc577c3046 - - - - -] DB_Driver: join new ServiceGroup member juju-cffb37-0-lxd-7 to the scheduler group, service = join /usr/lib/python3/dist-packages/nova/servicegroup/drivers/db.py:44
2025-09-11 00:36:55.420 135119 DEBUG oslo_service.service [req-7ef50747-9ba2-4036-94bc-0a67f7bc4cb5 - - - - -] database.backend = sqlalchemy log_opt_values /usr/lib/python3/dist-packages/oslo_config/cfg.py:2609
2025-09-11 00:36:55.420 135119 DEBUG oslo_service.service [req-7ef50747-9ba2-4036-94bc-0a67f7bc4cb5 - - - - -] database.connection = **** log_opt_values /usr/lib/python3/dist-packages/oslo_config/cfg.py:2609
2025-09-11 00:36:55.420 135119 DEBUG oslo_service.service [req-7ef50747-9ba2-4036-94bc-0a67f7bc4cb5 - - - - -] database.connection_debug = 0 log_opt_values /usr/lib/python3/dist-packages/oslo_config/cfg.py:2609
2025-09-11 00:36:55.420 135119 DEBUG oslo_service.service [req-7ef50747-9ba2-4036-94bc-0a67f7bc4cb5 - - - - -] database.connection_parameters = log_opt_values /usr/lib/python3/dist-packages/oslo_config/cfg.py:2609
2025-09-11 00:36:55.421 135119 DEBUG oslo_service.service [req-7ef50747-9ba2-4036-94bc-0a67f7bc4cb5 - - - - -] database.connection_recycle_time = 3600 log_opt_values /usr/lib/python3/dist-packages/oslo_config/cfg.py:2609
2025-09-11 00:36:55.421 135119 DEBUG oslo_service.service [req-7ef50747-9ba2-4036-94bc-0a67f7bc4cb5 - - - - -] database.connection_trace = False log_opt_values /usr/lib/python3/dist-packages/oslo_config/cfg.py:2609
2025-09-11 00:36:55.421 135119 DEBUG oslo_service.service [req-7ef50747-9ba2-4036-94bc-0a67f7bc4cb5 - - - - -] database.db_inc_retry_interval = True log_opt_values /usr/lib/python3/dist-packages/oslo_config/cfg.py:2609
2025-09-11 00:36:55.421 135119 DEBUG oslo_service.service [req-7ef50747-9ba2-4036-94bc-0a67f7bc4cb5 - - - - -] database.db_max_retries = 20 log_opt_values /usr/lib/python3/dist-packages/oslo_config/cfg.py:2609
2025-09-11 00:36:55.421 135848 DEBUG oslo_messaging._drivers.amqpdriver [-] AMQPListener connection timeout poll /usr/lib/python3/dist-packages/oslo_messaging/_drivers/amqpdriver.py:360
2025-09-11 00:36:55.421 135119 DEBUG oslo_service.service [req-7ef50747-9ba2-4036-94bc-0a67f7bc4cb5 - - - - -] database.db_max_retry_interval = 10 log_opt_values /usr/lib/python3/dist-packages/oslo_config/cfg.py:2609
2025-09-11 00:36:55.421 135848 DEBUG oslo_messaging._drivers.amqpdriver [-] Listener is running poll /usr/lib/python3/dist-packages/oslo_messaging/_drivers/amqpdriver.py:343
2025-09-11 00:36:55.421 135119 DEBUG oslo_service.service [req-7ef50747-9ba2-4036-94bc-0a67f7bc4cb5 - - - - -] database.db_retry_interval = 1 log_opt_values /usr/lib/python3/dist-packages/oslo_config/cfg.py:2609
2025-09-11 00:36:55.422 135848 DEBUG oslo_messaging._drivers.amqpdriver [-] AMQPListener connection consume poll /usr/lib/python3/dist-packages/oslo_messaging/_drivers/amqpdriver.py:357
2025-09-11 00:36:55.422 135119 DEBUG oslo_service.service [req-7ef50747-9ba2-4036-94bc-0a67f7bc4cb5 - - - - -] database.max_overflow = 50 log_opt_values /usr/lib/python3/dist-packages/oslo_config/cfg.py:2609
2025-09-11 00:36:55.422 135119 DEBUG oslo_service.service [req-7ef50747-9ba2-4036-94bc-0a67f7bc4cb5 - - - - -] database.max_pool_size = 4 log_opt_values /usr/lib/python3/dist-packages/oslo_config/cfg.py:2609
2025-09-11 00:36:55.422 135119 DEBUG oslo_service.service [req-7ef50747-9ba2-4036-94bc-0a67f7bc4cb5 - - - - -] database.max_retries = 10 log_opt_values /usr/lib/python3/dist-packages/oslo_config/cfg.py:2609
2025-09-11 00:36:55.422 135119 DEBUG oslo_service.service [req-7ef50747-9ba2-4036-94bc-0a67f7bc4cb5 - - - - -] database.mysql_enable_ndb = False log_opt_values /usr/lib/python3/dist-packages/oslo_config/cfg.py:2609
2025-09-11 00:36:55.422 135119 DEBUG oslo_service.service [req-7ef50747-9ba2-4036-94bc-0a67f7bc4cb5 - - - - -] database.mysql_sql_mode = TRADITIONAL log_opt_values /usr/lib/python3/dist-packages/oslo_config/cfg.py:2609
2025-09-11 00:36:55.422 135119 DEBUG oslo_service.service [req-7ef50747-9ba2-4036-94bc-0a67f7bc4cb5 - - - - -] database.pool_timeout = None log_opt_values /usr/lib/python3/dist-packages/oslo_config/cfg.py:2609
2025-09-11 00:36:55.423 135119 DEBUG oslo_service.service [req-7ef50747-9ba2-4036-94bc-0a67f7bc4cb5 - - - - -] database.retry_interval = 10 log_opt_values /usr/lib/python3/dist-packages/oslo_config/cfg.py:2609
2025-09-11 00:36:55.423 135119 DEBUG oslo_service.service [req-7ef50747-9ba2-4036-94bc-0a67f7bc4cb5 - - - - -] database.slave_connection = **** log_opt_values /usr/lib/python3/dist-packages/oslo_config/cfg.py:2609
2025-09-11 00:36:55.423 135119 DEBUG oslo_service.service [req-7ef50747-9ba2-4036-94bc-0a67f7bc4cb5 - - - - -] database.sqlite_synchronous = True log_opt_values /usr/lib/python3/dist-packages/oslo_config/cfg.py:2609
2025-09-11 00:36:55.423 135119 DEBUG oslo_service.service [req-7ef50747-9ba2-4036-94bc-0a67f7bc4cb5 - - - - -] database.use_db_reconnect = False log_opt_values /usr/lib/python3/dist-packages/oslo_config/cfg.py:2609
2025-09-11 00:36:55.423 135119 DEBUG oslo_service.service [req-7ef50747-9ba2-4036-94bc-0a67f7bc4cb5 - - - - -] api_database.backend = sqlalchemy log_opt_values /usr/lib/python3/dist-packages/oslo_config/cfg.py:2609
2025-09-11 00:36:55.424 135119 DEBUG oslo_service.service [req-7ef50747-9ba2-4036-94bc-0a67f7bc4cb5 - - - - -] api_database.connection = **** log_opt_values /usr/lib/python3/dist-packages/oslo_config/cfg.py:2609
2025-09-11 00:36:55.424 135119 DEBUG oslo_service.service [req-7ef50747-9ba2-4036-94bc-0a67f7bc4cb5 - - - - -] api_database.connection_debug = 0 log_opt_values /usr/lib/python3/dist-packages/oslo_config/cfg.py:2609
2025-09-11 00:36:55.424 135119 DEBUG oslo_service.service [req-7ef50747-9ba2-4036-94bc-0a67f7bc4cb5 - - - - -] api_database.connection_parameters = log_opt_values /usr/lib/python3/dist-packages/oslo_config/cfg.py:2609
2025-09-11 00:36:55.424 135119 DEBUG oslo_service.service [req-7ef50747-9ba2-4036-94bc-0a67f7bc4cb5 - - - - -] api_database.connection_recycle_time = 3600 log_opt_values /usr/lib/python3/dist-packages/oslo_config/cfg.py:2609
2025-09-11 00:36:55.425 135119 DEBUG oslo_service.service [req-7ef50747-9ba2-4036-94bc-0a67f7bc4cb5 - - - - -] api_database.connection_trace = False log_opt_values /usr/lib/python3/dist-packages/oslo_config/cfg.py:2609
2025-09-11 00:36:55.425 135119 DEBUG oslo_service.service [req-7ef50747-9ba2-4036-94bc-0a67f7bc4cb5 - - - - -] api_database.db_inc_retry_interval = True log_opt_values /usr/lib/python3/dist-packages/oslo_config/cfg.py:2609
2025-09-11 00:36:55.425 135119 DEBUG oslo_service.service [req-7ef50747-9ba2-4036-94bc-0a67f7bc4cb5 - - - - -] api_database.db_max_retries = 20 log_opt_values /usr/lib/python3/dist-packages/oslo_config/cfg.py:2609
2025-09-11 00:36:55.426 135119 DEBUG oslo_service.service [req-7ef50747-9ba2-4036-94bc-0a67f7bc4cb5 - - - - -] api_database.db_max_retry_interval = 10 log_opt_values /usr/lib/python3/dist-packages/oslo_config/cfg.py:2609
2025-09-11 00:36:55.426 135119 DEBUG oslo_service.service [req-7ef50747-9ba2-4036-94bc-0a67f7bc4cb5 - - - - -] api_database.db_retry_interval = 1 log_opt_values /usr/lib/python3/dist-packages/oslo_config/cfg.py:2609
2025-09-11 00:36:55.426 135119 DEBUG oslo_service.service [req-7ef50747-9ba2-4036-94bc-0a67f7bc4cb5 - - - - -] api_database.max_overflow = 50 log_opt_values /usr/lib/python3/dist-packages/oslo_config/cfg.py:2609
2025-09-11 00:36:55.426 135119 DEBUG oslo_service.service [req-7ef50747-9ba2-4036-94bc-0a67f7bc4cb5 - - - - -] api_database.max_pool_size = 4 log_opt_values /usr/lib/python3/dist-packages/oslo_config/cfg.py:2609
2025-09-11 00:36:55.426 135119 DEBUG oslo_service.service [req-7ef50747-9ba2-4036-94bc-0a67f7bc4cb5 - - - - -] api_database.max_retries = 10 log_opt_values /usr/lib/python3/dist-packages/oslo_config/cfg.py:2609
2025-09-11 00:36:55.427 135119 DEBUG oslo_service.service [req-7ef50747-9ba2-4036-94bc-0a67f7bc4cb5 - - - - -] api_database.mysql_enable_ndb = False log_opt_values /usr/lib/python3/dist-packages/oslo_config/cfg.py:2609
2025-09-11 00:36:55.427 135119 DEBUG oslo_service.service [req-7ef50747-9ba2-4036-94bc-0a67f7bc4cb5 - - - - -] api_database.mysql_sql_mode = TRADITIONAL log_opt_values /usr/lib/python3/dist-packages/oslo_config/cfg.py:2609
2025-09-11 00:36:55.427 135119 DEBUG oslo_service.service [req-7ef50747-9ba2-4036-94bc-0a67f7bc4cb5 - - - - -] api_database.pool_timeout = None log_opt_values /usr/lib/python3/dist-packages/oslo_config/cfg.py:2609
2025-09-11 00:36:55.427 135119 DEBUG oslo_service.service [req-7ef50747-9ba2-4036-94bc-0a67f7bc4cb5 - - - - -] api_database.retry_interval = 10 log_opt_values /usr/lib/python3/dist-packages/oslo_config/cfg.py:2609
2025-09-11 00:36:55.427 135119 DEBUG oslo_service.service [req-7ef50747-9ba2-4036-94bc-0a67f7bc4cb5 - - - - -] api_database.slave_connection = **** log_opt_values /usr/lib/python3/dist-packages/oslo_config/cfg.py:2609
2025-09-11 00:36:55.428 135119 DEBUG oslo_service.service [req-7ef50747-9ba2-4036-94bc-0a67f7bc4cb5 - - - - -] api_database.sqlite_synchronous = True log_opt_values /usr/lib/python3/dist-packages/oslo_config/cfg.py:2609
2025-09-11 00:36:55.428 135119 DEBUG oslo_service.service [req-7ef50747-9ba2-4036-94bc-0a67f7bc4cb5 - - - - -] devices.enabled_mdev_types = [] log_opt_values /usr/lib/python3/dist-packages/oslo_config/cfg.py:2609
2025-09-11 00:36:55.428 135119 DEBUG oslo_service.service [req-7ef50747-9ba2-4036-94bc-0a67f7bc4cb5 - - - - -] ephemeral_storage_encryption.cipher = aes-xts-plain64 log_opt_values /usr/lib/python3/dist-packages/oslo_config/cfg.py:2609
