2025-09-11 00:35:39.188 129025 DEBUG oslo_service.service [req-191babb4-1f35-4396-af3f-2fdc36a5a67e - - - - -] logging_exception_prefix = %(asctime)s.%(msecs)03d %(process)d ERROR %(name)s %(instance)s log_opt_values /usr/lib/python3/dist-packages/oslo_config/cfg.py:2602
2025-09-11 00:35:39.188 129025 DEBUG oslo_service.service [req-191babb4-1f35-4396-af3f-2fdc36a5a67e - - - - -] logging_user_identity_format = %(user)s %(project)s %(domain)s %(user_domain)s %(project_domain)s log_opt_values /usr/lib/python3/dist-packages/oslo_config/cfg.py:2602
2025-09-11 00:35:39.188 129025 DEBUG oslo_service.service [req-191babb4-1f35-4396-af3f-2fdc36a5a67e - - - - -] long_rpc_timeout = 1800 log_opt_values /usr/lib/python3/dist-packages/oslo_config/cfg.py:2602
2025-09-11 00:35:39.188 129025 DEBUG oslo_service.service [req-191babb4-1f35-4396-af3f-2fdc36a5a67e - - - - -] max_concurrent_builds = 10 log_opt_values /usr/lib/python3/dist-packages/oslo_config/cfg.py:2602
2025-09-11 00:35:39.189 129025 DEBUG oslo_service.service [req-191babb4-1f35-4396-af3f-2fdc36a5a67e - - - - -] max_concurrent_live_migrations = 1 log_opt_values /usr/lib/python3/dist-packages/oslo_config/cfg.py:2602
2025-09-11 00:35:39.189 129025 DEBUG oslo_service.service [req-191babb4-1f35-4396-af3f-2fdc36a5a67e - - - - -] max_concurrent_snapshots = 5 log_opt_values /usr/lib/python3/dist-packages/oslo_config/cfg.py:2602
2025-09-11 00:35:39.189 129025 DEBUG oslo_service.service [req-191babb4-1f35-4396-af3f-2fdc36a5a67e - - - - -] max_local_block_devices = 3 log_opt_values /usr/lib/python3/dist-packages/oslo_config/cfg.py:2602
2025-09-11 00:35:39.190 129025 DEBUG oslo_service.service [req-191babb4-1f35-4396-af3f-2fdc36a5a67e - - - - -] max_logfile_count = 30 log_opt_values /usr/lib/python3/dist-packages/oslo_config/cfg.py:2602
2025-09-11 00:35:39.191 129025 DEBUG oslo_service.service [req-191babb4-1f35-4396-af3f-2fdc36a5a67e - - - - -] max_logfile_size_mb = 200 log_opt_values /usr/lib/python3/dist-packages/oslo_config/cfg.py:2602
2025-09-11 00:35:39.191 129025 DEBUG oslo_service.service [req-191babb4-1f35-4396-af3f-2fdc36a5a67e - - - - -] maximum_instance_delete_attempts = 5 log_opt_values /usr/lib/python3/dist-packages/oslo_config/cfg.py:2602
2025-09-11 00:35:39.192 129025 DEBUG oslo_service.service [req-191babb4-1f35-4396-af3f-2fdc36a5a67e - - - - -] metadata_listen = 0.0.0.0 log_opt_values /usr/lib/python3/dist-packages/oslo_config/cfg.py:2602
2025-09-11 00:35:39.192 129025 DEBUG oslo_service.service [req-191babb4-1f35-4396-af3f-2fdc36a5a67e - - - - -] metadata_listen_port = 8765 log_opt_values /usr/lib/python3/dist-packages/oslo_config/cfg.py:2602
2025-09-11 00:35:39.192 129025 DEBUG oslo_service.service [req-191babb4-1f35-4396-af3f-2fdc36a5a67e - - - - -] metadata_workers = None log_opt_values /usr/lib/python3/dist-packages/oslo_config/cfg.py:2602
2025-09-11 00:35:39.195 130611 DEBUG oslo_db.sqlalchemy.engines [req-c315e3c5-b99a-4698-8857-27bf4d469537 - - - - -] MySQL server mode set to STRICT_TRANS_TABLES,STRICT_ALL_TABLES,NO_ZERO_IN_DATE,NO_ZERO_DATE,ERROR_FOR_DIVISION_BY_ZERO,TRADITIONAL,NO_ENGINE_SUBSTITUTION _check_effective_sql_mode /usr/lib/python3/dist-packages/oslo_db/sqlalchemy/engines.py:314
2025-09-11 00:35:39.196 129025 DEBUG oslo_service.service [req-191babb4-1f35-4396-af3f-2fdc36a5a67e - - - - -] migrate_max_retries = -1 log_opt_values /usr/lib/python3/dist-packages/oslo_config/cfg.py:2602
2025-09-11 00:35:39.197 129025 DEBUG oslo_service.service [req-191babb4-1f35-4396-af3f-2fdc36a5a67e - - - - -] mkisofs_cmd = genisoimage log_opt_values /usr/lib/python3/dist-packages/oslo_config/cfg.py:2602
2025-09-11 00:35:39.198 129025 DEBUG oslo_service.service [req-191babb4-1f35-4396-af3f-2fdc36a5a67e - - - - -] my_block_storage_ip = 252.50.204.6 log_opt_values /usr/lib/python3/dist-packages/oslo_config/cfg.py:2602
2025-09-11 00:35:39.198 129025 DEBUG oslo_service.service [req-191babb4-1f35-4396-af3f-2fdc36a5a67e - - - - -] my_ip = 252.50.204.6 log_opt_values /usr/lib/python3/dist-packages/oslo_config/cfg.py:2602
2025-09-11 00:35:39.199 129025 DEBUG oslo_service.service [req-191babb4-1f35-4396-af3f-2fdc36a5a67e - - - - -] network_allocate_retries = 0 log_opt_values /usr/lib/python3/dist-packages/oslo_config/cfg.py:2602
2025-09-11 00:35:39.199 129025 DEBUG oslo_service.service [req-191babb4-1f35-4396-af3f-2fdc36a5a67e - - - - -] non_inheritable_image_properties = ['cache_in_nova', 'bittorrent'] log_opt_values /usr/lib/python3/dist-packages/oslo_config/cfg.py:2602
2025-09-11 00:35:39.199 129025 DEBUG oslo_service.service [req-191babb4-1f35-4396-af3f-2fdc36a5a67e - - - - -] osapi_compute_listen = 0.0.0.0 log_opt_values /usr/lib/python3/dist-packages/oslo_config/cfg.py:2602
2025-09-11 00:35:39.199 129025 DEBUG oslo_service.service [req-191babb4-1f35-4396-af3f-2fdc36a5a67e - - - - -] osapi_compute_listen_port = 8764 log_opt_values /usr/lib/python3/dist-packages/oslo_config/cfg.py:2602
2025-09-11 00:35:39.199 129025 DEBUG oslo_service.service [req-191babb4-1f35-4396-af3f-2fdc36a5a67e - - - - -] osapi_compute_unique_server_name_scope = log_opt_values /usr/lib/python3/dist-packages/oslo_config/cfg.py:2602
2025-09-11 00:35:39.200 129025 DEBUG oslo_service.service [req-191babb4-1f35-4396-af3f-2fdc36a5a67e - - - - -] osapi_compute_workers = 4 log_opt_values /usr/lib/python3/dist-packages/oslo_config/cfg.py:2602
2025-09-11 00:35:39.200 129025 DEBUG oslo_service.service [req-191babb4-1f35-4396-af3f-2fdc36a5a67e - - - - -] password_length = 12 log_opt_values /usr/lib/python3/dist-packages/oslo_config/cfg.py:2602
2025-09-11 00:35:39.200 129025 DEBUG oslo_service.service [req-191babb4-1f35-4396-af3f-2fdc36a5a67e - - - - -] periodic_enable = True log_opt_values /usr/lib/python3/dist-packages/oslo_config/cfg.py:2602
2025-09-11 00:35:39.200 129025 DEBUG oslo_service.service [req-191babb4-1f35-4396-af3f-2fdc36a5a67e - - - - -] periodic_fuzzy_delay = 60 log_opt_values /usr/lib/python3/dist-packages/oslo_config/cfg.py:2602
2025-09-11 00:35:39.202 129025 DEBUG oslo_service.service [req-191babb4-1f35-4396-af3f-2fdc36a5a67e - - - - -] pointer_model = usbtablet log_opt_values /usr/lib/python3/dist-packages/oslo_config/cfg.py:2602
2025-09-11 00:35:39.203 129025 DEBUG oslo_service.service [req-191babb4-1f35-4396-af3f-2fdc36a5a67e - - - - -] preallocate_images = none log_opt_values /usr/lib/python3/dist-packages/oslo_config/cfg.py:2602
2025-09-11 00:35:39.203 129025 DEBUG oslo_service.service [req-191babb4-1f35-4396-af3f-2fdc36a5a67e - - - - -] publish_errors = False log_opt_values /usr/lib/python3/dist-packages/oslo_config/cfg.py:2602
2025-09-11 00:35:39.203 129025 DEBUG oslo_service.service [req-191babb4-1f35-4396-af3f-2fdc36a5a67e - - - - -] pybasedir = /usr/lib/python3/dist-packages log_opt_values /usr/lib/python3/dist-packages/oslo_config/cfg.py:2602
2025-09-11 00:35:39.203 129025 DEBUG oslo_service.service [req-191babb4-1f35-4396-af3f-2fdc36a5a67e - - - - -] ram_allocation_ratio = 0.98 log_opt_values /usr/lib/python3/dist-packages/oslo_config/cfg.py:2602
2025-09-11 00:35:39.205 129025 DEBUG oslo_service.service [req-191babb4-1f35-4396-af3f-2fdc36a5a67e - - - - -] rate_limit_burst = 0 log_opt_values /usr/lib/python3/dist-packages/oslo_config/cfg.py:2602
2025-09-11 00:35:39.205 129025 DEBUG oslo_service.service [req-191babb4-1f35-4396-af3f-2fdc36a5a67e - - - - -] rate_limit_except_level = CRITICAL log_opt_values /usr/lib/python3/dist-packages/oslo_config/cfg.py:2602
2025-09-11 00:35:39.205 129025 DEBUG oslo_service.service [req-191babb4-1f35-4396-af3f-2fdc36a5a67e - - - - -] rate_limit_interval = 0 log_opt_values /usr/lib/python3/dist-packages/oslo_config/cfg.py:2602
2025-09-11 00:35:39.205 129025 DEBUG oslo_service.service [req-191babb4-1f35-4396-af3f-2fdc36a5a67e - - - - -] reboot_timeout = 0 log_opt_values /usr/lib/python3/dist-packages/oslo_config/cfg.py:2602
2025-09-11 00:35:39.205 129025 DEBUG oslo_service.service [req-191babb4-1f35-4396-af3f-2fdc36a5a67e - - - - -] reclaim_instance_interval = 0 log_opt_values /usr/lib/python3/dist-packages/oslo_config/cfg.py:2602
2025-09-11 00:35:39.206 129025 DEBUG oslo_service.service [req-191babb4-1f35-4396-af3f-2fdc36a5a67e - - - - -] record = None log_opt_values /usr/lib/python3/dist-packages/oslo_config/cfg.py:2602
2025-09-11 00:35:39.206 129025 DEBUG oslo_service.service [req-191babb4-1f35-4396-af3f-2fdc36a5a67e - - - - -] report_interval = 10 log_opt_values /usr/lib/python3/dist-packages/oslo_config/cfg.py:2602
2025-09-11 00:35:39.206 129025 DEBUG oslo_service.service [req-191babb4-1f35-4396-af3f-2fdc36a5a67e - - - - -] rescue_timeout = 0 log_opt_values /usr/lib/python3/dist-packages/oslo_config/cfg.py:2602
2025-09-11 00:35:39.206 129025 DEBUG oslo_service.service [req-191babb4-1f35-4396-af3f-2fdc36a5a67e - - - - -] reserved_host_cpus = 0 log_opt_values /usr/lib/python3/dist-packages/oslo_config/cfg.py:2602
2025-09-11 00:35:39.206 129025 DEBUG oslo_service.service [req-191babb4-1f35-4396-af3f-2fdc36a5a67e - - - - -] reserved_host_disk_mb = 0 log_opt_values /usr/lib/python3/dist-packages/oslo_config/cfg.py:2602
2025-09-11 00:35:39.207 129025 DEBUG oslo_service.service [req-191babb4-1f35-4396-af3f-2fdc36a5a67e - - - - -] reserved_host_memory_mb = 512 log_opt_values /usr/lib/python3/dist-packages/oslo_config/cfg.py:2602
2025-09-11 00:35:39.208 129025 DEBUG oslo_service.service [req-191babb4-1f35-4396-af3f-2fdc36a5a67e - - - - -] reserved_huge_pages = None log_opt_values /usr/lib/python3/dist-packages/oslo_config/cfg.py:2602
2025-09-11 00:35:39.209 129025 DEBUG oslo_service.service [req-191babb4-1f35-4396-af3f-2fdc36a5a67e - - - - -] resize_confirm_window = 0 log_opt_values /usr/lib/python3/dist-packages/oslo_config/cfg.py:2602
2025-09-11 00:35:39.209 129025 DEBUG oslo_service.service [req-191babb4-1f35-4396-af3f-2fdc36a5a67e - - - - -] resize_fs_using_block_device = False log_opt_values /usr/lib/python3/dist-packages/oslo_config/cfg.py:2602
2025-09-11 00:35:39.211 129025 DEBUG oslo_service.service [req-191babb4-1f35-4396-af3f-2fdc36a5a67e - - - - -] resume_guests_state_on_host_boot = False log_opt_values /usr/lib/python3/dist-packages/oslo_config/cfg.py:2602
2025-09-11 00:35:39.212 129025 DEBUG oslo_service.service [req-191babb4-1f35-4396-af3f-2fdc36a5a67e - - - - -] rootwrap_config = /etc/nova/rootwrap.conf log_opt_values /usr/lib/python3/dist-packages/oslo_config/cfg.py:2602
2025-09-11 00:35:39.212 129025 DEBUG oslo_service.service [req-191babb4-1f35-4396-af3f-2fdc36a5a67e - - - - -] rpc_response_timeout = 60 log_opt_values /usr/lib/python3/dist-packages/oslo_config/cfg.py:2602
2025-09-11 00:35:39.212 129025 DEBUG oslo_service.service [req-191babb4-1f35-4396-af3f-2fdc36a5a67e - - - - -] run_external_periodic_tasks = True log_opt_values /usr/lib/python3/dist-packages/oslo_config/cfg.py:2602
2025-09-11 00:35:39.213 130610 DEBUG oslo_db.sqlalchemy.engines [req-ed4889ee-25d8-4791-8355-5ee2a7d9f98d - - - - -] MySQL server mode set to STRICT_TRANS_TABLES,STRICT_ALL_TABLES,NO_ZERO_IN_DATE,NO_ZERO_DATE,ERROR_FOR_DIVISION_BY_ZERO,TRADITIONAL,NO_ENGINE_SUBSTITUTION _check_effective_sql_mode /usr/lib/python3/dist-packages/oslo_db/sqlalchemy/engines.py:314
2025-09-11 00:35:39.214 129025 DEBUG oslo_service.service [req-191babb4-1f35-4396-af3f-2fdc36a5a67e - - - - -] running_deleted_instance_action = reap log_opt_values /usr/lib/python3/dist-packages/oslo_config/cfg.py:2602
2025-09-11 00:35:39.215 129025 DEBUG oslo_service.service [req-191babb4-1f35-4396-af3f-2fdc36a5a67e - - - - -] running_deleted_instance_poll_interval = 1800 log_opt_values /usr/lib/python3/dist-packages/oslo_config/cfg.py:2602
2025-09-11 00:35:39.215 129025 DEBUG oslo_service.service [req-191babb4-1f35-4396-af3f-2fdc36a5a67e - - - - -] running_deleted_instance_timeout = 0 log_opt_values /usr/lib/python3/dist-packages/oslo_config/cfg.py:2602
2025-09-11 00:35:39.215 129025 DEBUG oslo_service.service [req-191babb4-1f35-4396-af3f-2fdc36a5a67e - - - - -] scheduler_instance_sync_interval = 120 log_opt_values /usr/lib/python3/dist-packages/oslo_config/cfg.py:2602
2025-09-11 00:35:39.215 129025 DEBUG oslo_service.service [req-191babb4-1f35-4396-af3f-2fdc36a5a67e - - - - -] service_down_time = 60 log_opt_values /usr/lib/python3/dist-packages/oslo_config/cfg.py:2602
2025-09-11 00:35:39.216 129025 DEBUG oslo_service.service [req-191babb4-1f35-4396-af3f-2fdc36a5a67e - - - - -] servicegroup_driver = db log_opt_values /usr/lib/python3/dist-packages/oslo_config/cfg.py:2602
2025-09-11 00:35:39.216 129025 DEBUG oslo_service.service [req-191babb4-1f35-4396-af3f-2fdc36a5a67e - - - - -] shelved_offload_time = 0 log_opt_values /usr/lib/python3/dist-packages/oslo_config/cfg.py:2602
2025-09-11 00:35:39.216 129025 DEBUG oslo_service.service [req-191babb4-1f35-4396-af3f-2fdc36a5a67e - - - - -] shelved_poll_interval = 3600 log_opt_values /usr/lib/python3/dist-packages/oslo_config/cfg.py:2602
2025-09-11 00:35:39.216 129025 DEBUG oslo_service.service [req-191babb4-1f35-4396-af3f-2fdc36a5a67e - - - - -] shutdown_timeout = 60 log_opt_values /usr/lib/python3/dist-packages/oslo_config/cfg.py:2602
2025-09-11 00:35:39.216 129025 DEBUG oslo_service.service [req-191babb4-1f35-4396-af3f-2fdc36a5a67e - - - - -] source_is_ipv6 = False log_opt_values /usr/lib/python3/dist-packages/oslo_config/cfg.py:2602
2025-09-11 00:35:39.216 129025 DEBUG oslo_service.service [req-191babb4-1f35-4396-af3f-2fdc36a5a67e - - - - -] ssl_only = False log_opt_values /usr/lib/python3/dist-packages/oslo_config/cfg.py:2602
2025-09-11 00:35:39.217 129025 DEBUG oslo_service.service [req-191babb4-1f35-4396-af3f-2fdc36a5a67e - - - - -] state_path = /var/lib/nova log_opt_values /usr/lib/python3/dist-packages/oslo_config/cfg.py:2602
2025-09-11 00:35:39.217 129025 DEBUG oslo_service.service [req-191babb4-1f35-4396-af3f-2fdc36a5a67e - - - - -] sync_power_state_interval = 600 log_opt_values /usr/lib/python3/dist-packages/oslo_config/cfg.py:2602
2025-09-11 00:35:39.217 129025 DEBUG oslo_service.service [req-191babb4-1f35-4396-af3f-2fdc36a5a67e - - - - -] sync_power_state_pool_size = 1000 log_opt_values /usr/lib/python3/dist-packages/oslo_config/cfg.py:2602
2025-09-11 00:35:39.218 129025 DEBUG oslo_service.service [req-191babb4-1f35-4396-af3f-2fdc36a5a67e - - - - -] syslog_log_facility = LOG_USER log_opt_values /usr/lib/python3/dist-packages/oslo_config/cfg.py:2602
2025-09-11 00:35:39.218 129025 DEBUG oslo_service.service [req-191babb4-1f35-4396-af3f-2fdc36a5a67e - - - - -] tempdir = None log_opt_values /usr/lib/python3/dist-packages/oslo_config/cfg.py:2602
2025-09-11 00:35:39.218 129025 DEBUG oslo_service.service [req-191babb4-1f35-4396-af3f-2fdc36a5a67e - - - - -] timeout_nbd = 10 log_opt_values /usr/lib/python3/dist-packages/oslo_config/cfg.py:2602
2025-09-11 00:35:39.219 129025 DEBUG oslo_service.service [req-191babb4-1f35-4396-af3f-2fdc36a5a67e - - - - -] transport_url = **** log_opt_values /usr/lib/python3/dist-packages/oslo_config/cfg.py:2602
2025-09-11 00:35:39.219 129025 DEBUG oslo_service.service [req-191babb4-1f35-4396-af3f-2fdc36a5a67e - - - - -] update_resources_interval = 0 log_opt_values /usr/lib/python3/dist-packages/oslo_config/cfg.py:2602
2025-09-11 00:35:39.219 129025 DEBUG oslo_service.service [req-191babb4-1f35-4396-af3f-2fdc36a5a67e - - - - -] use_cow_images = True log_opt_values /usr/lib/python3/dist-packages/oslo_config/cfg.py:2602
2025-09-11 00:35:39.219 129025 DEBUG oslo_service.service [req-191babb4-1f35-4396-af3f-2fdc36a5a67e - - - - -] use_eventlog = False log_opt_values /usr/lib/python3/dist-packages/oslo_config/cfg.py:2602
2025-09-11 00:35:39.219 129025 DEBUG oslo_service.service [req-191babb4-1f35-4396-af3f-2fdc36a5a67e - - - - -] use_journal = False log_opt_values /usr/lib/python3/dist-packages/oslo_config/cfg.py:2602
2025-09-11 00:35:39.220 129025 DEBUG oslo_service.service [req-191babb4-1f35-4396-af3f-2fdc36a5a67e - - - - -] use_json = False log_opt_values /usr/lib/python3/dist-packages/oslo_config/cfg.py:2602
2025-09-11 00:35:39.220 129025 DEBUG oslo_service.service [req-191babb4-1f35-4396-af3f-2fdc36a5a67e - - - - -] use_rootwrap_daemon = False log_opt_values /usr/lib/python3/dist-packages/oslo_config/cfg.py:2602
2025-09-11 00:35:39.220 129025 DEBUG oslo_service.service [req-191babb4-1f35-4396-af3f-2fdc36a5a67e - - - - -] use_stderr = False log_opt_values /usr/lib/python3/dist-packages/oslo_config/cfg.py:2602
2025-09-11 00:35:39.220 129025 DEBUG oslo_service.service [req-191babb4-1f35-4396-af3f-2fdc36a5a67e - - - - -] use_syslog = False log_opt_values /usr/lib/python3/dist-packages/oslo_config/cfg.py:2602
2025-09-11 00:35:39.220 129025 DEBUG oslo_service.service [req-191babb4-1f35-4396-af3f-2fdc36a5a67e - - - - -] vcpu_pin_set = None log_opt_values /usr/lib/python3/dist-packages/oslo_config/cfg.py:2602
2025-09-11 00:35:39.220 129025 DEBUG oslo_service.service [req-191babb4-1f35-4396-af3f-2fdc36a5a67e - - - - -] vif_plugging_is_fatal = True log_opt_values /usr/lib/python3/dist-packages/oslo_config/cfg.py:2602
2025-09-11 00:35:39.221 129025 DEBUG oslo_service.service [req-191babb4-1f35-4396-af3f-2fdc36a5a67e - - - - -] vif_plugging_timeout = 300 log_opt_values /usr/lib/python3/dist-packages/oslo_config/cfg.py:2602
2025-09-11 00:35:39.221 129025 DEBUG oslo_service.service [req-191babb4-1f35-4396-af3f-2fdc36a5a67e - - - - -] virt_mkfs = [] log_opt_values /usr/lib/python3/dist-packages/oslo_config/cfg.py:2602
2025-09-11 00:35:39.221 129025 DEBUG oslo_service.service [req-191babb4-1f35-4396-af3f-2fdc36a5a67e - - - - -] volume_usage_poll_interval = 0 log_opt_values /usr/lib/python3/dist-packages/oslo_config/cfg.py:2602
2025-09-11 00:35:39.221 129025 DEBUG oslo_service.service [req-191babb4-1f35-4396-af3f-2fdc36a5a67e - - - - -] watch_log_file = False log_opt_values /usr/lib/python3/dist-packages/oslo_config/cfg.py:2602
2025-09-11 00:35:39.225 129025 DEBUG oslo_service.service [req-191babb4-1f35-4396-af3f-2fdc36a5a67e - - - - -] web = /usr/share/spice-html5 log_opt_values /usr/lib/python3/dist-packages/oslo_config/cfg.py:2602
2025-09-11 00:35:39.225 129025 DEBUG oslo_service.service [req-191babb4-1f35-4396-af3f-2fdc36a5a67e - - - - -] oslo_concurrency.disable_process_locking = False log_opt_values /usr/lib/python3/dist-packages/oslo_config/cfg.py:2609
2025-09-11 00:35:39.226 129025 DEBUG oslo_service.service [req-191babb4-1f35-4396-af3f-2fdc36a5a67e - - - - -] oslo_concurrency.lock_path = /var/lock/nova log_opt_values /usr/lib/python3/dist-packages/oslo_config/cfg.py:2609
2025-09-11 00:35:39.226 129025 DEBUG oslo_service.service [req-191babb4-1f35-4396-af3f-2fdc36a5a67e - - - - -] oslo_messaging_metrics.metrics_buffer_size = 1000 log_opt_values /usr/lib/python3/dist-packages/oslo_config/cfg.py:2609
2025-09-11 00:35:39.227 129025 DEBUG oslo_service.service [req-191babb4-1f35-4396-af3f-2fdc36a5a67e - - - - -] oslo_messaging_metrics.metrics_enabled = False log_opt_values /usr/lib/python3/dist-packages/oslo_config/cfg.py:2609
2025-09-11 00:35:39.227 129025 DEBUG oslo_service.service [req-191babb4-1f35-4396-af3f-2fdc36a5a67e - - - - -] oslo_messaging_metrics.metrics_process_name = log_opt_values /usr/lib/python3/dist-packages/oslo_config/cfg.py:2609
2025-09-11 00:35:39.228 129025 DEBUG oslo_service.service [req-191babb4-1f35-4396-af3f-2fdc36a5a67e - - - - -] oslo_messaging_metrics.metrics_socket_file = /var/tmp/metrics_collector.sock log_opt_values /usr/lib/python3/dist-packages/oslo_config/cfg.py:2609
2025-09-11 00:35:39.228 129025 DEBUG oslo_service.service [req-191babb4-1f35-4396-af3f-2fdc36a5a67e - - - - -] oslo_messaging_metrics.metrics_thread_stop_timeout = 10 log_opt_values /usr/lib/python3/dist-packages/oslo_config/cfg.py:2609
2025-09-11 00:35:39.229 129025 WARNING oslo_config.cfg [req-191babb4-1f35-4396-af3f-2fdc36a5a67e - - - - -] Deprecated: Option "auth_strategy" from group "api" is deprecated for removal ( The only non-default choice, ``noauth2``, is for internal development and testing purposes only and should not be used in deployments. This option and its middleware, NoAuthMiddleware[V2_18], will be removed in a future release. ). Its value may be silently ignored in the future.
2025-09-11 00:35:39.229 129025 DEBUG oslo_service.service [req-191babb4-1f35-4396-af3f-2fdc36a5a67e - - - - -] api.auth_strategy = keystone log_opt_values /usr/lib/python3/dist-packages/oslo_config/cfg.py:2609
2025-09-11 00:35:39.230 129025 DEBUG oslo_service.service [req-191babb4-1f35-4396-af3f-2fdc36a5a67e - - - - -] api.compute_link_prefix = None log_opt_values /usr/lib/python3/dist-packages/oslo_config/cfg.py:2609
2025-09-11 00:35:39.230 129025 DEBUG oslo_service.service [req-191babb4-1f35-4396-af3f-2fdc36a5a67e - - - - -] api.config_drive_skip_versions = 1.0 2007-01-19 2007-03-01 2007-08-29 2007-10-10 2007-12-15 2008-02-01 2008-09-01 log_opt_values /usr/lib/python3/dist-packages/oslo_config/cfg.py:2609
2025-09-11 00:35:39.230 129025 DEBUG oslo_service.service [req-191babb4-1f35-4396-af3f-2fdc36a5a67e - - - - -] api.dhcp_domain = novalocal log_opt_values /usr/lib/python3/dist-packages/oslo_config/cfg.py:2609
2025-09-11 00:35:39.230 129025 DEBUG oslo_service.service [req-191babb4-1f35-4396-af3f-2fdc36a5a67e - - - - -] api.enable_instance_password = True log_opt_values /usr/lib/python3/dist-packages/oslo_config/cfg.py:2609
2025-09-11 00:35:39.231 129025 DEBUG oslo_service.service [req-191babb4-1f35-4396-af3f-2fdc36a5a67e - - - - -] api.glance_link_prefix = None log_opt_values /usr/lib/python3/dist-packages/oslo_config/cfg.py:2609
2025-09-11 00:35:39.232 129025 DEBUG oslo_service.service [req-191babb4-1f35-4396-af3f-2fdc36a5a67e - - - - -] api.instance_list_cells_batch_fixed_size = 100 log_opt_values /usr/lib/python3/dist-packages/oslo_config/cfg.py:2609
2025-09-11 00:35:39.232 130603 DEBUG nova.service [req-fac2f6ac-f473-46a6-ad28-937f5fd37f8c - - - - -] Creating RPC server for service conductor start /usr/lib/python3/dist-packages/nova/service.py:182
2025-09-11 00:35:39.232 129025 DEBUG oslo_service.service [req-191babb4-1f35-4396-af3f-2fdc36a5a67e - - - - -] api.instance_list_cells_batch_strategy = distributed log_opt_values /usr/lib/python3/dist-packages/oslo_config/cfg.py:2609
2025-09-11 00:35:39.232 129025 DEBUG oslo_service.service [req-191babb4-1f35-4396-af3f-2fdc36a5a67e - - - - -] api.instance_list_per_project_cells = False log_opt_values /usr/lib/python3/dist-packages/oslo_config/cfg.py:2609
2025-09-11 00:35:39.233 129025 DEBUG oslo_service.service [req-191babb4-1f35-4396-af3f-2fdc36a5a67e - - - - -] api.list_records_by_skipping_down_cells = True log_opt_values /usr/lib/python3/dist-packages/oslo_config/cfg.py:2609
2025-09-11 00:35:39.234 129025 DEBUG oslo_service.service [req-191babb4-1f35-4396-af3f-2fdc36a5a67e - - - - -] api.local_metadata_per_cell = False log_opt_values /usr/lib/python3/dist-packages/oslo_config/cfg.py:2609
2025-09-11 00:35:39.234 129025 DEBUG oslo_service.service [req-191babb4-1f35-4396-af3f-2fdc36a5a67e - - - - -] api.max_limit = 1000 log_opt_values /usr/lib/python3/dist-packages/oslo_config/cfg.py:2609
2025-09-11 00:35:39.235 129025 DEBUG oslo_service.service [req-191babb4-1f35-4396-af3f-2fdc36a5a67e - - - - -] api.metadata_cache_expiration = 15 log_opt_values /usr/lib/python3/dist-packages/oslo_config/cfg.py:2609
2025-09-11 00:35:39.235 129025 DEBUG oslo_service.service [req-191babb4-1f35-4396-af3f-2fdc36a5a67e - - - - -] api.neutron_default_tenant_id = default log_opt_values /usr/lib/python3/dist-packages/oslo_config/cfg.py:2609
2025-09-11 00:35:39.235 129025 DEBUG oslo_service.service [req-191babb4-1f35-4396-af3f-2fdc36a5a67e - - - - -] api.use_forwarded_for = False log_opt_values /usr/lib/python3/dist-packages/oslo_config/cfg.py:2609
2025-09-11 00:35:39.235 129025 DEBUG oslo_service.service [req-191babb4-1f35-4396-af3f-2fdc36a5a67e - - - - -] api.use_neutron_default_nets = False log_opt_values /usr/lib/python3/dist-packages/oslo_config/cfg.py:2609
2025-09-11 00:35:39.236 129025 DEBUG oslo_service.service [req-191babb4-1f35-4396-af3f-2fdc36a5a67e - - - - -] api.vendordata_dynamic_connect_timeout = 5 log_opt_values /usr/lib/python3/dist-packages/oslo_config/cfg.py:2609
2025-09-11 00:35:39.237 129025 DEBUG oslo_service.service [req-191babb4-1f35-4396-af3f-2fdc36a5a67e - - - - -] api.vendordata_dynamic_failure_fatal = False log_opt_values /usr/lib/python3/dist-packages/oslo_config/cfg.py:2609
2025-09-11 00:35:39.237 129025 DEBUG oslo_service.service [req-191babb4-1f35-4396-af3f-2fdc36a5a67e - - - - -] api.vendordata_dynamic_read_timeout = 5 log_opt_values /usr/lib/python3/dist-packages/oslo_config/cfg.py:2609
2025-09-11 00:35:39.237 129025 DEBUG oslo_service.service [req-191babb4-1f35-4396-af3f-2fdc36a5a67e - - - - -] api.vendordata_dynamic_ssl_certfile = log_opt_values /usr/lib/python3/dist-packages/oslo_config/cfg.py:2609
2025-09-11 00:35:39.237 129025 DEBUG oslo_service.service [req-191babb4-1f35-4396-af3f-2fdc36a5a67e - - - - -] api.vendordata_dynamic_targets = [] log_opt_values /usr/lib/python3/dist-packages/oslo_config/cfg.py:2609
2025-09-11 00:35:39.238 129025 DEBUG oslo_service.service [req-191babb4-1f35-4396-af3f-2fdc36a5a67e - - - - -] api.vendordata_jsonfile_path = None log_opt_values /usr/lib/python3/dist-packages/oslo_config/cfg.py:2609
2025-09-11 00:35:39.238 129025 DEBUG oslo_service.service [req-191babb4-1f35-4396-af3f-2fdc36a5a67e - - - - -] api.vendordata_providers = ['StaticJSON'] log_opt_values /usr/lib/python3/dist-packages/oslo_config/cfg.py:2609
2025-09-11 00:35:39.238 129025 DEBUG oslo_service.service [req-191babb4-1f35-4396-af3f-2fdc36a5a67e - - - - -] cache.backend = dogpile.cache.null log_opt_values /usr/lib/python3/dist-packages/oslo_config/cfg.py:2609
2025-09-11 00:35:39.238 129025 DEBUG oslo_service.service [req-191babb4-1f35-4396-af3f-2fdc36a5a67e - - - - -] cache.backend_argument = **** log_opt_values /usr/lib/python3/dist-packages/oslo_config/cfg.py:2609
2025-09-11 00:35:39.238 129025 DEBUG oslo_service.service [req-191babb4-1f35-4396-af3f-2fdc36a5a67e - - - - -] cache.config_prefix = cache.oslo log_opt_values /usr/lib/python3/dist-packages/oslo_config/cfg.py:2609
2025-09-11 00:35:39.239 129025 DEBUG oslo_service.service [req-191babb4-1f35-4396-af3f-2fdc36a5a67e - - - - -] cache.debug_cache_backend = False log_opt_values /usr/lib/python3/dist-packages/oslo_config/cfg.py:2609
2025-09-11 00:35:39.239 129025 DEBUG oslo_service.service [req-191babb4-1f35-4396-af3f-2fdc36a5a67e - - - - -] cache.enabled = False log_opt_values /usr/lib/python3/dist-packages/oslo_config/cfg.py:2609
2025-09-11 00:35:39.239 129025 DEBUG oslo_service.service [req-191babb4-1f35-4396-af3f-2fdc36a5a67e - - - - -] cache.expiration_time = 600 log_opt_values /usr/lib/python3/dist-packages/oslo_config/cfg.py:2609
2025-09-11 00:35:39.239 129025 DEBUG oslo_service.service [req-191babb4-1f35-4396-af3f-2fdc36a5a67e - - - - -] cache.memcache_dead_retry = 300 log_opt_values /usr/lib/python3/dist-packages/oslo_config/cfg.py:2609
2025-09-11 00:35:39.239 129025 DEBUG oslo_service.service [req-191babb4-1f35-4396-af3f-2fdc36a5a67e - - - - -] cache.memcache_pool_connection_get_timeout = 10 log_opt_values /usr/lib/python3/dist-packages/oslo_config/cfg.py:2609
2025-09-11 00:35:39.240 129025 DEBUG oslo_service.service [req-191babb4-1f35-4396-af3f-2fdc36a5a67e - - - - -] cache.memcache_pool_flush_on_reconnect = False log_opt_values /usr/lib/python3/dist-packages/oslo_config/cfg.py:2609
2025-09-11 00:35:39.240 129025 DEBUG oslo_service.service [req-191babb4-1f35-4396-af3f-2fdc36a5a67e - - - - -] cache.memcache_pool_maxsize = 10 log_opt_values /usr/lib/python3/dist-packages/oslo_config/cfg.py:2609
2025-09-11 00:35:39.240 129025 DEBUG oslo_service.service [req-191babb4-1f35-4396-af3f-2fdc36a5a67e - - - - -] cache.memcache_pool_unused_timeout = 60 log_opt_values /usr/lib/python3/dist-packages/oslo_config/cfg.py:2609
2025-09-11 00:35:39.241 129025 DEBUG oslo_service.service [req-191babb4-1f35-4396-af3f-2fdc36a5a67e - - - - -] cache.memcache_servers = ['localhost:11211'] log_opt_values /usr/lib/python3/dist-packages/oslo_config/cfg.py:2609
2025-09-11 00:35:39.241 129025 DEBUG oslo_service.service [req-191babb4-1f35-4396-af3f-2fdc36a5a67e - - - - -] cache.memcache_socket_timeout = 1.0 log_opt_values /usr/lib/python3/dist-packages/oslo_config/cfg.py:2609
2025-09-11 00:35:39.241 130610 DEBUG nova.service [req-ed4889ee-25d8-4791-8355-5ee2a7d9f98d - - - - -] Creating RPC server for service conductor start /usr/lib/python3/dist-packages/nova/service.py:182
2025-09-11 00:35:39.241 129025 DEBUG oslo_service.service [req-191babb4-1f35-4396-af3f-2fdc36a5a67e - - - - -] cache.proxies = [] log_opt_values /usr/lib/python3/dist-packages/oslo_config/cfg.py:2609
2025-09-11 00:35:39.242 129025 DEBUG oslo_service.service [req-191babb4-1f35-4396-af3f-2fdc36a5a67e - - - - -] cache.tls_allowed_ciphers = None log_opt_values /usr/lib/python3/dist-packages/oslo_config/cfg.py:2609
2025-09-11 00:35:39.242 129025 DEBUG oslo_service.service [req-191babb4-1f35-4396-af3f-2fdc36a5a67e - - - - -] cache.tls_cafile = None log_opt_values /usr/lib/python3/dist-packages/oslo_config/cfg.py:2609
2025-09-11 00:35:39.243 129025 DEBUG oslo_service.service [req-191babb4-1f35-4396-af3f-2fdc36a5a67e - - - - -] cache.tls_certfile = None log_opt_values /usr/lib/python3/dist-packages/oslo_config/cfg.py:2609
2025-09-11 00:35:39.243 129025 DEBUG oslo_service.service [req-191babb4-1f35-4396-af3f-2fdc36a5a67e - - - - -] cache.tls_enabled = False log_opt_values /usr/lib/python3/dist-packages/oslo_config/cfg.py:2609
2025-09-11 00:35:39.243 129025 DEBUG oslo_service.service [req-191babb4-1f35-4396-af3f-2fdc36a5a67e - - - - -] cache.tls_keyfile = None log_opt_values /usr/lib/python3/dist-packages/oslo_config/cfg.py:2609
2025-09-11 00:35:39.243 129025 DEBUG oslo_service.service [req-191babb4-1f35-4396-af3f-2fdc36a5a67e - - - - -] cinder.auth_section = None log_opt_values /usr/lib/python3/dist-packages/oslo_config/cfg.py:2609
2025-09-11 00:35:39.243 129025 DEBUG oslo_service.service [req-191babb4-1f35-4396-af3f-2fdc36a5a67e - - - - -] cinder.auth_type = None log_opt_values /usr/lib/python3/dist-packages/oslo_config/cfg.py:2609
2025-09-11 00:35:39.244 129025 DEBUG oslo_service.service [req-191babb4-1f35-4396-af3f-2fdc36a5a67e - - - - -] cinder.cafile = None log_opt_values /usr/lib/python3/dist-packages/oslo_config/cfg.py:2609
2025-09-11 00:35:39.244 129025 DEBUG oslo_service.service [req-191babb4-1f35-4396-af3f-2fdc36a5a67e - - - - -] cinder.catalog_info = volumev3::publicURL log_opt_values /usr/lib/python3/dist-packages/oslo_config/cfg.py:2609
2025-09-11 00:35:39.244 129025 DEBUG oslo_service.service [req-191babb4-1f35-4396-af3f-2fdc36a5a67e - - - - -] cinder.certfile = None log_opt_values /usr/lib/python3/dist-packages/oslo_config/cfg.py:2609
2025-09-11 00:35:39.244 129025 DEBUG oslo_service.service [req-191babb4-1f35-4396-af3f-2fdc36a5a67e - - - - -] cinder.collect_timing = False log_opt_values /usr/lib/python3/dist-packages/oslo_config/cfg.py:2609
2025-09-11 00:35:39.244 129025 DEBUG oslo_service.service [req-191babb4-1f35-4396-af3f-2fdc36a5a67e - - - - -] cinder.cross_az_attach = True log_opt_values /usr/lib/python3/dist-packages/oslo_config/cfg.py:2609
2025-09-11 00:35:39.244 129025 DEBUG oslo_service.service [req-191babb4-1f35-4396-af3f-2fdc36a5a67e - - - - -] cinder.debug = False log_opt_values /usr/lib/python3/dist-packages/oslo_config/cfg.py:2609
2025-09-11 00:35:39.245 129025 DEBUG oslo_service.service [req-191babb4-1f35-4396-af3f-2fdc36a5a67e - - - - -] cinder.endpoint_template = None log_opt_values /usr/lib/python3/dist-packages/oslo_config/cfg.py:2609
2025-09-11 00:35:39.245 129025 DEBUG oslo_service.service [req-191babb4-1f35-4396-af3f-2fdc36a5a67e - - - - -] cinder.http_retries = 3 log_opt_values /usr/lib/python3/dist-packages/oslo_config/cfg.py:2609
2025-09-11 00:35:39.245 129025 DEBUG oslo_service.service [req-191babb4-1f35-4396-af3f-2fdc36a5a67e - - - - -] cinder.insecure = False log_opt_values /usr/lib/python3/dist-packages/oslo_config/cfg.py:2609
2025-09-11 00:35:39.245 129025 DEBUG oslo_service.service [req-191babb4-1f35-4396-af3f-2fdc36a5a67e - - - - -] cinder.keyfile = None log_opt_values /usr/lib/python3/dist-packages/oslo_config/cfg.py:2609
2025-09-11 00:35:39.246 129025 DEBUG oslo_service.service [req-191babb4-1f35-4396-af3f-2fdc36a5a67e - - - - -] cinder.os_region_name = None log_opt_values /usr/lib/python3/dist-packages/oslo_config/cfg.py:2609
2025-09-11 00:35:39.247 129025 DEBUG oslo_service.service [req-191babb4-1f35-4396-af3f-2fdc36a5a67e - - - - -] cinder.split_loggers = False log_opt_values /usr/lib/python3/dist-packages/oslo_config/cfg.py:2609
2025-09-11 00:35:39.247 129025 DEBUG oslo_service.service [req-191babb4-1f35-4396-af3f-2fdc36a5a67e - - - - -] cinder.timeout = None log_opt_values /usr/lib/python3/dist-packages/oslo_config/cfg.py:2609
2025-09-11 00:35:39.247 129025 DEBUG oslo_service.service [req-191babb4-1f35-4396-af3f-2fdc36a5a67e - - - - -] compute.consecutive_build_service_disable_threshold = 10 log_opt_values /usr/lib/python3/dist-packages/oslo_config/cfg.py:2609
2025-09-11 00:35:39.248 129025 DEBUG oslo_service.service [req-191babb4-1f35-4396-af3f-2fdc36a5a67e - - - - -] compute.cpu_dedicated_set = None log_opt_values /usr/lib/python3/dist-packages/oslo_config/cfg.py:2609
2025-09-11 00:35:39.248 129025 DEBUG oslo_service.service [req-191babb4-1f35-4396-af3f-2fdc36a5a67e - - - - -] compute.cpu_shared_set = None log_opt_values /usr/lib/python3/dist-packages/oslo_config/cfg.py:2609
2025-09-11 00:35:39.248 129025 DEBUG oslo_service.service [req-191babb4-1f35-4396-af3f-2fdc36a5a67e - - - - -] compute.image_type_exclude_list = [] log_opt_values /usr/lib/python3/dist-packages/oslo_config/cfg.py:2609
2025-09-11 00:35:39.249 129025 DEBUG oslo_service.service [req-191babb4-1f35-4396-af3f-2fdc36a5a67e - - - - -] compute.live_migration_wait_for_vif_plug = True log_opt_values /usr/lib/python3/dist-packages/oslo_config/cfg.py:2609
2025-09-11 00:35:39.249 129025 DEBUG oslo_service.service [req-191babb4-1f35-4396-af3f-2fdc36a5a67e - - - - -] compute.max_concurrent_disk_ops = 0 log_opt_values /usr/lib/python3/dist-packages/oslo_config/cfg.py:2609
2025-09-11 00:35:39.249 129025 DEBUG oslo_service.service [req-191babb4-1f35-4396-af3f-2fdc36a5a67e - - - - -] compute.max_disk_devices_to_attach = -1 log_opt_values /usr/lib/python3/dist-packages/oslo_config/cfg.py:2609
2025-09-11 00:35:39.249 129025 DEBUG oslo_service.service [req-191babb4-1f35-4396-af3f-2fdc36a5a67e - - - - -] compute.packing_host_numa_cells_allocation_strategy = True log_opt_values /usr/lib/python3/dist-packages/oslo_config/cfg.py:2609
2025-09-11 00:35:39.249 129025 DEBUG oslo_service.service [req-191babb4-1f35-4396-af3f-2fdc36a5a67e - - - - -] compute.provider_config_location = /etc/nova/provider_config/ log_opt_values /usr/lib/python3/dist-packages/oslo_config/cfg.py:2609
2025-09-11 00:35:39.250 129025 DEBUG oslo_service.service [req-191babb4-1f35-4396-af3f-2fdc36a5a67e - - - - -] compute.resource_provider_association_refresh = 300 log_opt_values /usr/lib/python3/dist-packages/oslo_config/cfg.py:2609
2025-09-11 00:35:39.250 129025 DEBUG oslo_service.service [req-191babb4-1f35-4396-af3f-2fdc36a5a67e - - - - -] compute.shutdown_retry_interval = 10 log_opt_values /usr/lib/python3/dist-packages/oslo_config/cfg.py:2609
2025-09-11 00:35:39.250 129025 DEBUG oslo_service.service [req-191babb4-1f35-4396-af3f-2fdc36a5a67e - - - - -] compute.vmdk_allowed_types = ['streamOptimized', 'monolithicSparse'] log_opt_values /usr/lib/python3/dist-packages/oslo_config/cfg.py:2609
2025-09-11 00:35:39.250 129025 DEBUG oslo_service.service [req-191babb4-1f35-4396-af3f-2fdc36a5a67e - - - - -] conductor.workers = 4 log_opt_values /usr/lib/python3/dist-packages/oslo_config/cfg.py:2609
2025-09-11 00:35:39.250 129025 DEBUG oslo_service.service [req-191babb4-1f35-4396-af3f-2fdc36a5a67e - - - - -] console.allowed_origins = [] log_opt_values /usr/lib/python3/dist-packages/oslo_config/cfg.py:2609
2025-09-11 00:35:39.251 129025 DEBUG oslo_service.service [req-191babb4-1f35-4396-af3f-2fdc36a5a67e - - - - -] console.ssl_ciphers = None log_opt_values /usr/lib/python3/dist-packages/oslo_config/cfg.py:2609
2025-09-11 00:35:39.251 129025 DEBUG oslo_service.service [req-191babb4-1f35-4396-af3f-2fdc36a5a67e - - - - -] console.ssl_minimum_version = default log_opt_values /usr/lib/python3/dist-packages/oslo_config/cfg.py:2609
2025-09-11 00:35:39.251 129025 DEBUG oslo_service.service [req-191babb4-1f35-4396-af3f-2fdc36a5a67e - - - - -] consoleauth.token_ttl = 600 log_opt_values /usr/lib/python3/dist-packages/oslo_config/cfg.py:2609
2025-09-11 00:35:39.251 129025 DEBUG oslo_service.service [req-191babb4-1f35-4396-af3f-2fdc36a5a67e - - - - -] cyborg.cafile = None log_opt_values /usr/lib/python3/dist-packages/oslo_config/cfg.py:2609
2025-09-11 00:35:39.251 129025 DEBUG oslo_service.service [req-191babb4-1f35-4396-af3f-2fdc36a5a67e - - - - -] cyborg.certfile = None log_opt_values /usr/lib/python3/dist-packages/oslo_config/cfg.py:2609
2025-09-11 00:35:39.252 129025 DEBUG oslo_service.service [req-191babb4-1f35-4396-af3f-2fdc36a5a67e - - - - -] cyborg.collect_timing = False log_opt_values /usr/lib/python3/dist-packages/oslo_config/cfg.py:2609
2025-09-11 00:35:39.251 130611 DEBUG nova.service [req-c315e3c5-b99a-4698-8857-27bf4d469537 - - - - -] Creating RPC server for service conductor start /usr/lib/python3/dist-packages/nova/service.py:182
2025-09-11 00:35:39.252 129025 DEBUG oslo_service.service [req-191babb4-1f35-4396-af3f-2fdc36a5a67e - - - - -] cyborg.connect_retries = None log_opt_values /usr/lib/python3/dist-packages/oslo_config/cfg.py:2609
2025-09-11 00:35:39.252 129025 DEBUG oslo_service.service [req-191babb4-1f35-4396-af3f-2fdc36a5a67e - - - - -] cyborg.connect_retry_delay = None log_opt_values /usr/lib/python3/dist-packages/oslo_config/cfg.py:2609
2025-09-11 00:35:39.257 129025 DEBUG oslo_service.service [req-191babb4-1f35-4396-af3f-2fdc36a5a67e - - - - -] cyborg.endpoint_override = None log_opt_values /usr/lib/python3/dist-packages/oslo_config/cfg.py:2609
2025-09-11 00:35:39.253 130609 DEBUG nova.service [req-f060c62e-5233-4f4e-aff1-53ebb2be5514 - - - - -] Creating RPC server for service conductor start /usr/lib/python3/dist-packages/nova/service.py:182
2025-09-11 00:35:39.257 129025 DEBUG oslo_service.service [req-191babb4-1f35-4396-af3f-2fdc36a5a67e - - - - -] cyborg.insecure = False log_opt_values /usr/lib/python3/dist-packages/oslo_config/cfg.py:2609
2025-09-11 00:35:39.258 129025 DEBUG oslo_service.service [req-191babb4-1f35-4396-af3f-2fdc36a5a67e - - - - -] cyborg.keyfile = None log_opt_values /usr/lib/python3/dist-packages/oslo_config/cfg.py:2609
2025-09-11 00:35:39.258 129025 DEBUG oslo_service.service [req-191babb4-1f35-4396-af3f-2fdc36a5a67e - - - - -] cyborg.max_version = None log_opt_values /usr/lib/python3/dist-packages/oslo_config/cfg.py:2609
2025-09-11 00:35:39.258 129025 DEBUG oslo_service.service [req-191babb4-1f35-4396-af3f-2fdc36a5a67e - - - - -] cyborg.min_version = None log_opt_values /usr/lib/python3/dist-packages/oslo_config/cfg.py:2609
2025-09-11 00:35:39.259 129025 DEBUG oslo_service.service [req-191babb4-1f35-4396-af3f-2fdc36a5a67e - - - - -] cyborg.region_name = None log_opt_values /usr/lib/python3/dist-packages/oslo_config/cfg.py:2609
2025-09-11 00:35:39.262 129025 DEBUG oslo_service.service [req-191babb4-1f35-4396-af3f-2fdc36a5a67e - - - - -] cyborg.service_name = None log_opt_values /usr/lib/python3/dist-packages/oslo_config/cfg.py:2609
2025-09-11 00:35:39.263 129025 DEBUG oslo_service.service [req-191babb4-1f35-4396-af3f-2fdc36a5a67e - - - - -] cyborg.service_type = accelerator log_opt_values /usr/lib/python3/dist-packages/oslo_config/cfg.py:2609
2025-09-11 00:35:39.264 129025 DEBUG oslo_service.service [req-191babb4-1f35-4396-af3f-2fdc36a5a67e - - - - -] cyborg.split_loggers = False log_opt_values /usr/lib/python3/dist-packages/oslo_config/cfg.py:2609
2025-09-11 00:35:39.267 129025 DEBUG oslo_service.service [req-191babb4-1f35-4396-af3f-2fdc36a5a67e - - - - -] cyborg.status_code_retries = None log_opt_values /usr/lib/python3/dist-packages/oslo_config/cfg.py:2609
2025-09-11 00:35:39.267 129025 DEBUG oslo_service.service [req-191babb4-1f35-4396-af3f-2fdc36a5a67e - - - - -] cyborg.status_code_retry_delay = None log_opt_values /usr/lib/python3/dist-packages/oslo_config/cfg.py:2609
2025-09-11 00:35:39.268 129025 DEBUG oslo_service.service [req-191babb4-1f35-4396-af3f-2fdc36a5a67e - - - - -] cyborg.timeout = None log_opt_values /usr/lib/python3/dist-packages/oslo_config/cfg.py:2609
2025-09-11 00:35:39.269 129025 DEBUG oslo_service.service [req-191babb4-1f35-4396-af3f-2fdc36a5a67e - - - - -] cyborg.valid_interfaces = ['internal', 'public'] log_opt_values /usr/lib/python3/dist-packages/oslo_config/cfg.py:2609
2025-09-11 00:35:39.270 129025 DEBUG oslo_service.service [req-191babb4-1f35-4396-af3f-2fdc36a5a67e - - - - -] cyborg.version = None log_opt_values /usr/lib/python3/dist-packages/oslo_config/cfg.py:2609
2025-09-11 00:35:39.273 129025 DEBUG oslo_service.service [req-191babb4-1f35-4396-af3f-2fdc36a5a67e - - - - -] database.backend = sqlalchemy log_opt_values /usr/lib/python3/dist-packages/oslo_config/cfg.py:2609
2025-09-11 00:35:39.271 130603 DEBUG oslo_messaging._drivers.amqpdriver [-] Listener is running poll /usr/lib/python3/dist-packages/oslo_messaging/_drivers/amqpdriver.py:343
2025-09-11 00:35:39.274 130603 DEBUG oslo_messaging._drivers.amqpdriver [-] AMQPListener connection consume poll /usr/lib/python3/dist-packages/oslo_messaging/_drivers/amqpdriver.py:357
2025-09-11 00:35:39.273 129025 DEBUG oslo_service.service [req-191babb4-1f35-4396-af3f-2fdc36a5a67e - - - - -] database.connection = **** log_opt_values /usr/lib/python3/dist-packages/oslo_config/cfg.py:2609
2025-09-11 00:35:39.277 129025 DEBUG oslo_service.service [req-191babb4-1f35-4396-af3f-2fdc36a5a67e - - - - -] database.connection_debug = 0 log_opt_values /usr/lib/python3/dist-packages/oslo_config/cfg.py:2609
2025-09-11 00:35:39.279 130610 DEBUG oslo_messaging._drivers.amqpdriver [-] Listener is running poll /usr/lib/python3/dist-packages/oslo_messaging/_drivers/amqpdriver.py:343
2025-09-11 00:35:39.281 130610 DEBUG oslo_messaging._drivers.amqpdriver [-] AMQPListener connection consume poll /usr/lib/python3/dist-packages/oslo_messaging/_drivers/amqpdriver.py:357
2025-09-11 00:35:39.280 129025 DEBUG oslo_service.service [req-191babb4-1f35-4396-af3f-2fdc36a5a67e - - - - -] database.connection_parameters = log_opt_values /usr/lib/python3/dist-packages/oslo_config/cfg.py:2609
2025-09-11 00:35:39.279 130603 DEBUG nova.service [req-fac2f6ac-f473-46a6-ad28-937f5fd37f8c - - - - -] Join ServiceGroup membership for this service conductor start /usr/lib/python3/dist-packages/nova/service.py:199
2025-09-11 00:35:39.282 129025 DEBUG oslo_service.service [req-191babb4-1f35-4396-af3f-2fdc36a5a67e - - - - -] database.connection_recycle_time = 3600 log_opt_values /usr/lib/python3/dist-packages/oslo_config/cfg.py:2609
2025-09-11 00:35:39.286 130610 DEBUG nova.service [req-ed4889ee-25d8-4791-8355-5ee2a7d9f98d - - - - -] Join ServiceGroup membership for this service conductor start /usr/lib/python3/dist-packages/nova/service.py:199
2025-09-11 00:35:39.287 130610 DEBUG nova.servicegroup.drivers.db [req-ed4889ee-25d8-4791-8355-5ee2a7d9f98d - - - - -] DB_Driver: join new ServiceGroup member juju-cffb37-0-lxd-7 to the conductor group, service = join /usr/lib/python3/dist-packages/nova/servicegroup/drivers/db.py:44
2025-09-11 00:35:39.284 130603 DEBUG nova.servicegroup.drivers.db [req-fac2f6ac-f473-46a6-ad28-937f5fd37f8c - - - - -] DB_Driver: join new ServiceGroup member juju-cffb37-0-lxd-7 to the conductor group, service = join /usr/lib/python3/dist-packages/nova/servicegroup/drivers/db.py:44
2025-09-11 00:35:39.287 129025 DEBUG oslo_service.service [req-191babb4-1f35-4396-af3f-2fdc36a5a67e - - - - -] database.connection_trace = False log_opt_values /usr/lib/python3/dist-packages/oslo_config/cfg.py:2609
2025-09-11 00:35:39.289 130609 DEBUG oslo_messaging._drivers.amqpdriver [-] Listener is running poll /usr/lib/python3/dist-packages/oslo_messaging/_drivers/amqpdriver.py:343
2025-09-11 00:35:39.289 129025 DEBUG oslo_service.service [req-191babb4-1f35-4396-af3f-2fdc36a5a67e - - - - -] database.db_inc_retry_interval = True log_opt_values /usr/lib/python3/dist-packages/oslo_config/cfg.py:2609
2025-09-11 00:35:39.292 129025 DEBUG oslo_service.service [req-191babb4-1f35-4396-af3f-2fdc36a5a67e - - - - -] database.db_max_retries = 20 log_opt_values /usr/lib/python3/dist-packages/oslo_config/cfg.py:2609
2025-09-11 00:35:39.293 129025 DEBUG oslo_service.service [req-191babb4-1f35-4396-af3f-2fdc36a5a67e - - - - -] database.db_max_retry_interval = 10 log_opt_values /usr/lib/python3/dist-packages/oslo_config/cfg.py:2609
2025-09-11 00:35:39.293 129025 DEBUG oslo_service.service [req-191babb4-1f35-4396-af3f-2fdc36a5a67e - - - - -] database.db_retry_interval = 1 log_opt_values /usr/lib/python3/dist-packages/oslo_config/cfg.py:2609
2025-09-11 00:35:39.293 129025 DEBUG oslo_service.service [req-191babb4-1f35-4396-af3f-2fdc36a5a67e - - - - -] database.max_overflow = 50 log_opt_values /usr/lib/python3/dist-packages/oslo_config/cfg.py:2609
2025-09-11 00:35:39.293 129025 DEBUG oslo_service.service [req-191babb4-1f35-4396-af3f-2fdc36a5a67e - - - - -] database.max_pool_size = 4 log_opt_values /usr/lib/python3/dist-packages/oslo_config/cfg.py:2609
2025-09-11 00:35:39.288 130603 DEBUG oslo_messaging._drivers.amqpdriver [-] AMQPListener connection timeout poll /usr/lib/python3/dist-packages/oslo_messaging/_drivers/amqpdriver.py:360
2025-09-11 00:35:39.291 130609 DEBUG oslo_messaging._drivers.amqpdriver [-] AMQPListener connection consume poll /usr/lib/python3/dist-packages/oslo_messaging/_drivers/amqpdriver.py:357
2025-09-11 00:35:39.292 130611 DEBUG oslo_messaging._drivers.amqpdriver [-] Listener is running poll /usr/lib/python3/dist-packages/oslo_messaging/_drivers/amqpdriver.py:343
2025-09-11 00:35:39.293 129025 DEBUG oslo_service.service [req-191babb4-1f35-4396-af3f-2fdc36a5a67e - - - - -] database.max_retries = 10 log_opt_values /usr/lib/python3/dist-packages/oslo_config/cfg.py:2609
2025-09-11 00:35:39.291 130610 DEBUG oslo_messaging._drivers.amqpdriver [-] AMQPListener connection timeout poll /usr/lib/python3/dist-packages/oslo_messaging/_drivers/amqpdriver.py:360
2025-09-11 00:35:39.294 129025 DEBUG oslo_service.service [req-191babb4-1f35-4396-af3f-2fdc36a5a67e - - - - -] database.mysql_enable_ndb = False log_opt_values /usr/lib/python3/dist-packages/oslo_config/cfg.py:2609
2025-09-11 00:35:39.294 130609 DEBUG nova.service [req-f060c62e-5233-4f4e-aff1-53ebb2be5514 - - - - -] Join ServiceGroup membership for this service conductor start /usr/lib/python3/dist-packages/nova/service.py:199
2025-09-11 00:35:39.295 129025 DEBUG oslo_service.service [req-191babb4-1f35-4396-af3f-2fdc36a5a67e - - - - -] database.mysql_sql_mode = TRADITIONAL log_opt_values /usr/lib/python3/dist-packages/oslo_config/cfg.py:2609
2025-09-11 00:35:39.295 130609 DEBUG nova.servicegroup.drivers.db [req-f060c62e-5233-4f4e-aff1-53ebb2be5514 - - - - -] DB_Driver: join new ServiceGroup member juju-cffb37-0-lxd-7 to the conductor group, service = join /usr/lib/python3/dist-packages/nova/servicegroup/drivers/db.py:44
2025-09-11 00:35:39.295 129025 DEBUG oslo_service.service [req-191babb4-1f35-4396-af3f-2fdc36a5a67e - - - - -] database.pool_timeout = None log_opt_values /usr/lib/python3/dist-packages/oslo_config/cfg.py:2609
2025-09-11 00:35:39.295 129025 DEBUG oslo_service.service [req-191babb4-1f35-4396-af3f-2fdc36a5a67e - - - - -] database.retry_interval = 10 log_opt_values /usr/lib/python3/dist-packages/oslo_config/cfg.py:2609
2025-09-11 00:35:39.295 129025 DEBUG oslo_service.service [req-191babb4-1f35-4396-af3f-2fdc36a5a67e - - - - -] database.slave_connection = **** log_opt_values /usr/lib/python3/dist-packages/oslo_config/cfg.py:2609
2025-09-11 00:35:39.295 129025 DEBUG oslo_service.service [req-191babb4-1f35-4396-af3f-2fdc36a5a67e - - - - -] database.sqlite_synchronous = True log_opt_values /usr/lib/python3/dist-packages/oslo_config/cfg.py:2609
2025-09-11 00:35:39.296 129025 DEBUG oslo_service.service [req-191babb4-1f35-4396-af3f-2fdc36a5a67e - - - - -] database.use_db_reconnect = False log_opt_values /usr/lib/python3/dist-packages/oslo_config/cfg.py:2609
2025-09-11 00:35:39.294 130610 DEBUG oslo_messaging._drivers.amqpdriver [-] Listener is running poll /usr/lib/python3/dist-packages/oslo_messaging/_drivers/amqpdriver.py:343
2025-09-11 00:35:39.294 130603 DEBUG oslo_messaging._drivers.amqpdriver [-] Listener is running poll /usr/lib/python3/dist-packages/oslo_messaging/_drivers/amqpdriver.py:343
2025-09-11 00:35:39.294 130611 DEBUG oslo_messaging._drivers.amqpdriver [-] AMQPListener connection consume poll /usr/lib/python3/dist-packages/oslo_messaging/_drivers/amqpdriver.py:357
2025-09-11 00:35:39.296 130610 DEBUG oslo_messaging._drivers.amqpdriver [-] AMQPListener connection consume poll /usr/lib/python3/dist-packages/oslo_messaging/_drivers/amqpdriver.py:357
2025-09-11 00:35:39.296 130603 DEBUG oslo_messaging._drivers.amqpdriver [-] AMQPListener connection consume poll /usr/lib/python3/dist-packages/oslo_messaging/_drivers/amqpdriver.py:357
2025-09-11 00:35:39.296 129025 DEBUG oslo_service.service [req-191babb4-1f35-4396-af3f-2fdc36a5a67e - - - - -] api_database.backend = sqlalchemy log_opt_values /usr/lib/python3/dist-packages/oslo_config/cfg.py:2609
2025-09-11 00:35:39.297 129025 DEBUG oslo_service.service [req-191babb4-1f35-4396-af3f-2fdc36a5a67e - - - - -] api_database.connection = **** log_opt_values /usr/lib/python3/dist-packages/oslo_config/cfg.py:2609
2025-09-11 00:35:39.297 129025 DEBUG oslo_service.service [req-191babb4-1f35-4396-af3f-2fdc36a5a67e - - - - -] api_database.connection_debug = 0 log_opt_values /usr/lib/python3/dist-packages/oslo_config/cfg.py:2609
