2025-09-08 01:59:07.258 6 DEBUG oslo_service.service [-] ml2_type_gre.tunnel_id_ranges = [] log_opt_values /var/lib/kolla/venv/lib/python3.6/site-packages/oslo_config/cfg.py:2611
2025-09-08 01:59:07.258 6 DEBUG oslo_service.service [-] ml2_type_vlan.network_vlan_ranges = [] log_opt_values /var/lib/kolla/venv/lib/python3.6/site-packages/oslo_config/cfg.py:2611
2025-09-08 01:59:07.258 6 DEBUG oslo_service.service [-] ml2_type_vxlan.vni_ranges = [] log_opt_values /var/lib/kolla/venv/lib/python3.6/site-packages/oslo_config/cfg.py:2611
2025-09-08 01:59:07.260 6 DEBUG oslo_service.service [-] ml2_type_vxlan.vxlan_group = None log_opt_values /var/lib/kolla/venv/lib/python3.6/site-packages/oslo_config/cfg.py:2611
2025-09-08 01:59:07.260 6 DEBUG oslo_service.service [-] database.backend = sqlalchemy log_opt_values /var/lib/kolla/venv/lib/python3.6/site-packages/oslo_config/cfg.py:2611
2025-09-08 01:59:07.260 6 DEBUG oslo_service.service [-] database.connection = **** log_opt_values /var/lib/kolla/venv/lib/python3.6/site-packages/oslo_config/cfg.py:2611
2025-09-08 01:59:07.260 6 DEBUG oslo_service.service [-] database.connection_debug = 0 log_opt_values /var/lib/kolla/venv/lib/python3.6/site-packages/oslo_config/cfg.py:2611
2025-09-08 01:59:07.260 6 DEBUG oslo_service.service [-] database.connection_parameters = log_opt_values /var/lib/kolla/venv/lib/python3.6/site-packages/oslo_config/cfg.py:2611
2025-09-08 01:59:07.260 6 DEBUG oslo_service.service [-] database.connection_recycle_time = 10 log_opt_values /var/lib/kolla/venv/lib/python3.6/site-packages/oslo_config/cfg.py:2611
2025-09-08 01:59:07.260 6 DEBUG oslo_service.service [-] database.connection_trace = False log_opt_values /var/lib/kolla/venv/lib/python3.6/site-packages/oslo_config/cfg.py:2611
2025-09-08 01:59:07.260 6 DEBUG oslo_service.service [-] database.db_inc_retry_interval = True log_opt_values /var/lib/kolla/venv/lib/python3.6/site-packages/oslo_config/cfg.py:2611
2025-09-08 01:59:07.260 6 DEBUG oslo_service.service [-] database.db_max_retries = 20 log_opt_values /var/lib/kolla/venv/lib/python3.6/site-packages/oslo_config/cfg.py:2611
2025-09-08 01:59:07.260 6 DEBUG oslo_service.service [-] database.db_max_retry_interval = 10 log_opt_values /var/lib/kolla/venv/lib/python3.6/site-packages/oslo_config/cfg.py:2611
2025-09-08 01:59:07.260 6 DEBUG oslo_service.service [-] database.db_retry_interval = 1 log_opt_values /var/lib/kolla/venv/lib/python3.6/site-packages/oslo_config/cfg.py:2611
2025-09-08 01:59:07.260 6 DEBUG oslo_service.service [-] database.max_overflow = 50 log_opt_values /var/lib/kolla/venv/lib/python3.6/site-packages/oslo_config/cfg.py:2611
2025-09-08 01:59:07.260 6 DEBUG oslo_service.service [-] database.max_pool_size = 1 log_opt_values /var/lib/kolla/venv/lib/python3.6/site-packages/oslo_config/cfg.py:2611
2025-09-08 01:59:07.261 6 DEBUG oslo_service.service [-] database.max_retries = -1 log_opt_values /var/lib/kolla/venv/lib/python3.6/site-packages/oslo_config/cfg.py:2611
2025-09-08 01:59:07.261 6 DEBUG oslo_service.service [-] database.mysql_enable_ndb = False log_opt_values /var/lib/kolla/venv/lib/python3.6/site-packages/oslo_config/cfg.py:2611
2025-09-08 01:59:07.261 6 DEBUG oslo_service.service [-] database.mysql_sql_mode = TRADITIONAL log_opt_values /var/lib/kolla/venv/lib/python3.6/site-packages/oslo_config/cfg.py:2611
2025-09-08 01:59:07.261 6 DEBUG oslo_service.service [-] database.pool_timeout = None log_opt_values /var/lib/kolla/venv/lib/python3.6/site-packages/oslo_config/cfg.py:2611
2025-09-08 01:59:07.261 6 DEBUG oslo_service.service [-] database.retry_interval = 10 log_opt_values /var/lib/kolla/venv/lib/python3.6/site-packages/oslo_config/cfg.py:2611
2025-09-08 01:59:07.261 6 DEBUG oslo_service.service [-] database.slave_connection = **** log_opt_values /var/lib/kolla/venv/lib/python3.6/site-packages/oslo_config/cfg.py:2611
2025-09-08 01:59:07.261 6 DEBUG oslo_service.service [-] database.sqlite_synchronous = True log_opt_values /var/lib/kolla/venv/lib/python3.6/site-packages/oslo_config/cfg.py:2611
2025-09-08 01:59:07.261 6 DEBUG oslo_service.service [-] database.use_db_reconnect = False log_opt_values /var/lib/kolla/venv/lib/python3.6/site-packages/oslo_config/cfg.py:2611
2025-09-08 01:59:07.261 6 DEBUG oslo_service.service [-] ******************************************************************************** log_opt_values /var/lib/kolla/venv/lib/python3.6/site-packages/oslo_config/cfg.py:2613
2025-09-08 01:59:09.076 21 DEBUG neutron.wsgi [-] (21) accepted ('10.0.0.33', 37472) server /var/lib/kolla/venv/lib/python3.6/site-packages/eventlet/wsgi.py:1004
2025-09-08 01:59:09.083 21 INFO neutron.wsgi [-] 10.0.0.33 "GET / HTTP/1.1" status: 200 len: 227 time: 0.0052938
2025-09-08 01:59:11.166 22 DEBUG neutron.api.rpc.handlers.dhcp_rpc [req-2b2bdcbc-61f7-44bc-a18f-8636edb82fed - - - - -] get_active_networks_info from cn-jenkins-deploy-platform-ansible-os-4040-1 get_active_networks_info /var/lib/kolla/venv/lib/python3.6/site-packages/neutron/api/rpc/handlers/dhcp_rpc.py:159
2025-09-08 01:59:11.186 26 DEBUG neutron_lib.callbacks.manager [req-2a50ae64-1b74-4b4d-92e2-48b9bd94e0f5 - - - - -] Publish callbacks ['neutron.services.segments.db._update_segment_host_mapping_for_agent-8770757860160', 'neutron.services.l3_router.l3_router_plugin.DVRResourceOperationHandler.create_fip_agent_gw_ports-484029'] for agent (f4a77b5c-0472-406c-aa37-8bfd541767b8), after_create _notify_loop /var/lib/kolla/venv/lib/python3.6/site-packages/neutron_lib/callbacks/manager.py:177
2025-09-08 01:59:11.205 22 DEBUG neutron.scheduler.dhcp_agent_scheduler [req-2b2bdcbc-61f7-44bc-a18f-8636edb82fed - - - - -] No non-hosted networks auto_schedule_networks /var/lib/kolla/venv/lib/python3.6/site-packages/neutron/scheduler/dhcp_agent_scheduler.py:60
2025-09-08 01:59:24.434 27 DEBUG neutron_lib.callbacks.manager [req-c27ffef6-3d8a-422e-848a-b7dab5cd066c - - - - -] Publish callbacks ['neutron.services.segments.db._update_segment_host_mapping_for_agent-8770757860160', 'neutron.services.l3_router.l3_router_plugin.DVRResourceOperationHandler.create_fip_agent_gw_ports-484029'] for agent (d6cc96de-66fe-49f8-b318-ce4404e06a54), after_create _notify_loop /var/lib/kolla/venv/lib/python3.6/site-packages/neutron_lib/callbacks/manager.py:177
2025-09-08 01:59:39.124 21 DEBUG neutron.wsgi [-] (21) accepted ('10.0.0.33', 54182) server /var/lib/kolla/venv/lib/python3.6/site-packages/eventlet/wsgi.py:1004
2025-09-08 01:59:39.128 21 INFO neutron.wsgi [-] 10.0.0.33 "GET / HTTP/1.1" status: 200 len: 227 time: 0.0027573
2025-09-08 01:59:41.175 25 DEBUG neutron_lib.callbacks.manager [req-9428991d-961e-4d6d-98a9-f51b0c0270e9 - - - - -] Publish callbacks ['neutron.services.segments.db._update_segment_host_mapping_for_agent-8770757860160', 'neutron.plugins.ml2.plugin.Ml2Plugin._retry_binding_revived_agents-1321747'] for agent (f4a77b5c-0472-406c-aa37-8bfd541767b8), after_update _notify_loop /var/lib/kolla/venv/lib/python3.6/site-packages/neutron_lib/callbacks/manager.py:177
2025-09-08 01:59:54.409 22 DEBUG neutron_lib.callbacks.manager [req-c27ffef6-3d8a-422e-848a-b7dab5cd066c - - - - -] Publish callbacks ['neutron.services.segments.db._update_segment_host_mapping_for_agent-8770757860160', 'neutron.plugins.ml2.plugin.Ml2Plugin._retry_binding_revived_agents-1321747'] for agent (d6cc96de-66fe-49f8-b318-ce4404e06a54), after_update _notify_loop /var/lib/kolla/venv/lib/python3.6/site-packages/neutron_lib/callbacks/manager.py:177
2025-09-08 02:00:09.172 21 DEBUG neutron.wsgi [-] (21) accepted ('10.0.0.33', 40714) server /var/lib/kolla/venv/lib/python3.6/site-packages/eventlet/wsgi.py:1004
2025-09-08 02:00:09.175 21 INFO neutron.wsgi [-] 10.0.0.33 "GET / HTTP/1.1" status: 200 len: 227 time: 0.0024455
2025-09-08 02:00:11.170 28 DEBUG neutron.db.agents_db [req-2cec5b95-8e5d-4a00-9afd-d90a844e2697 - - - - -] Agent healthcheck: found 2 active agents agent_health_check /var/lib/kolla/venv/lib/python3.6/site-packages/neutron/db/agents_db.py:318
2025-09-08 02:00:11.172 23 DEBUG neutron_lib.callbacks.manager [req-bbaeb7d9-6574-4c93-8a26-66cbf883fea7 - - - - -] Publish callbacks ['neutron.services.segments.db._update_segment_host_mapping_for_agent-8770757860160', 'neutron.plugins.ml2.plugin.Ml2Plugin._retry_binding_revived_agents-1321747'] for agent (f4a77b5c-0472-406c-aa37-8bfd541767b8), after_update _notify_loop /var/lib/kolla/venv/lib/python3.6/site-packages/neutron_lib/callbacks/manager.py:177
2025-09-08 02:00:24.420 24 DEBUG neutron_lib.callbacks.manager [req-c27ffef6-3d8a-422e-848a-b7dab5cd066c - - - - -] Publish callbacks ['neutron.services.segments.db._update_segment_host_mapping_for_agent-8770757860160', 'neutron.plugins.ml2.plugin.Ml2Plugin._retry_binding_revived_agents-1321747'] for agent (d6cc96de-66fe-49f8-b318-ce4404e06a54), after_update _notify_loop /var/lib/kolla/venv/lib/python3.6/site-packages/neutron_lib/callbacks/manager.py:177
2025-09-08 02:00:39.218 21 DEBUG neutron.wsgi [-] (21) accepted ('10.0.0.33', 58988) server /var/lib/kolla/venv/lib/python3.6/site-packages/eventlet/wsgi.py:1004
2025-09-08 02:00:39.222 21 INFO neutron.wsgi [-] 10.0.0.33 "GET / HTTP/1.1" status: 200 len: 227 time: 0.0028234
2025-09-08 02:00:41.156 26 DEBUG neutron_lib.callbacks.manager [req-247bb6d5-93a4-4657-9556-d518acee91ea - - - - -] Publish callbacks ['neutron.services.segments.db._update_segment_host_mapping_for_agent-8770757860160', 'neutron.plugins.ml2.plugin.Ml2Plugin._retry_binding_revived_agents-1321747'] for agent (f4a77b5c-0472-406c-aa37-8bfd541767b8), after_update _notify_loop /var/lib/kolla/venv/lib/python3.6/site-packages/neutron_lib/callbacks/manager.py:177
2025-09-08 02:00:48.167 28 DEBUG neutron.db.agents_db [req-2cec5b95-8e5d-4a00-9afd-d90a844e2697 - - - - -] Agent healthcheck: found 2 active agents agent_health_check /var/lib/kolla/venv/lib/python3.6/site-packages/neutron/db/agents_db.py:318
2025-09-08 02:00:54.411 27 DEBUG neutron_lib.callbacks.manager [req-c27ffef6-3d8a-422e-848a-b7dab5cd066c - - - - -] Publish callbacks ['neutron.services.segments.db._update_segment_host_mapping_for_agent-8770757860160', 'neutron.plugins.ml2.plugin.Ml2Plugin._retry_binding_revived_agents-1321747'] for agent (d6cc96de-66fe-49f8-b318-ce4404e06a54), after_update _notify_loop /var/lib/kolla/venv/lib/python3.6/site-packages/neutron_lib/callbacks/manager.py:177
2025-09-08 02:01:09.266 21 DEBUG neutron.wsgi [-] (21) accepted ('10.0.0.33', 34296) server /var/lib/kolla/venv/lib/python3.6/site-packages/eventlet/wsgi.py:1004
2025-09-08 02:01:09.270 21 INFO neutron.wsgi [-] 10.0.0.33 "GET / HTTP/1.1" status: 200 len: 227 time: 0.0026200
2025-09-08 02:01:11.151 25 DEBUG neutron_lib.callbacks.manager [req-4a5de0a1-78dd-4d94-beaf-7f621e46e68b - - - - -] Publish callbacks ['neutron.services.segments.db._update_segment_host_mapping_for_agent-8770757860160', 'neutron.plugins.ml2.plugin.Ml2Plugin._retry_binding_revived_agents-1321747'] for agent (f4a77b5c-0472-406c-aa37-8bfd541767b8), after_update _notify_loop /var/lib/kolla/venv/lib/python3.6/site-packages/neutron_lib/callbacks/manager.py:177
2025-09-08 02:01:24.411 22 DEBUG neutron_lib.callbacks.manager [req-c27ffef6-3d8a-422e-848a-b7dab5cd066c - - - - -] Publish callbacks ['neutron.services.segments.db._update_segment_host_mapping_for_agent-8770757860160', 'neutron.plugins.ml2.plugin.Ml2Plugin._retry_binding_revived_agents-1321747'] for agent (d6cc96de-66fe-49f8-b318-ce4404e06a54), after_update _notify_loop /var/lib/kolla/venv/lib/python3.6/site-packages/neutron_lib/callbacks/manager.py:177
2025-09-08 02:01:25.164 28 DEBUG neutron.db.agents_db [req-2cec5b95-8e5d-4a00-9afd-d90a844e2697 - - - - -] Agent healthcheck: found 2 active agents agent_health_check /var/lib/kolla/venv/lib/python3.6/site-packages/neutron/db/agents_db.py:318
2025-09-08 02:01:39.314 21 DEBUG neutron.wsgi [-] (21) accepted ('10.0.0.33', 33566) server /var/lib/kolla/venv/lib/python3.6/site-packages/eventlet/wsgi.py:1004
2025-09-08 02:01:39.320 21 INFO neutron.wsgi [-] 10.0.0.33 "GET / HTTP/1.1" status: 200 len: 227 time: 0.0045500
2025-09-08 02:01:41.148 23 DEBUG neutron_lib.callbacks.manager [req-c254df01-9414-4de1-b1cc-379998c637b5 - - - - -] Publish callbacks ['neutron.services.segments.db._update_segment_host_mapping_for_agent-8770757860160', 'neutron.plugins.ml2.plugin.Ml2Plugin._retry_binding_revived_agents-1321747'] for agent (f4a77b5c-0472-406c-aa37-8bfd541767b8), after_update _notify_loop /var/lib/kolla/venv/lib/python3.6/site-packages/neutron_lib/callbacks/manager.py:177
2025-09-08 02:01:54.414 24 DEBUG neutron_lib.callbacks.manager [req-c27ffef6-3d8a-422e-848a-b7dab5cd066c - - - - -] Publish callbacks ['neutron.services.segments.db._update_segment_host_mapping_for_agent-8770757860160', 'neutron.plugins.ml2.plugin.Ml2Plugin._retry_binding_revived_agents-1321747'] for agent (d6cc96de-66fe-49f8-b318-ce4404e06a54), after_update _notify_loop /var/lib/kolla/venv/lib/python3.6/site-packages/neutron_lib/callbacks/manager.py:177
2025-09-08 02:02:02.173 28 DEBUG neutron.db.agents_db [req-2cec5b95-8e5d-4a00-9afd-d90a844e2697 - - - - -] Agent healthcheck: found 2 active agents agent_health_check /var/lib/kolla/venv/lib/python3.6/site-packages/neutron/db/agents_db.py:318
2025-09-08 02:02:09.364 21 DEBUG neutron.wsgi [-] (21) accepted ('10.0.0.33', 57270) server /var/lib/kolla/venv/lib/python3.6/site-packages/eventlet/wsgi.py:1004
2025-09-08 02:02:09.367 21 INFO neutron.wsgi [-] 10.0.0.33 "GET / HTTP/1.1" status: 200 len: 227 time: 0.0025456
2025-09-08 02:02:11.153 26 DEBUG neutron_lib.callbacks.manager [req-c9546883-097a-4779-9fe9-ce9725593b06 - - - - -] Publish callbacks ['neutron.services.segments.db._update_segment_host_mapping_for_agent-8770757860160', 'neutron.plugins.ml2.plugin.Ml2Plugin._retry_binding_revived_agents-1321747'] for agent (f4a77b5c-0472-406c-aa37-8bfd541767b8), after_update _notify_loop /var/lib/kolla/venv/lib/python3.6/site-packages/neutron_lib/callbacks/manager.py:177
2025-09-08 02:02:24.415 27 DEBUG neutron_lib.callbacks.manager [req-c27ffef6-3d8a-422e-848a-b7dab5cd066c - - - - -] Publish callbacks ['neutron.services.segments.db._update_segment_host_mapping_for_agent-8770757860160', 'neutron.plugins.ml2.plugin.Ml2Plugin._retry_binding_revived_agents-1321747'] for agent (d6cc96de-66fe-49f8-b318-ce4404e06a54), after_update _notify_loop /var/lib/kolla/venv/lib/python3.6/site-packages/neutron_lib/callbacks/manager.py:177
2025-09-08 02:02:39.170 28 DEBUG neutron.db.agents_db [req-2cec5b95-8e5d-4a00-9afd-d90a844e2697 - - - - -] Agent healthcheck: found 2 active agents agent_health_check /var/lib/kolla/venv/lib/python3.6/site-packages/neutron/db/agents_db.py:318
2025-09-08 02:02:39.410 21 DEBUG neutron.wsgi [-] (21) accepted ('10.0.0.33', 49444) server /var/lib/kolla/venv/lib/python3.6/site-packages/eventlet/wsgi.py:1004
2025-09-08 02:02:39.413 21 INFO neutron.wsgi [-] 10.0.0.33 "GET / HTTP/1.1" status: 200 len: 227 time: 0.0024664
2025-09-08 02:02:41.147 25 DEBUG neutron_lib.callbacks.manager [req-fc3c8c76-2709-4821-83cf-5f4c4b275278 - - - - -] Publish callbacks ['neutron.services.segments.db._update_segment_host_mapping_for_agent-8770757860160', 'neutron.plugins.ml2.plugin.Ml2Plugin._retry_binding_revived_agents-1321747'] for agent (f4a77b5c-0472-406c-aa37-8bfd541767b8), after_update _notify_loop /var/lib/kolla/venv/lib/python3.6/site-packages/neutron_lib/callbacks/manager.py:177
2025-09-08 02:02:54.417 22 DEBUG neutron_lib.callbacks.manager [req-c27ffef6-3d8a-422e-848a-b7dab5cd066c - - - - -] Publish callbacks ['neutron.services.segments.db._update_segment_host_mapping_for_agent-8770757860160', 'neutron.plugins.ml2.plugin.Ml2Plugin._retry_binding_revived_agents-1321747'] for agent (d6cc96de-66fe-49f8-b318-ce4404e06a54), after_update _notify_loop /var/lib/kolla/venv/lib/python3.6/site-packages/neutron_lib/callbacks/manager.py:177
2025-09-08 02:03:09.455 21 DEBUG neutron.wsgi [-] (21) accepted ('10.0.0.33', 60662) server /var/lib/kolla/venv/lib/python3.6/site-packages/eventlet/wsgi.py:1004
2025-09-08 02:03:09.458 21 INFO neutron.wsgi [-] 10.0.0.33 "GET / HTTP/1.1" status: 200 len: 227 time: 0.0024455
2025-09-08 02:03:11.153 23 DEBUG neutron_lib.callbacks.manager [req-c7bc1a0f-2f5f-497f-a752-91139e9405dd - - - - -] Publish callbacks ['neutron.services.segments.db._update_segment_host_mapping_for_agent-8770757860160', 'neutron.plugins.ml2.plugin.Ml2Plugin._retry_binding_revived_agents-1321747'] for agent (f4a77b5c-0472-406c-aa37-8bfd541767b8), after_update _notify_loop /var/lib/kolla/venv/lib/python3.6/site-packages/neutron_lib/callbacks/manager.py:177
2025-09-08 02:03:16.178 28 DEBUG neutron.db.agents_db [req-2cec5b95-8e5d-4a00-9afd-d90a844e2697 - - - - -] Agent healthcheck: found 2 active agents agent_health_check /var/lib/kolla/venv/lib/python3.6/site-packages/neutron/db/agents_db.py:318
2025-09-08 02:03:24.419 24 DEBUG neutron_lib.callbacks.manager [req-c27ffef6-3d8a-422e-848a-b7dab5cd066c - - - - -] Publish callbacks ['neutron.services.segments.db._update_segment_host_mapping_for_agent-8770757860160', 'neutron.plugins.ml2.plugin.Ml2Plugin._retry_binding_revived_agents-1321747'] for agent (d6cc96de-66fe-49f8-b318-ce4404e06a54), after_update _notify_loop /var/lib/kolla/venv/lib/python3.6/site-packages/neutron_lib/callbacks/manager.py:177
2025-09-08 02:03:39.499 21 DEBUG neutron.wsgi [-] (21) accepted ('10.0.0.33', 36588) server /var/lib/kolla/venv/lib/python3.6/site-packages/eventlet/wsgi.py:1004
2025-09-08 02:03:39.502 21 INFO neutron.wsgi [-] 10.0.0.33 "GET / HTTP/1.1" status: 200 len: 227 time: 0.0025427
2025-09-08 02:03:41.147 26 DEBUG neutron_lib.callbacks.manager [req-95f5c98c-4f29-4997-8984-ae7188249b50 - - - - -] Publish callbacks ['neutron.services.segments.db._update_segment_host_mapping_for_agent-8770757860160', 'neutron.plugins.ml2.plugin.Ml2Plugin._retry_binding_revived_agents-1321747'] for agent (f4a77b5c-0472-406c-aa37-8bfd541767b8), after_update _notify_loop /var/lib/kolla/venv/lib/python3.6/site-packages/neutron_lib/callbacks/manager.py:177
2025-09-08 02:03:53.175 28 DEBUG neutron.db.agents_db [req-2cec5b95-8e5d-4a00-9afd-d90a844e2697 - - - - -] Agent healthcheck: found 2 active agents agent_health_check /var/lib/kolla/venv/lib/python3.6/site-packages/neutron/db/agents_db.py:318
2025-09-08 02:03:54.421 27 DEBUG neutron_lib.callbacks.manager [req-c27ffef6-3d8a-422e-848a-b7dab5cd066c - - - - -] Publish callbacks ['neutron.services.segments.db._update_segment_host_mapping_for_agent-8770757860160', 'neutron.plugins.ml2.plugin.Ml2Plugin._retry_binding_revived_agents-1321747'] for agent (d6cc96de-66fe-49f8-b318-ce4404e06a54), after_update _notify_loop /var/lib/kolla/venv/lib/python3.6/site-packages/neutron_lib/callbacks/manager.py:177
2025-09-08 02:04:09.544 21 DEBUG neutron.wsgi [-] (21) accepted ('10.0.0.33', 51252) server /var/lib/kolla/venv/lib/python3.6/site-packages/eventlet/wsgi.py:1004
2025-09-08 02:04:09.548 21 INFO neutron.wsgi [-] 10.0.0.33 "GET / HTTP/1.1" status: 200 len: 227 time: 0.0031188
2025-09-08 02:04:11.153 25 DEBUG neutron_lib.callbacks.manager [req-707707b2-b2bc-485a-ab41-f5b1cad1c7a5 - - - - -] Publish callbacks ['neutron.services.segments.db._update_segment_host_mapping_for_agent-8770757860160', 'neutron.plugins.ml2.plugin.Ml2Plugin._retry_binding_revived_agents-1321747'] for agent (f4a77b5c-0472-406c-aa37-8bfd541767b8), after_update _notify_loop /var/lib/kolla/venv/lib/python3.6/site-packages/neutron_lib/callbacks/manager.py:177
2025-09-08 02:04:24.497 22 DEBUG neutron_lib.callbacks.manager [req-c27ffef6-3d8a-422e-848a-b7dab5cd066c - - - - -] Publish callbacks ['neutron.services.segments.db._update_segment_host_mapping_for_agent-8770757860160', 'neutron.plugins.ml2.plugin.Ml2Plugin._retry_binding_revived_agents-1321747'] for agent (d6cc96de-66fe-49f8-b318-ce4404e06a54), after_update _notify_loop /var/lib/kolla/venv/lib/python3.6/site-packages/neutron_lib/callbacks/manager.py:177
2025-09-08 02:04:30.173 28 DEBUG neutron.db.agents_db [req-2cec5b95-8e5d-4a00-9afd-d90a844e2697 - - - - -] Agent healthcheck: found 2 active agents agent_health_check /var/lib/kolla/venv/lib/python3.6/site-packages/neutron/db/agents_db.py:318
2025-09-08 02:04:39.595 21 DEBUG neutron.wsgi [-] (21) accepted ('10.0.0.33', 46430) server /var/lib/kolla/venv/lib/python3.6/site-packages/eventlet/wsgi.py:1004
2025-09-08 02:04:39.598 21 INFO neutron.wsgi [-] 10.0.0.33 "GET / HTTP/1.1" status: 200 len: 227 time: 0.0024815
2025-09-08 02:04:41.148 23 DEBUG neutron_lib.callbacks.manager [req-c9b85873-f55f-41da-b2ff-07400afdf811 - - - - -] Publish callbacks ['neutron.services.segments.db._update_segment_host_mapping_for_agent-8770757860160', 'neutron.plugins.ml2.plugin.Ml2Plugin._retry_binding_revived_agents-1321747'] for agent (f4a77b5c-0472-406c-aa37-8bfd541767b8), after_update _notify_loop /var/lib/kolla/venv/lib/python3.6/site-packages/neutron_lib/callbacks/manager.py:177
2025-09-08 02:04:54.429 24 DEBUG neutron_lib.callbacks.manager [req-c27ffef6-3d8a-422e-848a-b7dab5cd066c - - - - -] Publish callbacks ['neutron.services.segments.db._update_segment_host_mapping_for_agent-8770757860160', 'neutron.plugins.ml2.plugin.Ml2Plugin._retry_binding_revived_agents-1321747'] for agent (d6cc96de-66fe-49f8-b318-ce4404e06a54), after_update _notify_loop /var/lib/kolla/venv/lib/python3.6/site-packages/neutron_lib/callbacks/manager.py:177
2025-09-08 02:05:07.175 28 DEBUG neutron.db.agents_db [req-2cec5b95-8e5d-4a00-9afd-d90a844e2697 - - - - -] Agent healthcheck: found 2 active agents agent_health_check /var/lib/kolla/venv/lib/python3.6/site-packages/neutron/db/agents_db.py:318
2025-09-08 02:05:09.641 21 DEBUG neutron.wsgi [-] (21) accepted ('10.0.0.33', 40072) server /var/lib/kolla/venv/lib/python3.6/site-packages/eventlet/wsgi.py:1004
2025-09-08 02:05:09.645 21 INFO neutron.wsgi [-] 10.0.0.33 "GET / HTTP/1.1" status: 200 len: 227 time: 0.0025644
2025-09-08 02:05:11.153 26 DEBUG neutron_lib.callbacks.manager [req-96fd1dd8-1859-49e6-a923-5b3fc0481ef4 - - - - -] Publish callbacks ['neutron.services.segments.db._update_segment_host_mapping_for_agent-8770757860160', 'neutron.plugins.ml2.plugin.Ml2Plugin._retry_binding_revived_agents-1321747'] for agent (f4a77b5c-0472-406c-aa37-8bfd541767b8), after_update _notify_loop /var/lib/kolla/venv/lib/python3.6/site-packages/neutron_lib/callbacks/manager.py:177
2025-09-08 02:05:24.427 27 DEBUG neutron_lib.callbacks.manager [req-c27ffef6-3d8a-422e-848a-b7dab5cd066c - - - - -] Publish callbacks ['neutron.services.segments.db._update_segment_host_mapping_for_agent-8770757860160', 'neutron.plugins.ml2.plugin.Ml2Plugin._retry_binding_revived_agents-1321747'] for agent (d6cc96de-66fe-49f8-b318-ce4404e06a54), after_update _notify_loop /var/lib/kolla/venv/lib/python3.6/site-packages/neutron_lib/callbacks/manager.py:177
2025-09-08 02:05:39.686 21 DEBUG neutron.wsgi [-] (21) accepted ('10.0.0.33', 45044) server /var/lib/kolla/venv/lib/python3.6/site-packages/eventlet/wsgi.py:1004
2025-09-08 02:05:39.689 21 INFO neutron.wsgi [-] 10.0.0.33 "GET / HTTP/1.1" status: 200 len: 227 time: 0.0025208
2025-09-08 02:05:41.158 25 DEBUG neutron_lib.callbacks.manager [req-25a9690f-6c5a-4539-8fea-f19500ce2dd0 - - - - -] Publish callbacks ['neutron.services.segments.db._update_segment_host_mapping_for_agent-8770757860160', 'neutron.plugins.ml2.plugin.Ml2Plugin._retry_binding_revived_agents-1321747'] for agent (f4a77b5c-0472-406c-aa37-8bfd541767b8), after_update _notify_loop /var/lib/kolla/venv/lib/python3.6/site-packages/neutron_lib/callbacks/manager.py:177
2025-09-08 02:05:44.172 28 DEBUG neutron.db.agents_db [req-2cec5b95-8e5d-4a00-9afd-d90a844e2697 - - - - -] Agent healthcheck: found 2 active agents agent_health_check /var/lib/kolla/venv/lib/python3.6/site-packages/neutron/db/agents_db.py:318
2025-09-08 02:05:54.432 22 DEBUG neutron_lib.callbacks.manager [req-c27ffef6-3d8a-422e-848a-b7dab5cd066c - - - - -] Publish callbacks ['neutron.services.segments.db._update_segment_host_mapping_for_agent-8770757860160', 'neutron.plugins.ml2.plugin.Ml2Plugin._retry_binding_revived_agents-1321747'] for agent (d6cc96de-66fe-49f8-b318-ce4404e06a54), after_update _notify_loop /var/lib/kolla/venv/lib/python3.6/site-packages/neutron_lib/callbacks/manager.py:177
2025-09-08 02:06:09.731 21 DEBUG neutron.wsgi [-] (21) accepted ('10.0.0.33', 53662) server /var/lib/kolla/venv/lib/python3.6/site-packages/eventlet/wsgi.py:1004
2025-09-08 02:06:09.734 21 INFO neutron.wsgi [-] 10.0.0.33 "GET / HTTP/1.1" status: 200 len: 227 time: 0.0024619
2025-09-08 02:06:11.155 23 DEBUG neutron_lib.callbacks.manager [req-b9e2e701-b025-4409-a7f0-659259819bbd - - - - -] Publish callbacks ['neutron.services.segments.db._update_segment_host_mapping_for_agent-8770757860160', 'neutron.plugins.ml2.plugin.Ml2Plugin._retry_binding_revived_agents-1321747'] for agent (f4a77b5c-0472-406c-aa37-8bfd541767b8), after_update _notify_loop /var/lib/kolla/venv/lib/python3.6/site-packages/neutron_lib/callbacks/manager.py:177
2025-09-08 02:06:21.170 28 DEBUG neutron.db.agents_db [req-2cec5b95-8e5d-4a00-9afd-d90a844e2697 - - - - -] Agent healthcheck: found 2 active agents agent_health_check /var/lib/kolla/venv/lib/python3.6/site-packages/neutron/db/agents_db.py:318
2025-09-08 02:06:24.435 24 DEBUG neutron_lib.callbacks.manager [req-c27ffef6-3d8a-422e-848a-b7dab5cd066c - - - - -] Publish callbacks ['neutron.services.segments.db._update_segment_host_mapping_for_agent-8770757860160', 'neutron.plugins.ml2.plugin.Ml2Plugin._retry_binding_revived_agents-1321747'] for agent (d6cc96de-66fe-49f8-b318-ce4404e06a54), after_update _notify_loop /var/lib/kolla/venv/lib/python3.6/site-packages/neutron_lib/callbacks/manager.py:177
2025-09-08 02:06:39.790 21 DEBUG neutron.wsgi [-] (21) accepted ('10.0.0.33', 58804) server /var/lib/kolla/venv/lib/python3.6/site-packages/eventlet/wsgi.py:1004
2025-09-08 02:06:39.794 21 INFO neutron.wsgi [-] 10.0.0.33 "GET / HTTP/1.1" status: 200 len: 227 time: 0.0027912
2025-09-08 02:06:41.151 26 DEBUG neutron_lib.callbacks.manager [req-22c69ff5-23c8-4348-ad8f-01cc634183bc - - - - -] Publish callbacks ['neutron.services.segments.db._update_segment_host_mapping_for_agent-8770757860160', 'neutron.plugins.ml2.plugin.Ml2Plugin._retry_binding_revived_agents-1321747'] for agent (f4a77b5c-0472-406c-aa37-8bfd541767b8), after_update _notify_loop /var/lib/kolla/venv/lib/python3.6/site-packages/neutron_lib/callbacks/manager.py:177
2025-09-08 02:06:54.435 27 DEBUG neutron_lib.callbacks.manager [req-c27ffef6-3d8a-422e-848a-b7dab5cd066c - - - - -] Publish callbacks ['neutron.services.segments.db._update_segment_host_mapping_for_agent-8770757860160', 'neutron.plugins.ml2.plugin.Ml2Plugin._retry_binding_revived_agents-1321747'] for agent (d6cc96de-66fe-49f8-b318-ce4404e06a54), after_update _notify_loop /var/lib/kolla/venv/lib/python3.6/site-packages/neutron_lib/callbacks/manager.py:177
2025-09-08 02:06:58.168 28 DEBUG neutron.db.agents_db [req-2cec5b95-8e5d-4a00-9afd-d90a844e2697 - - - - -] Agent healthcheck: found 2 active agents agent_health_check /var/lib/kolla/venv/lib/python3.6/site-packages/neutron/db/agents_db.py:318
2025-09-08 02:07:09.837 21 DEBUG neutron.wsgi [-] (21) accepted ('10.0.0.33', 58818) server /var/lib/kolla/venv/lib/python3.6/site-packages/eventlet/wsgi.py:1004
2025-09-08 02:07:09.841 21 INFO neutron.wsgi [-] 10.0.0.33 "GET / HTTP/1.1" status: 200 len: 227 time: 0.0024030
2025-09-08 02:07:11.148 25 DEBUG neutron_lib.callbacks.manager [req-6c49da6f-b479-4e4c-8d95-d0e6818839bc - - - - -] Publish callbacks ['neutron.services.segments.db._update_segment_host_mapping_for_agent-8770757860160', 'neutron.plugins.ml2.plugin.Ml2Plugin._retry_binding_revived_agents-1321747'] for agent (f4a77b5c-0472-406c-aa37-8bfd541767b8), after_update _notify_loop /var/lib/kolla/venv/lib/python3.6/site-packages/neutron_lib/callbacks/manager.py:177
2025-09-08 02:07:24.445 22 DEBUG neutron_lib.callbacks.manager [req-c27ffef6-3d8a-422e-848a-b7dab5cd066c - - - - -] Publish callbacks ['neutron.services.segments.db._update_segment_host_mapping_for_agent-8770757860160', 'neutron.plugins.ml2.plugin.Ml2Plugin._retry_binding_revived_agents-1321747'] for agent (d6cc96de-66fe-49f8-b318-ce4404e06a54), after_update _notify_loop /var/lib/kolla/venv/lib/python3.6/site-packages/neutron_lib/callbacks/manager.py:177
2025-09-08 02:07:34.424 6 INFO oslo_service.service [-] Caught SIGTERM, stopping children
2025-09-08 02:07:34.425 6 DEBUG oslo_concurrency.lockutils [-] Acquired lock "singleton_lock" lock /var/lib/kolla/venv/lib/python3.6/site-packages/oslo_concurrency/lockutils.py:294
2025-09-08 02:07:34.425 6 DEBUG oslo_concurrency.lockutils [-] Releasing lock "singleton_lock" lock /var/lib/kolla/venv/lib/python3.6/site-packages/oslo_concurrency/lockutils.py:312
2025-09-08 02:07:34.425 6 DEBUG oslo_service.service [-] Stop services. stop /var/lib/kolla/venv/lib/python3.6/site-packages/oslo_service/service.py:695
2025-09-08 02:07:34.425 6 DEBUG neutron.service [-] calling RpcWorker stop() stop /var/lib/kolla/venv/lib/python3.6/site-packages/neutron/service.py:138
2025-09-08 02:07:34.425 6 DEBUG neutron.service [-] calling RpcWorker stop() stop /var/lib/kolla/venv/lib/python3.6/site-packages/neutron/service.py:138
2025-09-08 02:07:34.425 6 DEBUG oslo_service.service [-] Killing children. stop /var/lib/kolla/venv/lib/python3.6/site-packages/oslo_service/service.py:700
2025-09-08 02:07:34.426 6 INFO oslo_service.service [-] Waiting on 8 children to exit
2025-09-08 02:07:34.426 28 DEBUG neutron.service [-] calling RpcWorker stop() stop /var/lib/kolla/venv/lib/python3.6/site-packages/neutron/service.py:138
2025-09-08 02:07:34.426 28 DEBUG neutron.service [-] calling stop on stop /var/lib/kolla/venv/lib/python3.6/site-packages/neutron/service.py:141
2025-09-08 02:07:34.428 22 DEBUG neutron.service [-] calling RpcWorker stop() stop /var/lib/kolla/venv/lib/python3.6/site-packages/neutron/service.py:138
2025-09-08 02:07:34.429 21 INFO neutron.wsgi [-] (21) wsgi exited, is_accepting=True
2025-09-08 02:07:34.428 22 DEBUG neutron.service [-] calling stop on stop /var/lib/kolla/venv/lib/python3.6/site-packages/neutron/service.py:141
2025-09-08 02:07:34.429 21 DEBUG oslo_concurrency.lockutils [req-8dbe9ea9-6715-403b-93d8-7e12009d056d - - - - -] Acquired lock "singleton_lock" lock /var/lib/kolla/venv/lib/python3.6/site-packages/oslo_concurrency/lockutils.py:294
2025-09-08 02:07:34.430 21 DEBUG oslo_concurrency.lockutils [req-8dbe9ea9-6715-403b-93d8-7e12009d056d - - - - -] Releasing lock "singleton_lock" lock /var/lib/kolla/venv/lib/python3.6/site-packages/oslo_concurrency/lockutils.py:312
2025-09-08 02:07:34.430 24 DEBUG neutron.service [-] calling RpcWorker stop() stop /var/lib/kolla/venv/lib/python3.6/site-packages/neutron/service.py:138
2025-09-08 02:07:34.431 24 DEBUG neutron.service [-] calling stop on stop /var/lib/kolla/venv/lib/python3.6/site-packages/neutron/service.py:141
2025-09-08 02:07:34.436 6 INFO oslo_service.service [-] Child 21 exited with status 0
2025-09-08 02:07:34.437 25 DEBUG neutron.service [-] calling RpcWorker stop() stop /var/lib/kolla/venv/lib/python3.6/site-packages/neutron/service.py:138
2025-09-08 02:07:34.437 25 DEBUG neutron.service [-] calling stop on stop /var/lib/kolla/venv/lib/python3.6/site-packages/neutron/service.py:141
2025-09-08 02:07:34.440 26 DEBUG neutron.service [-] calling RpcWorker stop() stop /var/lib/kolla/venv/lib/python3.6/site-packages/neutron/service.py:138
2025-09-08 02:07:34.440 26 DEBUG neutron.service [-] calling stop on stop /var/lib/kolla/venv/lib/python3.6/site-packages/neutron/service.py:141
2025-09-08 02:07:34.443 27 DEBUG neutron.service [-] calling RpcWorker stop() stop /var/lib/kolla/venv/lib/python3.6/site-packages/neutron/service.py:138
2025-09-08 02:07:34.443 27 DEBUG neutron.service [-] calling stop on stop /var/lib/kolla/venv/lib/python3.6/site-packages/neutron/service.py:141
2025-09-08 02:07:34.445 23 DEBUG neutron.service [-] calling RpcWorker stop() stop /var/lib/kolla/venv/lib/python3.6/site-packages/neutron/service.py:138
2025-09-08 02:07:34.446 23 DEBUG neutron.service [-] calling stop on stop /var/lib/kolla/venv/lib/python3.6/site-packages/neutron/service.py:141
2025-09-08 02:07:39.344 25 DEBUG oslo_concurrency.lockutils [req-8dbe9ea9-6715-403b-93d8-7e12009d056d - - - - -] Acquired lock "singleton_lock" lock /var/lib/kolla/venv/lib/python3.6/site-packages/oslo_concurrency/lockutils.py:294
2025-09-08 02:07:39.344 25 DEBUG oslo_concurrency.lockutils [req-8dbe9ea9-6715-403b-93d8-7e12009d056d - - - - -] Releasing lock "singleton_lock" lock /var/lib/kolla/venv/lib/python3.6/site-packages/oslo_concurrency/lockutils.py:312
2025-09-08 02:07:39.344 25 DEBUG neutron.service [req-8dbe9ea9-6715-403b-93d8-7e12009d056d - - - - -] calling RpcWorker wait() _wait /var/lib/kolla/venv/lib/python3.6/site-packages/neutron/service.py:128
2025-09-08 02:07:39.344 25 DEBUG neutron.service [req-8dbe9ea9-6715-403b-93d8-7e12009d056d - - - - -] calling wait on _wait /var/lib/kolla/venv/lib/python3.6/site-packages/neutron/service.py:131
2025-09-08 02:07:39.350 25 WARNING amqp [req-8dbe9ea9-6715-403b-93d8-7e12009d056d - - - - -] Received method (60, 30) during closing channel 1. This method will be ignored
2025-09-08 02:07:39.351 25 DEBUG neutron.service [req-8dbe9ea9-6715-403b-93d8-7e12009d056d - - - - -] returning from RpcWorker wait() _wait /var/lib/kolla/venv/lib/python3.6/site-packages/neutron/service.py:135
2025-09-08 02:07:39.357 6 INFO oslo_service.service [-] Child 25 exited with status 0
2025-09-08 02:07:41.144 23 DEBUG neutron_lib.callbacks.manager [req-fbf94ea3-a62c-4ec6-847e-772c2a95469e - - - - -] Publish callbacks ['neutron.services.segments.db._update_segment_host_mapping_for_agent-8770757860160', 'neutron.plugins.ml2.plugin.Ml2Plugin._retry_binding_revived_agents-1321747'] for agent (f4a77b5c-0472-406c-aa37-8bfd541767b8), after_update _notify_loop /var/lib/kolla/venv/lib/python3.6/site-packages/neutron_lib/callbacks/manager.py:177
2025-09-08 02:07:42.155 22 DEBUG neutron.service [-] calling stop on stop /var/lib/kolla/venv/lib/python3.6/site-packages/neutron/service.py:141
2025-09-08 02:07:42.164 23 DEBUG neutron.service [-] calling stop on stop /var/lib/kolla/venv/lib/python3.6/site-packages/neutron/service.py:141
2025-09-08 02:07:42.170 22 DEBUG neutron.service [-] calling stop on stop /var/lib/kolla/venv/lib/python3.6/site-packages/neutron/service.py:141
2025-09-08 02:07:42.173 24 DEBUG neutron.service [-] calling stop on stop /var/lib/kolla/venv/lib/python3.6/site-packages/neutron/service.py:141
2025-09-08 02:07:42.179 23 DEBUG neutron.service [-] calling stop on stop /var/lib/kolla/venv/lib/python3.6/site-packages/neutron/service.py:141
2025-09-08 02:07:42.180 26 DEBUG oslo_concurrency.lockutils [req-8dbe9ea9-6715-403b-93d8-7e12009d056d - - - - -] Acquired lock "singleton_lock" lock /var/lib/kolla/venv/lib/python3.6/site-packages/oslo_concurrency/lockutils.py:294
2025-09-08 02:07:42.180 26 DEBUG oslo_concurrency.lockutils [req-8dbe9ea9-6715-403b-93d8-7e12009d056d - - - - -] Releasing lock "singleton_lock" lock /var/lib/kolla/venv/lib/python3.6/site-packages/oslo_concurrency/lockutils.py:312
2025-09-08 02:07:42.181 26 DEBUG neutron.service [req-8dbe9ea9-6715-403b-93d8-7e12009d056d - - - - -] calling RpcWorker wait() _wait /var/lib/kolla/venv/lib/python3.6/site-packages/neutron/service.py:128
2025-09-08 02:07:42.181 26 DEBUG neutron.service [req-8dbe9ea9-6715-403b-93d8-7e12009d056d - - - - -] calling wait on _wait /var/lib/kolla/venv/lib/python3.6/site-packages/neutron/service.py:131
2025-09-08 02:07:42.184 27 DEBUG oslo_concurrency.lockutils [req-8dbe9ea9-6715-403b-93d8-7e12009d056d - - - - -] Acquired lock "singleton_lock" lock /var/lib/kolla/venv/lib/python3.6/site-packages/oslo_concurrency/lockutils.py:294
2025-09-08 02:07:42.185 28 DEBUG oslo_concurrency.lockutils [req-8dbe9ea9-6715-403b-93d8-7e12009d056d - - - - -] Acquired lock "singleton_lock" lock /var/lib/kolla/venv/lib/python3.6/site-packages/oslo_concurrency/lockutils.py:294
2025-09-08 02:07:42.186 28 DEBUG oslo_concurrency.lockutils [req-8dbe9ea9-6715-403b-93d8-7e12009d056d - - - - -] Releasing lock "singleton_lock" lock /var/lib/kolla/venv/lib/python3.6/site-packages/oslo_concurrency/lockutils.py:312
2025-09-08 02:07:42.186 27 DEBUG oslo_concurrency.lockutils [req-8dbe9ea9-6715-403b-93d8-7e12009d056d - - - - -] Releasing lock "singleton_lock" lock /var/lib/kolla/venv/lib/python3.6/site-packages/oslo_concurrency/lockutils.py:312
2025-09-08 02:07:42.186 28 DEBUG neutron.service [req-8dbe9ea9-6715-403b-93d8-7e12009d056d - - - - -] calling RpcWorker wait() _wait /var/lib/kolla/venv/lib/python3.6/site-packages/neutron/service.py:128
2025-09-08 02:07:42.186 27 DEBUG neutron.service [req-8dbe9ea9-6715-403b-93d8-7e12009d056d - - - - -] calling RpcWorker wait() _wait /var/lib/kolla/venv/lib/python3.6/site-packages/neutron/service.py:128
2025-09-08 02:07:42.187 27 DEBUG neutron.service [req-8dbe9ea9-6715-403b-93d8-7e12009d056d - - - - -] calling wait on _wait /var/lib/kolla/venv/lib/python3.6/site-packages/neutron/service.py:131
2025-09-08 02:07:42.187 28 DEBUG neutron.service [req-8dbe9ea9-6715-403b-93d8-7e12009d056d - - - - -] calling wait on _wait /var/lib/kolla/venv/lib/python3.6/site-packages/neutron/service.py:131
2025-09-08 02:07:42.188 26 WARNING amqp [req-8dbe9ea9-6715-403b-93d8-7e12009d056d - - - - -] Received method (60, 30) during closing channel 1. This method will be ignored
2025-09-08 02:07:42.189 26 DEBUG neutron.service [req-8dbe9ea9-6715-403b-93d8-7e12009d056d - - - - -] returning from RpcWorker wait() _wait /var/lib/kolla/venv/lib/python3.6/site-packages/neutron/service.py:135
2025-09-08 02:07:42.192 24 DEBUG neutron.service [-] calling stop on stop /var/lib/kolla/venv/lib/python3.6/site-packages/neutron/service.py:141
2025-09-08 02:07:42.192 27 WARNING amqp [req-8dbe9ea9-6715-403b-93d8-7e12009d056d - - - - -] Received method (60, 30) during closing channel 1. This method will be ignored
2025-09-08 02:07:42.193 27 DEBUG neutron.service [req-8dbe9ea9-6715-403b-93d8-7e12009d056d - - - - -] returning from RpcWorker wait() _wait /var/lib/kolla/venv/lib/python3.6/site-packages/neutron/service.py:135
2025-09-08 02:07:42.194 6 INFO oslo_service.service [-] Child 26 exited with status 0
2025-09-08 02:07:42.198 28 WARNING amqp [req-8dbe9ea9-6715-403b-93d8-7e12009d056d - - - - -] Received method (60, 30) during closing channel 1. This method will be ignored
2025-09-08 02:07:42.199 28 DEBUG neutron.service [req-8dbe9ea9-6715-403b-93d8-7e12009d056d - - - - -] returning from RpcWorker wait() _wait /var/lib/kolla/venv/lib/python3.6/site-packages/neutron/service.py:135
2025-09-08 02:07:42.200 6 INFO oslo_service.service [-] Child 27 exited with status 0
2025-09-08 02:07:42.205 6 INFO oslo_service.service [-] Child 28 exited with status 0
2025-09-08 02:07:42.208 24 DEBUG neutron.service [-] calling stop on stop /var/lib/kolla/venv/lib/python3.6/site-packages/neutron/service.py:141
2025-09-08 02:07:42.221 24 DEBUG oslo_concurrency.lockutils [req-8dbe9ea9-6715-403b-93d8-7e12009d056d - - - - -] Acquired lock "singleton_lock" lock /var/lib/kolla/venv/lib/python3.6/site-packages/oslo_concurrency/lockutils.py:294
2025-09-08 02:07:42.222 24 DEBUG oslo_concurrency.lockutils [req-8dbe9ea9-6715-403b-93d8-7e12009d056d - - - - -] Releasing lock "singleton_lock" lock /var/lib/kolla/venv/lib/python3.6/site-packages/oslo_concurrency/lockutils.py:312
2025-09-08 02:07:42.222 24 DEBUG neutron.service [req-8dbe9ea9-6715-403b-93d8-7e12009d056d - - - - -] calling RpcWorker wait() _wait /var/lib/kolla/venv/lib/python3.6/site-packages/neutron/service.py:128
2025-09-08 02:07:42.222 24 DEBUG neutron.service [req-8dbe9ea9-6715-403b-93d8-7e12009d056d - - - - -] calling wait on _wait /var/lib/kolla/venv/lib/python3.6/site-packages/neutron/service.py:131
2025-09-08 02:07:42.228 24 WARNING amqp [req-8dbe9ea9-6715-403b-93d8-7e12009d056d - - - - -] Received method (60, 30) during closing channel 1. This method will be ignored
2025-09-08 02:07:42.229 24 DEBUG neutron.service [req-8dbe9ea9-6715-403b-93d8-7e12009d056d - - - - -] calling wait on _wait /var/lib/kolla/venv/lib/python3.6/site-packages/neutron/service.py:131
2025-09-08 02:07:42.235 24 WARNING amqp [req-8dbe9ea9-6715-403b-93d8-7e12009d056d - - - - -] Received method (60, 30) during closing channel 1. This method will be ignored
2025-09-08 02:07:42.236 24 DEBUG neutron.service [req-8dbe9ea9-6715-403b-93d8-7e12009d056d - - - - -] calling wait on _wait /var/lib/kolla/venv/lib/python3.6/site-packages/neutron/service.py:131
2025-09-08 02:07:42.246 24 WARNING amqp [req-8dbe9ea9-6715-403b-93d8-7e12009d056d - - - - -] Received method (60, 30) during closing channel 1. This method will be ignored
2025-09-08 02:07:42.247 24 DEBUG neutron.service [req-8dbe9ea9-6715-403b-93d8-7e12009d056d - - - - -] calling wait on _wait /var/lib/kolla/venv/lib/python3.6/site-packages/neutron/service.py:131
2025-09-08 02:07:42.260 24 WARNING amqp [req-8dbe9ea9-6715-403b-93d8-7e12009d056d - - - - -] Received method (60, 30) during closing channel 1. This method will be ignored
2025-09-08 02:07:42.261 24 DEBUG neutron.service [req-8dbe9ea9-6715-403b-93d8-7e12009d056d - - - - -] returning from RpcWorker wait() _wait /var/lib/kolla/venv/lib/python3.6/site-packages/neutron/service.py:135
2025-09-08 02:07:42.266 6 INFO oslo_service.service [-] Child 24 exited with status 0
2025-09-08 02:07:42.639 22 DEBUG neutron.service [-] calling stop on stop /var/lib/kolla/venv/lib/python3.6/site-packages/neutron/service.py:141
2025-09-08 02:07:43.194 23 DEBUG neutron.service [-] calling stop on stop /var/lib/kolla/venv/lib/python3.6/site-packages/neutron/service.py:141
2025-09-08 02:07:46.441 7 INFO neutron.common.config [-] Logging enabled!
2025-09-08 02:07:46.441 7 INFO neutron.common.config [-] /var/lib/kolla/venv/bin/neutron-server version 20.5.1.dev23
2025-09-08 02:07:46.442 7 DEBUG neutron.common.config [-] command line: /var/lib/kolla/venv/bin/neutron-server --config-file /etc/neutron/neutron.conf --config-file /etc/neutron/ContrailPlugin.ini --config-file /etc/neutron/api-paste.ini setup_logging /var/lib/kolla/venv/lib/python3.6/site-packages/neutron/common/config.py:115
2025-09-08 02:07:46.445 7 INFO neutron.common.config [-] Logging enabled!
2025-09-08 02:07:46.446 7 INFO neutron.common.config [-] /var/lib/kolla/venv/bin/neutron-server version 20.5.1.dev23
2025-09-08 02:07:46.446 7 DEBUG neutron.common.config [-] command line: /var/lib/kolla/venv/bin/neutron-server --config-file /etc/neutron/neutron.conf --config-file /etc/neutron/ContrailPlugin.ini --config-file /etc/neutron/api-paste.ini setup_logging /var/lib/kolla/venv/lib/python3.6/site-packages/neutron/common/config.py:115
2025-09-08 02:07:46.447 7 DEBUG neutron.common.config [-] ******************************************************************************** log_opt_values /var/lib/kolla/venv/lib/python3.6/site-packages/oslo_config/cfg.py:2589
2025-09-08 02:07:46.447 7 DEBUG neutron.common.config [-] Configuration options gathered from: log_opt_values /var/lib/kolla/venv/lib/python3.6/site-packages/oslo_config/cfg.py:2590
2025-09-08 02:07:46.448 7 DEBUG neutron.common.config [-] command line args: ['--config-file', '/etc/neutron/neutron.conf', '--config-file', '/etc/neutron/ContrailPlugin.ini', '--config-file', '/etc/neutron/api-paste.ini'] log_opt_values /var/lib/kolla/venv/lib/python3.6/site-packages/oslo_config/cfg.py:2591
2025-09-08 02:07:46.449 7 DEBUG neutron.common.config [-] config files: ['/etc/neutron/neutron.conf', '/etc/neutron/ContrailPlugin.ini', '/etc/neutron/api-paste.ini'] log_opt_values /var/lib/kolla/venv/lib/python3.6/site-packages/oslo_config/cfg.py:2593
2025-09-08 02:07:46.449 7 DEBUG neutron.common.config [-] ================================================================================ log_opt_values /var/lib/kolla/venv/lib/python3.6/site-packages/oslo_config/cfg.py:2594
2025-09-08 02:07:46.450 7 DEBUG neutron.common.config [-] allow_bulk = True log_opt_values /var/lib/kolla/venv/lib/python3.6/site-packages/oslo_config/cfg.py:2603
2025-09-08 02:07:46.450 7 WARNING oslo_config.cfg [-] Deprecated: Option "allow_overlapping_ips" from group "DEFAULT" is deprecated for removal. Its value may be silently ignored in the future.
2025-09-08 02:07:46.450 7 DEBUG neutron.common.config [-] allow_overlapping_ips = True log_opt_values /var/lib/kolla/venv/lib/python3.6/site-packages/oslo_config/cfg.py:2603
2025-09-08 02:07:46.451 7 DEBUG neutron.common.config [-] api_extensions_path = /opt/plugin/site-packages/neutron_plugin_contrail/extensions:/opt/plugin/site-packages/neutron_lbaas/extensions log_opt_values /var/lib/kolla/venv/lib/python3.6/site-packages/oslo_config/cfg.py:2603
2025-09-08 02:07:46.452 7 DEBUG neutron.common.config [-] api_paste_config = /etc/neutron/api-paste.ini log_opt_values /var/lib/kolla/venv/lib/python3.6/site-packages/oslo_config/cfg.py:2603
2025-09-08 02:07:46.452 7 DEBUG neutron.common.config [-] api_workers = 1 log_opt_values /var/lib/kolla/venv/lib/python3.6/site-packages/oslo_config/cfg.py:2603
2025-09-08 02:07:46.452 7 DEBUG neutron.common.config [-] auth_strategy = keystone log_opt_values /var/lib/kolla/venv/lib/python3.6/site-packages/oslo_config/cfg.py:2603
2025-09-08 02:07:46.453 7 DEBUG neutron.common.config [-] backlog = 4096 log_opt_values /var/lib/kolla/venv/lib/python3.6/site-packages/oslo_config/cfg.py:2603
2025-09-08 02:07:46.453 7 DEBUG neutron.common.config [-] base_mac = fa:16:3e:00:00:00 log_opt_values /var/lib/kolla/venv/lib/python3.6/site-packages/oslo_config/cfg.py:2603
2025-09-08 02:07:46.454 7 DEBUG neutron.common.config [-] bind_host = 10.0.0.33 log_opt_values /var/lib/kolla/venv/lib/python3.6/site-packages/oslo_config/cfg.py:2603
2025-09-08 02:07:46.454 7 DEBUG neutron.common.config [-] bind_port = 9696 log_opt_values /var/lib/kolla/venv/lib/python3.6/site-packages/oslo_config/cfg.py:2603
2025-09-08 02:07:46.455 7 DEBUG neutron.common.config [-] client_socket_timeout = 900 log_opt_values /var/lib/kolla/venv/lib/python3.6/site-packages/oslo_config/cfg.py:2603
2025-09-08 02:07:46.455 7 DEBUG neutron.common.config [-] config_dir = [] log_opt_values /var/lib/kolla/venv/lib/python3.6/site-packages/oslo_config/cfg.py:2603
2025-09-08 02:07:46.456 7 DEBUG neutron.common.config [-] config_file = ['/etc/neutron/neutron.conf', '/etc/neutron/ContrailPlugin.ini', '/etc/neutron/api-paste.ini'] log_opt_values /var/lib/kolla/venv/lib/python3.6/site-packages/oslo_config/cfg.py:2603
2025-09-08 02:07:46.456 7 DEBUG neutron.common.config [-] config_source = [] log_opt_values /var/lib/kolla/venv/lib/python3.6/site-packages/oslo_config/cfg.py:2603
2025-09-08 02:07:46.456 7 DEBUG neutron.common.config [-] control_exchange = neutron log_opt_values /var/lib/kolla/venv/lib/python3.6/site-packages/oslo_config/cfg.py:2603
2025-09-08 02:07:46.457 7 DEBUG neutron.common.config [-] core_plugin = neutron_plugin_contrail.plugins.opencontrail.contrail_plugin.NeutronPluginContrailCoreV2 log_opt_values /var/lib/kolla/venv/lib/python3.6/site-packages/oslo_config/cfg.py:2603
2025-09-08 02:07:46.457 7 DEBUG neutron.common.config [-] debug = True log_opt_values /var/lib/kolla/venv/lib/python3.6/site-packages/oslo_config/cfg.py:2603
2025-09-08 02:07:46.458 7 DEBUG neutron.common.config [-] default_availability_zones = [] log_opt_values /var/lib/kolla/venv/lib/python3.6/site-packages/oslo_config/cfg.py:2603
2025-09-08 02:07:46.458 7 DEBUG neutron.common.config [-] default_log_levels = ['amqp=WARN', 'amqplib=WARN', 'boto=WARN', 'qpid=WARN', 'sqlalchemy=WARN', 'suds=INFO', 'oslo.messaging=INFO', 'oslo_messaging=INFO', 'iso8601=WARN', 'requests.packages.urllib3.connectionpool=WARN', 'urllib3.connectionpool=WARN', 'websocket=WARN', 'requests.packages.urllib3.util.retry=WARN', 'urllib3.util.retry=WARN', 'keystonemiddleware=WARN', 'routes.middleware=WARN', 'stevedore=WARN', 'taskflow=WARN', 'keystoneauth=WARN', 'oslo.cache=INFO', 'oslo_policy=INFO', 'dogpile.core.dogpile=INFO', 'OFPHandler=INFO', 'OfctlService=INFO', 'os_ken.base.app_manager=INFO', 'os_ken.controller.controller=INFO'] log_opt_values /var/lib/kolla/venv/lib/python3.6/site-packages/oslo_config/cfg.py:2603
2025-09-08 02:07:46.458 7 DEBUG neutron.common.config [-] dhcp_agent_notification = True log_opt_values /var/lib/kolla/venv/lib/python3.6/site-packages/oslo_config/cfg.py:2603
2025-09-08 02:07:46.459 7 DEBUG neutron.common.config [-] dhcp_lease_duration = 86400 log_opt_values /var/lib/kolla/venv/lib/python3.6/site-packages/oslo_config/cfg.py:2603
2025-09-08 02:07:46.459 7 DEBUG neutron.common.config [-] dns_domain = openstacklocal log_opt_values /var/lib/kolla/venv/lib/python3.6/site-packages/oslo_config/cfg.py:2603
2025-09-08 02:07:46.460 7 DEBUG neutron.common.config [-] enable_traditional_dhcp = True log_opt_values /var/lib/kolla/venv/lib/python3.6/site-packages/oslo_config/cfg.py:2603
2025-09-08 02:07:46.460 7 DEBUG neutron.common.config [-] external_dns_driver = None log_opt_values /var/lib/kolla/venv/lib/python3.6/site-packages/oslo_config/cfg.py:2603
2025-09-08 02:07:46.461 7 DEBUG neutron.common.config [-] filter_validation = True log_opt_values /var/lib/kolla/venv/lib/python3.6/site-packages/oslo_config/cfg.py:2603
2025-09-08 02:07:46.461 7 DEBUG neutron.common.config [-] global_physnet_mtu = 1500 log_opt_values /var/lib/kolla/venv/lib/python3.6/site-packages/oslo_config/cfg.py:2603
2025-09-08 02:07:46.461 7 DEBUG neutron.common.config [-] host = cn-jenkins-deploy-platform-ansible-os-4040-1 log_opt_values /var/lib/kolla/venv/lib/python3.6/site-packages/oslo_config/cfg.py:2603
2025-09-08 02:07:46.462 7 DEBUG neutron.common.config [-] http_retries = 3 log_opt_values /var/lib/kolla/venv/lib/python3.6/site-packages/oslo_config/cfg.py:2603
2025-09-08 02:07:46.462 7 DEBUG neutron.common.config [-] instance_format = [instance: %(uuid)s] log_opt_values /var/lib/kolla/venv/lib/python3.6/site-packages/oslo_config/cfg.py:2603
