2025-09-04 00:40:47.107 168034 DEBUG oslo_service.service [req-75c23327-8f3c-435c-9292-fa7486022fdd - - - - -] use_eventlog = False log_opt_values /usr/lib/python3/dist-packages/oslo_config/cfg.py:2602
2025-09-04 00:40:47.107 168034 DEBUG oslo_service.service [req-75c23327-8f3c-435c-9292-fa7486022fdd - - - - -] use_journal = False log_opt_values /usr/lib/python3/dist-packages/oslo_config/cfg.py:2602
2025-09-04 00:40:47.107 168034 DEBUG oslo_service.service [req-75c23327-8f3c-435c-9292-fa7486022fdd - - - - -] use_json = False log_opt_values /usr/lib/python3/dist-packages/oslo_config/cfg.py:2602
2025-09-04 00:40:47.107 168034 DEBUG oslo_service.service [req-75c23327-8f3c-435c-9292-fa7486022fdd - - - - -] use_rootwrap_daemon = False log_opt_values /usr/lib/python3/dist-packages/oslo_config/cfg.py:2602
2025-09-04 00:40:47.107 168422 DEBUG oslo_messaging._drivers.amqpdriver [-] Listener is running poll /usr/lib/python3/dist-packages/oslo_messaging/_drivers/amqpdriver.py:343
2025-09-04 00:40:47.107 168034 DEBUG oslo_service.service [req-75c23327-8f3c-435c-9292-fa7486022fdd - - - - -] use_stderr = False log_opt_values /usr/lib/python3/dist-packages/oslo_config/cfg.py:2602
2025-09-04 00:40:47.107 168422 DEBUG oslo_messaging._drivers.amqpdriver [-] AMQPListener connection consume poll /usr/lib/python3/dist-packages/oslo_messaging/_drivers/amqpdriver.py:357
2025-09-04 00:40:47.107 168034 DEBUG oslo_service.service [req-75c23327-8f3c-435c-9292-fa7486022fdd - - - - -] use_syslog = False log_opt_values /usr/lib/python3/dist-packages/oslo_config/cfg.py:2602
2025-09-04 00:40:47.108 168034 DEBUG oslo_service.service [req-75c23327-8f3c-435c-9292-fa7486022fdd - - - - -] vcpu_pin_set = None log_opt_values /usr/lib/python3/dist-packages/oslo_config/cfg.py:2602
2025-09-04 00:40:47.108 168034 DEBUG oslo_service.service [req-75c23327-8f3c-435c-9292-fa7486022fdd - - - - -] vif_plugging_is_fatal = True log_opt_values /usr/lib/python3/dist-packages/oslo_config/cfg.py:2602
2025-09-04 00:40:47.108 168034 DEBUG oslo_service.service [req-75c23327-8f3c-435c-9292-fa7486022fdd - - - - -] vif_plugging_timeout = 300 log_opt_values /usr/lib/python3/dist-packages/oslo_config/cfg.py:2602
2025-09-04 00:40:47.108 168034 DEBUG oslo_service.service [req-75c23327-8f3c-435c-9292-fa7486022fdd - - - - -] virt_mkfs = [] log_opt_values /usr/lib/python3/dist-packages/oslo_config/cfg.py:2602
2025-09-04 00:40:47.109 168034 DEBUG oslo_service.service [req-75c23327-8f3c-435c-9292-fa7486022fdd - - - - -] volume_usage_poll_interval = 0 log_opt_values /usr/lib/python3/dist-packages/oslo_config/cfg.py:2602
2025-09-04 00:40:47.109 168034 DEBUG oslo_service.service [req-75c23327-8f3c-435c-9292-fa7486022fdd - - - - -] watch_log_file = False log_opt_values /usr/lib/python3/dist-packages/oslo_config/cfg.py:2602
2025-09-04 00:40:47.109 168034 DEBUG oslo_service.service [req-75c23327-8f3c-435c-9292-fa7486022fdd - - - - -] web = /usr/share/spice-html5 log_opt_values /usr/lib/python3/dist-packages/oslo_config/cfg.py:2602
2025-09-04 00:40:47.109 168034 DEBUG oslo_service.service [req-75c23327-8f3c-435c-9292-fa7486022fdd - - - - -] oslo_concurrency.disable_process_locking = False log_opt_values /usr/lib/python3/dist-packages/oslo_config/cfg.py:2609
2025-09-04 00:40:47.109 168034 DEBUG oslo_service.service [req-75c23327-8f3c-435c-9292-fa7486022fdd - - - - -] oslo_concurrency.lock_path = /var/lock/nova log_opt_values /usr/lib/python3/dist-packages/oslo_config/cfg.py:2609
2025-09-04 00:40:47.109 168422 DEBUG nova.service [req-86c8b2d5-90f0-4464-bd3c-e2bbe64e7932 - - - - -] Join ServiceGroup membership for this service scheduler start /usr/lib/python3/dist-packages/nova/service.py:199
2025-09-04 00:40:47.110 168422 DEBUG nova.servicegroup.drivers.db [req-86c8b2d5-90f0-4464-bd3c-e2bbe64e7932 - - - - -] DB_Driver: join new ServiceGroup member juju-986812-0-lxd-7 to the scheduler group, service = join /usr/lib/python3/dist-packages/nova/servicegroup/drivers/db.py:44
2025-09-04 00:40:47.110 168034 WARNING oslo_config.cfg [req-75c23327-8f3c-435c-9292-fa7486022fdd - - - - -] Deprecated: Option "auth_strategy" from group "api" is deprecated for removal ( The only non-default choice, ``noauth2``, is for internal development and testing purposes only and should not be used in deployments. This option and its middleware, NoAuthMiddleware[V2_18], will be removed in a future release. ). Its value may be silently ignored in the future.
2025-09-04 00:40:47.110 168034 DEBUG oslo_service.service [req-75c23327-8f3c-435c-9292-fa7486022fdd - - - - -] api.auth_strategy = keystone log_opt_values /usr/lib/python3/dist-packages/oslo_config/cfg.py:2609
2025-09-04 00:40:47.110 168034 DEBUG oslo_service.service [req-75c23327-8f3c-435c-9292-fa7486022fdd - - - - -] api.compute_link_prefix = None log_opt_values /usr/lib/python3/dist-packages/oslo_config/cfg.py:2609
2025-09-04 00:40:47.111 168034 DEBUG oslo_service.service [req-75c23327-8f3c-435c-9292-fa7486022fdd - - - - -] api.config_drive_skip_versions = 1.0 2007-01-19 2007-03-01 2007-08-29 2007-10-10 2007-12-15 2008-02-01 2008-09-01 log_opt_values /usr/lib/python3/dist-packages/oslo_config/cfg.py:2609
2025-09-04 00:40:47.111 168034 DEBUG oslo_service.service [req-75c23327-8f3c-435c-9292-fa7486022fdd - - - - -] api.dhcp_domain = novalocal log_opt_values /usr/lib/python3/dist-packages/oslo_config/cfg.py:2609
2025-09-04 00:40:47.111 168034 DEBUG oslo_service.service [req-75c23327-8f3c-435c-9292-fa7486022fdd - - - - -] api.enable_instance_password = True log_opt_values /usr/lib/python3/dist-packages/oslo_config/cfg.py:2609
2025-09-04 00:40:47.111 168034 DEBUG oslo_service.service [req-75c23327-8f3c-435c-9292-fa7486022fdd - - - - -] api.glance_link_prefix = None log_opt_values /usr/lib/python3/dist-packages/oslo_config/cfg.py:2609
2025-09-04 00:40:47.111 168034 DEBUG oslo_service.service [req-75c23327-8f3c-435c-9292-fa7486022fdd - - - - -] api.instance_list_cells_batch_fixed_size = 100 log_opt_values /usr/lib/python3/dist-packages/oslo_config/cfg.py:2609
2025-09-04 00:40:47.112 168034 DEBUG oslo_service.service [req-75c23327-8f3c-435c-9292-fa7486022fdd - - - - -] api.instance_list_cells_batch_strategy = distributed log_opt_values /usr/lib/python3/dist-packages/oslo_config/cfg.py:2609
2025-09-04 00:40:47.112 168034 DEBUG oslo_service.service [req-75c23327-8f3c-435c-9292-fa7486022fdd - - - - -] api.instance_list_per_project_cells = False log_opt_values /usr/lib/python3/dist-packages/oslo_config/cfg.py:2609
2025-09-04 00:40:47.112 168034 DEBUG oslo_service.service [req-75c23327-8f3c-435c-9292-fa7486022fdd - - - - -] api.list_records_by_skipping_down_cells = True log_opt_values /usr/lib/python3/dist-packages/oslo_config/cfg.py:2609
2025-09-04 00:40:47.112 168034 DEBUG oslo_service.service [req-75c23327-8f3c-435c-9292-fa7486022fdd - - - - -] api.local_metadata_per_cell = False log_opt_values /usr/lib/python3/dist-packages/oslo_config/cfg.py:2609
2025-09-04 00:40:47.112 168422 DEBUG oslo_messaging._drivers.amqpdriver [-] AMQPListener connection timeout poll /usr/lib/python3/dist-packages/oslo_messaging/_drivers/amqpdriver.py:360
2025-09-04 00:40:47.112 168422 DEBUG oslo_messaging._drivers.amqpdriver [-] Listener is running poll /usr/lib/python3/dist-packages/oslo_messaging/_drivers/amqpdriver.py:343
2025-09-04 00:40:47.112 168034 DEBUG oslo_service.service [req-75c23327-8f3c-435c-9292-fa7486022fdd - - - - -] api.max_limit = 1000 log_opt_values /usr/lib/python3/dist-packages/oslo_config/cfg.py:2609
2025-09-04 00:40:47.112 168422 DEBUG oslo_messaging._drivers.amqpdriver [-] AMQPListener connection consume poll /usr/lib/python3/dist-packages/oslo_messaging/_drivers/amqpdriver.py:357
2025-09-04 00:40:47.112 168034 DEBUG oslo_service.service [req-75c23327-8f3c-435c-9292-fa7486022fdd - - - - -] api.metadata_cache_expiration = 15 log_opt_values /usr/lib/python3/dist-packages/oslo_config/cfg.py:2609
2025-09-04 00:40:47.113 168034 DEBUG oslo_service.service [req-75c23327-8f3c-435c-9292-fa7486022fdd - - - - -] api.neutron_default_tenant_id = default log_opt_values /usr/lib/python3/dist-packages/oslo_config/cfg.py:2609
2025-09-04 00:40:47.113 168034 DEBUG oslo_service.service [req-75c23327-8f3c-435c-9292-fa7486022fdd - - - - -] api.use_forwarded_for = False log_opt_values /usr/lib/python3/dist-packages/oslo_config/cfg.py:2609
2025-09-04 00:40:47.113 168034 DEBUG oslo_service.service [req-75c23327-8f3c-435c-9292-fa7486022fdd - - - - -] api.use_neutron_default_nets = False log_opt_values /usr/lib/python3/dist-packages/oslo_config/cfg.py:2609
2025-09-04 00:40:47.113 168034 DEBUG oslo_service.service [req-75c23327-8f3c-435c-9292-fa7486022fdd - - - - -] api.vendordata_dynamic_connect_timeout = 5 log_opt_values /usr/lib/python3/dist-packages/oslo_config/cfg.py:2609
2025-09-04 00:40:47.113 168034 DEBUG oslo_service.service [req-75c23327-8f3c-435c-9292-fa7486022fdd - - - - -] api.vendordata_dynamic_failure_fatal = False log_opt_values /usr/lib/python3/dist-packages/oslo_config/cfg.py:2609
2025-09-04 00:40:47.114 168034 DEBUG oslo_service.service [req-75c23327-8f3c-435c-9292-fa7486022fdd - - - - -] api.vendordata_dynamic_read_timeout = 5 log_opt_values /usr/lib/python3/dist-packages/oslo_config/cfg.py:2609
2025-09-04 00:40:47.114 168034 DEBUG oslo_service.service [req-75c23327-8f3c-435c-9292-fa7486022fdd - - - - -] api.vendordata_dynamic_ssl_certfile = log_opt_values /usr/lib/python3/dist-packages/oslo_config/cfg.py:2609
2025-09-04 00:40:47.114 168034 DEBUG oslo_service.service [req-75c23327-8f3c-435c-9292-fa7486022fdd - - - - -] api.vendordata_dynamic_targets = [] log_opt_values /usr/lib/python3/dist-packages/oslo_config/cfg.py:2609
2025-09-04 00:40:47.114 168034 DEBUG oslo_service.service [req-75c23327-8f3c-435c-9292-fa7486022fdd - - - - -] api.vendordata_jsonfile_path = None log_opt_values /usr/lib/python3/dist-packages/oslo_config/cfg.py:2609
2025-09-04 00:40:47.114 168034 DEBUG oslo_service.service [req-75c23327-8f3c-435c-9292-fa7486022fdd - - - - -] api.vendordata_providers = ['StaticJSON'] log_opt_values /usr/lib/python3/dist-packages/oslo_config/cfg.py:2609
2025-09-04 00:40:47.114 168034 DEBUG oslo_service.service [req-75c23327-8f3c-435c-9292-fa7486022fdd - - - - -] cache.backend = dogpile.cache.null log_opt_values /usr/lib/python3/dist-packages/oslo_config/cfg.py:2609
2025-09-04 00:40:47.115 168034 DEBUG oslo_service.service [req-75c23327-8f3c-435c-9292-fa7486022fdd - - - - -] cache.backend_argument = **** log_opt_values /usr/lib/python3/dist-packages/oslo_config/cfg.py:2609
2025-09-04 00:40:47.115 168424 DEBUG nova.service [req-e1e272d8-39f2-4b37-a2cd-6059a103f472 - - - - -] Creating RPC server for service scheduler start /usr/lib/python3/dist-packages/nova/service.py:182
2025-09-04 00:40:47.115 168034 DEBUG oslo_service.service [req-75c23327-8f3c-435c-9292-fa7486022fdd - - - - -] cache.config_prefix = cache.oslo log_opt_values /usr/lib/python3/dist-packages/oslo_config/cfg.py:2609
2025-09-04 00:40:47.115 168034 DEBUG oslo_service.service [req-75c23327-8f3c-435c-9292-fa7486022fdd - - - - -] cache.debug_cache_backend = False log_opt_values /usr/lib/python3/dist-packages/oslo_config/cfg.py:2609
2025-09-04 00:40:47.115 168034 DEBUG oslo_service.service [req-75c23327-8f3c-435c-9292-fa7486022fdd - - - - -] cache.enabled = False log_opt_values /usr/lib/python3/dist-packages/oslo_config/cfg.py:2609
2025-09-04 00:40:47.115 168034 DEBUG oslo_service.service [req-75c23327-8f3c-435c-9292-fa7486022fdd - - - - -] cache.expiration_time = 600 log_opt_values /usr/lib/python3/dist-packages/oslo_config/cfg.py:2609
2025-09-04 00:40:47.115 168034 DEBUG oslo_service.service [req-75c23327-8f3c-435c-9292-fa7486022fdd - - - - -] cache.memcache_dead_retry = 300 log_opt_values /usr/lib/python3/dist-packages/oslo_config/cfg.py:2609
2025-09-04 00:40:47.116 168034 DEBUG oslo_service.service [req-75c23327-8f3c-435c-9292-fa7486022fdd - - - - -] cache.memcache_pool_connection_get_timeout = 10 log_opt_values /usr/lib/python3/dist-packages/oslo_config/cfg.py:2609
2025-09-04 00:40:47.116 168034 DEBUG oslo_service.service [req-75c23327-8f3c-435c-9292-fa7486022fdd - - - - -] cache.memcache_pool_flush_on_reconnect = False log_opt_values /usr/lib/python3/dist-packages/oslo_config/cfg.py:2609
2025-09-04 00:40:47.116 168034 DEBUG oslo_service.service [req-75c23327-8f3c-435c-9292-fa7486022fdd - - - - -] cache.memcache_pool_maxsize = 10 log_opt_values /usr/lib/python3/dist-packages/oslo_config/cfg.py:2609
2025-09-04 00:40:47.116 168034 DEBUG oslo_service.service [req-75c23327-8f3c-435c-9292-fa7486022fdd - - - - -] cache.memcache_pool_unused_timeout = 60 log_opt_values /usr/lib/python3/dist-packages/oslo_config/cfg.py:2609
2025-09-04 00:40:47.116 168034 DEBUG oslo_service.service [req-75c23327-8f3c-435c-9292-fa7486022fdd - - - - -] cache.memcache_servers = ['localhost:11211'] log_opt_values /usr/lib/python3/dist-packages/oslo_config/cfg.py:2609
2025-09-04 00:40:47.116 168034 DEBUG oslo_service.service [req-75c23327-8f3c-435c-9292-fa7486022fdd - - - - -] cache.memcache_socket_timeout = 1.0 log_opt_values /usr/lib/python3/dist-packages/oslo_config/cfg.py:2609
2025-09-04 00:40:47.117 168034 DEBUG oslo_service.service [req-75c23327-8f3c-435c-9292-fa7486022fdd - - - - -] cache.proxies = [] log_opt_values /usr/lib/python3/dist-packages/oslo_config/cfg.py:2609
2025-09-04 00:40:47.117 168034 DEBUG oslo_service.service [req-75c23327-8f3c-435c-9292-fa7486022fdd - - - - -] cache.tls_allowed_ciphers = None log_opt_values /usr/lib/python3/dist-packages/oslo_config/cfg.py:2609
2025-09-04 00:40:47.117 168034 DEBUG oslo_service.service [req-75c23327-8f3c-435c-9292-fa7486022fdd - - - - -] cache.tls_cafile = None log_opt_values /usr/lib/python3/dist-packages/oslo_config/cfg.py:2609
2025-09-04 00:40:47.117 168034 DEBUG oslo_service.service [req-75c23327-8f3c-435c-9292-fa7486022fdd - - - - -] cache.tls_certfile = None log_opt_values /usr/lib/python3/dist-packages/oslo_config/cfg.py:2609
2025-09-04 00:40:47.117 168034 DEBUG oslo_service.service [req-75c23327-8f3c-435c-9292-fa7486022fdd - - - - -] cache.tls_enabled = False log_opt_values /usr/lib/python3/dist-packages/oslo_config/cfg.py:2609
2025-09-04 00:40:47.118 168034 DEBUG oslo_service.service [req-75c23327-8f3c-435c-9292-fa7486022fdd - - - - -] cache.tls_keyfile = None log_opt_values /usr/lib/python3/dist-packages/oslo_config/cfg.py:2609
2025-09-04 00:40:47.118 168034 DEBUG oslo_service.service [req-75c23327-8f3c-435c-9292-fa7486022fdd - - - - -] cinder.auth_section = None log_opt_values /usr/lib/python3/dist-packages/oslo_config/cfg.py:2609
2025-09-04 00:40:47.118 168034 DEBUG oslo_service.service [req-75c23327-8f3c-435c-9292-fa7486022fdd - - - - -] cinder.auth_type = None log_opt_values /usr/lib/python3/dist-packages/oslo_config/cfg.py:2609
2025-09-04 00:40:47.118 168034 DEBUG oslo_service.service [req-75c23327-8f3c-435c-9292-fa7486022fdd - - - - -] cinder.cafile = None log_opt_values /usr/lib/python3/dist-packages/oslo_config/cfg.py:2609
2025-09-04 00:40:47.118 168034 DEBUG oslo_service.service [req-75c23327-8f3c-435c-9292-fa7486022fdd - - - - -] cinder.catalog_info = volumev3::publicURL log_opt_values /usr/lib/python3/dist-packages/oslo_config/cfg.py:2609
2025-09-04 00:40:47.119 168034 DEBUG oslo_service.service [req-75c23327-8f3c-435c-9292-fa7486022fdd - - - - -] cinder.certfile = None log_opt_values /usr/lib/python3/dist-packages/oslo_config/cfg.py:2609
2025-09-04 00:40:47.119 168034 DEBUG oslo_service.service [req-75c23327-8f3c-435c-9292-fa7486022fdd - - - - -] cinder.collect_timing = False log_opt_values /usr/lib/python3/dist-packages/oslo_config/cfg.py:2609
2025-09-04 00:40:47.119 168034 DEBUG oslo_service.service [req-75c23327-8f3c-435c-9292-fa7486022fdd - - - - -] cinder.cross_az_attach = True log_opt_values /usr/lib/python3/dist-packages/oslo_config/cfg.py:2609
2025-09-04 00:40:47.119 168034 DEBUG oslo_service.service [req-75c23327-8f3c-435c-9292-fa7486022fdd - - - - -] cinder.debug = False log_opt_values /usr/lib/python3/dist-packages/oslo_config/cfg.py:2609
2025-09-04 00:40:47.119 168034 DEBUG oslo_service.service [req-75c23327-8f3c-435c-9292-fa7486022fdd - - - - -] cinder.endpoint_template = None log_opt_values /usr/lib/python3/dist-packages/oslo_config/cfg.py:2609
2025-09-04 00:40:47.120 168034 DEBUG oslo_service.service [req-75c23327-8f3c-435c-9292-fa7486022fdd - - - - -] cinder.http_retries = 3 log_opt_values /usr/lib/python3/dist-packages/oslo_config/cfg.py:2609
2025-09-04 00:40:47.120 168034 DEBUG oslo_service.service [req-75c23327-8f3c-435c-9292-fa7486022fdd - - - - -] cinder.insecure = False log_opt_values /usr/lib/python3/dist-packages/oslo_config/cfg.py:2609
2025-09-04 00:40:47.120 168034 DEBUG oslo_service.service [req-75c23327-8f3c-435c-9292-fa7486022fdd - - - - -] cinder.keyfile = None log_opt_values /usr/lib/python3/dist-packages/oslo_config/cfg.py:2609
2025-09-04 00:40:47.120 168034 DEBUG oslo_service.service [req-75c23327-8f3c-435c-9292-fa7486022fdd - - - - -] cinder.os_region_name = None log_opt_values /usr/lib/python3/dist-packages/oslo_config/cfg.py:2609
2025-09-04 00:40:47.120 168034 DEBUG oslo_service.service [req-75c23327-8f3c-435c-9292-fa7486022fdd - - - - -] cinder.split_loggers = False log_opt_values /usr/lib/python3/dist-packages/oslo_config/cfg.py:2609
2025-09-04 00:40:47.120 168034 DEBUG oslo_service.service [req-75c23327-8f3c-435c-9292-fa7486022fdd - - - - -] cinder.timeout = None log_opt_values /usr/lib/python3/dist-packages/oslo_config/cfg.py:2609
2025-09-04 00:40:47.121 168034 DEBUG oslo_service.service [req-75c23327-8f3c-435c-9292-fa7486022fdd - - - - -] compute.consecutive_build_service_disable_threshold = 10 log_opt_values /usr/lib/python3/dist-packages/oslo_config/cfg.py:2609
2025-09-04 00:40:47.121 168034 DEBUG oslo_service.service [req-75c23327-8f3c-435c-9292-fa7486022fdd - - - - -] compute.cpu_dedicated_set = None log_opt_values /usr/lib/python3/dist-packages/oslo_config/cfg.py:2609
2025-09-04 00:40:47.121 168034 DEBUG oslo_service.service [req-75c23327-8f3c-435c-9292-fa7486022fdd - - - - -] compute.cpu_shared_set = None log_opt_values /usr/lib/python3/dist-packages/oslo_config/cfg.py:2609
2025-09-04 00:40:47.121 168034 DEBUG oslo_service.service [req-75c23327-8f3c-435c-9292-fa7486022fdd - - - - -] compute.image_type_exclude_list = [] log_opt_values /usr/lib/python3/dist-packages/oslo_config/cfg.py:2609
2025-09-04 00:40:47.121 168034 DEBUG oslo_service.service [req-75c23327-8f3c-435c-9292-fa7486022fdd - - - - -] compute.live_migration_wait_for_vif_plug = True log_opt_values /usr/lib/python3/dist-packages/oslo_config/cfg.py:2609
2025-09-04 00:40:47.122 168034 DEBUG oslo_service.service [req-75c23327-8f3c-435c-9292-fa7486022fdd - - - - -] compute.max_concurrent_disk_ops = 0 log_opt_values /usr/lib/python3/dist-packages/oslo_config/cfg.py:2609
2025-09-04 00:40:47.122 168034 DEBUG oslo_service.service [req-75c23327-8f3c-435c-9292-fa7486022fdd - - - - -] compute.max_disk_devices_to_attach = -1 log_opt_values /usr/lib/python3/dist-packages/oslo_config/cfg.py:2609
2025-09-04 00:40:47.122 168034 DEBUG oslo_service.service [req-75c23327-8f3c-435c-9292-fa7486022fdd - - - - -] compute.packing_host_numa_cells_allocation_strategy = True log_opt_values /usr/lib/python3/dist-packages/oslo_config/cfg.py:2609
2025-09-04 00:40:47.122 168034 DEBUG oslo_service.service [req-75c23327-8f3c-435c-9292-fa7486022fdd - - - - -] compute.provider_config_location = /etc/nova/provider_config/ log_opt_values /usr/lib/python3/dist-packages/oslo_config/cfg.py:2609
2025-09-04 00:40:47.122 168034 DEBUG oslo_service.service [req-75c23327-8f3c-435c-9292-fa7486022fdd - - - - -] compute.resource_provider_association_refresh = 300 log_opt_values /usr/lib/python3/dist-packages/oslo_config/cfg.py:2609
2025-09-04 00:40:47.123 168034 DEBUG oslo_service.service [req-75c23327-8f3c-435c-9292-fa7486022fdd - - - - -] compute.shutdown_retry_interval = 10 log_opt_values /usr/lib/python3/dist-packages/oslo_config/cfg.py:2609
2025-09-04 00:40:47.123 168034 DEBUG oslo_service.service [req-75c23327-8f3c-435c-9292-fa7486022fdd - - - - -] compute.vmdk_allowed_types = ['streamOptimized', 'monolithicSparse'] log_opt_values /usr/lib/python3/dist-packages/oslo_config/cfg.py:2609
2025-09-04 00:40:47.123 168034 DEBUG oslo_service.service [req-75c23327-8f3c-435c-9292-fa7486022fdd - - - - -] conductor.workers = 4 log_opt_values /usr/lib/python3/dist-packages/oslo_config/cfg.py:2609
2025-09-04 00:40:47.123 168034 DEBUG oslo_service.service [req-75c23327-8f3c-435c-9292-fa7486022fdd - - - - -] console.allowed_origins = [] log_opt_values /usr/lib/python3/dist-packages/oslo_config/cfg.py:2609
2025-09-04 00:40:47.123 168034 DEBUG oslo_service.service [req-75c23327-8f3c-435c-9292-fa7486022fdd - - - - -] console.ssl_ciphers = None log_opt_values /usr/lib/python3/dist-packages/oslo_config/cfg.py:2609
2025-09-04 00:40:47.123 168034 DEBUG oslo_service.service [req-75c23327-8f3c-435c-9292-fa7486022fdd - - - - -] console.ssl_minimum_version = default log_opt_values /usr/lib/python3/dist-packages/oslo_config/cfg.py:2609
2025-09-04 00:40:47.124 168034 DEBUG oslo_service.service [req-75c23327-8f3c-435c-9292-fa7486022fdd - - - - -] consoleauth.token_ttl = 600 log_opt_values /usr/lib/python3/dist-packages/oslo_config/cfg.py:2609
2025-09-04 00:40:47.124 168034 DEBUG oslo_service.service [req-75c23327-8f3c-435c-9292-fa7486022fdd - - - - -] cyborg.cafile = None log_opt_values /usr/lib/python3/dist-packages/oslo_config/cfg.py:2609
2025-09-04 00:40:47.124 168034 DEBUG oslo_service.service [req-75c23327-8f3c-435c-9292-fa7486022fdd - - - - -] cyborg.certfile = None log_opt_values /usr/lib/python3/dist-packages/oslo_config/cfg.py:2609
2025-09-04 00:40:47.124 168034 DEBUG oslo_service.service [req-75c23327-8f3c-435c-9292-fa7486022fdd - - - - -] cyborg.collect_timing = False log_opt_values /usr/lib/python3/dist-packages/oslo_config/cfg.py:2609
2025-09-04 00:40:47.124 168034 DEBUG oslo_service.service [req-75c23327-8f3c-435c-9292-fa7486022fdd - - - - -] cyborg.connect_retries = None log_opt_values /usr/lib/python3/dist-packages/oslo_config/cfg.py:2609
2025-09-04 00:40:47.124 168034 DEBUG oslo_service.service [req-75c23327-8f3c-435c-9292-fa7486022fdd - - - - -] cyborg.connect_retry_delay = None log_opt_values /usr/lib/python3/dist-packages/oslo_config/cfg.py:2609
2025-09-04 00:40:47.125 168034 DEBUG oslo_service.service [req-75c23327-8f3c-435c-9292-fa7486022fdd - - - - -] cyborg.endpoint_override = None log_opt_values /usr/lib/python3/dist-packages/oslo_config/cfg.py:2609
2025-09-04 00:40:47.125 168034 DEBUG oslo_service.service [req-75c23327-8f3c-435c-9292-fa7486022fdd - - - - -] cyborg.insecure = False log_opt_values /usr/lib/python3/dist-packages/oslo_config/cfg.py:2609
2025-09-04 00:40:47.125 168034 DEBUG oslo_service.service [req-75c23327-8f3c-435c-9292-fa7486022fdd - - - - -] cyborg.keyfile = None log_opt_values /usr/lib/python3/dist-packages/oslo_config/cfg.py:2609
2025-09-04 00:40:47.125 168034 DEBUG oslo_service.service [req-75c23327-8f3c-435c-9292-fa7486022fdd - - - - -] cyborg.max_version = None log_opt_values /usr/lib/python3/dist-packages/oslo_config/cfg.py:2609
2025-09-04 00:40:47.125 168423 DEBUG oslo_messaging._drivers.amqpdriver [-] Listener is running poll /usr/lib/python3/dist-packages/oslo_messaging/_drivers/amqpdriver.py:343
2025-09-04 00:40:47.125 168034 DEBUG oslo_service.service [req-75c23327-8f3c-435c-9292-fa7486022fdd - - - - -] cyborg.min_version = None log_opt_values /usr/lib/python3/dist-packages/oslo_config/cfg.py:2609
2025-09-04 00:40:47.125 168034 DEBUG oslo_service.service [req-75c23327-8f3c-435c-9292-fa7486022fdd - - - - -] cyborg.region_name = None log_opt_values /usr/lib/python3/dist-packages/oslo_config/cfg.py:2609
2025-09-04 00:40:47.125 168423 DEBUG oslo_messaging._drivers.amqpdriver [-] AMQPListener connection consume poll /usr/lib/python3/dist-packages/oslo_messaging/_drivers/amqpdriver.py:357
2025-09-04 00:40:47.126 168034 DEBUG oslo_service.service [req-75c23327-8f3c-435c-9292-fa7486022fdd - - - - -] cyborg.service_name = None log_opt_values /usr/lib/python3/dist-packages/oslo_config/cfg.py:2609
2025-09-04 00:40:47.126 168034 DEBUG oslo_service.service [req-75c23327-8f3c-435c-9292-fa7486022fdd - - - - -] cyborg.service_type = accelerator log_opt_values /usr/lib/python3/dist-packages/oslo_config/cfg.py:2609
2025-09-04 00:40:47.126 168034 DEBUG oslo_service.service [req-75c23327-8f3c-435c-9292-fa7486022fdd - - - - -] cyborg.split_loggers = False log_opt_values /usr/lib/python3/dist-packages/oslo_config/cfg.py:2609
2025-09-04 00:40:47.126 168034 DEBUG oslo_service.service [req-75c23327-8f3c-435c-9292-fa7486022fdd - - - - -] cyborg.status_code_retries = None log_opt_values /usr/lib/python3/dist-packages/oslo_config/cfg.py:2609
2025-09-04 00:40:47.126 168034 DEBUG oslo_service.service [req-75c23327-8f3c-435c-9292-fa7486022fdd - - - - -] cyborg.status_code_retry_delay = None log_opt_values /usr/lib/python3/dist-packages/oslo_config/cfg.py:2609
2025-09-04 00:40:47.126 168423 DEBUG nova.service [req-17571851-ef1a-42db-9502-7bd17786abc8 - - - - -] Join ServiceGroup membership for this service scheduler start /usr/lib/python3/dist-packages/nova/service.py:199
2025-09-04 00:40:47.126 168034 DEBUG oslo_service.service [req-75c23327-8f3c-435c-9292-fa7486022fdd - - - - -] cyborg.timeout = None log_opt_values /usr/lib/python3/dist-packages/oslo_config/cfg.py:2609
2025-09-04 00:40:47.126 168423 DEBUG nova.servicegroup.drivers.db [req-17571851-ef1a-42db-9502-7bd17786abc8 - - - - -] DB_Driver: join new ServiceGroup member juju-986812-0-lxd-7 to the scheduler group, service = join /usr/lib/python3/dist-packages/nova/servicegroup/drivers/db.py:44
2025-09-04 00:40:47.126 168034 DEBUG oslo_service.service [req-75c23327-8f3c-435c-9292-fa7486022fdd - - - - -] cyborg.valid_interfaces = ['internal', 'public'] log_opt_values /usr/lib/python3/dist-packages/oslo_config/cfg.py:2609
2025-09-04 00:40:47.127 168034 DEBUG oslo_service.service [req-75c23327-8f3c-435c-9292-fa7486022fdd - - - - -] cyborg.version = None log_opt_values /usr/lib/python3/dist-packages/oslo_config/cfg.py:2609
2025-09-04 00:40:47.127 168034 DEBUG oslo_service.service [req-75c23327-8f3c-435c-9292-fa7486022fdd - - - - -] database.backend = sqlalchemy log_opt_values /usr/lib/python3/dist-packages/oslo_config/cfg.py:2609
2025-09-04 00:40:47.127 168034 DEBUG oslo_service.service [req-75c23327-8f3c-435c-9292-fa7486022fdd - - - - -] database.connection = **** log_opt_values /usr/lib/python3/dist-packages/oslo_config/cfg.py:2609
2025-09-04 00:40:47.127 168034 DEBUG oslo_service.service [req-75c23327-8f3c-435c-9292-fa7486022fdd - - - - -] database.connection_debug = 0 log_opt_values /usr/lib/python3/dist-packages/oslo_config/cfg.py:2609
2025-09-04 00:40:47.127 168034 DEBUG oslo_service.service [req-75c23327-8f3c-435c-9292-fa7486022fdd - - - - -] database.connection_parameters = log_opt_values /usr/lib/python3/dist-packages/oslo_config/cfg.py:2609
2025-09-04 00:40:47.128 168034 DEBUG oslo_service.service [req-75c23327-8f3c-435c-9292-fa7486022fdd - - - - -] database.connection_recycle_time = 3600 log_opt_values /usr/lib/python3/dist-packages/oslo_config/cfg.py:2609
2025-09-04 00:40:47.128 168034 DEBUG oslo_service.service [req-75c23327-8f3c-435c-9292-fa7486022fdd - - - - -] database.connection_trace = False log_opt_values /usr/lib/python3/dist-packages/oslo_config/cfg.py:2609
2025-09-04 00:40:47.128 168034 DEBUG oslo_service.service [req-75c23327-8f3c-435c-9292-fa7486022fdd - - - - -] database.db_inc_retry_interval = True log_opt_values /usr/lib/python3/dist-packages/oslo_config/cfg.py:2609
2025-09-04 00:40:47.128 168034 DEBUG oslo_service.service [req-75c23327-8f3c-435c-9292-fa7486022fdd - - - - -] database.db_max_retries = 20 log_opt_values /usr/lib/python3/dist-packages/oslo_config/cfg.py:2609
2025-09-04 00:40:47.128 168034 DEBUG oslo_service.service [req-75c23327-8f3c-435c-9292-fa7486022fdd - - - - -] database.db_max_retry_interval = 10 log_opt_values /usr/lib/python3/dist-packages/oslo_config/cfg.py:2609
2025-09-04 00:40:47.128 168034 DEBUG oslo_service.service [req-75c23327-8f3c-435c-9292-fa7486022fdd - - - - -] database.db_retry_interval = 1 log_opt_values /usr/lib/python3/dist-packages/oslo_config/cfg.py:2609
2025-09-04 00:40:47.129 168034 DEBUG oslo_service.service [req-75c23327-8f3c-435c-9292-fa7486022fdd - - - - -] database.max_overflow = 50 log_opt_values /usr/lib/python3/dist-packages/oslo_config/cfg.py:2609
2025-09-04 00:40:47.128 168425 DEBUG oslo_messaging._drivers.amqpdriver [-] Listener is running poll /usr/lib/python3/dist-packages/oslo_messaging/_drivers/amqpdriver.py:343
2025-09-04 00:40:47.129 168423 DEBUG oslo_messaging._drivers.amqpdriver [-] AMQPListener connection timeout poll /usr/lib/python3/dist-packages/oslo_messaging/_drivers/amqpdriver.py:360
2025-09-04 00:40:47.129 168034 DEBUG oslo_service.service [req-75c23327-8f3c-435c-9292-fa7486022fdd - - - - -] database.max_pool_size = 4 log_opt_values /usr/lib/python3/dist-packages/oslo_config/cfg.py:2609
2025-09-04 00:40:47.129 168425 DEBUG oslo_messaging._drivers.amqpdriver [-] AMQPListener connection consume poll /usr/lib/python3/dist-packages/oslo_messaging/_drivers/amqpdriver.py:357
2025-09-04 00:40:47.129 168423 DEBUG oslo_messaging._drivers.amqpdriver [-] Listener is running poll /usr/lib/python3/dist-packages/oslo_messaging/_drivers/amqpdriver.py:343
2025-09-04 00:40:47.129 168034 DEBUG oslo_service.service [req-75c23327-8f3c-435c-9292-fa7486022fdd - - - - -] database.max_retries = 10 log_opt_values /usr/lib/python3/dist-packages/oslo_config/cfg.py:2609
2025-09-04 00:40:47.129 168423 DEBUG oslo_messaging._drivers.amqpdriver [-] AMQPListener connection consume poll /usr/lib/python3/dist-packages/oslo_messaging/_drivers/amqpdriver.py:357
2025-09-04 00:40:47.129 168034 DEBUG oslo_service.service [req-75c23327-8f3c-435c-9292-fa7486022fdd - - - - -] database.mysql_enable_ndb = False log_opt_values /usr/lib/python3/dist-packages/oslo_config/cfg.py:2609
2025-09-04 00:40:47.129 168034 DEBUG oslo_service.service [req-75c23327-8f3c-435c-9292-fa7486022fdd - - - - -] database.mysql_sql_mode = TRADITIONAL log_opt_values /usr/lib/python3/dist-packages/oslo_config/cfg.py:2609
2025-09-04 00:40:47.129 168034 DEBUG oslo_service.service [req-75c23327-8f3c-435c-9292-fa7486022fdd - - - - -] database.pool_timeout = None log_opt_values /usr/lib/python3/dist-packages/oslo_config/cfg.py:2609
2025-09-04 00:40:47.130 168034 DEBUG oslo_service.service [req-75c23327-8f3c-435c-9292-fa7486022fdd - - - - -] database.retry_interval = 10 log_opt_values /usr/lib/python3/dist-packages/oslo_config/cfg.py:2609
2025-09-04 00:40:47.130 168034 DEBUG oslo_service.service [req-75c23327-8f3c-435c-9292-fa7486022fdd - - - - -] database.slave_connection = **** log_opt_values /usr/lib/python3/dist-packages/oslo_config/cfg.py:2609
2025-09-04 00:40:47.130 168034 DEBUG oslo_service.service [req-75c23327-8f3c-435c-9292-fa7486022fdd - - - - -] database.sqlite_synchronous = True log_opt_values /usr/lib/python3/dist-packages/oslo_config/cfg.py:2609
2025-09-04 00:40:47.130 168034 DEBUG oslo_service.service [req-75c23327-8f3c-435c-9292-fa7486022fdd - - - - -] database.use_db_reconnect = False log_opt_values /usr/lib/python3/dist-packages/oslo_config/cfg.py:2609
2025-09-04 00:40:47.130 168034 DEBUG oslo_service.service [req-75c23327-8f3c-435c-9292-fa7486022fdd - - - - -] api_database.backend = sqlalchemy log_opt_values /usr/lib/python3/dist-packages/oslo_config/cfg.py:2609
2025-09-04 00:40:47.130 168034 DEBUG oslo_service.service [req-75c23327-8f3c-435c-9292-fa7486022fdd - - - - -] api_database.connection = **** log_opt_values /usr/lib/python3/dist-packages/oslo_config/cfg.py:2609
2025-09-04 00:40:47.130 168034 DEBUG oslo_service.service [req-75c23327-8f3c-435c-9292-fa7486022fdd - - - - -] api_database.connection_debug = 0 log_opt_values /usr/lib/python3/dist-packages/oslo_config/cfg.py:2609
2025-09-04 00:40:47.131 168034 DEBUG oslo_service.service [req-75c23327-8f3c-435c-9292-fa7486022fdd - - - - -] api_database.connection_parameters = log_opt_values /usr/lib/python3/dist-packages/oslo_config/cfg.py:2609
2025-09-04 00:40:47.131 168034 DEBUG oslo_service.service [req-75c23327-8f3c-435c-9292-fa7486022fdd - - - - -] api_database.connection_recycle_time = 3600 log_opt_values /usr/lib/python3/dist-packages/oslo_config/cfg.py:2609
2025-09-04 00:40:47.131 168425 DEBUG nova.service [req-893c4525-8380-461e-9bd5-29f619a71a87 - - - - -] Join ServiceGroup membership for this service scheduler start /usr/lib/python3/dist-packages/nova/service.py:199
2025-09-04 00:40:47.131 168034 DEBUG oslo_service.service [req-75c23327-8f3c-435c-9292-fa7486022fdd - - - - -] api_database.connection_trace = False log_opt_values /usr/lib/python3/dist-packages/oslo_config/cfg.py:2609
2025-09-04 00:40:47.131 168034 DEBUG oslo_service.service [req-75c23327-8f3c-435c-9292-fa7486022fdd - - - - -] api_database.db_inc_retry_interval = True log_opt_values /usr/lib/python3/dist-packages/oslo_config/cfg.py:2609
2025-09-04 00:40:47.131 168425 DEBUG nova.servicegroup.drivers.db [req-893c4525-8380-461e-9bd5-29f619a71a87 - - - - -] DB_Driver: join new ServiceGroup member juju-986812-0-lxd-7 to the scheduler group, service = join /usr/lib/python3/dist-packages/nova/servicegroup/drivers/db.py:44
2025-09-04 00:40:47.131 168034 DEBUG oslo_service.service [req-75c23327-8f3c-435c-9292-fa7486022fdd - - - - -] api_database.db_max_retries = 20 log_opt_values /usr/lib/python3/dist-packages/oslo_config/cfg.py:2609
2025-09-04 00:40:47.131 168034 DEBUG oslo_service.service [req-75c23327-8f3c-435c-9292-fa7486022fdd - - - - -] api_database.db_max_retry_interval = 10 log_opt_values /usr/lib/python3/dist-packages/oslo_config/cfg.py:2609
2025-09-04 00:40:47.132 168034 DEBUG oslo_service.service [req-75c23327-8f3c-435c-9292-fa7486022fdd - - - - -] api_database.db_retry_interval = 1 log_opt_values /usr/lib/python3/dist-packages/oslo_config/cfg.py:2609
2025-09-04 00:40:47.132 168034 DEBUG oslo_service.service [req-75c23327-8f3c-435c-9292-fa7486022fdd - - - - -] api_database.max_overflow = 50 log_opt_values /usr/lib/python3/dist-packages/oslo_config/cfg.py:2609
2025-09-04 00:40:47.132 168034 DEBUG oslo_service.service [req-75c23327-8f3c-435c-9292-fa7486022fdd - - - - -] api_database.max_pool_size = 4 log_opt_values /usr/lib/python3/dist-packages/oslo_config/cfg.py:2609
2025-09-04 00:40:47.132 168034 DEBUG oslo_service.service [req-75c23327-8f3c-435c-9292-fa7486022fdd - - - - -] api_database.max_retries = 10 log_opt_values /usr/lib/python3/dist-packages/oslo_config/cfg.py:2609
2025-09-04 00:40:47.132 168034 DEBUG oslo_service.service [req-75c23327-8f3c-435c-9292-fa7486022fdd - - - - -] api_database.mysql_enable_ndb = False log_opt_values /usr/lib/python3/dist-packages/oslo_config/cfg.py:2609
2025-09-04 00:40:47.132 168034 DEBUG oslo_service.service [req-75c23327-8f3c-435c-9292-fa7486022fdd - - - - -] api_database.mysql_sql_mode = TRADITIONAL log_opt_values /usr/lib/python3/dist-packages/oslo_config/cfg.py:2609
2025-09-04 00:40:47.133 168034 DEBUG oslo_service.service [req-75c23327-8f3c-435c-9292-fa7486022fdd - - - - -] api_database.pool_timeout = None log_opt_values /usr/lib/python3/dist-packages/oslo_config/cfg.py:2609
2025-09-04 00:40:47.133 168034 DEBUG oslo_service.service [req-75c23327-8f3c-435c-9292-fa7486022fdd - - - - -] api_database.retry_interval = 10 log_opt_values /usr/lib/python3/dist-packages/oslo_config/cfg.py:2609
2025-09-04 00:40:47.133 168034 DEBUG oslo_service.service [req-75c23327-8f3c-435c-9292-fa7486022fdd - - - - -] api_database.slave_connection = **** log_opt_values /usr/lib/python3/dist-packages/oslo_config/cfg.py:2609
2025-09-04 00:40:47.133 168034 DEBUG oslo_service.service [req-75c23327-8f3c-435c-9292-fa7486022fdd - - - - -] api_database.sqlite_synchronous = True log_opt_values /usr/lib/python3/dist-packages/oslo_config/cfg.py:2609
2025-09-04 00:40:47.133 168034 DEBUG oslo_service.service [req-75c23327-8f3c-435c-9292-fa7486022fdd - - - - -] devices.enabled_mdev_types = [] log_opt_values /usr/lib/python3/dist-packages/oslo_config/cfg.py:2609
2025-09-04 00:40:47.133 168034 DEBUG oslo_service.service [req-75c23327-8f3c-435c-9292-fa7486022fdd - - - - -] ephemeral_storage_encryption.cipher = aes-xts-plain64 log_opt_values /usr/lib/python3/dist-packages/oslo_config/cfg.py:2609
2025-09-04 00:40:47.134 168425 DEBUG oslo_messaging._drivers.amqpdriver [-] AMQPListener connection timeout poll /usr/lib/python3/dist-packages/oslo_messaging/_drivers/amqpdriver.py:360
2025-09-04 00:40:47.134 168034 DEBUG oslo_service.service [req-75c23327-8f3c-435c-9292-fa7486022fdd - - - - -] ephemeral_storage_encryption.enabled = False log_opt_values /usr/lib/python3/dist-packages/oslo_config/cfg.py:2609
2025-09-04 00:40:47.134 168425 DEBUG oslo_messaging._drivers.amqpdriver [-] Listener is running poll /usr/lib/python3/dist-packages/oslo_messaging/_drivers/amqpdriver.py:343
2025-09-04 00:40:47.134 168034 DEBUG oslo_service.service [req-75c23327-8f3c-435c-9292-fa7486022fdd - - - - -] ephemeral_storage_encryption.key_size = 512 log_opt_values /usr/lib/python3/dist-packages/oslo_config/cfg.py:2609
2025-09-04 00:40:47.134 168425 DEBUG oslo_messaging._drivers.amqpdriver [-] AMQPListener connection consume poll /usr/lib/python3/dist-packages/oslo_messaging/_drivers/amqpdriver.py:357
2025-09-04 00:40:47.134 168034 WARNING oslo_config.cfg [req-75c23327-8f3c-435c-9292-fa7486022fdd - - - - -] Deprecated: Option "api_servers" from group "glance" is deprecated for removal ( Support for image service configuration via standard keystoneauth1 Adapter options was added in the 17.0.0 Queens release. The api_servers option was retained temporarily to allow consumers time to cut over to a real load balancing solution. ). Its value may be silently ignored in the future.
2025-09-04 00:40:47.134 168034 DEBUG oslo_service.service [req-75c23327-8f3c-435c-9292-fa7486022fdd - - - - -] glance.api_servers = ['http://252.41.104.62:9292'] log_opt_values /usr/lib/python3/dist-packages/oslo_config/cfg.py:2609
2025-09-04 00:40:47.135 168034 DEBUG oslo_service.service [req-75c23327-8f3c-435c-9292-fa7486022fdd - - - - -] glance.cafile = None log_opt_values /usr/lib/python3/dist-packages/oslo_config/cfg.py:2609
2025-09-04 00:40:47.135 168034 DEBUG oslo_service.service [req-75c23327-8f3c-435c-9292-fa7486022fdd - - - - -] glance.certfile = None log_opt_values /usr/lib/python3/dist-packages/oslo_config/cfg.py:2609
2025-09-04 00:40:47.135 168034 DEBUG oslo_service.service [req-75c23327-8f3c-435c-9292-fa7486022fdd - - - - -] glance.collect_timing = False log_opt_values /usr/lib/python3/dist-packages/oslo_config/cfg.py:2609
2025-09-04 00:40:47.135 168034 DEBUG oslo_service.service [req-75c23327-8f3c-435c-9292-fa7486022fdd - - - - -] glance.connect_retries = None log_opt_values /usr/lib/python3/dist-packages/oslo_config/cfg.py:2609
2025-09-04 00:40:47.135 168034 DEBUG oslo_service.service [req-75c23327-8f3c-435c-9292-fa7486022fdd - - - - -] glance.connect_retry_delay = None log_opt_values /usr/lib/python3/dist-packages/oslo_config/cfg.py:2609
2025-09-04 00:40:47.135 168034 DEBUG oslo_service.service [req-75c23327-8f3c-435c-9292-fa7486022fdd - - - - -] glance.debug = False log_opt_values /usr/lib/python3/dist-packages/oslo_config/cfg.py:2609
2025-09-04 00:40:47.136 168034 DEBUG oslo_service.service [req-75c23327-8f3c-435c-9292-fa7486022fdd - - - - -] glance.default_trusted_certificate_ids = [] log_opt_values /usr/lib/python3/dist-packages/oslo_config/cfg.py:2609
2025-09-04 00:40:47.136 168034 DEBUG oslo_service.service [req-75c23327-8f3c-435c-9292-fa7486022fdd - - - - -] glance.enable_certificate_validation = False log_opt_values /usr/lib/python3/dist-packages/oslo_config/cfg.py:2609
2025-09-04 00:40:47.136 168034 DEBUG oslo_service.service [req-75c23327-8f3c-435c-9292-fa7486022fdd - - - - -] glance.enable_rbd_download = False log_opt_values /usr/lib/python3/dist-packages/oslo_config/cfg.py:2609
2025-09-04 00:40:47.136 168034 DEBUG oslo_service.service [req-75c23327-8f3c-435c-9292-fa7486022fdd - - - - -] glance.endpoint_override = None log_opt_values /usr/lib/python3/dist-packages/oslo_config/cfg.py:2609
2025-09-04 00:40:47.136 168034 DEBUG oslo_service.service [req-75c23327-8f3c-435c-9292-fa7486022fdd - - - - -] glance.insecure = False log_opt_values /usr/lib/python3/dist-packages/oslo_config/cfg.py:2609
2025-09-04 00:40:47.137 168034 DEBUG oslo_service.service [req-75c23327-8f3c-435c-9292-fa7486022fdd - - - - -] glance.keyfile = None log_opt_values /usr/lib/python3/dist-packages/oslo_config/cfg.py:2609
2025-09-04 00:40:47.137 168034 DEBUG oslo_service.service [req-75c23327-8f3c-435c-9292-fa7486022fdd - - - - -] glance.max_version = None log_opt_values /usr/lib/python3/dist-packages/oslo_config/cfg.py:2609
2025-09-04 00:40:47.137 168034 DEBUG oslo_service.service [req-75c23327-8f3c-435c-9292-fa7486022fdd - - - - -] glance.min_version = None log_opt_values /usr/lib/python3/dist-packages/oslo_config/cfg.py:2609
2025-09-04 00:40:47.137 168034 DEBUG oslo_service.service [req-75c23327-8f3c-435c-9292-fa7486022fdd - - - - -] glance.num_retries = 3 log_opt_values /usr/lib/python3/dist-packages/oslo_config/cfg.py:2609
2025-09-04 00:40:47.137 168034 DEBUG oslo_service.service [req-75c23327-8f3c-435c-9292-fa7486022fdd - - - - -] glance.rbd_ceph_conf = log_opt_values /usr/lib/python3/dist-packages/oslo_config/cfg.py:2609
2025-09-04 00:40:47.138 168034 DEBUG oslo_service.service [req-75c23327-8f3c-435c-9292-fa7486022fdd - - - - -] glance.rbd_connect_timeout = 5 log_opt_values /usr/lib/python3/dist-packages/oslo_config/cfg.py:2609
2025-09-04 00:40:47.138 168034 DEBUG oslo_service.service [req-75c23327-8f3c-435c-9292-fa7486022fdd - - - - -] glance.rbd_pool = log_opt_values /usr/lib/python3/dist-packages/oslo_config/cfg.py:2609
2025-09-04 00:40:47.138 168034 DEBUG oslo_service.service [req-75c23327-8f3c-435c-9292-fa7486022fdd - - - - -] glance.rbd_user = log_opt_values /usr/lib/python3/dist-packages/oslo_config/cfg.py:2609
2025-09-04 00:40:47.138 168034 DEBUG oslo_service.service [req-75c23327-8f3c-435c-9292-fa7486022fdd - - - - -] glance.region_name = None log_opt_values /usr/lib/python3/dist-packages/oslo_config/cfg.py:2609
2025-09-04 00:40:47.138 168034 DEBUG oslo_service.service [req-75c23327-8f3c-435c-9292-fa7486022fdd - - - - -] glance.service_name = None log_opt_values /usr/lib/python3/dist-packages/oslo_config/cfg.py:2609
2025-09-04 00:40:47.138 168034 DEBUG oslo_service.service [req-75c23327-8f3c-435c-9292-fa7486022fdd - - - - -] glance.service_type = image log_opt_values /usr/lib/python3/dist-packages/oslo_config/cfg.py:2609
2025-09-04 00:40:47.139 168034 DEBUG oslo_service.service [req-75c23327-8f3c-435c-9292-fa7486022fdd - - - - -] glance.split_loggers = False log_opt_values /usr/lib/python3/dist-packages/oslo_config/cfg.py:2609
2025-09-04 00:40:47.139 168034 DEBUG oslo_service.service [req-75c23327-8f3c-435c-9292-fa7486022fdd - - - - -] glance.status_code_retries = None log_opt_values /usr/lib/python3/dist-packages/oslo_config/cfg.py:2609
2025-09-04 00:40:47.139 168034 DEBUG oslo_service.service [req-75c23327-8f3c-435c-9292-fa7486022fdd - - - - -] glance.status_code_retry_delay = None log_opt_values /usr/lib/python3/dist-packages/oslo_config/cfg.py:2609
2025-09-04 00:40:47.139 168034 DEBUG oslo_service.service [req-75c23327-8f3c-435c-9292-fa7486022fdd - - - - -] glance.timeout = None log_opt_values /usr/lib/python3/dist-packages/oslo_config/cfg.py:2609
2025-09-04 00:40:47.139 168034 DEBUG oslo_service.service [req-75c23327-8f3c-435c-9292-fa7486022fdd - - - - -] glance.valid_interfaces = ['internal', 'public'] log_opt_values /usr/lib/python3/dist-packages/oslo_config/cfg.py:2609
2025-09-04 00:40:47.139 168034 DEBUG oslo_service.service [req-75c23327-8f3c-435c-9292-fa7486022fdd - - - - -] glance.verify_glance_signatures = False log_opt_values /usr/lib/python3/dist-packages/oslo_config/cfg.py:2609
2025-09-04 00:40:47.139 168034 DEBUG oslo_service.service [req-75c23327-8f3c-435c-9292-fa7486022fdd - - - - -] glance.version = None log_opt_values /usr/lib/python3/dist-packages/oslo_config/cfg.py:2609
2025-09-04 00:40:47.140 168034 DEBUG oslo_service.service [req-75c23327-8f3c-435c-9292-fa7486022fdd - - - - -] guestfs.debug = False log_opt_values /usr/lib/python3/dist-packages/oslo_config/cfg.py:2609
2025-09-04 00:40:47.140 168034 DEBUG oslo_service.service [req-75c23327-8f3c-435c-9292-fa7486022fdd - - - - -] hyperv.config_drive_cdrom = False log_opt_values /usr/lib/python3/dist-packages/oslo_config/cfg.py:2609
2025-09-04 00:40:47.140 168034 DEBUG oslo_service.service [req-75c23327-8f3c-435c-9292-fa7486022fdd - - - - -] hyperv.config_drive_inject_password = False log_opt_values /usr/lib/python3/dist-packages/oslo_config/cfg.py:2609
2025-09-04 00:40:47.140 168034 DEBUG oslo_service.service [req-75c23327-8f3c-435c-9292-fa7486022fdd - - - - -] hyperv.dynamic_memory_ratio = 1.0 log_opt_values /usr/lib/python3/dist-packages/oslo_config/cfg.py:2609
2025-09-04 00:40:47.140 168034 DEBUG oslo_service.service [req-75c23327-8f3c-435c-9292-fa7486022fdd - - - - -] hyperv.enable_instance_metrics_collection = False log_opt_values /usr/lib/python3/dist-packages/oslo_config/cfg.py:2609
2025-09-04 00:40:47.140 168034 DEBUG oslo_service.service [req-75c23327-8f3c-435c-9292-fa7486022fdd - - - - -] hyperv.enable_remotefx = False log_opt_values /usr/lib/python3/dist-packages/oslo_config/cfg.py:2609
2025-09-04 00:40:47.141 168034 DEBUG oslo_service.service [req-75c23327-8f3c-435c-9292-fa7486022fdd - - - - -] hyperv.instances_path_share = log_opt_values /usr/lib/python3/dist-packages/oslo_config/cfg.py:2609
2025-09-04 00:40:47.141 168034 DEBUG oslo_service.service [req-75c23327-8f3c-435c-9292-fa7486022fdd - - - - -] hyperv.iscsi_initiator_list = [] log_opt_values /usr/lib/python3/dist-packages/oslo_config/cfg.py:2609
2025-09-04 00:40:47.141 168034 DEBUG oslo_service.service [req-75c23327-8f3c-435c-9292-fa7486022fdd - - - - -] hyperv.limit_cpu_features = False log_opt_values /usr/lib/python3/dist-packages/oslo_config/cfg.py:2609
2025-09-04 00:40:47.141 168034 DEBUG oslo_service.service [req-75c23327-8f3c-435c-9292-fa7486022fdd - - - - -] hyperv.mounted_disk_query_retry_count = 10 log_opt_values /usr/lib/python3/dist-packages/oslo_config/cfg.py:2609
2025-09-04 00:40:47.141 168034 DEBUG oslo_service.service [req-75c23327-8f3c-435c-9292-fa7486022fdd - - - - -] hyperv.mounted_disk_query_retry_interval = 5 log_opt_values /usr/lib/python3/dist-packages/oslo_config/cfg.py:2609
2025-09-04 00:40:47.141 168034 DEBUG oslo_service.service [req-75c23327-8f3c-435c-9292-fa7486022fdd - - - - -] hyperv.power_state_check_timeframe = 60 log_opt_values /usr/lib/python3/dist-packages/oslo_config/cfg.py:2609
2025-09-04 00:40:47.142 168034 DEBUG oslo_service.service [req-75c23327-8f3c-435c-9292-fa7486022fdd - - - - -] hyperv.power_state_event_polling_interval = 2 log_opt_values /usr/lib/python3/dist-packages/oslo_config/cfg.py:2609
2025-09-04 00:40:47.141 168424 DEBUG oslo_messaging._drivers.amqpdriver [-] Listener is running poll /usr/lib/python3/dist-packages/oslo_messaging/_drivers/amqpdriver.py:343
2025-09-04 00:40:47.142 168424 DEBUG oslo_messaging._drivers.amqpdriver [-] AMQPListener connection consume poll /usr/lib/python3/dist-packages/oslo_messaging/_drivers/amqpdriver.py:357
2025-09-04 00:40:47.142 168034 DEBUG oslo_service.service [req-75c23327-8f3c-435c-9292-fa7486022fdd - - - - -] hyperv.qemu_img_cmd = qemu-img.exe log_opt_values /usr/lib/python3/dist-packages/oslo_config/cfg.py:2609
2025-09-04 00:40:47.142 168034 DEBUG oslo_service.service [req-75c23327-8f3c-435c-9292-fa7486022fdd - - - - -] hyperv.use_multipath_io = False log_opt_values /usr/lib/python3/dist-packages/oslo_config/cfg.py:2609
2025-09-04 00:40:47.142 168034 DEBUG oslo_service.service [req-75c23327-8f3c-435c-9292-fa7486022fdd - - - - -] hyperv.volume_attach_retry_count = 10 log_opt_values /usr/lib/python3/dist-packages/oslo_config/cfg.py:2609
2025-09-04 00:40:47.142 168034 DEBUG oslo_service.service [req-75c23327-8f3c-435c-9292-fa7486022fdd - - - - -] hyperv.volume_attach_retry_interval = 5 log_opt_values /usr/lib/python3/dist-packages/oslo_config/cfg.py:2609
2025-09-04 00:40:47.142 168034 DEBUG oslo_service.service [req-75c23327-8f3c-435c-9292-fa7486022fdd - - - - -] hyperv.vswitch_name = None log_opt_values /usr/lib/python3/dist-packages/oslo_config/cfg.py:2609
2025-09-04 00:40:47.142 168424 DEBUG nova.service [req-e1e272d8-39f2-4b37-a2cd-6059a103f472 - - - - -] Join ServiceGroup membership for this service scheduler start /usr/lib/python3/dist-packages/nova/service.py:199
2025-09-04 00:40:47.143 168034 DEBUG oslo_service.service [req-75c23327-8f3c-435c-9292-fa7486022fdd - - - - -] hyperv.wait_soft_reboot_seconds = 60 log_opt_values /usr/lib/python3/dist-packages/oslo_config/cfg.py:2609
2025-09-04 00:40:47.143 168034 DEBUG oslo_service.service [req-75c23327-8f3c-435c-9292-fa7486022fdd - - - - -] mks.enabled = False log_opt_values /usr/lib/python3/dist-packages/oslo_config/cfg.py:2609
2025-09-04 00:40:47.143 168424 DEBUG nova.servicegroup.drivers.db [req-e1e272d8-39f2-4b37-a2cd-6059a103f472 - - - - -] DB_Driver: join new ServiceGroup member juju-986812-0-lxd-7 to the scheduler group, service = join /usr/lib/python3/dist-packages/nova/servicegroup/drivers/db.py:44
2025-09-04 00:40:47.143 168034 DEBUG oslo_service.service [req-75c23327-8f3c-435c-9292-fa7486022fdd - - - - -] mks.mksproxy_base_url = http://127.0.0.1:6090/ log_opt_values /usr/lib/python3/dist-packages/oslo_config/cfg.py:2609
2025-09-04 00:40:47.144 168034 DEBUG oslo_service.service [req-75c23327-8f3c-435c-9292-fa7486022fdd - - - - -] image_cache.manager_interval = 2400 log_opt_values /usr/lib/python3/dist-packages/oslo_config/cfg.py:2609
2025-09-04 00:40:47.144 168034 DEBUG oslo_service.service [req-75c23327-8f3c-435c-9292-fa7486022fdd - - - - -] image_cache.precache_concurrency = 1 log_opt_values /usr/lib/python3/dist-packages/oslo_config/cfg.py:2609
