2025-09-04 00:38:20.951 138575 DEBUG oslo_service.service [req-849c8927-0307-42af-b2dd-f89de3d3f6cd - - - - -] profiler.hmac_keys = SECRET_KEY log_opt_values /usr/lib/python3/dist-packages/oslo_config/cfg.py:2609
2025-09-04 00:38:20.951 138575 DEBUG oslo_service.service [req-849c8927-0307-42af-b2dd-f89de3d3f6cd - - - - -] profiler.sentinel_service_name = mymaster log_opt_values /usr/lib/python3/dist-packages/oslo_config/cfg.py:2609
2025-09-04 00:38:20.951 138575 DEBUG oslo_service.service [req-849c8927-0307-42af-b2dd-f89de3d3f6cd - - - - -] profiler.socket_timeout = 0.1 log_opt_values /usr/lib/python3/dist-packages/oslo_config/cfg.py:2609
2025-09-04 00:38:20.952 138575 DEBUG oslo_service.service [req-849c8927-0307-42af-b2dd-f89de3d3f6cd - - - - -] profiler.trace_sqlalchemy = False log_opt_values /usr/lib/python3/dist-packages/oslo_config/cfg.py:2609
2025-09-04 00:38:20.952 138575 DEBUG oslo_service.service [req-849c8927-0307-42af-b2dd-f89de3d3f6cd - - - - -] remote_debug.host = None log_opt_values /usr/lib/python3/dist-packages/oslo_config/cfg.py:2609
2025-09-04 00:38:20.952 138575 DEBUG oslo_service.service [req-849c8927-0307-42af-b2dd-f89de3d3f6cd - - - - -] remote_debug.port = None log_opt_values /usr/lib/python3/dist-packages/oslo_config/cfg.py:2609
2025-09-04 00:38:20.952 138575 DEBUG oslo_service.service [req-849c8927-0307-42af-b2dd-f89de3d3f6cd - - - - -] oslo_messaging_rabbit.amqp_auto_delete = False log_opt_values /usr/lib/python3/dist-packages/oslo_config/cfg.py:2609
2025-09-04 00:38:20.952 138575 DEBUG oslo_service.service [req-849c8927-0307-42af-b2dd-f89de3d3f6cd - - - - -] oslo_messaging_rabbit.amqp_durable_queues = False log_opt_values /usr/lib/python3/dist-packages/oslo_config/cfg.py:2609
2025-09-04 00:38:20.953 138575 DEBUG oslo_service.service [req-849c8927-0307-42af-b2dd-f89de3d3f6cd - - - - -] oslo_messaging_rabbit.conn_pool_min_size = 2 log_opt_values /usr/lib/python3/dist-packages/oslo_config/cfg.py:2609
2025-09-04 00:38:20.953 138575 DEBUG oslo_service.service [req-849c8927-0307-42af-b2dd-f89de3d3f6cd - - - - -] oslo_messaging_rabbit.conn_pool_ttl = 1200 log_opt_values /usr/lib/python3/dist-packages/oslo_config/cfg.py:2609
2025-09-04 00:38:20.953 138575 DEBUG oslo_service.service [req-849c8927-0307-42af-b2dd-f89de3d3f6cd - - - - -] oslo_messaging_rabbit.direct_mandatory_flag = True log_opt_values /usr/lib/python3/dist-packages/oslo_config/cfg.py:2609
2025-09-04 00:38:20.953 138575 DEBUG oslo_service.service [req-849c8927-0307-42af-b2dd-f89de3d3f6cd - - - - -] oslo_messaging_rabbit.enable_cancel_on_failover = False log_opt_values /usr/lib/python3/dist-packages/oslo_config/cfg.py:2609
2025-09-04 00:38:20.953 138575 DEBUG oslo_service.service [req-849c8927-0307-42af-b2dd-f89de3d3f6cd - - - - -] oslo_messaging_rabbit.heartbeat_in_pthread = False log_opt_values /usr/lib/python3/dist-packages/oslo_config/cfg.py:2609
2025-09-04 00:38:20.954 138575 DEBUG oslo_service.service [req-849c8927-0307-42af-b2dd-f89de3d3f6cd - - - - -] oslo_messaging_rabbit.heartbeat_rate = 2 log_opt_values /usr/lib/python3/dist-packages/oslo_config/cfg.py:2609
2025-09-04 00:38:20.954 138575 DEBUG oslo_service.service [req-849c8927-0307-42af-b2dd-f89de3d3f6cd - - - - -] oslo_messaging_rabbit.heartbeat_timeout_threshold = 60 log_opt_values /usr/lib/python3/dist-packages/oslo_config/cfg.py:2609
2025-09-04 00:38:20.954 138575 DEBUG oslo_service.service [req-849c8927-0307-42af-b2dd-f89de3d3f6cd - - - - -] oslo_messaging_rabbit.kombu_compression = None log_opt_values /usr/lib/python3/dist-packages/oslo_config/cfg.py:2609
2025-09-04 00:38:20.954 138575 DEBUG oslo_service.service [req-849c8927-0307-42af-b2dd-f89de3d3f6cd - - - - -] oslo_messaging_rabbit.kombu_failover_strategy = round-robin log_opt_values /usr/lib/python3/dist-packages/oslo_config/cfg.py:2609
2025-09-04 00:38:20.954 138575 DEBUG oslo_service.service [req-849c8927-0307-42af-b2dd-f89de3d3f6cd - - - - -] oslo_messaging_rabbit.kombu_missing_consumer_retry_timeout = 60 log_opt_values /usr/lib/python3/dist-packages/oslo_config/cfg.py:2609
2025-09-04 00:38:20.954 138575 DEBUG oslo_service.service [req-849c8927-0307-42af-b2dd-f89de3d3f6cd - - - - -] oslo_messaging_rabbit.kombu_reconnect_delay = 1.0 log_opt_values /usr/lib/python3/dist-packages/oslo_config/cfg.py:2609
2025-09-04 00:38:20.955 138575 DEBUG oslo_service.service [req-849c8927-0307-42af-b2dd-f89de3d3f6cd - - - - -] oslo_messaging_rabbit.rabbit_ha_queues = False log_opt_values /usr/lib/python3/dist-packages/oslo_config/cfg.py:2609
2025-09-04 00:38:20.955 138575 DEBUG oslo_service.service [req-849c8927-0307-42af-b2dd-f89de3d3f6cd - - - - -] oslo_messaging_rabbit.rabbit_interval_max = 30 log_opt_values /usr/lib/python3/dist-packages/oslo_config/cfg.py:2609
2025-09-04 00:38:20.955 138575 DEBUG oslo_service.service [req-849c8927-0307-42af-b2dd-f89de3d3f6cd - - - - -] oslo_messaging_rabbit.rabbit_login_method = AMQPLAIN log_opt_values /usr/lib/python3/dist-packages/oslo_config/cfg.py:2609
2025-09-04 00:38:20.955 138575 DEBUG oslo_service.service [req-849c8927-0307-42af-b2dd-f89de3d3f6cd - - - - -] oslo_messaging_rabbit.rabbit_qos_prefetch_count = 0 log_opt_values /usr/lib/python3/dist-packages/oslo_config/cfg.py:2609
2025-09-04 00:38:20.955 138575 DEBUG oslo_service.service [req-849c8927-0307-42af-b2dd-f89de3d3f6cd - - - - -] oslo_messaging_rabbit.rabbit_quorum_queue = False log_opt_values /usr/lib/python3/dist-packages/oslo_config/cfg.py:2609
2025-09-04 00:38:20.956 138575 DEBUG oslo_service.service [req-849c8927-0307-42af-b2dd-f89de3d3f6cd - - - - -] oslo_messaging_rabbit.rabbit_retry_backoff = 2 log_opt_values /usr/lib/python3/dist-packages/oslo_config/cfg.py:2609
2025-09-04 00:38:20.956 138575 DEBUG oslo_service.service [req-849c8927-0307-42af-b2dd-f89de3d3f6cd - - - - -] oslo_messaging_rabbit.rabbit_retry_interval = 1 log_opt_values /usr/lib/python3/dist-packages/oslo_config/cfg.py:2609
2025-09-04 00:38:20.956 138575 DEBUG oslo_service.service [req-849c8927-0307-42af-b2dd-f89de3d3f6cd - - - - -] oslo_messaging_rabbit.rabbit_transient_queues_ttl = 1800 log_opt_values /usr/lib/python3/dist-packages/oslo_config/cfg.py:2609
2025-09-04 00:38:20.956 138575 DEBUG oslo_service.service [req-849c8927-0307-42af-b2dd-f89de3d3f6cd - - - - -] oslo_messaging_rabbit.rpc_conn_pool_size = 30 log_opt_values /usr/lib/python3/dist-packages/oslo_config/cfg.py:2609
2025-09-04 00:38:20.956 138575 DEBUG oslo_service.service [req-849c8927-0307-42af-b2dd-f89de3d3f6cd - - - - -] oslo_messaging_rabbit.ssl = False log_opt_values /usr/lib/python3/dist-packages/oslo_config/cfg.py:2609
2025-09-04 00:38:20.957 138575 DEBUG oslo_service.service [req-849c8927-0307-42af-b2dd-f89de3d3f6cd - - - - -] oslo_messaging_rabbit.ssl_ca_file = log_opt_values /usr/lib/python3/dist-packages/oslo_config/cfg.py:2609
2025-09-04 00:38:20.957 138575 DEBUG oslo_service.service [req-849c8927-0307-42af-b2dd-f89de3d3f6cd - - - - -] oslo_messaging_rabbit.ssl_cert_file = log_opt_values /usr/lib/python3/dist-packages/oslo_config/cfg.py:2609
2025-09-04 00:38:20.957 138575 DEBUG oslo_service.service [req-849c8927-0307-42af-b2dd-f89de3d3f6cd - - - - -] oslo_messaging_rabbit.ssl_key_file = log_opt_values /usr/lib/python3/dist-packages/oslo_config/cfg.py:2609
2025-09-04 00:38:20.957 138575 DEBUG oslo_service.service [req-849c8927-0307-42af-b2dd-f89de3d3f6cd - - - - -] oslo_messaging_rabbit.ssl_version = log_opt_values /usr/lib/python3/dist-packages/oslo_config/cfg.py:2609
2025-09-04 00:38:20.958 138575 DEBUG oslo_service.service [req-849c8927-0307-42af-b2dd-f89de3d3f6cd - - - - -] oslo_messaging_notifications.driver = ['messagingv2'] log_opt_values /usr/lib/python3/dist-packages/oslo_config/cfg.py:2609
2025-09-04 00:38:20.958 138575 DEBUG oslo_service.service [req-849c8927-0307-42af-b2dd-f89de3d3f6cd - - - - -] oslo_messaging_notifications.retry = -1 log_opt_values /usr/lib/python3/dist-packages/oslo_config/cfg.py:2609
2025-09-04 00:38:20.958 138575 DEBUG oslo_service.service [req-849c8927-0307-42af-b2dd-f89de3d3f6cd - - - - -] oslo_messaging_notifications.topics = ['notifications'] log_opt_values /usr/lib/python3/dist-packages/oslo_config/cfg.py:2609
2025-09-04 00:38:20.958 138575 DEBUG oslo_service.service [req-849c8927-0307-42af-b2dd-f89de3d3f6cd - - - - -] oslo_messaging_notifications.transport_url = **** log_opt_values /usr/lib/python3/dist-packages/oslo_config/cfg.py:2609
2025-09-04 00:38:20.959 138575 DEBUG oslo_service.service [req-849c8927-0307-42af-b2dd-f89de3d3f6cd - - - - -] oslo_limit.auth_section = None log_opt_values /usr/lib/python3/dist-packages/oslo_config/cfg.py:2609
2025-09-04 00:38:20.959 138575 DEBUG oslo_service.service [req-849c8927-0307-42af-b2dd-f89de3d3f6cd - - - - -] oslo_limit.auth_type = None log_opt_values /usr/lib/python3/dist-packages/oslo_config/cfg.py:2609
2025-09-04 00:38:20.959 138575 DEBUG oslo_service.service [req-849c8927-0307-42af-b2dd-f89de3d3f6cd - - - - -] oslo_limit.cafile = None log_opt_values /usr/lib/python3/dist-packages/oslo_config/cfg.py:2609
2025-09-04 00:38:20.959 138575 DEBUG oslo_service.service [req-849c8927-0307-42af-b2dd-f89de3d3f6cd - - - - -] oslo_limit.certfile = None log_opt_values /usr/lib/python3/dist-packages/oslo_config/cfg.py:2609
2025-09-04 00:38:20.959 138575 DEBUG oslo_service.service [req-849c8927-0307-42af-b2dd-f89de3d3f6cd - - - - -] oslo_limit.collect_timing = False log_opt_values /usr/lib/python3/dist-packages/oslo_config/cfg.py:2609
2025-09-04 00:38:20.960 138575 DEBUG oslo_service.service [req-849c8927-0307-42af-b2dd-f89de3d3f6cd - - - - -] oslo_limit.connect_retries = None log_opt_values /usr/lib/python3/dist-packages/oslo_config/cfg.py:2609
2025-09-04 00:38:20.960 138575 DEBUG oslo_service.service [req-849c8927-0307-42af-b2dd-f89de3d3f6cd - - - - -] oslo_limit.connect_retry_delay = None log_opt_values /usr/lib/python3/dist-packages/oslo_config/cfg.py:2609
2025-09-04 00:38:20.960 138575 DEBUG oslo_service.service [req-849c8927-0307-42af-b2dd-f89de3d3f6cd - - - - -] oslo_limit.endpoint_id = None log_opt_values /usr/lib/python3/dist-packages/oslo_config/cfg.py:2609
2025-09-04 00:38:20.960 138575 DEBUG oslo_service.service [req-849c8927-0307-42af-b2dd-f89de3d3f6cd - - - - -] oslo_limit.endpoint_override = None log_opt_values /usr/lib/python3/dist-packages/oslo_config/cfg.py:2609
2025-09-04 00:38:20.960 138575 DEBUG oslo_service.service [req-849c8927-0307-42af-b2dd-f89de3d3f6cd - - - - -] oslo_limit.insecure = False log_opt_values /usr/lib/python3/dist-packages/oslo_config/cfg.py:2609
2025-09-04 00:38:20.960 138575 DEBUG oslo_service.service [req-849c8927-0307-42af-b2dd-f89de3d3f6cd - - - - -] oslo_limit.keyfile = None log_opt_values /usr/lib/python3/dist-packages/oslo_config/cfg.py:2609
2025-09-04 00:38:20.961 138575 DEBUG oslo_service.service [req-849c8927-0307-42af-b2dd-f89de3d3f6cd - - - - -] oslo_limit.max_version = None log_opt_values /usr/lib/python3/dist-packages/oslo_config/cfg.py:2609
2025-09-04 00:38:20.961 138575 DEBUG oslo_service.service [req-849c8927-0307-42af-b2dd-f89de3d3f6cd - - - - -] oslo_limit.min_version = None log_opt_values /usr/lib/python3/dist-packages/oslo_config/cfg.py:2609
2025-09-04 00:38:20.961 138575 DEBUG oslo_service.service [req-849c8927-0307-42af-b2dd-f89de3d3f6cd - - - - -] oslo_limit.region_name = None log_opt_values /usr/lib/python3/dist-packages/oslo_config/cfg.py:2609
2025-09-04 00:38:20.961 138575 DEBUG oslo_service.service [req-849c8927-0307-42af-b2dd-f89de3d3f6cd - - - - -] oslo_limit.service_name = None log_opt_values /usr/lib/python3/dist-packages/oslo_config/cfg.py:2609
2025-09-04 00:38:20.961 138575 DEBUG oslo_service.service [req-849c8927-0307-42af-b2dd-f89de3d3f6cd - - - - -] oslo_limit.service_type = None log_opt_values /usr/lib/python3/dist-packages/oslo_config/cfg.py:2609
2025-09-04 00:38:20.962 138575 DEBUG oslo_service.service [req-849c8927-0307-42af-b2dd-f89de3d3f6cd - - - - -] oslo_limit.split_loggers = False log_opt_values /usr/lib/python3/dist-packages/oslo_config/cfg.py:2609
2025-09-04 00:38:20.962 138575 DEBUG oslo_service.service [req-849c8927-0307-42af-b2dd-f89de3d3f6cd - - - - -] oslo_limit.status_code_retries = None log_opt_values /usr/lib/python3/dist-packages/oslo_config/cfg.py:2609
2025-09-04 00:38:20.962 138575 DEBUG oslo_service.service [req-849c8927-0307-42af-b2dd-f89de3d3f6cd - - - - -] oslo_limit.status_code_retry_delay = None log_opt_values /usr/lib/python3/dist-packages/oslo_config/cfg.py:2609
2025-09-04 00:38:20.962 138575 DEBUG oslo_service.service [req-849c8927-0307-42af-b2dd-f89de3d3f6cd - - - - -] oslo_limit.timeout = None log_opt_values /usr/lib/python3/dist-packages/oslo_config/cfg.py:2609
2025-09-04 00:38:20.962 138575 DEBUG oslo_service.service [req-849c8927-0307-42af-b2dd-f89de3d3f6cd - - - - -] oslo_limit.valid_interfaces = None log_opt_values /usr/lib/python3/dist-packages/oslo_config/cfg.py:2609
2025-09-04 00:38:20.963 138575 DEBUG oslo_service.service [req-849c8927-0307-42af-b2dd-f89de3d3f6cd - - - - -] oslo_limit.version = None log_opt_values /usr/lib/python3/dist-packages/oslo_config/cfg.py:2609
2025-09-04 00:38:20.963 138575 DEBUG oslo_service.service [req-849c8927-0307-42af-b2dd-f89de3d3f6cd - - - - -] oslo_reports.file_event_handler = None log_opt_values /usr/lib/python3/dist-packages/oslo_config/cfg.py:2609
2025-09-04 00:38:20.963 138575 DEBUG oslo_service.service [req-849c8927-0307-42af-b2dd-f89de3d3f6cd - - - - -] oslo_reports.file_event_handler_interval = 1 log_opt_values /usr/lib/python3/dist-packages/oslo_config/cfg.py:2609
2025-09-04 00:38:20.963 138575 DEBUG oslo_service.service [req-849c8927-0307-42af-b2dd-f89de3d3f6cd - - - - -] oslo_reports.log_dir = None log_opt_values /usr/lib/python3/dist-packages/oslo_config/cfg.py:2609
2025-09-04 00:38:20.963 138575 DEBUG oslo_service.service [req-849c8927-0307-42af-b2dd-f89de3d3f6cd - - - - -] ******************************************************************************** log_opt_values /usr/lib/python3/dist-packages/oslo_config/cfg.py:2613
2025-09-04 00:38:21.284 139952 DEBUG nova.service [req-97b1580a-e5cf-4f37-b59c-4adaa3d4eb4e - - - - -] Creating RPC server for service scheduler start /usr/lib/python3/dist-packages/nova/service.py:182
2025-09-04 00:38:21.292 139945 DEBUG nova.service [req-0ba81bf9-afe0-44b4-8576-df7c999ac9ed - - - - -] Creating RPC server for service scheduler start /usr/lib/python3/dist-packages/nova/service.py:182
2025-09-04 00:38:21.292 139946 DEBUG nova.service [req-63149f39-78b0-4f92-ba88-e76891d3a400 - - - - -] Creating RPC server for service scheduler start /usr/lib/python3/dist-packages/nova/service.py:182
2025-09-04 00:38:21.305 139953 DEBUG nova.service [req-71c89033-2002-45c5-93b3-c710b535c5cd - - - - -] Creating RPC server for service scheduler start /usr/lib/python3/dist-packages/nova/service.py:182
2025-09-04 00:38:21.330 139952 DEBUG oslo_messaging._drivers.amqpdriver [-] Listener is running poll /usr/lib/python3/dist-packages/oslo_messaging/_drivers/amqpdriver.py:343
2025-09-04 00:38:21.330 139952 DEBUG oslo_messaging._drivers.amqpdriver [-] AMQPListener connection consume poll /usr/lib/python3/dist-packages/oslo_messaging/_drivers/amqpdriver.py:357
2025-09-04 00:38:21.331 139952 DEBUG nova.service [req-97b1580a-e5cf-4f37-b59c-4adaa3d4eb4e - - - - -] Join ServiceGroup membership for this service scheduler start /usr/lib/python3/dist-packages/nova/service.py:199
2025-09-04 00:38:21.331 139952 DEBUG nova.servicegroup.drivers.db [req-97b1580a-e5cf-4f37-b59c-4adaa3d4eb4e - - - - -] DB_Driver: join new ServiceGroup member juju-986812-0-lxd-7 to the scheduler group, service = join /usr/lib/python3/dist-packages/nova/servicegroup/drivers/db.py:44
2025-09-04 00:38:21.333 139945 DEBUG oslo_messaging._drivers.amqpdriver [-] Listener is running poll /usr/lib/python3/dist-packages/oslo_messaging/_drivers/amqpdriver.py:343
2025-09-04 00:38:21.334 139952 DEBUG oslo_messaging._drivers.amqpdriver [-] AMQPListener connection timeout poll /usr/lib/python3/dist-packages/oslo_messaging/_drivers/amqpdriver.py:360
2025-09-04 00:38:21.334 139952 DEBUG oslo_messaging._drivers.amqpdriver [-] Listener is running poll /usr/lib/python3/dist-packages/oslo_messaging/_drivers/amqpdriver.py:343
2025-09-04 00:38:21.334 139945 DEBUG oslo_messaging._drivers.amqpdriver [-] AMQPListener connection consume poll /usr/lib/python3/dist-packages/oslo_messaging/_drivers/amqpdriver.py:357
2025-09-04 00:38:21.334 139952 DEBUG oslo_messaging._drivers.amqpdriver [-] AMQPListener connection consume poll /usr/lib/python3/dist-packages/oslo_messaging/_drivers/amqpdriver.py:357
2025-09-04 00:38:21.335 139945 DEBUG nova.service [req-0ba81bf9-afe0-44b4-8576-df7c999ac9ed - - - - -] Join ServiceGroup membership for this service scheduler start /usr/lib/python3/dist-packages/nova/service.py:199
2025-09-04 00:38:21.335 139945 DEBUG nova.servicegroup.drivers.db [req-0ba81bf9-afe0-44b4-8576-df7c999ac9ed - - - - -] DB_Driver: join new ServiceGroup member juju-986812-0-lxd-7 to the scheduler group, service = join /usr/lib/python3/dist-packages/nova/servicegroup/drivers/db.py:44
2025-09-04 00:38:21.337 139946 DEBUG oslo_messaging._drivers.amqpdriver [-] Listener is running poll /usr/lib/python3/dist-packages/oslo_messaging/_drivers/amqpdriver.py:343
2025-09-04 00:38:21.338 139946 DEBUG oslo_messaging._drivers.amqpdriver [-] AMQPListener connection consume poll /usr/lib/python3/dist-packages/oslo_messaging/_drivers/amqpdriver.py:357
2025-09-04 00:38:21.338 139945 DEBUG oslo_messaging._drivers.amqpdriver [-] AMQPListener connection timeout poll /usr/lib/python3/dist-packages/oslo_messaging/_drivers/amqpdriver.py:360
2025-09-04 00:38:21.339 139945 DEBUG oslo_messaging._drivers.amqpdriver [-] Listener is running poll /usr/lib/python3/dist-packages/oslo_messaging/_drivers/amqpdriver.py:343
2025-09-04 00:38:21.339 139946 DEBUG nova.service [req-63149f39-78b0-4f92-ba88-e76891d3a400 - - - - -] Join ServiceGroup membership for this service scheduler start /usr/lib/python3/dist-packages/nova/service.py:199
2025-09-04 00:38:21.339 139945 DEBUG oslo_messaging._drivers.amqpdriver [-] AMQPListener connection consume poll /usr/lib/python3/dist-packages/oslo_messaging/_drivers/amqpdriver.py:357
2025-09-04 00:38:21.339 139946 DEBUG nova.servicegroup.drivers.db [req-63149f39-78b0-4f92-ba88-e76891d3a400 - - - - -] DB_Driver: join new ServiceGroup member juju-986812-0-lxd-7 to the scheduler group, service = join /usr/lib/python3/dist-packages/nova/servicegroup/drivers/db.py:44
2025-09-04 00:38:21.342 139946 DEBUG oslo_messaging._drivers.amqpdriver [-] AMQPListener connection timeout poll /usr/lib/python3/dist-packages/oslo_messaging/_drivers/amqpdriver.py:360
2025-09-04 00:38:21.342 139946 DEBUG oslo_messaging._drivers.amqpdriver [-] Listener is running poll /usr/lib/python3/dist-packages/oslo_messaging/_drivers/amqpdriver.py:343
2025-09-04 00:38:21.342 139946 DEBUG oslo_messaging._drivers.amqpdriver [-] AMQPListener connection consume poll /usr/lib/python3/dist-packages/oslo_messaging/_drivers/amqpdriver.py:357
2025-09-04 00:38:21.349 139953 DEBUG oslo_messaging._drivers.amqpdriver [-] Listener is running poll /usr/lib/python3/dist-packages/oslo_messaging/_drivers/amqpdriver.py:343
2025-09-04 00:38:21.349 139953 DEBUG oslo_messaging._drivers.amqpdriver [-] AMQPListener connection consume poll /usr/lib/python3/dist-packages/oslo_messaging/_drivers/amqpdriver.py:357
2025-09-04 00:38:21.350 139953 DEBUG nova.service [req-71c89033-2002-45c5-93b3-c710b535c5cd - - - - -] Join ServiceGroup membership for this service scheduler start /usr/lib/python3/dist-packages/nova/service.py:199
2025-09-04 00:38:21.350 139953 DEBUG nova.servicegroup.drivers.db [req-71c89033-2002-45c5-93b3-c710b535c5cd - - - - -] DB_Driver: join new ServiceGroup member juju-986812-0-lxd-7 to the scheduler group, service = join /usr/lib/python3/dist-packages/nova/servicegroup/drivers/db.py:44
2025-09-04 00:38:21.353 139953 DEBUG oslo_messaging._drivers.amqpdriver [-] AMQPListener connection timeout poll /usr/lib/python3/dist-packages/oslo_messaging/_drivers/amqpdriver.py:360
2025-09-04 00:38:21.353 139953 DEBUG oslo_messaging._drivers.amqpdriver [-] Listener is running poll /usr/lib/python3/dist-packages/oslo_messaging/_drivers/amqpdriver.py:343
2025-09-04 00:38:21.354 139953 DEBUG oslo_messaging._drivers.amqpdriver [-] AMQPListener connection consume poll /usr/lib/python3/dist-packages/oslo_messaging/_drivers/amqpdriver.py:357
2025-09-04 00:38:22.336 139952 DEBUG oslo_messaging._drivers.amqpdriver [-] AMQPListener connection timeout poll /usr/lib/python3/dist-packages/oslo_messaging/_drivers/amqpdriver.py:360
2025-09-04 00:38:22.336 139952 DEBUG oslo_messaging._drivers.amqpdriver [-] Listener is running poll /usr/lib/python3/dist-packages/oslo_messaging/_drivers/amqpdriver.py:343
2025-09-04 00:38:22.336 139952 DEBUG oslo_messaging._drivers.amqpdriver [-] AMQPListener connection consume poll /usr/lib/python3/dist-packages/oslo_messaging/_drivers/amqpdriver.py:357
2025-09-04 00:38:22.341 139945 DEBUG oslo_messaging._drivers.amqpdriver [-] AMQPListener connection timeout poll /usr/lib/python3/dist-packages/oslo_messaging/_drivers/amqpdriver.py:360
2025-09-04 00:38:22.342 139945 DEBUG oslo_messaging._drivers.amqpdriver [-] Listener is running poll /usr/lib/python3/dist-packages/oslo_messaging/_drivers/amqpdriver.py:343
2025-09-04 00:38:22.342 139945 DEBUG oslo_messaging._drivers.amqpdriver [-] AMQPListener connection consume poll /usr/lib/python3/dist-packages/oslo_messaging/_drivers/amqpdriver.py:357
2025-09-04 00:38:22.344 139946 DEBUG oslo_messaging._drivers.amqpdriver [-] AMQPListener connection timeout poll /usr/lib/python3/dist-packages/oslo_messaging/_drivers/amqpdriver.py:360
2025-09-04 00:38:22.345 139946 DEBUG oslo_messaging._drivers.amqpdriver [-] Listener is running poll /usr/lib/python3/dist-packages/oslo_messaging/_drivers/amqpdriver.py:343
2025-09-04 00:38:22.345 139946 DEBUG oslo_messaging._drivers.amqpdriver [-] AMQPListener connection consume poll /usr/lib/python3/dist-packages/oslo_messaging/_drivers/amqpdriver.py:357
2025-09-04 00:38:22.355 139953 DEBUG oslo_messaging._drivers.amqpdriver [-] AMQPListener connection timeout poll /usr/lib/python3/dist-packages/oslo_messaging/_drivers/amqpdriver.py:360
2025-09-04 00:38:22.356 139953 DEBUG oslo_messaging._drivers.amqpdriver [-] Listener is running poll /usr/lib/python3/dist-packages/oslo_messaging/_drivers/amqpdriver.py:343
2025-09-04 00:38:22.356 139953 DEBUG oslo_messaging._drivers.amqpdriver [-] AMQPListener connection consume poll /usr/lib/python3/dist-packages/oslo_messaging/_drivers/amqpdriver.py:357
2025-09-04 00:38:24.339 139952 DEBUG oslo_messaging._drivers.amqpdriver [-] AMQPListener connection timeout poll /usr/lib/python3/dist-packages/oslo_messaging/_drivers/amqpdriver.py:360
2025-09-04 00:38:24.339 139952 DEBUG oslo_messaging._drivers.amqpdriver [-] Listener is running poll /usr/lib/python3/dist-packages/oslo_messaging/_drivers/amqpdriver.py:343
2025-09-04 00:38:24.339 139952 DEBUG oslo_messaging._drivers.amqpdriver [-] AMQPListener connection consume poll /usr/lib/python3/dist-packages/oslo_messaging/_drivers/amqpdriver.py:357
2025-09-04 00:38:24.345 139945 DEBUG oslo_messaging._drivers.amqpdriver [-] AMQPListener connection timeout poll /usr/lib/python3/dist-packages/oslo_messaging/_drivers/amqpdriver.py:360
2025-09-04 00:38:24.345 139945 DEBUG oslo_messaging._drivers.amqpdriver [-] Listener is running poll /usr/lib/python3/dist-packages/oslo_messaging/_drivers/amqpdriver.py:343
2025-09-04 00:38:24.345 139945 DEBUG oslo_messaging._drivers.amqpdriver [-] AMQPListener connection consume poll /usr/lib/python3/dist-packages/oslo_messaging/_drivers/amqpdriver.py:357
2025-09-04 00:38:24.347 139946 DEBUG oslo_messaging._drivers.amqpdriver [-] AMQPListener connection timeout poll /usr/lib/python3/dist-packages/oslo_messaging/_drivers/amqpdriver.py:360
2025-09-04 00:38:24.348 139946 DEBUG oslo_messaging._drivers.amqpdriver [-] Listener is running poll /usr/lib/python3/dist-packages/oslo_messaging/_drivers/amqpdriver.py:343
2025-09-04 00:38:24.348 139946 DEBUG oslo_messaging._drivers.amqpdriver [-] AMQPListener connection consume poll /usr/lib/python3/dist-packages/oslo_messaging/_drivers/amqpdriver.py:357
2025-09-04 00:38:24.358 139953 DEBUG oslo_messaging._drivers.amqpdriver [-] AMQPListener connection timeout poll /usr/lib/python3/dist-packages/oslo_messaging/_drivers/amqpdriver.py:360
2025-09-04 00:38:24.359 139953 DEBUG oslo_messaging._drivers.amqpdriver [-] Listener is running poll /usr/lib/python3/dist-packages/oslo_messaging/_drivers/amqpdriver.py:343
2025-09-04 00:38:24.359 139953 DEBUG oslo_messaging._drivers.amqpdriver [-] AMQPListener connection consume poll /usr/lib/python3/dist-packages/oslo_messaging/_drivers/amqpdriver.py:357
2025-09-04 00:38:28.341 139952 DEBUG oslo_messaging._drivers.amqpdriver [-] AMQPListener connection timeout poll /usr/lib/python3/dist-packages/oslo_messaging/_drivers/amqpdriver.py:360
2025-09-04 00:38:28.341 139952 DEBUG oslo_messaging._drivers.amqpdriver [-] Listener is running poll /usr/lib/python3/dist-packages/oslo_messaging/_drivers/amqpdriver.py:343
2025-09-04 00:38:28.341 139952 DEBUG oslo_messaging._drivers.amqpdriver [-] AMQPListener connection consume poll /usr/lib/python3/dist-packages/oslo_messaging/_drivers/amqpdriver.py:357
2025-09-04 00:38:28.349 139945 DEBUG oslo_messaging._drivers.amqpdriver [-] AMQPListener connection timeout poll /usr/lib/python3/dist-packages/oslo_messaging/_drivers/amqpdriver.py:360
2025-09-04 00:38:28.349 139945 DEBUG oslo_messaging._drivers.amqpdriver [-] Listener is running poll /usr/lib/python3/dist-packages/oslo_messaging/_drivers/amqpdriver.py:343
2025-09-04 00:38:28.349 139945 DEBUG oslo_messaging._drivers.amqpdriver [-] AMQPListener connection consume poll /usr/lib/python3/dist-packages/oslo_messaging/_drivers/amqpdriver.py:357
2025-09-04 00:38:28.351 139946 DEBUG oslo_messaging._drivers.amqpdriver [-] AMQPListener connection timeout poll /usr/lib/python3/dist-packages/oslo_messaging/_drivers/amqpdriver.py:360
2025-09-04 00:38:28.351 139946 DEBUG oslo_messaging._drivers.amqpdriver [-] Listener is running poll /usr/lib/python3/dist-packages/oslo_messaging/_drivers/amqpdriver.py:343
2025-09-04 00:38:28.351 139946 DEBUG oslo_messaging._drivers.amqpdriver [-] AMQPListener connection consume poll /usr/lib/python3/dist-packages/oslo_messaging/_drivers/amqpdriver.py:357
2025-09-04 00:38:28.361 139953 DEBUG oslo_messaging._drivers.amqpdriver [-] AMQPListener connection timeout poll /usr/lib/python3/dist-packages/oslo_messaging/_drivers/amqpdriver.py:360
2025-09-04 00:38:28.361 139953 DEBUG oslo_messaging._drivers.amqpdriver [-] Listener is running poll /usr/lib/python3/dist-packages/oslo_messaging/_drivers/amqpdriver.py:343
2025-09-04 00:38:28.361 139953 DEBUG oslo_messaging._drivers.amqpdriver [-] AMQPListener connection consume poll /usr/lib/python3/dist-packages/oslo_messaging/_drivers/amqpdriver.py:357
2025-09-04 00:38:36.342 139952 DEBUG oslo_messaging._drivers.amqpdriver [-] AMQPListener connection timeout poll /usr/lib/python3/dist-packages/oslo_messaging/_drivers/amqpdriver.py:360
2025-09-04 00:38:36.342 139952 DEBUG oslo_messaging._drivers.amqpdriver [-] Listener is running poll /usr/lib/python3/dist-packages/oslo_messaging/_drivers/amqpdriver.py:343
2025-09-04 00:38:36.342 139952 DEBUG oslo_messaging._drivers.amqpdriver [-] AMQPListener connection consume poll /usr/lib/python3/dist-packages/oslo_messaging/_drivers/amqpdriver.py:357
2025-09-04 00:38:36.350 139945 DEBUG oslo_messaging._drivers.amqpdriver [-] AMQPListener connection timeout poll /usr/lib/python3/dist-packages/oslo_messaging/_drivers/amqpdriver.py:360
2025-09-04 00:38:36.350 139945 DEBUG oslo_messaging._drivers.amqpdriver [-] Listener is running poll /usr/lib/python3/dist-packages/oslo_messaging/_drivers/amqpdriver.py:343
2025-09-04 00:38:36.350 139945 DEBUG oslo_messaging._drivers.amqpdriver [-] AMQPListener connection consume poll /usr/lib/python3/dist-packages/oslo_messaging/_drivers/amqpdriver.py:357
2025-09-04 00:38:36.352 139946 DEBUG oslo_messaging._drivers.amqpdriver [-] AMQPListener connection timeout poll /usr/lib/python3/dist-packages/oslo_messaging/_drivers/amqpdriver.py:360
2025-09-04 00:38:36.353 139946 DEBUG oslo_messaging._drivers.amqpdriver [-] Listener is running poll /usr/lib/python3/dist-packages/oslo_messaging/_drivers/amqpdriver.py:343
2025-09-04 00:38:36.353 139946 DEBUG oslo_messaging._drivers.amqpdriver [-] AMQPListener connection consume poll /usr/lib/python3/dist-packages/oslo_messaging/_drivers/amqpdriver.py:357
2025-09-04 00:38:36.362 139953 DEBUG oslo_messaging._drivers.amqpdriver [-] AMQPListener connection timeout poll /usr/lib/python3/dist-packages/oslo_messaging/_drivers/amqpdriver.py:360
2025-09-04 00:38:36.362 139953 DEBUG oslo_messaging._drivers.amqpdriver [-] Listener is running poll /usr/lib/python3/dist-packages/oslo_messaging/_drivers/amqpdriver.py:343
2025-09-04 00:38:36.363 139953 DEBUG oslo_messaging._drivers.amqpdriver [-] AMQPListener connection consume poll /usr/lib/python3/dist-packages/oslo_messaging/_drivers/amqpdriver.py:357
2025-09-04 00:38:44.345 139945 DEBUG oslo_service.periodic_task [req-1f73c2c6-89fd-4011-b67a-2c9f89b46240 - - - - -] Running periodic task SchedulerManager._discover_hosts_in_cells run_periodic_tasks /usr/lib/python3/dist-packages/oslo_service/periodic_task.py:210
2025-09-04 00:38:44.346 139945 DEBUG oslo_db.sqlalchemy.engines [req-1f73c2c6-89fd-4011-b67a-2c9f89b46240 - - - - -] Parent process 138575 forked (139945) with an open database connection, which is being discarded and recreated. checkout /usr/lib/python3/dist-packages/oslo_db/sqlalchemy/engines.py:413
2025-09-04 00:38:44.354 139945 DEBUG oslo_concurrency.lockutils [req-1f73c2c6-89fd-4011-b67a-2c9f89b46240 - - - - -] Lock "cffa235a-ad13-41b8-8b95-85b29a4999bf" acquired by "nova.context.set_target_cell..get_or_set_cached_cell_and_set_connections" :: waited 0.000s inner /usr/lib/python3/dist-packages/oslo_concurrency/lockutils.py:386
2025-09-04 00:38:44.355 139945 DEBUG oslo_concurrency.lockutils [req-1f73c2c6-89fd-4011-b67a-2c9f89b46240 - - - - -] Lock "cffa235a-ad13-41b8-8b95-85b29a4999bf" "released" by "nova.context.set_target_cell..get_or_set_cached_cell_and_set_connections" :: held 0.002s inner /usr/lib/python3/dist-packages/oslo_concurrency/lockutils.py:400
2025-09-04 00:38:44.361 139945 DEBUG oslo_db.sqlalchemy.engines [req-1f73c2c6-89fd-4011-b67a-2c9f89b46240 - - - - -] MySQL server mode set to STRICT_TRANS_TABLES,STRICT_ALL_TABLES,NO_ZERO_IN_DATE,NO_ZERO_DATE,ERROR_FOR_DIVISION_BY_ZERO,TRADITIONAL,NO_ENGINE_SUBSTITUTION _check_effective_sql_mode /usr/lib/python3/dist-packages/oslo_db/sqlalchemy/engines.py:314
2025-09-04 00:38:44.424 139945 INFO nova.scheduler.manager [req-1f73c2c6-89fd-4011-b67a-2c9f89b46240 - - - - -] Discovered 1 new hosts: cell1:cn-jenkins-deploy-platform-juju-os-573-1
2025-09-04 00:38:50.337 139952 DEBUG oslo_service.periodic_task [req-84d112be-169c-423b-8947-6b0470f4d263 - - - - -] Running periodic task SchedulerManager._discover_hosts_in_cells run_periodic_tasks /usr/lib/python3/dist-packages/oslo_service/periodic_task.py:210
2025-09-04 00:38:50.338 139952 DEBUG oslo_db.sqlalchemy.engines [req-84d112be-169c-423b-8947-6b0470f4d263 - - - - -] Parent process 138575 forked (139952) with an open database connection, which is being discarded and recreated. checkout /usr/lib/python3/dist-packages/oslo_db/sqlalchemy/engines.py:413
2025-09-04 00:38:50.346 139952 DEBUG oslo_concurrency.lockutils [req-84d112be-169c-423b-8947-6b0470f4d263 - - - - -] Lock "cffa235a-ad13-41b8-8b95-85b29a4999bf" acquired by "nova.context.set_target_cell..get_or_set_cached_cell_and_set_connections" :: waited 0.000s inner /usr/lib/python3/dist-packages/oslo_concurrency/lockutils.py:386
2025-09-04 00:38:50.348 139952 DEBUG oslo_concurrency.lockutils [req-84d112be-169c-423b-8947-6b0470f4d263 - - - - -] Lock "cffa235a-ad13-41b8-8b95-85b29a4999bf" "released" by "nova.context.set_target_cell..get_or_set_cached_cell_and_set_connections" :: held 0.002s inner /usr/lib/python3/dist-packages/oslo_concurrency/lockutils.py:400
2025-09-04 00:38:50.354 139952 DEBUG oslo_db.sqlalchemy.engines [req-84d112be-169c-423b-8947-6b0470f4d263 - - - - -] MySQL server mode set to STRICT_TRANS_TABLES,STRICT_ALL_TABLES,NO_ZERO_IN_DATE,NO_ZERO_DATE,ERROR_FOR_DIVISION_BY_ZERO,TRADITIONAL,NO_ENGINE_SUBSTITUTION _check_effective_sql_mode /usr/lib/python3/dist-packages/oslo_db/sqlalchemy/engines.py:314
2025-09-04 00:39:06.313 139952 DEBUG oslo_messaging._drivers.amqpdriver [-] AMQPListener connection timeout poll /usr/lib/python3/dist-packages/oslo_messaging/_drivers/amqpdriver.py:360
2025-09-04 00:39:06.313 139952 DEBUG oslo_messaging._drivers.amqpdriver [-] Listener is running poll /usr/lib/python3/dist-packages/oslo_messaging/_drivers/amqpdriver.py:343
2025-09-04 00:39:06.313 139952 DEBUG oslo_messaging._drivers.amqpdriver [-] AMQPListener connection consume poll /usr/lib/python3/dist-packages/oslo_messaging/_drivers/amqpdriver.py:357
2025-09-04 00:39:06.323 139946 DEBUG oslo_messaging._drivers.amqpdriver [-] AMQPListener connection timeout poll /usr/lib/python3/dist-packages/oslo_messaging/_drivers/amqpdriver.py:360
2025-09-04 00:39:06.324 139946 DEBUG oslo_messaging._drivers.amqpdriver [-] Listener is running poll /usr/lib/python3/dist-packages/oslo_messaging/_drivers/amqpdriver.py:343
2025-09-04 00:39:06.324 139946 DEBUG oslo_messaging._drivers.amqpdriver [-] AMQPListener connection consume poll /usr/lib/python3/dist-packages/oslo_messaging/_drivers/amqpdriver.py:357
2025-09-04 00:39:06.326 139945 DEBUG oslo_messaging._drivers.amqpdriver [-] AMQPListener connection timeout poll /usr/lib/python3/dist-packages/oslo_messaging/_drivers/amqpdriver.py:360
2025-09-04 00:39:06.327 139945 DEBUG oslo_messaging._drivers.amqpdriver [-] Listener is running poll /usr/lib/python3/dist-packages/oslo_messaging/_drivers/amqpdriver.py:343
2025-09-04 00:39:06.327 139945 DEBUG oslo_messaging._drivers.amqpdriver [-] AMQPListener connection consume poll /usr/lib/python3/dist-packages/oslo_messaging/_drivers/amqpdriver.py:357
2025-09-04 00:39:06.349 139953 DEBUG oslo_messaging._drivers.amqpdriver [-] AMQPListener connection timeout poll /usr/lib/python3/dist-packages/oslo_messaging/_drivers/amqpdriver.py:360
2025-09-04 00:39:06.350 139953 DEBUG oslo_messaging._drivers.amqpdriver [-] Listener is running poll /usr/lib/python3/dist-packages/oslo_messaging/_drivers/amqpdriver.py:343
2025-09-04 00:39:06.350 139953 DEBUG oslo_messaging._drivers.amqpdriver [-] AMQPListener connection consume poll /usr/lib/python3/dist-packages/oslo_messaging/_drivers/amqpdriver.py:357
2025-09-04 00:39:11.506 138575 INFO oslo_service.service [req-849c8927-0307-42af-b2dd-f89de3d3f6cd - - - - -] Caught SIGTERM, stopping children
2025-09-04 00:39:11.507 138575 DEBUG oslo_concurrency.lockutils [req-849c8927-0307-42af-b2dd-f89de3d3f6cd - - - - -] Acquired lock "singleton_lock" lock /usr/lib/python3/dist-packages/oslo_concurrency/lockutils.py:294
2025-09-04 00:39:11.507 138575 DEBUG oslo_concurrency.lockutils [req-849c8927-0307-42af-b2dd-f89de3d3f6cd - - - - -] Releasing lock "singleton_lock" lock /usr/lib/python3/dist-packages/oslo_concurrency/lockutils.py:312
2025-09-04 00:39:11.508 138575 DEBUG oslo_service.service [req-849c8927-0307-42af-b2dd-f89de3d3f6cd - - - - -] Stop services. stop /usr/lib/python3/dist-packages/oslo_service/service.py:695
2025-09-04 00:39:11.508 138575 DEBUG oslo_service.service [req-849c8927-0307-42af-b2dd-f89de3d3f6cd - - - - -] Killing children. stop /usr/lib/python3/dist-packages/oslo_service/service.py:700
2025-09-04 00:39:11.532 138575 INFO oslo_service.service [req-849c8927-0307-42af-b2dd-f89de3d3f6cd - - - - -] Waiting on 4 children to exit
2025-09-04 00:39:11.534 138575 INFO oslo_service.service [req-849c8927-0307-42af-b2dd-f89de3d3f6cd - - - - -] Child 139945 killed by signal 15
2025-09-04 00:39:11.534 138575 INFO oslo_service.service [req-849c8927-0307-42af-b2dd-f89de3d3f6cd - - - - -] Child 139946 killed by signal 15
2025-09-04 00:39:11.535 138575 INFO oslo_service.service [req-849c8927-0307-42af-b2dd-f89de3d3f6cd - - - - -] Child 139952 killed by signal 15
2025-09-04 00:39:11.535 138575 INFO oslo_service.service [req-849c8927-0307-42af-b2dd-f89de3d3f6cd - - - - -] Child 139953 killed by signal 15
2025-09-04 00:39:13.309 156750 DEBUG oslo_db.sqlalchemy.engines [req-3f31f148-a614-43a5-ba9d-8cf27c744388 - - - - -] MySQL server mode set to STRICT_TRANS_TABLES,STRICT_ALL_TABLES,NO_ZERO_IN_DATE,NO_ZERO_DATE,ERROR_FOR_DIVISION_BY_ZERO,TRADITIONAL,NO_ENGINE_SUBSTITUTION _check_effective_sql_mode /usr/lib/python3/dist-packages/oslo_db/sqlalchemy/engines.py:314
2025-09-04 00:39:13.347 156750 DEBUG nova.scheduler.host_manager [req-3f31f148-a614-43a5-ba9d-8cf27c744388 - - - - -] Found 1 cells: cffa235a-ad13-41b8-8b95-85b29a4999bf refresh_cells_caches /usr/lib/python3/dist-packages/nova/scheduler/host_manager.py:730
2025-09-04 00:39:13.347 156750 DEBUG nova.scheduler.host_manager [req-3f31f148-a614-43a5-ba9d-8cf27c744388 - - - - -] Found 0 disabled cells: refresh_cells_caches /usr/lib/python3/dist-packages/nova/scheduler/host_manager.py:742
2025-09-04 00:39:13.353 156750 WARNING nova.scheduler.filters.availability_zone_filter [req-3f31f148-a614-43a5-ba9d-8cf27c744388 - - - - -] The 'AvailabilityZoneFilter' is deprecated since the 24.0.0 (Xena) release. Since the 18.0.0 (Rocky) release, nova has supported mapping AZs to placement aggregates. The feature is enabled by the 'query_placement_for_availability_zone' config option and is now enabled by default. As such, the 'AvailabilityZoneFilter' is no longer required. Nova is currently configured to use both placement and the AvailabilityZoneFilter for AZ enforcement.
2025-09-04 00:39:13.451 156750 DEBUG nova.scheduler.host_manager [req-3f31f148-a614-43a5-ba9d-8cf27c744388 - - - - -] START:_async_init_instance_info _async_init_instance_info /usr/lib/python3/dist-packages/nova/scheduler/host_manager.py:411
2025-09-04 00:39:13.454 156750 DEBUG oslo_concurrency.lockutils [req-ef1c2b48-59d8-4e20-b1d3-5e8be823bf5a - - - - -] Lock "cffa235a-ad13-41b8-8b95-85b29a4999bf" acquired by "nova.context.set_target_cell..get_or_set_cached_cell_and_set_connections" :: waited 0.000s inner /usr/lib/python3/dist-packages/oslo_concurrency/lockutils.py:386
2025-09-04 00:39:13.455 156750 DEBUG oslo_concurrency.lockutils [req-ef1c2b48-59d8-4e20-b1d3-5e8be823bf5a - - - - -] Lock "cffa235a-ad13-41b8-8b95-85b29a4999bf" "released" by "nova.context.set_target_cell..get_or_set_cached_cell_and_set_connections" :: held 0.002s inner /usr/lib/python3/dist-packages/oslo_concurrency/lockutils.py:400
2025-09-04 00:39:13.488 156750 DEBUG oslo_db.sqlalchemy.engines [req-ef1c2b48-59d8-4e20-b1d3-5e8be823bf5a - - - - -] MySQL server mode set to STRICT_TRANS_TABLES,STRICT_ALL_TABLES,NO_ZERO_IN_DATE,NO_ZERO_DATE,ERROR_FOR_DIVISION_BY_ZERO,TRADITIONAL,NO_ENGINE_SUBSTITUTION _check_effective_sql_mode /usr/lib/python3/dist-packages/oslo_db/sqlalchemy/engines.py:314
2025-09-04 00:39:13.501 156750 DEBUG nova.scheduler.host_manager [req-ef1c2b48-59d8-4e20-b1d3-5e8be823bf5a - - - - -] Total number of compute nodes: 1 _async_init_instance_info /usr/lib/python3/dist-packages/nova/scheduler/host_manager.py:424
2025-09-04 00:39:13.502 156750 DEBUG oslo_concurrency.lockutils [req-ef1c2b48-59d8-4e20-b1d3-5e8be823bf5a - - - - -] Lock "cffa235a-ad13-41b8-8b95-85b29a4999bf" acquired by "nova.context.set_target_cell..get_or_set_cached_cell_and_set_connections" :: waited 0.000s inner /usr/lib/python3/dist-packages/oslo_concurrency/lockutils.py:386
2025-09-04 00:39:13.502 156750 DEBUG oslo_concurrency.lockutils [req-ef1c2b48-59d8-4e20-b1d3-5e8be823bf5a - - - - -] Lock "cffa235a-ad13-41b8-8b95-85b29a4999bf" "released" by "nova.context.set_target_cell..get_or_set_cached_cell_and_set_connections" :: held 0.000s inner /usr/lib/python3/dist-packages/oslo_concurrency/lockutils.py:400
2025-09-04 00:39:13.582 156750 DEBUG nova.scheduler.host_manager [req-ef1c2b48-59d8-4e20-b1d3-5e8be823bf5a - - - - -] Adding 0 instances for hosts 10-20 _async_init_instance_info /usr/lib/python3/dist-packages/nova/scheduler/host_manager.py:443
2025-09-04 00:39:13.582 156750 DEBUG nova.scheduler.host_manager [req-ef1c2b48-59d8-4e20-b1d3-5e8be823bf5a - - - - -] END:_async_init_instance_info _async_init_instance_info /usr/lib/python3/dist-packages/nova/scheduler/host_manager.py:454
2025-09-04 00:39:14.073 156750 DEBUG nova.context [req-3f31f148-a614-43a5-ba9d-8cf27c744388 - - - - -] Found 2 cells: 00000000-0000-0000-0000-000000000000(cell0),cffa235a-ad13-41b8-8b95-85b29a4999bf(cell1) load_cells /usr/lib/python3/dist-packages/nova/context.py:464
2025-09-04 00:39:14.074 156750 DEBUG oslo_concurrency.lockutils [req-9c055c66-38f9-4ae2-a293-c0b4403f3955 - - - - -] Lock "00000000-0000-0000-0000-000000000000" acquired by "nova.context.set_target_cell..get_or_set_cached_cell_and_set_connections" :: waited 0.000s inner /usr/lib/python3/dist-packages/oslo_concurrency/lockutils.py:386
2025-09-04 00:39:14.075 156750 DEBUG oslo_concurrency.lockutils [req-9c055c66-38f9-4ae2-a293-c0b4403f3955 - - - - -] Lock "00000000-0000-0000-0000-000000000000" "released" by "nova.context.set_target_cell..get_or_set_cached_cell_and_set_connections" :: held 0.001s inner /usr/lib/python3/dist-packages/oslo_concurrency/lockutils.py:400
2025-09-04 00:39:14.075 156750 DEBUG oslo_concurrency.lockutils [req-9c055c66-38f9-4ae2-a293-c0b4403f3955 - - - - -] Lock "cffa235a-ad13-41b8-8b95-85b29a4999bf" acquired by "nova.context.set_target_cell..get_or_set_cached_cell_and_set_connections" :: waited 0.000s inner /usr/lib/python3/dist-packages/oslo_concurrency/lockutils.py:386
2025-09-04 00:39:14.076 156750 DEBUG oslo_concurrency.lockutils [req-9c055c66-38f9-4ae2-a293-c0b4403f3955 - - - - -] Lock "cffa235a-ad13-41b8-8b95-85b29a4999bf" "released" by "nova.context.set_target_cell..get_or_set_cached_cell_and_set_connections" :: held 0.000s inner /usr/lib/python3/dist-packages/oslo_concurrency/lockutils.py:400
2025-09-04 00:39:14.088 156750 DEBUG oslo_db.sqlalchemy.engines [req-9c055c66-38f9-4ae2-a293-c0b4403f3955 - - - - -] MySQL server mode set to STRICT_TRANS_TABLES,STRICT_ALL_TABLES,NO_ZERO_IN_DATE,NO_ZERO_DATE,ERROR_FOR_DIVISION_BY_ZERO,TRADITIONAL,NO_ENGINE_SUBSTITUTION _check_effective_sql_mode /usr/lib/python3/dist-packages/oslo_db/sqlalchemy/engines.py:314
2025-09-04 00:39:14.100 156750 DEBUG oslo_concurrency.lockutils [req-9c055c66-38f9-4ae2-a293-c0b4403f3955 - - - - -] Acquired lock "singleton_lock" lock /usr/lib/python3/dist-packages/oslo_concurrency/lockutils.py:294
2025-09-04 00:39:14.101 156750 DEBUG oslo_concurrency.lockutils [req-9c055c66-38f9-4ae2-a293-c0b4403f3955 - - - - -] Releasing lock "singleton_lock" lock /usr/lib/python3/dist-packages/oslo_concurrency/lockutils.py:312
2025-09-04 00:39:14.101 156750 INFO oslo_service.service [req-9c055c66-38f9-4ae2-a293-c0b4403f3955 - - - - -] Starting 4 workers
2025-09-04 00:39:14.106 156750 DEBUG oslo_service.service [req-9c055c66-38f9-4ae2-a293-c0b4403f3955 - - - - -] Started child 157100 _start_child /usr/lib/python3/dist-packages/oslo_service/service.py:575
2025-09-04 00:39:14.112 157100 INFO nova.service [-] Starting scheduler node (version 25.2.1)
2025-09-04 00:39:14.111 156750 DEBUG oslo_service.service [req-9c055c66-38f9-4ae2-a293-c0b4403f3955 - - - - -] Started child 157101 _start_child /usr/lib/python3/dist-packages/oslo_service/service.py:575
2025-09-04 00:39:14.116 157101 INFO nova.service [-] Starting scheduler node (version 25.2.1)
2025-09-04 00:39:14.119 156750 DEBUG oslo_service.service [req-9c055c66-38f9-4ae2-a293-c0b4403f3955 - - - - -] Started child 157102 _start_child /usr/lib/python3/dist-packages/oslo_service/service.py:575
2025-09-04 00:39:14.123 157102 INFO nova.service [-] Starting scheduler node (version 25.2.1)
2025-09-04 00:39:14.125 156750 DEBUG oslo_service.service [req-9c055c66-38f9-4ae2-a293-c0b4403f3955 - - - - -] Started child 157103 _start_child /usr/lib/python3/dist-packages/oslo_service/service.py:575
2025-09-04 00:39:14.127 156750 DEBUG oslo_service.service [req-9c055c66-38f9-4ae2-a293-c0b4403f3955 - - - - -] Full set of CONF: wait /usr/lib/python3/dist-packages/oslo_service/service.py:649
2025-09-04 00:39:14.127 156750 DEBUG oslo_service.service [req-9c055c66-38f9-4ae2-a293-c0b4403f3955 - - - - -] ******************************************************************************** log_opt_values /usr/lib/python3/dist-packages/oslo_config/cfg.py:2589
2025-09-04 00:39:14.130 156750 DEBUG oslo_service.service [req-9c055c66-38f9-4ae2-a293-c0b4403f3955 - - - - -] Configuration options gathered from: log_opt_values /usr/lib/python3/dist-packages/oslo_config/cfg.py:2590
2025-09-04 00:39:14.130 157100 DEBUG oslo_db.sqlalchemy.engines [req-cb16fa39-89dd-466b-91a4-195a85d58ee8 - - - - -] MySQL server mode set to STRICT_TRANS_TABLES,STRICT_ALL_TABLES,NO_ZERO_IN_DATE,NO_ZERO_DATE,ERROR_FOR_DIVISION_BY_ZERO,TRADITIONAL,NO_ENGINE_SUBSTITUTION _check_effective_sql_mode /usr/lib/python3/dist-packages/oslo_db/sqlalchemy/engines.py:314
2025-09-04 00:39:14.130 157101 DEBUG oslo_db.sqlalchemy.engines [req-a95254d1-4eb7-4c59-81ae-5988b9cc18c1 - - - - -] MySQL server mode set to STRICT_TRANS_TABLES,STRICT_ALL_TABLES,NO_ZERO_IN_DATE,NO_ZERO_DATE,ERROR_FOR_DIVISION_BY_ZERO,TRADITIONAL,NO_ENGINE_SUBSTITUTION _check_effective_sql_mode /usr/lib/python3/dist-packages/oslo_db/sqlalchemy/engines.py:314
2025-09-04 00:39:14.132 156750 DEBUG oslo_service.service [req-9c055c66-38f9-4ae2-a293-c0b4403f3955 - - - - -] command line args: ['--config-file=/etc/nova/nova.conf', '--log-file=/var/log/nova/nova-scheduler.log'] log_opt_values /usr/lib/python3/dist-packages/oslo_config/cfg.py:2591
2025-09-04 00:39:14.131 157103 INFO nova.service [-] Starting scheduler node (version 25.2.1)
2025-09-04 00:39:14.133 156750 DEBUG oslo_service.service [req-9c055c66-38f9-4ae2-a293-c0b4403f3955 - - - - -] config files: ['/etc/nova/nova.conf'] log_opt_values /usr/lib/python3/dist-packages/oslo_config/cfg.py:2592
2025-09-04 00:39:14.133 156750 DEBUG oslo_service.service [req-9c055c66-38f9-4ae2-a293-c0b4403f3955 - - - - -] ================================================================================ log_opt_values /usr/lib/python3/dist-packages/oslo_config/cfg.py:2594
2025-09-04 00:39:14.133 156750 DEBUG oslo_service.service [req-9c055c66-38f9-4ae2-a293-c0b4403f3955 - - - - -] allow_resize_to_same_host = False log_opt_values /usr/lib/python3/dist-packages/oslo_config/cfg.py:2602
2025-09-04 00:39:14.134 156750 DEBUG oslo_service.service [req-9c055c66-38f9-4ae2-a293-c0b4403f3955 - - - - -] arq_binding_timeout = 300 log_opt_values /usr/lib/python3/dist-packages/oslo_config/cfg.py:2602
2025-09-04 00:39:14.135 157102 DEBUG oslo_db.sqlalchemy.engines [req-0b332d53-b247-4824-8671-58179c6b731d - - - - -] MySQL server mode set to STRICT_TRANS_TABLES,STRICT_ALL_TABLES,NO_ZERO_IN_DATE,NO_ZERO_DATE,ERROR_FOR_DIVISION_BY_ZERO,TRADITIONAL,NO_ENGINE_SUBSTITUTION _check_effective_sql_mode /usr/lib/python3/dist-packages/oslo_db/sqlalchemy/engines.py:314
2025-09-04 00:39:14.139 156750 DEBUG oslo_service.service [req-9c055c66-38f9-4ae2-a293-c0b4403f3955 - - - - -] block_device_allocate_retries = 60 log_opt_values /usr/lib/python3/dist-packages/oslo_config/cfg.py:2602
2025-09-04 00:39:14.140 156750 DEBUG oslo_service.service [req-9c055c66-38f9-4ae2-a293-c0b4403f3955 - - - - -] block_device_allocate_retries_interval = 3 log_opt_values /usr/lib/python3/dist-packages/oslo_config/cfg.py:2602
2025-09-04 00:39:14.141 156750 DEBUG oslo_service.service [req-9c055c66-38f9-4ae2-a293-c0b4403f3955 - - - - -] cert = self.pem log_opt_values /usr/lib/python3/dist-packages/oslo_config/cfg.py:2602
2025-09-04 00:39:14.141 156750 DEBUG oslo_service.service [req-9c055c66-38f9-4ae2-a293-c0b4403f3955 - - - - -] compute_driver = libvirt.LibvirtDriver log_opt_values /usr/lib/python3/dist-packages/oslo_config/cfg.py:2602
2025-09-04 00:39:14.141 156750 DEBUG oslo_service.service [req-9c055c66-38f9-4ae2-a293-c0b4403f3955 - - - - -] compute_monitors = [] log_opt_values /usr/lib/python3/dist-packages/oslo_config/cfg.py:2602
2025-09-04 00:39:14.141 156750 DEBUG oslo_service.service [req-9c055c66-38f9-4ae2-a293-c0b4403f3955 - - - - -] config_dir = [] log_opt_values /usr/lib/python3/dist-packages/oslo_config/cfg.py:2602
2025-09-04 00:39:14.142 156750 DEBUG oslo_service.service [req-9c055c66-38f9-4ae2-a293-c0b4403f3955 - - - - -] config_drive_format = iso9660 log_opt_values /usr/lib/python3/dist-packages/oslo_config/cfg.py:2602
2025-09-04 00:39:14.142 156750 DEBUG oslo_service.service [req-9c055c66-38f9-4ae2-a293-c0b4403f3955 - - - - -] config_file = ['/etc/nova/nova.conf'] log_opt_values /usr/lib/python3/dist-packages/oslo_config/cfg.py:2602
2025-09-04 00:39:14.142 156750 DEBUG oslo_service.service [req-9c055c66-38f9-4ae2-a293-c0b4403f3955 - - - - -] config_source = [] log_opt_values /usr/lib/python3/dist-packages/oslo_config/cfg.py:2602
2025-09-04 00:39:14.142 156750 DEBUG oslo_service.service [req-9c055c66-38f9-4ae2-a293-c0b4403f3955 - - - - -] console_host = juju-986812-0-lxd-7 log_opt_values /usr/lib/python3/dist-packages/oslo_config/cfg.py:2602
2025-09-04 00:39:14.142 156750 DEBUG oslo_service.service [req-9c055c66-38f9-4ae2-a293-c0b4403f3955 - - - - -] control_exchange = nova log_opt_values /usr/lib/python3/dist-packages/oslo_config/cfg.py:2602
2025-09-04 00:39:14.143 156750 DEBUG oslo_service.service [req-9c055c66-38f9-4ae2-a293-c0b4403f3955 - - - - -] cpu_allocation_ratio = 2.0 log_opt_values /usr/lib/python3/dist-packages/oslo_config/cfg.py:2602
2025-09-04 00:39:14.144 156750 DEBUG oslo_service.service [req-9c055c66-38f9-4ae2-a293-c0b4403f3955 - - - - -] daemon = False log_opt_values /usr/lib/python3/dist-packages/oslo_config/cfg.py:2602
