2025-09-04 00:40:46.960 168040 DEBUG oslo_service.service [req-7e8e3b67-a3a4-458c-9e96-3323566aef1d - - - - -] oslo_messaging_metrics.metrics_enabled = False log_opt_values /usr/lib/python3/dist-packages/oslo_config/cfg.py:2609
2025-09-04 00:40:46.960 168040 DEBUG oslo_service.service [req-7e8e3b67-a3a4-458c-9e96-3323566aef1d - - - - -] oslo_messaging_metrics.metrics_process_name = log_opt_values /usr/lib/python3/dist-packages/oslo_config/cfg.py:2609
2025-09-04 00:40:46.961 168040 DEBUG oslo_service.service [req-7e8e3b67-a3a4-458c-9e96-3323566aef1d - - - - -] oslo_messaging_metrics.metrics_socket_file = /var/tmp/metrics_collector.sock log_opt_values /usr/lib/python3/dist-packages/oslo_config/cfg.py:2609
2025-09-04 00:40:46.961 168040 DEBUG oslo_service.service [req-7e8e3b67-a3a4-458c-9e96-3323566aef1d - - - - -] oslo_messaging_metrics.metrics_thread_stop_timeout = 10 log_opt_values /usr/lib/python3/dist-packages/oslo_config/cfg.py:2609
2025-09-04 00:40:46.961 168040 WARNING oslo_config.cfg [req-7e8e3b67-a3a4-458c-9e96-3323566aef1d - - - - -] Deprecated: Option "auth_strategy" from group "api" is deprecated for removal ( The only non-default choice, ``noauth2``, is for internal development and testing purposes only and should not be used in deployments. This option and its middleware, NoAuthMiddleware[V2_18], will be removed in a future release. ). Its value may be silently ignored in the future.
2025-09-04 00:40:46.962 168040 DEBUG oslo_service.service [req-7e8e3b67-a3a4-458c-9e96-3323566aef1d - - - - -] api.auth_strategy = keystone log_opt_values /usr/lib/python3/dist-packages/oslo_config/cfg.py:2609
2025-09-04 00:40:46.962 168040 DEBUG oslo_service.service [req-7e8e3b67-a3a4-458c-9e96-3323566aef1d - - - - -] api.compute_link_prefix = None log_opt_values /usr/lib/python3/dist-packages/oslo_config/cfg.py:2609
2025-09-04 00:40:46.962 168040 DEBUG oslo_service.service [req-7e8e3b67-a3a4-458c-9e96-3323566aef1d - - - - -] api.config_drive_skip_versions = 1.0 2007-01-19 2007-03-01 2007-08-29 2007-10-10 2007-12-15 2008-02-01 2008-09-01 log_opt_values /usr/lib/python3/dist-packages/oslo_config/cfg.py:2609
2025-09-04 00:40:46.962 168040 DEBUG oslo_service.service [req-7e8e3b67-a3a4-458c-9e96-3323566aef1d - - - - -] api.dhcp_domain = novalocal log_opt_values /usr/lib/python3/dist-packages/oslo_config/cfg.py:2609
2025-09-04 00:40:46.963 168040 DEBUG oslo_service.service [req-7e8e3b67-a3a4-458c-9e96-3323566aef1d - - - - -] api.enable_instance_password = True log_opt_values /usr/lib/python3/dist-packages/oslo_config/cfg.py:2609
2025-09-04 00:40:46.963 168040 DEBUG oslo_service.service [req-7e8e3b67-a3a4-458c-9e96-3323566aef1d - - - - -] api.glance_link_prefix = None log_opt_values /usr/lib/python3/dist-packages/oslo_config/cfg.py:2609
2025-09-04 00:40:46.963 168040 DEBUG oslo_service.service [req-7e8e3b67-a3a4-458c-9e96-3323566aef1d - - - - -] api.instance_list_cells_batch_fixed_size = 100 log_opt_values /usr/lib/python3/dist-packages/oslo_config/cfg.py:2609
2025-09-04 00:40:46.963 168040 DEBUG oslo_service.service [req-7e8e3b67-a3a4-458c-9e96-3323566aef1d - - - - -] api.instance_list_cells_batch_strategy = distributed log_opt_values /usr/lib/python3/dist-packages/oslo_config/cfg.py:2609
2025-09-04 00:40:46.963 168040 DEBUG oslo_service.service [req-7e8e3b67-a3a4-458c-9e96-3323566aef1d - - - - -] api.instance_list_per_project_cells = False log_opt_values /usr/lib/python3/dist-packages/oslo_config/cfg.py:2609
2025-09-04 00:40:46.963 168040 DEBUG oslo_service.service [req-7e8e3b67-a3a4-458c-9e96-3323566aef1d - - - - -] api.list_records_by_skipping_down_cells = True log_opt_values /usr/lib/python3/dist-packages/oslo_config/cfg.py:2609
2025-09-04 00:40:46.964 168040 DEBUG oslo_service.service [req-7e8e3b67-a3a4-458c-9e96-3323566aef1d - - - - -] api.local_metadata_per_cell = False log_opt_values /usr/lib/python3/dist-packages/oslo_config/cfg.py:2609
2025-09-04 00:40:46.964 168040 DEBUG oslo_service.service [req-7e8e3b67-a3a4-458c-9e96-3323566aef1d - - - - -] api.max_limit = 1000 log_opt_values /usr/lib/python3/dist-packages/oslo_config/cfg.py:2609
2025-09-04 00:40:46.964 168040 DEBUG oslo_service.service [req-7e8e3b67-a3a4-458c-9e96-3323566aef1d - - - - -] api.metadata_cache_expiration = 15 log_opt_values /usr/lib/python3/dist-packages/oslo_config/cfg.py:2609
2025-09-04 00:40:46.964 168419 DEBUG nova.service [req-0163a783-4644-4925-a126-8ebad4b225f9 - - - - -] Creating RPC server for service conductor start /usr/lib/python3/dist-packages/nova/service.py:182
2025-09-04 00:40:46.964 168421 DEBUG nova.service [req-91e861be-695d-476f-b6d9-a9ca93e04cc1 - - - - -] Creating RPC server for service conductor start /usr/lib/python3/dist-packages/nova/service.py:182
2025-09-04 00:40:46.964 168040 DEBUG oslo_service.service [req-7e8e3b67-a3a4-458c-9e96-3323566aef1d - - - - -] api.neutron_default_tenant_id = default log_opt_values /usr/lib/python3/dist-packages/oslo_config/cfg.py:2609
2025-09-04 00:40:46.964 168040 DEBUG oslo_service.service [req-7e8e3b67-a3a4-458c-9e96-3323566aef1d - - - - -] api.use_forwarded_for = False log_opt_values /usr/lib/python3/dist-packages/oslo_config/cfg.py:2609
2025-09-04 00:40:46.964 168040 DEBUG oslo_service.service [req-7e8e3b67-a3a4-458c-9e96-3323566aef1d - - - - -] api.use_neutron_default_nets = False log_opt_values /usr/lib/python3/dist-packages/oslo_config/cfg.py:2609
2025-09-04 00:40:46.965 168040 DEBUG oslo_service.service [req-7e8e3b67-a3a4-458c-9e96-3323566aef1d - - - - -] api.vendordata_dynamic_connect_timeout = 5 log_opt_values /usr/lib/python3/dist-packages/oslo_config/cfg.py:2609
2025-09-04 00:40:46.965 168040 DEBUG oslo_service.service [req-7e8e3b67-a3a4-458c-9e96-3323566aef1d - - - - -] api.vendordata_dynamic_failure_fatal = False log_opt_values /usr/lib/python3/dist-packages/oslo_config/cfg.py:2609
2025-09-04 00:40:46.965 168040 DEBUG oslo_service.service [req-7e8e3b67-a3a4-458c-9e96-3323566aef1d - - - - -] api.vendordata_dynamic_read_timeout = 5 log_opt_values /usr/lib/python3/dist-packages/oslo_config/cfg.py:2609
2025-09-04 00:40:46.965 168040 DEBUG oslo_service.service [req-7e8e3b67-a3a4-458c-9e96-3323566aef1d - - - - -] api.vendordata_dynamic_ssl_certfile = log_opt_values /usr/lib/python3/dist-packages/oslo_config/cfg.py:2609
2025-09-04 00:40:46.965 168040 DEBUG oslo_service.service [req-7e8e3b67-a3a4-458c-9e96-3323566aef1d - - - - -] api.vendordata_dynamic_targets = [] log_opt_values /usr/lib/python3/dist-packages/oslo_config/cfg.py:2609
2025-09-04 00:40:46.965 168040 DEBUG oslo_service.service [req-7e8e3b67-a3a4-458c-9e96-3323566aef1d - - - - -] api.vendordata_jsonfile_path = None log_opt_values /usr/lib/python3/dist-packages/oslo_config/cfg.py:2609
2025-09-04 00:40:46.966 168040 DEBUG oslo_service.service [req-7e8e3b67-a3a4-458c-9e96-3323566aef1d - - - - -] api.vendordata_providers = ['StaticJSON'] log_opt_values /usr/lib/python3/dist-packages/oslo_config/cfg.py:2609
2025-09-04 00:40:46.966 168040 DEBUG oslo_service.service [req-7e8e3b67-a3a4-458c-9e96-3323566aef1d - - - - -] cache.backend = dogpile.cache.null log_opt_values /usr/lib/python3/dist-packages/oslo_config/cfg.py:2609
2025-09-04 00:40:46.966 168040 DEBUG oslo_service.service [req-7e8e3b67-a3a4-458c-9e96-3323566aef1d - - - - -] cache.backend_argument = **** log_opt_values /usr/lib/python3/dist-packages/oslo_config/cfg.py:2609
2025-09-04 00:40:46.966 168040 DEBUG oslo_service.service [req-7e8e3b67-a3a4-458c-9e96-3323566aef1d - - - - -] cache.config_prefix = cache.oslo log_opt_values /usr/lib/python3/dist-packages/oslo_config/cfg.py:2609
2025-09-04 00:40:46.966 168040 DEBUG oslo_service.service [req-7e8e3b67-a3a4-458c-9e96-3323566aef1d - - - - -] cache.debug_cache_backend = False log_opt_values /usr/lib/python3/dist-packages/oslo_config/cfg.py:2609
2025-09-04 00:40:46.966 168040 DEBUG oslo_service.service [req-7e8e3b67-a3a4-458c-9e96-3323566aef1d - - - - -] cache.enabled = False log_opt_values /usr/lib/python3/dist-packages/oslo_config/cfg.py:2609
2025-09-04 00:40:46.967 168040 DEBUG oslo_service.service [req-7e8e3b67-a3a4-458c-9e96-3323566aef1d - - - - -] cache.expiration_time = 600 log_opt_values /usr/lib/python3/dist-packages/oslo_config/cfg.py:2609
2025-09-04 00:40:46.967 168040 DEBUG oslo_service.service [req-7e8e3b67-a3a4-458c-9e96-3323566aef1d - - - - -] cache.memcache_dead_retry = 300 log_opt_values /usr/lib/python3/dist-packages/oslo_config/cfg.py:2609
2025-09-04 00:40:46.967 168040 DEBUG oslo_service.service [req-7e8e3b67-a3a4-458c-9e96-3323566aef1d - - - - -] cache.memcache_pool_connection_get_timeout = 10 log_opt_values /usr/lib/python3/dist-packages/oslo_config/cfg.py:2609
2025-09-04 00:40:46.967 168040 DEBUG oslo_service.service [req-7e8e3b67-a3a4-458c-9e96-3323566aef1d - - - - -] cache.memcache_pool_flush_on_reconnect = False log_opt_values /usr/lib/python3/dist-packages/oslo_config/cfg.py:2609
2025-09-04 00:40:46.967 168040 DEBUG oslo_service.service [req-7e8e3b67-a3a4-458c-9e96-3323566aef1d - - - - -] cache.memcache_pool_maxsize = 10 log_opt_values /usr/lib/python3/dist-packages/oslo_config/cfg.py:2609
2025-09-04 00:40:46.968 168040 DEBUG oslo_service.service [req-7e8e3b67-a3a4-458c-9e96-3323566aef1d - - - - -] cache.memcache_pool_unused_timeout = 60 log_opt_values /usr/lib/python3/dist-packages/oslo_config/cfg.py:2609
2025-09-04 00:40:46.968 168040 DEBUG oslo_service.service [req-7e8e3b67-a3a4-458c-9e96-3323566aef1d - - - - -] cache.memcache_servers = ['localhost:11211'] log_opt_values /usr/lib/python3/dist-packages/oslo_config/cfg.py:2609
2025-09-04 00:40:46.968 168040 DEBUG oslo_service.service [req-7e8e3b67-a3a4-458c-9e96-3323566aef1d - - - - -] cache.memcache_socket_timeout = 1.0 log_opt_values /usr/lib/python3/dist-packages/oslo_config/cfg.py:2609
2025-09-04 00:40:46.968 168040 DEBUG oslo_service.service [req-7e8e3b67-a3a4-458c-9e96-3323566aef1d - - - - -] cache.proxies = [] log_opt_values /usr/lib/python3/dist-packages/oslo_config/cfg.py:2609
2025-09-04 00:40:46.968 168040 DEBUG oslo_service.service [req-7e8e3b67-a3a4-458c-9e96-3323566aef1d - - - - -] cache.tls_allowed_ciphers = None log_opt_values /usr/lib/python3/dist-packages/oslo_config/cfg.py:2609
2025-09-04 00:40:46.968 168040 DEBUG oslo_service.service [req-7e8e3b67-a3a4-458c-9e96-3323566aef1d - - - - -] cache.tls_cafile = None log_opt_values /usr/lib/python3/dist-packages/oslo_config/cfg.py:2609
2025-09-04 00:40:46.969 168040 DEBUG oslo_service.service [req-7e8e3b67-a3a4-458c-9e96-3323566aef1d - - - - -] cache.tls_certfile = None log_opt_values /usr/lib/python3/dist-packages/oslo_config/cfg.py:2609
2025-09-04 00:40:46.969 168040 DEBUG oslo_service.service [req-7e8e3b67-a3a4-458c-9e96-3323566aef1d - - - - -] cache.tls_enabled = False log_opt_values /usr/lib/python3/dist-packages/oslo_config/cfg.py:2609
2025-09-04 00:40:46.969 168040 DEBUG oslo_service.service [req-7e8e3b67-a3a4-458c-9e96-3323566aef1d - - - - -] cache.tls_keyfile = None log_opt_values /usr/lib/python3/dist-packages/oslo_config/cfg.py:2609
2025-09-04 00:40:46.969 168040 DEBUG oslo_service.service [req-7e8e3b67-a3a4-458c-9e96-3323566aef1d - - - - -] cinder.auth_section = None log_opt_values /usr/lib/python3/dist-packages/oslo_config/cfg.py:2609
2025-09-04 00:40:46.969 168040 DEBUG oslo_service.service [req-7e8e3b67-a3a4-458c-9e96-3323566aef1d - - - - -] cinder.auth_type = None log_opt_values /usr/lib/python3/dist-packages/oslo_config/cfg.py:2609
2025-09-04 00:40:46.969 168040 DEBUG oslo_service.service [req-7e8e3b67-a3a4-458c-9e96-3323566aef1d - - - - -] cinder.cafile = None log_opt_values /usr/lib/python3/dist-packages/oslo_config/cfg.py:2609
2025-09-04 00:40:46.970 168040 DEBUG oslo_service.service [req-7e8e3b67-a3a4-458c-9e96-3323566aef1d - - - - -] cinder.catalog_info = volumev3::publicURL log_opt_values /usr/lib/python3/dist-packages/oslo_config/cfg.py:2609
2025-09-04 00:40:46.970 168040 DEBUG oslo_service.service [req-7e8e3b67-a3a4-458c-9e96-3323566aef1d - - - - -] cinder.certfile = None log_opt_values /usr/lib/python3/dist-packages/oslo_config/cfg.py:2609
2025-09-04 00:40:46.970 168040 DEBUG oslo_service.service [req-7e8e3b67-a3a4-458c-9e96-3323566aef1d - - - - -] cinder.collect_timing = False log_opt_values /usr/lib/python3/dist-packages/oslo_config/cfg.py:2609
2025-09-04 00:40:46.970 168040 DEBUG oslo_service.service [req-7e8e3b67-a3a4-458c-9e96-3323566aef1d - - - - -] cinder.cross_az_attach = True log_opt_values /usr/lib/python3/dist-packages/oslo_config/cfg.py:2609
2025-09-04 00:40:46.970 168418 DEBUG oslo_messaging._drivers.amqpdriver [-] Listener is running poll /usr/lib/python3/dist-packages/oslo_messaging/_drivers/amqpdriver.py:343
2025-09-04 00:40:46.970 168040 DEBUG oslo_service.service [req-7e8e3b67-a3a4-458c-9e96-3323566aef1d - - - - -] cinder.debug = False log_opt_values /usr/lib/python3/dist-packages/oslo_config/cfg.py:2609
2025-09-04 00:40:46.970 168418 DEBUG oslo_messaging._drivers.amqpdriver [-] AMQPListener connection consume poll /usr/lib/python3/dist-packages/oslo_messaging/_drivers/amqpdriver.py:357
2025-09-04 00:40:46.970 168040 DEBUG oslo_service.service [req-7e8e3b67-a3a4-458c-9e96-3323566aef1d - - - - -] cinder.endpoint_template = None log_opt_values /usr/lib/python3/dist-packages/oslo_config/cfg.py:2609
2025-09-04 00:40:46.971 168040 DEBUG oslo_service.service [req-7e8e3b67-a3a4-458c-9e96-3323566aef1d - - - - -] cinder.http_retries = 3 log_opt_values /usr/lib/python3/dist-packages/oslo_config/cfg.py:2609
2025-09-04 00:40:46.971 168040 DEBUG oslo_service.service [req-7e8e3b67-a3a4-458c-9e96-3323566aef1d - - - - -] cinder.insecure = False log_opt_values /usr/lib/python3/dist-packages/oslo_config/cfg.py:2609
2025-09-04 00:40:46.971 168040 DEBUG oslo_service.service [req-7e8e3b67-a3a4-458c-9e96-3323566aef1d - - - - -] cinder.keyfile = None log_opt_values /usr/lib/python3/dist-packages/oslo_config/cfg.py:2609
2025-09-04 00:40:46.971 168418 DEBUG nova.service [req-f9088630-9c03-4703-8ad2-8442d59ab4ae - - - - -] Join ServiceGroup membership for this service conductor start /usr/lib/python3/dist-packages/nova/service.py:199
2025-09-04 00:40:46.971 168040 DEBUG oslo_service.service [req-7e8e3b67-a3a4-458c-9e96-3323566aef1d - - - - -] cinder.os_region_name = None log_opt_values /usr/lib/python3/dist-packages/oslo_config/cfg.py:2609
2025-09-04 00:40:46.971 168040 DEBUG oslo_service.service [req-7e8e3b67-a3a4-458c-9e96-3323566aef1d - - - - -] cinder.split_loggers = False log_opt_values /usr/lib/python3/dist-packages/oslo_config/cfg.py:2609
2025-09-04 00:40:46.971 168418 DEBUG nova.servicegroup.drivers.db [req-f9088630-9c03-4703-8ad2-8442d59ab4ae - - - - -] DB_Driver: join new ServiceGroup member juju-986812-0-lxd-7 to the conductor group, service = join /usr/lib/python3/dist-packages/nova/servicegroup/drivers/db.py:44
2025-09-04 00:40:46.971 168040 DEBUG oslo_service.service [req-7e8e3b67-a3a4-458c-9e96-3323566aef1d - - - - -] cinder.timeout = None log_opt_values /usr/lib/python3/dist-packages/oslo_config/cfg.py:2609
2025-09-04 00:40:46.972 168040 DEBUG oslo_service.service [req-7e8e3b67-a3a4-458c-9e96-3323566aef1d - - - - -] compute.consecutive_build_service_disable_threshold = 10 log_opt_values /usr/lib/python3/dist-packages/oslo_config/cfg.py:2609
2025-09-04 00:40:46.972 168040 DEBUG oslo_service.service [req-7e8e3b67-a3a4-458c-9e96-3323566aef1d - - - - -] compute.cpu_dedicated_set = None log_opt_values /usr/lib/python3/dist-packages/oslo_config/cfg.py:2609
2025-09-04 00:40:46.972 168040 DEBUG oslo_service.service [req-7e8e3b67-a3a4-458c-9e96-3323566aef1d - - - - -] compute.cpu_shared_set = None log_opt_values /usr/lib/python3/dist-packages/oslo_config/cfg.py:2609
2025-09-04 00:40:46.972 168040 DEBUG oslo_service.service [req-7e8e3b67-a3a4-458c-9e96-3323566aef1d - - - - -] compute.image_type_exclude_list = [] log_opt_values /usr/lib/python3/dist-packages/oslo_config/cfg.py:2609
2025-09-04 00:40:46.972 168040 DEBUG oslo_service.service [req-7e8e3b67-a3a4-458c-9e96-3323566aef1d - - - - -] compute.live_migration_wait_for_vif_plug = True log_opt_values /usr/lib/python3/dist-packages/oslo_config/cfg.py:2609
2025-09-04 00:40:46.972 168040 DEBUG oslo_service.service [req-7e8e3b67-a3a4-458c-9e96-3323566aef1d - - - - -] compute.max_concurrent_disk_ops = 0 log_opt_values /usr/lib/python3/dist-packages/oslo_config/cfg.py:2609
2025-09-04 00:40:46.973 168040 DEBUG oslo_service.service [req-7e8e3b67-a3a4-458c-9e96-3323566aef1d - - - - -] compute.max_disk_devices_to_attach = -1 log_opt_values /usr/lib/python3/dist-packages/oslo_config/cfg.py:2609
2025-09-04 00:40:46.973 168040 DEBUG oslo_service.service [req-7e8e3b67-a3a4-458c-9e96-3323566aef1d - - - - -] compute.packing_host_numa_cells_allocation_strategy = True log_opt_values /usr/lib/python3/dist-packages/oslo_config/cfg.py:2609
2025-09-04 00:40:46.973 168040 DEBUG oslo_service.service [req-7e8e3b67-a3a4-458c-9e96-3323566aef1d - - - - -] compute.provider_config_location = /etc/nova/provider_config/ log_opt_values /usr/lib/python3/dist-packages/oslo_config/cfg.py:2609
2025-09-04 00:40:46.973 168040 DEBUG oslo_service.service [req-7e8e3b67-a3a4-458c-9e96-3323566aef1d - - - - -] compute.resource_provider_association_refresh = 300 log_opt_values /usr/lib/python3/dist-packages/oslo_config/cfg.py:2609
2025-09-04 00:40:46.973 168040 DEBUG oslo_service.service [req-7e8e3b67-a3a4-458c-9e96-3323566aef1d - - - - -] compute.shutdown_retry_interval = 10 log_opt_values /usr/lib/python3/dist-packages/oslo_config/cfg.py:2609
2025-09-04 00:40:46.973 168040 DEBUG oslo_service.service [req-7e8e3b67-a3a4-458c-9e96-3323566aef1d - - - - -] compute.vmdk_allowed_types = ['streamOptimized', 'monolithicSparse'] log_opt_values /usr/lib/python3/dist-packages/oslo_config/cfg.py:2609
2025-09-04 00:40:46.974 168040 DEBUG oslo_service.service [req-7e8e3b67-a3a4-458c-9e96-3323566aef1d - - - - -] conductor.workers = 4 log_opt_values /usr/lib/python3/dist-packages/oslo_config/cfg.py:2609
2025-09-04 00:40:46.974 168040 DEBUG oslo_service.service [req-7e8e3b67-a3a4-458c-9e96-3323566aef1d - - - - -] console.allowed_origins = [] log_opt_values /usr/lib/python3/dist-packages/oslo_config/cfg.py:2609
2025-09-04 00:40:46.974 168418 DEBUG oslo_messaging._drivers.amqpdriver [-] AMQPListener connection timeout poll /usr/lib/python3/dist-packages/oslo_messaging/_drivers/amqpdriver.py:360
2025-09-04 00:40:46.974 168040 DEBUG oslo_service.service [req-7e8e3b67-a3a4-458c-9e96-3323566aef1d - - - - -] console.ssl_ciphers = None log_opt_values /usr/lib/python3/dist-packages/oslo_config/cfg.py:2609
2025-09-04 00:40:46.974 168418 DEBUG oslo_messaging._drivers.amqpdriver [-] Listener is running poll /usr/lib/python3/dist-packages/oslo_messaging/_drivers/amqpdriver.py:343
2025-09-04 00:40:46.974 168040 DEBUG oslo_service.service [req-7e8e3b67-a3a4-458c-9e96-3323566aef1d - - - - -] console.ssl_minimum_version = default log_opt_values /usr/lib/python3/dist-packages/oslo_config/cfg.py:2609
2025-09-04 00:40:46.974 168418 DEBUG oslo_messaging._drivers.amqpdriver [-] AMQPListener connection consume poll /usr/lib/python3/dist-packages/oslo_messaging/_drivers/amqpdriver.py:357
2025-09-04 00:40:46.974 168040 DEBUG oslo_service.service [req-7e8e3b67-a3a4-458c-9e96-3323566aef1d - - - - -] consoleauth.token_ttl = 600 log_opt_values /usr/lib/python3/dist-packages/oslo_config/cfg.py:2609
2025-09-04 00:40:46.974 168040 DEBUG oslo_service.service [req-7e8e3b67-a3a4-458c-9e96-3323566aef1d - - - - -] cyborg.cafile = None log_opt_values /usr/lib/python3/dist-packages/oslo_config/cfg.py:2609
2025-09-04 00:40:46.975 168040 DEBUG oslo_service.service [req-7e8e3b67-a3a4-458c-9e96-3323566aef1d - - - - -] cyborg.certfile = None log_opt_values /usr/lib/python3/dist-packages/oslo_config/cfg.py:2609
2025-09-04 00:40:46.975 168040 DEBUG oslo_service.service [req-7e8e3b67-a3a4-458c-9e96-3323566aef1d - - - - -] cyborg.collect_timing = False log_opt_values /usr/lib/python3/dist-packages/oslo_config/cfg.py:2609
2025-09-04 00:40:46.975 168040 DEBUG oslo_service.service [req-7e8e3b67-a3a4-458c-9e96-3323566aef1d - - - - -] cyborg.connect_retries = None log_opt_values /usr/lib/python3/dist-packages/oslo_config/cfg.py:2609
2025-09-04 00:40:46.975 168040 DEBUG oslo_service.service [req-7e8e3b67-a3a4-458c-9e96-3323566aef1d - - - - -] cyborg.connect_retry_delay = None log_opt_values /usr/lib/python3/dist-packages/oslo_config/cfg.py:2609
2025-09-04 00:40:46.975 168040 DEBUG oslo_service.service [req-7e8e3b67-a3a4-458c-9e96-3323566aef1d - - - - -] cyborg.endpoint_override = None log_opt_values /usr/lib/python3/dist-packages/oslo_config/cfg.py:2609
2025-09-04 00:40:46.975 168040 DEBUG oslo_service.service [req-7e8e3b67-a3a4-458c-9e96-3323566aef1d - - - - -] cyborg.insecure = False log_opt_values /usr/lib/python3/dist-packages/oslo_config/cfg.py:2609
2025-09-04 00:40:46.976 168040 DEBUG oslo_service.service [req-7e8e3b67-a3a4-458c-9e96-3323566aef1d - - - - -] cyborg.keyfile = None log_opt_values /usr/lib/python3/dist-packages/oslo_config/cfg.py:2609
2025-09-04 00:40:46.976 168040 DEBUG oslo_service.service [req-7e8e3b67-a3a4-458c-9e96-3323566aef1d - - - - -] cyborg.max_version = None log_opt_values /usr/lib/python3/dist-packages/oslo_config/cfg.py:2609
2025-09-04 00:40:46.977 168040 DEBUG oslo_service.service [req-7e8e3b67-a3a4-458c-9e96-3323566aef1d - - - - -] cyborg.min_version = None log_opt_values /usr/lib/python3/dist-packages/oslo_config/cfg.py:2609
2025-09-04 00:40:46.977 168040 DEBUG oslo_service.service [req-7e8e3b67-a3a4-458c-9e96-3323566aef1d - - - - -] cyborg.region_name = None log_opt_values /usr/lib/python3/dist-packages/oslo_config/cfg.py:2609
2025-09-04 00:40:46.977 168040 DEBUG oslo_service.service [req-7e8e3b67-a3a4-458c-9e96-3323566aef1d - - - - -] cyborg.service_name = None log_opt_values /usr/lib/python3/dist-packages/oslo_config/cfg.py:2609
2025-09-04 00:40:46.977 168040 DEBUG oslo_service.service [req-7e8e3b67-a3a4-458c-9e96-3323566aef1d - - - - -] cyborg.service_type = accelerator log_opt_values /usr/lib/python3/dist-packages/oslo_config/cfg.py:2609
2025-09-04 00:40:46.978 168040 DEBUG oslo_service.service [req-7e8e3b67-a3a4-458c-9e96-3323566aef1d - - - - -] cyborg.split_loggers = False log_opt_values /usr/lib/python3/dist-packages/oslo_config/cfg.py:2609
2025-09-04 00:40:46.978 168040 DEBUG oslo_service.service [req-7e8e3b67-a3a4-458c-9e96-3323566aef1d - - - - -] cyborg.status_code_retries = None log_opt_values /usr/lib/python3/dist-packages/oslo_config/cfg.py:2609
2025-09-04 00:40:46.978 168040 DEBUG oslo_service.service [req-7e8e3b67-a3a4-458c-9e96-3323566aef1d - - - - -] cyborg.status_code_retry_delay = None log_opt_values /usr/lib/python3/dist-packages/oslo_config/cfg.py:2609
2025-09-04 00:40:46.978 168040 DEBUG oslo_service.service [req-7e8e3b67-a3a4-458c-9e96-3323566aef1d - - - - -] cyborg.timeout = None log_opt_values /usr/lib/python3/dist-packages/oslo_config/cfg.py:2609
2025-09-04 00:40:46.978 168040 DEBUG oslo_service.service [req-7e8e3b67-a3a4-458c-9e96-3323566aef1d - - - - -] cyborg.valid_interfaces = ['internal', 'public'] log_opt_values /usr/lib/python3/dist-packages/oslo_config/cfg.py:2609
2025-09-04 00:40:46.979 168040 DEBUG oslo_service.service [req-7e8e3b67-a3a4-458c-9e96-3323566aef1d - - - - -] cyborg.version = None log_opt_values /usr/lib/python3/dist-packages/oslo_config/cfg.py:2609
2025-09-04 00:40:46.979 168040 DEBUG oslo_service.service [req-7e8e3b67-a3a4-458c-9e96-3323566aef1d - - - - -] database.backend = sqlalchemy log_opt_values /usr/lib/python3/dist-packages/oslo_config/cfg.py:2609
2025-09-04 00:40:46.979 168040 DEBUG oslo_service.service [req-7e8e3b67-a3a4-458c-9e96-3323566aef1d - - - - -] database.connection = **** log_opt_values /usr/lib/python3/dist-packages/oslo_config/cfg.py:2609
2025-09-04 00:40:46.979 168040 DEBUG oslo_service.service [req-7e8e3b67-a3a4-458c-9e96-3323566aef1d - - - - -] database.connection_debug = 0 log_opt_values /usr/lib/python3/dist-packages/oslo_config/cfg.py:2609
2025-09-04 00:40:46.979 168040 DEBUG oslo_service.service [req-7e8e3b67-a3a4-458c-9e96-3323566aef1d - - - - -] database.connection_parameters = log_opt_values /usr/lib/python3/dist-packages/oslo_config/cfg.py:2609
2025-09-04 00:40:46.980 168040 DEBUG oslo_service.service [req-7e8e3b67-a3a4-458c-9e96-3323566aef1d - - - - -] database.connection_recycle_time = 3600 log_opt_values /usr/lib/python3/dist-packages/oslo_config/cfg.py:2609
2025-09-04 00:40:46.980 168040 DEBUG oslo_service.service [req-7e8e3b67-a3a4-458c-9e96-3323566aef1d - - - - -] database.connection_trace = False log_opt_values /usr/lib/python3/dist-packages/oslo_config/cfg.py:2609
2025-09-04 00:40:46.980 168040 DEBUG oslo_service.service [req-7e8e3b67-a3a4-458c-9e96-3323566aef1d - - - - -] database.db_inc_retry_interval = True log_opt_values /usr/lib/python3/dist-packages/oslo_config/cfg.py:2609
2025-09-04 00:40:46.980 168040 DEBUG oslo_service.service [req-7e8e3b67-a3a4-458c-9e96-3323566aef1d - - - - -] database.db_max_retries = 20 log_opt_values /usr/lib/python3/dist-packages/oslo_config/cfg.py:2609
2025-09-04 00:40:46.980 168040 DEBUG oslo_service.service [req-7e8e3b67-a3a4-458c-9e96-3323566aef1d - - - - -] database.db_max_retry_interval = 10 log_opt_values /usr/lib/python3/dist-packages/oslo_config/cfg.py:2609
2025-09-04 00:40:46.980 168040 DEBUG oslo_service.service [req-7e8e3b67-a3a4-458c-9e96-3323566aef1d - - - - -] database.db_retry_interval = 1 log_opt_values /usr/lib/python3/dist-packages/oslo_config/cfg.py:2609
2025-09-04 00:40:46.981 168040 DEBUG oslo_service.service [req-7e8e3b67-a3a4-458c-9e96-3323566aef1d - - - - -] database.max_overflow = 50 log_opt_values /usr/lib/python3/dist-packages/oslo_config/cfg.py:2609
2025-09-04 00:40:46.981 168040 DEBUG oslo_service.service [req-7e8e3b67-a3a4-458c-9e96-3323566aef1d - - - - -] database.max_pool_size = 4 log_opt_values /usr/lib/python3/dist-packages/oslo_config/cfg.py:2609
2025-09-04 00:40:46.981 168040 DEBUG oslo_service.service [req-7e8e3b67-a3a4-458c-9e96-3323566aef1d - - - - -] database.max_retries = 10 log_opt_values /usr/lib/python3/dist-packages/oslo_config/cfg.py:2609
2025-09-04 00:40:46.981 168040 DEBUG oslo_service.service [req-7e8e3b67-a3a4-458c-9e96-3323566aef1d - - - - -] database.mysql_enable_ndb = False log_opt_values /usr/lib/python3/dist-packages/oslo_config/cfg.py:2609
2025-09-04 00:40:46.981 168040 DEBUG oslo_service.service [req-7e8e3b67-a3a4-458c-9e96-3323566aef1d - - - - -] database.mysql_sql_mode = TRADITIONAL log_opt_values /usr/lib/python3/dist-packages/oslo_config/cfg.py:2609
2025-09-04 00:40:46.982 168040 DEBUG oslo_service.service [req-7e8e3b67-a3a4-458c-9e96-3323566aef1d - - - - -] database.pool_timeout = None log_opt_values /usr/lib/python3/dist-packages/oslo_config/cfg.py:2609
2025-09-04 00:40:46.982 168040 DEBUG oslo_service.service [req-7e8e3b67-a3a4-458c-9e96-3323566aef1d - - - - -] database.retry_interval = 10 log_opt_values /usr/lib/python3/dist-packages/oslo_config/cfg.py:2609
2025-09-04 00:40:46.982 168040 DEBUG oslo_service.service [req-7e8e3b67-a3a4-458c-9e96-3323566aef1d - - - - -] database.slave_connection = **** log_opt_values /usr/lib/python3/dist-packages/oslo_config/cfg.py:2609
2025-09-04 00:40:46.982 168040 DEBUG oslo_service.service [req-7e8e3b67-a3a4-458c-9e96-3323566aef1d - - - - -] database.sqlite_synchronous = True log_opt_values /usr/lib/python3/dist-packages/oslo_config/cfg.py:2609
2025-09-04 00:40:46.982 168040 DEBUG oslo_service.service [req-7e8e3b67-a3a4-458c-9e96-3323566aef1d - - - - -] database.use_db_reconnect = False log_opt_values /usr/lib/python3/dist-packages/oslo_config/cfg.py:2609
2025-09-04 00:40:46.982 168040 DEBUG oslo_service.service [req-7e8e3b67-a3a4-458c-9e96-3323566aef1d - - - - -] api_database.backend = sqlalchemy log_opt_values /usr/lib/python3/dist-packages/oslo_config/cfg.py:2609
2025-09-04 00:40:46.983 168040 DEBUG oslo_service.service [req-7e8e3b67-a3a4-458c-9e96-3323566aef1d - - - - -] api_database.connection = **** log_opt_values /usr/lib/python3/dist-packages/oslo_config/cfg.py:2609
2025-09-04 00:40:46.983 168040 DEBUG oslo_service.service [req-7e8e3b67-a3a4-458c-9e96-3323566aef1d - - - - -] api_database.connection_debug = 0 log_opt_values /usr/lib/python3/dist-packages/oslo_config/cfg.py:2609
2025-09-04 00:40:46.983 168040 DEBUG oslo_service.service [req-7e8e3b67-a3a4-458c-9e96-3323566aef1d - - - - -] api_database.connection_parameters = log_opt_values /usr/lib/python3/dist-packages/oslo_config/cfg.py:2609
2025-09-04 00:40:46.983 168040 DEBUG oslo_service.service [req-7e8e3b67-a3a4-458c-9e96-3323566aef1d - - - - -] api_database.connection_recycle_time = 3600 log_opt_values /usr/lib/python3/dist-packages/oslo_config/cfg.py:2609
2025-09-04 00:40:46.983 168040 DEBUG oslo_service.service [req-7e8e3b67-a3a4-458c-9e96-3323566aef1d - - - - -] api_database.connection_trace = False log_opt_values /usr/lib/python3/dist-packages/oslo_config/cfg.py:2609
2025-09-04 00:40:46.985 168040 DEBUG oslo_service.service [req-7e8e3b67-a3a4-458c-9e96-3323566aef1d - - - - -] api_database.db_inc_retry_interval = True log_opt_values /usr/lib/python3/dist-packages/oslo_config/cfg.py:2609
2025-09-04 00:40:46.985 168040 DEBUG oslo_service.service [req-7e8e3b67-a3a4-458c-9e96-3323566aef1d - - - - -] api_database.db_max_retries = 20 log_opt_values /usr/lib/python3/dist-packages/oslo_config/cfg.py:2609
2025-09-04 00:40:46.986 168040 DEBUG oslo_service.service [req-7e8e3b67-a3a4-458c-9e96-3323566aef1d - - - - -] api_database.db_max_retry_interval = 10 log_opt_values /usr/lib/python3/dist-packages/oslo_config/cfg.py:2609
2025-09-04 00:40:46.986 168040 DEBUG oslo_service.service [req-7e8e3b67-a3a4-458c-9e96-3323566aef1d - - - - -] api_database.db_retry_interval = 1 log_opt_values /usr/lib/python3/dist-packages/oslo_config/cfg.py:2609
2025-09-04 00:40:46.986 168040 DEBUG oslo_service.service [req-7e8e3b67-a3a4-458c-9e96-3323566aef1d - - - - -] api_database.max_overflow = 50 log_opt_values /usr/lib/python3/dist-packages/oslo_config/cfg.py:2609
2025-09-04 00:40:46.986 168040 DEBUG oslo_service.service [req-7e8e3b67-a3a4-458c-9e96-3323566aef1d - - - - -] api_database.max_pool_size = 4 log_opt_values /usr/lib/python3/dist-packages/oslo_config/cfg.py:2609
2025-09-04 00:40:46.986 168040 DEBUG oslo_service.service [req-7e8e3b67-a3a4-458c-9e96-3323566aef1d - - - - -] api_database.max_retries = 10 log_opt_values /usr/lib/python3/dist-packages/oslo_config/cfg.py:2609
2025-09-04 00:40:46.987 168040 DEBUG oslo_service.service [req-7e8e3b67-a3a4-458c-9e96-3323566aef1d - - - - -] api_database.mysql_enable_ndb = False log_opt_values /usr/lib/python3/dist-packages/oslo_config/cfg.py:2609
2025-09-04 00:40:46.986 168421 DEBUG oslo_messaging._drivers.amqpdriver [-] Listener is running poll /usr/lib/python3/dist-packages/oslo_messaging/_drivers/amqpdriver.py:343
2025-09-04 00:40:46.987 168040 DEBUG oslo_service.service [req-7e8e3b67-a3a4-458c-9e96-3323566aef1d - - - - -] api_database.mysql_sql_mode = TRADITIONAL log_opt_values /usr/lib/python3/dist-packages/oslo_config/cfg.py:2609
2025-09-04 00:40:46.987 168421 DEBUG oslo_messaging._drivers.amqpdriver [-] AMQPListener connection consume poll /usr/lib/python3/dist-packages/oslo_messaging/_drivers/amqpdriver.py:357
2025-09-04 00:40:46.987 168040 DEBUG oslo_service.service [req-7e8e3b67-a3a4-458c-9e96-3323566aef1d - - - - -] api_database.pool_timeout = None log_opt_values /usr/lib/python3/dist-packages/oslo_config/cfg.py:2609
2025-09-04 00:40:46.987 168040 DEBUG oslo_service.service [req-7e8e3b67-a3a4-458c-9e96-3323566aef1d - - - - -] api_database.retry_interval = 10 log_opt_values /usr/lib/python3/dist-packages/oslo_config/cfg.py:2609
2025-09-04 00:40:46.987 168419 DEBUG oslo_messaging._drivers.amqpdriver [-] Listener is running poll /usr/lib/python3/dist-packages/oslo_messaging/_drivers/amqpdriver.py:343
2025-09-04 00:40:46.987 168419 DEBUG oslo_messaging._drivers.amqpdriver [-] AMQPListener connection consume poll /usr/lib/python3/dist-packages/oslo_messaging/_drivers/amqpdriver.py:357
2025-09-04 00:40:46.987 168040 DEBUG oslo_service.service [req-7e8e3b67-a3a4-458c-9e96-3323566aef1d - - - - -] api_database.slave_connection = **** log_opt_values /usr/lib/python3/dist-packages/oslo_config/cfg.py:2609
2025-09-04 00:40:46.987 168421 DEBUG nova.service [req-91e861be-695d-476f-b6d9-a9ca93e04cc1 - - - - -] Join ServiceGroup membership for this service conductor start /usr/lib/python3/dist-packages/nova/service.py:199
2025-09-04 00:40:46.988 168040 DEBUG oslo_service.service [req-7e8e3b67-a3a4-458c-9e96-3323566aef1d - - - - -] api_database.sqlite_synchronous = True log_opt_values /usr/lib/python3/dist-packages/oslo_config/cfg.py:2609
2025-09-04 00:40:46.988 168421 DEBUG nova.servicegroup.drivers.db [req-91e861be-695d-476f-b6d9-a9ca93e04cc1 - - - - -] DB_Driver: join new ServiceGroup member juju-986812-0-lxd-7 to the conductor group, service = join /usr/lib/python3/dist-packages/nova/servicegroup/drivers/db.py:44
2025-09-04 00:40:46.988 168040 DEBUG oslo_service.service [req-7e8e3b67-a3a4-458c-9e96-3323566aef1d - - - - -] devices.enabled_mdev_types = [] log_opt_values /usr/lib/python3/dist-packages/oslo_config/cfg.py:2609
2025-09-04 00:40:46.988 168040 DEBUG oslo_service.service [req-7e8e3b67-a3a4-458c-9e96-3323566aef1d - - - - -] ephemeral_storage_encryption.cipher = aes-xts-plain64 log_opt_values /usr/lib/python3/dist-packages/oslo_config/cfg.py:2609
2025-09-04 00:40:46.988 168040 DEBUG oslo_service.service [req-7e8e3b67-a3a4-458c-9e96-3323566aef1d - - - - -] ephemeral_storage_encryption.enabled = False log_opt_values /usr/lib/python3/dist-packages/oslo_config/cfg.py:2609
2025-09-04 00:40:46.988 168040 DEBUG oslo_service.service [req-7e8e3b67-a3a4-458c-9e96-3323566aef1d - - - - -] ephemeral_storage_encryption.key_size = 512 log_opt_values /usr/lib/python3/dist-packages/oslo_config/cfg.py:2609
2025-09-04 00:40:46.989 168419 DEBUG nova.service [req-0163a783-4644-4925-a126-8ebad4b225f9 - - - - -] Join ServiceGroup membership for this service conductor start /usr/lib/python3/dist-packages/nova/service.py:199
2025-09-04 00:40:46.989 168040 WARNING oslo_config.cfg [req-7e8e3b67-a3a4-458c-9e96-3323566aef1d - - - - -] Deprecated: Option "api_servers" from group "glance" is deprecated for removal ( Support for image service configuration via standard keystoneauth1 Adapter options was added in the 17.0.0 Queens release. The api_servers option was retained temporarily to allow consumers time to cut over to a real load balancing solution. ). Its value may be silently ignored in the future.
2025-09-04 00:40:46.989 168419 DEBUG nova.servicegroup.drivers.db [req-0163a783-4644-4925-a126-8ebad4b225f9 - - - - -] DB_Driver: join new ServiceGroup member juju-986812-0-lxd-7 to the conductor group, service = join /usr/lib/python3/dist-packages/nova/servicegroup/drivers/db.py:44
2025-09-04 00:40:46.989 168040 DEBUG oslo_service.service [req-7e8e3b67-a3a4-458c-9e96-3323566aef1d - - - - -] glance.api_servers = ['http://252.41.104.62:9292'] log_opt_values /usr/lib/python3/dist-packages/oslo_config/cfg.py:2609
2025-09-04 00:40:46.989 168040 DEBUG oslo_service.service [req-7e8e3b67-a3a4-458c-9e96-3323566aef1d - - - - -] glance.cafile = None log_opt_values /usr/lib/python3/dist-packages/oslo_config/cfg.py:2609
2025-09-04 00:40:46.989 168040 DEBUG oslo_service.service [req-7e8e3b67-a3a4-458c-9e96-3323566aef1d - - - - -] glance.certfile = None log_opt_values /usr/lib/python3/dist-packages/oslo_config/cfg.py:2609
2025-09-04 00:40:46.990 168040 DEBUG oslo_service.service [req-7e8e3b67-a3a4-458c-9e96-3323566aef1d - - - - -] glance.collect_timing = False log_opt_values /usr/lib/python3/dist-packages/oslo_config/cfg.py:2609
2025-09-04 00:40:46.990 168040 DEBUG oslo_service.service [req-7e8e3b67-a3a4-458c-9e96-3323566aef1d - - - - -] glance.connect_retries = None log_opt_values /usr/lib/python3/dist-packages/oslo_config/cfg.py:2609
2025-09-04 00:40:46.990 168040 DEBUG oslo_service.service [req-7e8e3b67-a3a4-458c-9e96-3323566aef1d - - - - -] glance.connect_retry_delay = None log_opt_values /usr/lib/python3/dist-packages/oslo_config/cfg.py:2609
2025-09-04 00:40:46.990 168040 DEBUG oslo_service.service [req-7e8e3b67-a3a4-458c-9e96-3323566aef1d - - - - -] glance.debug = False log_opt_values /usr/lib/python3/dist-packages/oslo_config/cfg.py:2609
2025-09-04 00:40:46.990 168421 DEBUG oslo_messaging._drivers.amqpdriver [-] AMQPListener connection timeout poll /usr/lib/python3/dist-packages/oslo_messaging/_drivers/amqpdriver.py:360
2025-09-04 00:40:46.990 168040 DEBUG oslo_service.service [req-7e8e3b67-a3a4-458c-9e96-3323566aef1d - - - - -] glance.default_trusted_certificate_ids = [] log_opt_values /usr/lib/python3/dist-packages/oslo_config/cfg.py:2609
2025-09-04 00:40:46.990 168421 DEBUG oslo_messaging._drivers.amqpdriver [-] Listener is running poll /usr/lib/python3/dist-packages/oslo_messaging/_drivers/amqpdriver.py:343
2025-09-04 00:40:46.990 168421 DEBUG oslo_messaging._drivers.amqpdriver [-] AMQPListener connection consume poll /usr/lib/python3/dist-packages/oslo_messaging/_drivers/amqpdriver.py:357
2025-09-04 00:40:46.990 168040 DEBUG oslo_service.service [req-7e8e3b67-a3a4-458c-9e96-3323566aef1d - - - - -] glance.enable_certificate_validation = False log_opt_values /usr/lib/python3/dist-packages/oslo_config/cfg.py:2609
2025-09-04 00:40:46.991 168040 DEBUG oslo_service.service [req-7e8e3b67-a3a4-458c-9e96-3323566aef1d - - - - -] glance.enable_rbd_download = False log_opt_values /usr/lib/python3/dist-packages/oslo_config/cfg.py:2609
2025-09-04 00:40:46.991 168040 DEBUG oslo_service.service [req-7e8e3b67-a3a4-458c-9e96-3323566aef1d - - - - -] glance.endpoint_override = None log_opt_values /usr/lib/python3/dist-packages/oslo_config/cfg.py:2609
2025-09-04 00:40:46.991 168040 DEBUG oslo_service.service [req-7e8e3b67-a3a4-458c-9e96-3323566aef1d - - - - -] glance.insecure = False log_opt_values /usr/lib/python3/dist-packages/oslo_config/cfg.py:2609
2025-09-04 00:40:46.991 168040 DEBUG oslo_service.service [req-7e8e3b67-a3a4-458c-9e96-3323566aef1d - - - - -] glance.keyfile = None log_opt_values /usr/lib/python3/dist-packages/oslo_config/cfg.py:2609
2025-09-04 00:40:46.991 168419 DEBUG oslo_messaging._drivers.amqpdriver [-] AMQPListener connection timeout poll /usr/lib/python3/dist-packages/oslo_messaging/_drivers/amqpdriver.py:360
2025-09-04 00:40:46.991 168040 DEBUG oslo_service.service [req-7e8e3b67-a3a4-458c-9e96-3323566aef1d - - - - -] glance.max_version = None log_opt_values /usr/lib/python3/dist-packages/oslo_config/cfg.py:2609
2025-09-04 00:40:46.992 168040 DEBUG oslo_service.service [req-7e8e3b67-a3a4-458c-9e96-3323566aef1d - - - - -] glance.min_version = None log_opt_values /usr/lib/python3/dist-packages/oslo_config/cfg.py:2609
2025-09-04 00:40:46.992 168419 DEBUG oslo_messaging._drivers.amqpdriver [-] Listener is running poll /usr/lib/python3/dist-packages/oslo_messaging/_drivers/amqpdriver.py:343
2025-09-04 00:40:46.992 168419 DEBUG oslo_messaging._drivers.amqpdriver [-] AMQPListener connection consume poll /usr/lib/python3/dist-packages/oslo_messaging/_drivers/amqpdriver.py:357
2025-09-04 00:40:46.992 168040 DEBUG oslo_service.service [req-7e8e3b67-a3a4-458c-9e96-3323566aef1d - - - - -] glance.num_retries = 3 log_opt_values /usr/lib/python3/dist-packages/oslo_config/cfg.py:2609
2025-09-04 00:40:46.992 168040 DEBUG oslo_service.service [req-7e8e3b67-a3a4-458c-9e96-3323566aef1d - - - - -] glance.rbd_ceph_conf = log_opt_values /usr/lib/python3/dist-packages/oslo_config/cfg.py:2609
2025-09-04 00:40:46.992 168040 DEBUG oslo_service.service [req-7e8e3b67-a3a4-458c-9e96-3323566aef1d - - - - -] glance.rbd_connect_timeout = 5 log_opt_values /usr/lib/python3/dist-packages/oslo_config/cfg.py:2609
2025-09-04 00:40:46.993 168040 DEBUG oslo_service.service [req-7e8e3b67-a3a4-458c-9e96-3323566aef1d - - - - -] glance.rbd_pool = log_opt_values /usr/lib/python3/dist-packages/oslo_config/cfg.py:2609
2025-09-04 00:40:46.993 168040 DEBUG oslo_service.service [req-7e8e3b67-a3a4-458c-9e96-3323566aef1d - - - - -] glance.rbd_user = log_opt_values /usr/lib/python3/dist-packages/oslo_config/cfg.py:2609
2025-09-04 00:40:46.993 168040 DEBUG oslo_service.service [req-7e8e3b67-a3a4-458c-9e96-3323566aef1d - - - - -] glance.region_name = None log_opt_values /usr/lib/python3/dist-packages/oslo_config/cfg.py:2609
2025-09-04 00:40:46.993 168040 DEBUG oslo_service.service [req-7e8e3b67-a3a4-458c-9e96-3323566aef1d - - - - -] glance.service_name = None log_opt_values /usr/lib/python3/dist-packages/oslo_config/cfg.py:2609
2025-09-04 00:40:46.993 168040 DEBUG oslo_service.service [req-7e8e3b67-a3a4-458c-9e96-3323566aef1d - - - - -] glance.service_type = image log_opt_values /usr/lib/python3/dist-packages/oslo_config/cfg.py:2609
2025-09-04 00:40:46.993 168040 DEBUG oslo_service.service [req-7e8e3b67-a3a4-458c-9e96-3323566aef1d - - - - -] glance.split_loggers = False log_opt_values /usr/lib/python3/dist-packages/oslo_config/cfg.py:2609
2025-09-04 00:40:46.994 168040 DEBUG oslo_service.service [req-7e8e3b67-a3a4-458c-9e96-3323566aef1d - - - - -] glance.status_code_retries = None log_opt_values /usr/lib/python3/dist-packages/oslo_config/cfg.py:2609
2025-09-04 00:40:46.994 168040 DEBUG oslo_service.service [req-7e8e3b67-a3a4-458c-9e96-3323566aef1d - - - - -] glance.status_code_retry_delay = None log_opt_values /usr/lib/python3/dist-packages/oslo_config/cfg.py:2609
2025-09-04 00:40:46.994 168040 DEBUG oslo_service.service [req-7e8e3b67-a3a4-458c-9e96-3323566aef1d - - - - -] glance.timeout = None log_opt_values /usr/lib/python3/dist-packages/oslo_config/cfg.py:2609
2025-09-04 00:40:46.994 168040 DEBUG oslo_service.service [req-7e8e3b67-a3a4-458c-9e96-3323566aef1d - - - - -] glance.valid_interfaces = ['internal', 'public'] log_opt_values /usr/lib/python3/dist-packages/oslo_config/cfg.py:2609
2025-09-04 00:40:46.995 168040 DEBUG oslo_service.service [req-7e8e3b67-a3a4-458c-9e96-3323566aef1d - - - - -] glance.verify_glance_signatures = False log_opt_values /usr/lib/python3/dist-packages/oslo_config/cfg.py:2609
2025-09-04 00:40:46.995 168040 DEBUG oslo_service.service [req-7e8e3b67-a3a4-458c-9e96-3323566aef1d - - - - -] glance.version = None log_opt_values /usr/lib/python3/dist-packages/oslo_config/cfg.py:2609
2025-09-04 00:40:46.995 168040 DEBUG oslo_service.service [req-7e8e3b67-a3a4-458c-9e96-3323566aef1d - - - - -] guestfs.debug = False log_opt_values /usr/lib/python3/dist-packages/oslo_config/cfg.py:2609
2025-09-04 00:40:46.996 168040 DEBUG oslo_service.service [req-7e8e3b67-a3a4-458c-9e96-3323566aef1d - - - - -] hyperv.config_drive_cdrom = False log_opt_values /usr/lib/python3/dist-packages/oslo_config/cfg.py:2609
2025-09-04 00:40:46.996 168040 DEBUG oslo_service.service [req-7e8e3b67-a3a4-458c-9e96-3323566aef1d - - - - -] hyperv.config_drive_inject_password = False log_opt_values /usr/lib/python3/dist-packages/oslo_config/cfg.py:2609
2025-09-04 00:40:46.996 168040 DEBUG oslo_service.service [req-7e8e3b67-a3a4-458c-9e96-3323566aef1d - - - - -] hyperv.dynamic_memory_ratio = 1.0 log_opt_values /usr/lib/python3/dist-packages/oslo_config/cfg.py:2609
2025-09-04 00:40:46.996 168040 DEBUG oslo_service.service [req-7e8e3b67-a3a4-458c-9e96-3323566aef1d - - - - -] hyperv.enable_instance_metrics_collection = False log_opt_values /usr/lib/python3/dist-packages/oslo_config/cfg.py:2609
2025-09-04 00:40:46.996 168040 DEBUG oslo_service.service [req-7e8e3b67-a3a4-458c-9e96-3323566aef1d - - - - -] hyperv.enable_remotefx = False log_opt_values /usr/lib/python3/dist-packages/oslo_config/cfg.py:2609
2025-09-04 00:40:46.996 168040 DEBUG oslo_service.service [req-7e8e3b67-a3a4-458c-9e96-3323566aef1d - - - - -] hyperv.instances_path_share = log_opt_values /usr/lib/python3/dist-packages/oslo_config/cfg.py:2609
2025-09-04 00:40:46.997 168040 DEBUG oslo_service.service [req-7e8e3b67-a3a4-458c-9e96-3323566aef1d - - - - -] hyperv.iscsi_initiator_list = [] log_opt_values /usr/lib/python3/dist-packages/oslo_config/cfg.py:2609
2025-09-04 00:40:46.997 168040 DEBUG oslo_service.service [req-7e8e3b67-a3a4-458c-9e96-3323566aef1d - - - - -] hyperv.limit_cpu_features = False log_opt_values /usr/lib/python3/dist-packages/oslo_config/cfg.py:2609
2025-09-04 00:40:46.997 168040 DEBUG oslo_service.service [req-7e8e3b67-a3a4-458c-9e96-3323566aef1d - - - - -] hyperv.mounted_disk_query_retry_count = 10 log_opt_values /usr/lib/python3/dist-packages/oslo_config/cfg.py:2609
2025-09-04 00:40:46.997 168040 DEBUG oslo_service.service [req-7e8e3b67-a3a4-458c-9e96-3323566aef1d - - - - -] hyperv.mounted_disk_query_retry_interval = 5 log_opt_values /usr/lib/python3/dist-packages/oslo_config/cfg.py:2609
2025-09-04 00:40:46.997 168420 DEBUG oslo_messaging._drivers.amqpdriver [-] Listener is running poll /usr/lib/python3/dist-packages/oslo_messaging/_drivers/amqpdriver.py:343
2025-09-04 00:40:46.997 168040 DEBUG oslo_service.service [req-7e8e3b67-a3a4-458c-9e96-3323566aef1d - - - - -] hyperv.power_state_check_timeframe = 60 log_opt_values /usr/lib/python3/dist-packages/oslo_config/cfg.py:2609
2025-09-04 00:40:46.997 168420 DEBUG oslo_messaging._drivers.amqpdriver [-] AMQPListener connection consume poll /usr/lib/python3/dist-packages/oslo_messaging/_drivers/amqpdriver.py:357
2025-09-04 00:40:46.998 168040 DEBUG oslo_service.service [req-7e8e3b67-a3a4-458c-9e96-3323566aef1d - - - - -] hyperv.power_state_event_polling_interval = 2 log_opt_values /usr/lib/python3/dist-packages/oslo_config/cfg.py:2609
2025-09-04 00:40:46.998 168040 DEBUG oslo_service.service [req-7e8e3b67-a3a4-458c-9e96-3323566aef1d - - - - -] hyperv.qemu_img_cmd = qemu-img.exe log_opt_values /usr/lib/python3/dist-packages/oslo_config/cfg.py:2609
2025-09-04 00:40:46.998 168040 DEBUG oslo_service.service [req-7e8e3b67-a3a4-458c-9e96-3323566aef1d - - - - -] hyperv.use_multipath_io = False log_opt_values /usr/lib/python3/dist-packages/oslo_config/cfg.py:2609
2025-09-04 00:40:46.998 168040 DEBUG oslo_service.service [req-7e8e3b67-a3a4-458c-9e96-3323566aef1d - - - - -] hyperv.volume_attach_retry_count = 10 log_opt_values /usr/lib/python3/dist-packages/oslo_config/cfg.py:2609
2025-09-04 00:40:46.998 168420 DEBUG nova.service [req-fc804549-785e-48bd-957e-34e9f7aa4daa - - - - -] Join ServiceGroup membership for this service conductor start /usr/lib/python3/dist-packages/nova/service.py:199
2025-09-04 00:40:46.998 168040 DEBUG oslo_service.service [req-7e8e3b67-a3a4-458c-9e96-3323566aef1d - - - - -] hyperv.volume_attach_retry_interval = 5 log_opt_values /usr/lib/python3/dist-packages/oslo_config/cfg.py:2609
2025-09-04 00:40:46.998 168040 DEBUG oslo_service.service [req-7e8e3b67-a3a4-458c-9e96-3323566aef1d - - - - -] hyperv.vswitch_name = None log_opt_values /usr/lib/python3/dist-packages/oslo_config/cfg.py:2609
2025-09-04 00:40:46.998 168420 DEBUG nova.servicegroup.drivers.db [req-fc804549-785e-48bd-957e-34e9f7aa4daa - - - - -] DB_Driver: join new ServiceGroup member juju-986812-0-lxd-7 to the conductor group, service = join /usr/lib/python3/dist-packages/nova/servicegroup/drivers/db.py:44
2025-09-04 00:40:46.999 168040 DEBUG oslo_service.service [req-7e8e3b67-a3a4-458c-9e96-3323566aef1d - - - - -] hyperv.wait_soft_reboot_seconds = 60 log_opt_values /usr/lib/python3/dist-packages/oslo_config/cfg.py:2609
2025-09-04 00:40:46.999 168040 DEBUG oslo_service.service [req-7e8e3b67-a3a4-458c-9e96-3323566aef1d - - - - -] mks.enabled = False log_opt_values /usr/lib/python3/dist-packages/oslo_config/cfg.py:2609
2025-09-04 00:40:46.999 168040 DEBUG oslo_service.service [req-7e8e3b67-a3a4-458c-9e96-3323566aef1d - - - - -] mks.mksproxy_base_url = http://127.0.0.1:6090/ log_opt_values /usr/lib/python3/dist-packages/oslo_config/cfg.py:2609
2025-09-04 00:40:47.000 168040 DEBUG oslo_service.service [req-7e8e3b67-a3a4-458c-9e96-3323566aef1d - - - - -] image_cache.manager_interval = 2400 log_opt_values /usr/lib/python3/dist-packages/oslo_config/cfg.py:2609
2025-09-04 00:40:47.000 168040 DEBUG oslo_service.service [req-7e8e3b67-a3a4-458c-9e96-3323566aef1d - - - - -] image_cache.precache_concurrency = 1 log_opt_values /usr/lib/python3/dist-packages/oslo_config/cfg.py:2609
2025-09-04 00:40:47.000 168040 DEBUG oslo_service.service [req-7e8e3b67-a3a4-458c-9e96-3323566aef1d - - - - -] image_cache.remove_unused_base_images = True log_opt_values /usr/lib/python3/dist-packages/oslo_config/cfg.py:2609
2025-09-04 00:40:47.000 168040 DEBUG oslo_service.service [req-7e8e3b67-a3a4-458c-9e96-3323566aef1d - - - - -] image_cache.remove_unused_original_minimum_age_seconds = 86400 log_opt_values /usr/lib/python3/dist-packages/oslo_config/cfg.py:2609
2025-09-04 00:40:47.000 168040 DEBUG oslo_service.service [req-7e8e3b67-a3a4-458c-9e96-3323566aef1d - - - - -] image_cache.remove_unused_resized_minimum_age_seconds = 3600 log_opt_values /usr/lib/python3/dist-packages/oslo_config/cfg.py:2609
2025-09-04 00:40:47.001 168040 DEBUG oslo_service.service [req-7e8e3b67-a3a4-458c-9e96-3323566aef1d - - - - -] image_cache.subdirectory_name = _base log_opt_values /usr/lib/python3/dist-packages/oslo_config/cfg.py:2609
2025-09-04 00:40:47.001 168040 DEBUG oslo_service.service [req-7e8e3b67-a3a4-458c-9e96-3323566aef1d - - - - -] ironic.api_max_retries = 60 log_opt_values /usr/lib/python3/dist-packages/oslo_config/cfg.py:2609
2025-09-04 00:40:47.001 168420 DEBUG oslo_messaging._drivers.amqpdriver [-] AMQPListener connection timeout poll /usr/lib/python3/dist-packages/oslo_messaging/_drivers/amqpdriver.py:360
2025-09-04 00:40:47.001 168040 DEBUG oslo_service.service [req-7e8e3b67-a3a4-458c-9e96-3323566aef1d - - - - -] ironic.api_retry_interval = 2 log_opt_values /usr/lib/python3/dist-packages/oslo_config/cfg.py:2609
2025-09-04 00:40:47.001 168420 DEBUG oslo_messaging._drivers.amqpdriver [-] Listener is running poll /usr/lib/python3/dist-packages/oslo_messaging/_drivers/amqpdriver.py:343
2025-09-04 00:40:47.001 168040 DEBUG oslo_service.service [req-7e8e3b67-a3a4-458c-9e96-3323566aef1d - - - - -] ironic.auth_section = None log_opt_values /usr/lib/python3/dist-packages/oslo_config/cfg.py:2609
