2025-09-04 01:53:11.024 7 DEBUG oslo_service.service [-] ml2_type_geneve.vni_ranges = [] log_opt_values /var/lib/kolla/venv/lib/python3.6/site-packages/oslo_config/cfg.py:2611
2025-09-04 01:53:11.024 7 DEBUG oslo_service.service [-] ml2_type_gre.tunnel_id_ranges = [] log_opt_values /var/lib/kolla/venv/lib/python3.6/site-packages/oslo_config/cfg.py:2611
2025-09-04 01:53:11.024 7 DEBUG oslo_service.service [-] ml2_type_vlan.network_vlan_ranges = [] log_opt_values /var/lib/kolla/venv/lib/python3.6/site-packages/oslo_config/cfg.py:2611
2025-09-04 01:53:11.024 7 DEBUG oslo_service.service [-] ml2_type_vxlan.vni_ranges = [] log_opt_values /var/lib/kolla/venv/lib/python3.6/site-packages/oslo_config/cfg.py:2611
2025-09-04 01:53:11.024 7 DEBUG oslo_service.service [-] ml2_type_vxlan.vxlan_group = None log_opt_values /var/lib/kolla/venv/lib/python3.6/site-packages/oslo_config/cfg.py:2611
2025-09-04 01:53:11.024 7 DEBUG oslo_service.service [-] database.backend = sqlalchemy log_opt_values /var/lib/kolla/venv/lib/python3.6/site-packages/oslo_config/cfg.py:2611
2025-09-04 01:53:11.024 7 DEBUG oslo_service.service [-] database.connection = **** log_opt_values /var/lib/kolla/venv/lib/python3.6/site-packages/oslo_config/cfg.py:2611
2025-09-04 01:53:11.024 7 DEBUG oslo_service.service [-] database.connection_debug = 0 log_opt_values /var/lib/kolla/venv/lib/python3.6/site-packages/oslo_config/cfg.py:2611
2025-09-04 01:53:11.024 7 DEBUG oslo_service.service [-] database.connection_parameters = log_opt_values /var/lib/kolla/venv/lib/python3.6/site-packages/oslo_config/cfg.py:2611
2025-09-04 01:53:11.024 7 DEBUG oslo_service.service [-] database.connection_recycle_time = 10 log_opt_values /var/lib/kolla/venv/lib/python3.6/site-packages/oslo_config/cfg.py:2611
2025-09-04 01:53:11.024 7 DEBUG oslo_service.service [-] database.connection_trace = False log_opt_values /var/lib/kolla/venv/lib/python3.6/site-packages/oslo_config/cfg.py:2611
2025-09-04 01:53:11.024 7 DEBUG oslo_service.service [-] database.db_inc_retry_interval = True log_opt_values /var/lib/kolla/venv/lib/python3.6/site-packages/oslo_config/cfg.py:2611
2025-09-04 01:53:11.024 7 DEBUG oslo_service.service [-] database.db_max_retries = 20 log_opt_values /var/lib/kolla/venv/lib/python3.6/site-packages/oslo_config/cfg.py:2611
2025-09-04 01:53:11.025 7 DEBUG oslo_service.service [-] database.db_max_retry_interval = 10 log_opt_values /var/lib/kolla/venv/lib/python3.6/site-packages/oslo_config/cfg.py:2611
2025-09-04 01:53:11.025 7 DEBUG oslo_service.service [-] database.db_retry_interval = 1 log_opt_values /var/lib/kolla/venv/lib/python3.6/site-packages/oslo_config/cfg.py:2611
2025-09-04 01:53:11.025 7 DEBUG oslo_service.service [-] database.max_overflow = 50 log_opt_values /var/lib/kolla/venv/lib/python3.6/site-packages/oslo_config/cfg.py:2611
2025-09-04 01:53:11.025 7 DEBUG oslo_service.service [-] database.max_pool_size = 1 log_opt_values /var/lib/kolla/venv/lib/python3.6/site-packages/oslo_config/cfg.py:2611
2025-09-04 01:53:11.025 7 DEBUG oslo_service.service [-] database.max_retries = -1 log_opt_values /var/lib/kolla/venv/lib/python3.6/site-packages/oslo_config/cfg.py:2611
2025-09-04 01:53:11.025 7 DEBUG oslo_service.service [-] database.mysql_enable_ndb = False log_opt_values /var/lib/kolla/venv/lib/python3.6/site-packages/oslo_config/cfg.py:2611
2025-09-04 01:53:11.025 7 DEBUG oslo_service.service [-] database.mysql_sql_mode = TRADITIONAL log_opt_values /var/lib/kolla/venv/lib/python3.6/site-packages/oslo_config/cfg.py:2611
2025-09-04 01:53:11.025 7 DEBUG oslo_service.service [-] database.pool_timeout = None log_opt_values /var/lib/kolla/venv/lib/python3.6/site-packages/oslo_config/cfg.py:2611
2025-09-04 01:53:11.025 7 DEBUG oslo_service.service [-] database.retry_interval = 10 log_opt_values /var/lib/kolla/venv/lib/python3.6/site-packages/oslo_config/cfg.py:2611
2025-09-04 01:53:11.025 7 DEBUG oslo_service.service [-] database.slave_connection = **** log_opt_values /var/lib/kolla/venv/lib/python3.6/site-packages/oslo_config/cfg.py:2611
2025-09-04 01:53:11.025 7 DEBUG oslo_service.service [-] database.sqlite_synchronous = True log_opt_values /var/lib/kolla/venv/lib/python3.6/site-packages/oslo_config/cfg.py:2611
2025-09-04 01:53:11.025 7 DEBUG oslo_service.service [-] database.use_db_reconnect = False log_opt_values /var/lib/kolla/venv/lib/python3.6/site-packages/oslo_config/cfg.py:2611
2025-09-04 01:53:11.025 7 DEBUG oslo_service.service [-] ******************************************************************************** log_opt_values /var/lib/kolla/venv/lib/python3.6/site-packages/oslo_config/cfg.py:2613
2025-09-04 01:53:12.571 22 DEBUG neutron.wsgi [-] (22) accepted ('10.0.0.61', 44192) server /var/lib/kolla/venv/lib/python3.6/site-packages/eventlet/wsgi.py:1004
2025-09-04 01:53:12.577 22 INFO neutron.wsgi [-] 10.0.0.61 "GET / HTTP/1.1" status: 200 len: 227 time: 0.0049477
2025-09-04 01:53:14.870 24 DEBUG neutron.api.rpc.handlers.dhcp_rpc [req-0e94a40c-d0b7-4270-8b3d-3cbce3f4ff4d - - - - -] get_active_networks_info from cn-jenkins-deploy-platform-ansible-os-4011-1 get_active_networks_info /var/lib/kolla/venv/lib/python3.6/site-packages/neutron/api/rpc/handlers/dhcp_rpc.py:159
2025-09-04 01:53:14.893 26 DEBUG neutron_lib.callbacks.manager [req-1036f8d7-bce3-4b83-a8a5-79fb4d356bdf - - - - -] Publish callbacks ['neutron.services.segments.db._update_segment_host_mapping_for_agent-8757963766387', 'neutron.services.l3_router.l3_router_plugin.DVRResourceOperationHandler.create_fip_agent_gw_ports-1767683'] for agent (861ba311-a8b0-4984-9a8a-9542f44f83e1), after_create _notify_loop /var/lib/kolla/venv/lib/python3.6/site-packages/neutron_lib/callbacks/manager.py:177
2025-09-04 01:53:14.912 24 DEBUG neutron.scheduler.dhcp_agent_scheduler [req-0e94a40c-d0b7-4270-8b3d-3cbce3f4ff4d - - - - -] No non-hosted networks auto_schedule_networks /var/lib/kolla/venv/lib/python3.6/site-packages/neutron/scheduler/dhcp_agent_scheduler.py:60
2025-09-04 01:53:32.715 27 DEBUG neutron_lib.callbacks.manager [req-a490e940-0a3e-459a-84a6-43e1b24ec767 - - - - -] Publish callbacks ['neutron.services.segments.db._update_segment_host_mapping_for_agent-8757963766387', 'neutron.services.l3_router.l3_router_plugin.DVRResourceOperationHandler.create_fip_agent_gw_ports-1767683'] for agent (68467ba6-1ea8-4425-b2fd-82719257d91a), after_create _notify_loop /var/lib/kolla/venv/lib/python3.6/site-packages/neutron_lib/callbacks/manager.py:177
2025-09-04 01:53:42.623 22 DEBUG neutron.wsgi [-] (22) accepted ('10.0.0.61', 43862) server /var/lib/kolla/venv/lib/python3.6/site-packages/eventlet/wsgi.py:1004
2025-09-04 01:53:42.627 22 INFO neutron.wsgi [-] 10.0.0.61 "GET / HTTP/1.1" status: 200 len: 227 time: 0.0032375
2025-09-04 01:53:44.881 28 DEBUG neutron_lib.callbacks.manager [req-8533c13a-a8ba-42e5-ae12-0c8a26f843b0 - - - - -] Publish callbacks ['neutron.services.segments.db._update_segment_host_mapping_for_agent-8757963766387', 'neutron.plugins.ml2.plugin.Ml2Plugin._retry_binding_revived_agents--9223372036853980272'] for agent (861ba311-a8b0-4984-9a8a-9542f44f83e1), after_update _notify_loop /var/lib/kolla/venv/lib/python3.6/site-packages/neutron_lib/callbacks/manager.py:177
2025-09-04 01:53:48.992 29 DEBUG neutron.db.agents_db [req-50b2e7ab-c2b6-457c-9dbe-4b9071c221b4 - - - - -] Agent healthcheck: found 2 active agents agent_health_check /var/lib/kolla/venv/lib/python3.6/site-packages/neutron/db/agents_db.py:318
2025-09-04 01:54:02.702 23 DEBUG neutron_lib.callbacks.manager [req-a490e940-0a3e-459a-84a6-43e1b24ec767 - - - - -] Publish callbacks ['neutron.services.segments.db._update_segment_host_mapping_for_agent-8757963766387', 'neutron.plugins.ml2.plugin.Ml2Plugin._retry_binding_revived_agents--9223372036853980272'] for agent (68467ba6-1ea8-4425-b2fd-82719257d91a), after_update _notify_loop /var/lib/kolla/venv/lib/python3.6/site-packages/neutron_lib/callbacks/manager.py:177
2025-09-04 01:54:12.672 22 DEBUG neutron.wsgi [-] (22) accepted ('10.0.0.61', 58400) server /var/lib/kolla/venv/lib/python3.6/site-packages/eventlet/wsgi.py:1004
2025-09-04 01:54:12.675 22 INFO neutron.wsgi [-] 10.0.0.61 "GET / HTTP/1.1" status: 200 len: 227 time: 0.0030000
2025-09-04 01:54:15.013 25 DEBUG neutron_lib.callbacks.manager [req-7fcf5970-e066-4cf2-a76b-072065f87502 - - - - -] Publish callbacks ['neutron.services.segments.db._update_segment_host_mapping_for_agent-8757963766387', 'neutron.plugins.ml2.plugin.Ml2Plugin._retry_binding_revived_agents--9223372036853980272'] for agent (861ba311-a8b0-4984-9a8a-9542f44f83e1), after_update _notify_loop /var/lib/kolla/venv/lib/python3.6/site-packages/neutron_lib/callbacks/manager.py:177
2025-09-04 01:54:25.981 29 DEBUG neutron.db.agents_db [req-50b2e7ab-c2b6-457c-9dbe-4b9071c221b4 - - - - -] Agent healthcheck: found 2 active agents agent_health_check /var/lib/kolla/venv/lib/python3.6/site-packages/neutron/db/agents_db.py:318
2025-09-04 01:54:32.685 24 DEBUG neutron_lib.callbacks.manager [req-a490e940-0a3e-459a-84a6-43e1b24ec767 - - - - -] Publish callbacks ['neutron.services.segments.db._update_segment_host_mapping_for_agent-8757963766387', 'neutron.plugins.ml2.plugin.Ml2Plugin._retry_binding_revived_agents--9223372036853980272'] for agent (68467ba6-1ea8-4425-b2fd-82719257d91a), after_update _notify_loop /var/lib/kolla/venv/lib/python3.6/site-packages/neutron_lib/callbacks/manager.py:177
2025-09-04 01:54:42.722 22 DEBUG neutron.wsgi [-] (22) accepted ('10.0.0.61', 42246) server /var/lib/kolla/venv/lib/python3.6/site-packages/eventlet/wsgi.py:1004
2025-09-04 01:54:42.726 22 INFO neutron.wsgi [-] 10.0.0.61 "GET / HTTP/1.1" status: 200 len: 227 time: 0.0029471
2025-09-04 01:54:44.869 26 DEBUG neutron_lib.callbacks.manager [req-0195f335-1895-48d5-b2bd-8618460908f8 - - - - -] Publish callbacks ['neutron.services.segments.db._update_segment_host_mapping_for_agent-8757963766387', 'neutron.plugins.ml2.plugin.Ml2Plugin._retry_binding_revived_agents--9223372036853980272'] for agent (861ba311-a8b0-4984-9a8a-9542f44f83e1), after_update _notify_loop /var/lib/kolla/venv/lib/python3.6/site-packages/neutron_lib/callbacks/manager.py:177
2025-09-04 01:55:02.737 27 DEBUG neutron_lib.callbacks.manager [req-a490e940-0a3e-459a-84a6-43e1b24ec767 - - - - -] Publish callbacks ['neutron.services.segments.db._update_segment_host_mapping_for_agent-8757963766387', 'neutron.plugins.ml2.plugin.Ml2Plugin._retry_binding_revived_agents--9223372036853980272'] for agent (68467ba6-1ea8-4425-b2fd-82719257d91a), after_update _notify_loop /var/lib/kolla/venv/lib/python3.6/site-packages/neutron_lib/callbacks/manager.py:177
2025-09-04 01:55:02.980 29 DEBUG neutron.db.agents_db [req-50b2e7ab-c2b6-457c-9dbe-4b9071c221b4 - - - - -] Agent healthcheck: found 2 active agents agent_health_check /var/lib/kolla/venv/lib/python3.6/site-packages/neutron/db/agents_db.py:318
2025-09-04 01:55:12.770 22 DEBUG neutron.wsgi [-] (22) accepted ('10.0.0.61', 45424) server /var/lib/kolla/venv/lib/python3.6/site-packages/eventlet/wsgi.py:1004
2025-09-04 01:55:12.774 22 INFO neutron.wsgi [-] 10.0.0.61 "GET / HTTP/1.1" status: 200 len: 227 time: 0.0028791
2025-09-04 01:55:14.866 28 DEBUG neutron_lib.callbacks.manager [req-5f72aa7e-a898-4da2-83e0-4dbb1ea2a95e - - - - -] Publish callbacks ['neutron.services.segments.db._update_segment_host_mapping_for_agent-8757963766387', 'neutron.plugins.ml2.plugin.Ml2Plugin._retry_binding_revived_agents--9223372036853980272'] for agent (861ba311-a8b0-4984-9a8a-9542f44f83e1), after_update _notify_loop /var/lib/kolla/venv/lib/python3.6/site-packages/neutron_lib/callbacks/manager.py:177
2025-09-04 01:55:32.685 23 DEBUG neutron_lib.callbacks.manager [req-a490e940-0a3e-459a-84a6-43e1b24ec767 - - - - -] Publish callbacks ['neutron.services.segments.db._update_segment_host_mapping_for_agent-8757963766387', 'neutron.plugins.ml2.plugin.Ml2Plugin._retry_binding_revived_agents--9223372036853980272'] for agent (68467ba6-1ea8-4425-b2fd-82719257d91a), after_update _notify_loop /var/lib/kolla/venv/lib/python3.6/site-packages/neutron_lib/callbacks/manager.py:177
2025-09-04 01:55:39.977 29 DEBUG neutron.db.agents_db [req-50b2e7ab-c2b6-457c-9dbe-4b9071c221b4 - - - - -] Agent healthcheck: found 2 active agents agent_health_check /var/lib/kolla/venv/lib/python3.6/site-packages/neutron/db/agents_db.py:318
2025-09-04 01:55:42.822 22 DEBUG neutron.wsgi [-] (22) accepted ('10.0.0.61', 59472) server /var/lib/kolla/venv/lib/python3.6/site-packages/eventlet/wsgi.py:1004
2025-09-04 01:55:42.826 22 INFO neutron.wsgi [-] 10.0.0.61 "GET / HTTP/1.1" status: 200 len: 227 time: 0.0030694
2025-09-04 01:55:44.862 25 DEBUG neutron_lib.callbacks.manager [req-f137eaad-f43f-49e5-8391-0fab0a0a1a4a - - - - -] Publish callbacks ['neutron.services.segments.db._update_segment_host_mapping_for_agent-8757963766387', 'neutron.plugins.ml2.plugin.Ml2Plugin._retry_binding_revived_agents--9223372036853980272'] for agent (861ba311-a8b0-4984-9a8a-9542f44f83e1), after_update _notify_loop /var/lib/kolla/venv/lib/python3.6/site-packages/neutron_lib/callbacks/manager.py:177
2025-09-04 01:56:02.687 24 DEBUG neutron_lib.callbacks.manager [req-a490e940-0a3e-459a-84a6-43e1b24ec767 - - - - -] Publish callbacks ['neutron.services.segments.db._update_segment_host_mapping_for_agent-8757963766387', 'neutron.plugins.ml2.plugin.Ml2Plugin._retry_binding_revived_agents--9223372036853980272'] for agent (68467ba6-1ea8-4425-b2fd-82719257d91a), after_update _notify_loop /var/lib/kolla/venv/lib/python3.6/site-packages/neutron_lib/callbacks/manager.py:177
2025-09-04 01:56:12.871 22 DEBUG neutron.wsgi [-] (22) accepted ('10.0.0.61', 54092) server /var/lib/kolla/venv/lib/python3.6/site-packages/eventlet/wsgi.py:1004
2025-09-04 01:56:12.874 22 INFO neutron.wsgi [-] 10.0.0.61 "GET / HTTP/1.1" status: 200 len: 227 time: 0.0028024
2025-09-04 01:56:14.859 26 DEBUG neutron_lib.callbacks.manager [req-18d4f65b-53c9-41f9-a1e7-69070fdb493e - - - - -] Publish callbacks ['neutron.services.segments.db._update_segment_host_mapping_for_agent-8757963766387', 'neutron.plugins.ml2.plugin.Ml2Plugin._retry_binding_revived_agents--9223372036853980272'] for agent (861ba311-a8b0-4984-9a8a-9542f44f83e1), after_update _notify_loop /var/lib/kolla/venv/lib/python3.6/site-packages/neutron_lib/callbacks/manager.py:177
2025-09-04 01:56:16.973 29 DEBUG neutron.db.agents_db [req-50b2e7ab-c2b6-457c-9dbe-4b9071c221b4 - - - - -] Agent healthcheck: found 2 active agents agent_health_check /var/lib/kolla/venv/lib/python3.6/site-packages/neutron/db/agents_db.py:318
2025-09-04 01:56:32.690 27 DEBUG neutron_lib.callbacks.manager [req-a490e940-0a3e-459a-84a6-43e1b24ec767 - - - - -] Publish callbacks ['neutron.services.segments.db._update_segment_host_mapping_for_agent-8757963766387', 'neutron.plugins.ml2.plugin.Ml2Plugin._retry_binding_revived_agents--9223372036853980272'] for agent (68467ba6-1ea8-4425-b2fd-82719257d91a), after_update _notify_loop /var/lib/kolla/venv/lib/python3.6/site-packages/neutron_lib/callbacks/manager.py:177
2025-09-04 01:56:42.920 22 DEBUG neutron.wsgi [-] (22) accepted ('10.0.0.61', 58720) server /var/lib/kolla/venv/lib/python3.6/site-packages/eventlet/wsgi.py:1004
2025-09-04 01:56:42.924 22 INFO neutron.wsgi [-] 10.0.0.61 "GET / HTTP/1.1" status: 200 len: 227 time: 0.0028143
2025-09-04 01:56:44.854 28 DEBUG neutron_lib.callbacks.manager [req-24da7dc8-69d7-4401-a8f8-8a3a02673d1e - - - - -] Publish callbacks ['neutron.services.segments.db._update_segment_host_mapping_for_agent-8757963766387', 'neutron.plugins.ml2.plugin.Ml2Plugin._retry_binding_revived_agents--9223372036853980272'] for agent (861ba311-a8b0-4984-9a8a-9542f44f83e1), after_update _notify_loop /var/lib/kolla/venv/lib/python3.6/site-packages/neutron_lib/callbacks/manager.py:177
2025-09-04 01:56:53.972 29 DEBUG neutron.db.agents_db [req-50b2e7ab-c2b6-457c-9dbe-4b9071c221b4 - - - - -] Agent healthcheck: found 2 active agents agent_health_check /var/lib/kolla/venv/lib/python3.6/site-packages/neutron/db/agents_db.py:318
2025-09-04 01:57:02.694 23 DEBUG neutron_lib.callbacks.manager [req-a490e940-0a3e-459a-84a6-43e1b24ec767 - - - - -] Publish callbacks ['neutron.services.segments.db._update_segment_host_mapping_for_agent-8757963766387', 'neutron.plugins.ml2.plugin.Ml2Plugin._retry_binding_revived_agents--9223372036853980272'] for agent (68467ba6-1ea8-4425-b2fd-82719257d91a), after_update _notify_loop /var/lib/kolla/venv/lib/python3.6/site-packages/neutron_lib/callbacks/manager.py:177
2025-09-04 01:57:12.968 22 DEBUG neutron.wsgi [-] (22) accepted ('10.0.0.61', 56856) server /var/lib/kolla/venv/lib/python3.6/site-packages/eventlet/wsgi.py:1004
2025-09-04 01:57:12.972 22 INFO neutron.wsgi [-] 10.0.0.61 "GET / HTTP/1.1" status: 200 len: 227 time: 0.0028248
2025-09-04 01:57:14.860 25 DEBUG neutron_lib.callbacks.manager [req-8e06c2c0-74a9-4df8-b9a5-b01c741f668b - - - - -] Publish callbacks ['neutron.services.segments.db._update_segment_host_mapping_for_agent-8757963766387', 'neutron.plugins.ml2.plugin.Ml2Plugin._retry_binding_revived_agents--9223372036853980272'] for agent (861ba311-a8b0-4984-9a8a-9542f44f83e1), after_update _notify_loop /var/lib/kolla/venv/lib/python3.6/site-packages/neutron_lib/callbacks/manager.py:177
2025-09-04 01:57:30.972 29 DEBUG neutron.db.agents_db [req-50b2e7ab-c2b6-457c-9dbe-4b9071c221b4 - - - - -] Agent healthcheck: found 2 active agents agent_health_check /var/lib/kolla/venv/lib/python3.6/site-packages/neutron/db/agents_db.py:318
2025-09-04 01:57:32.694 24 DEBUG neutron_lib.callbacks.manager [req-a490e940-0a3e-459a-84a6-43e1b24ec767 - - - - -] Publish callbacks ['neutron.services.segments.db._update_segment_host_mapping_for_agent-8757963766387', 'neutron.plugins.ml2.plugin.Ml2Plugin._retry_binding_revived_agents--9223372036853980272'] for agent (68467ba6-1ea8-4425-b2fd-82719257d91a), after_update _notify_loop /var/lib/kolla/venv/lib/python3.6/site-packages/neutron_lib/callbacks/manager.py:177
2025-09-04 01:57:43.037 22 DEBUG neutron.wsgi [-] (22) accepted ('10.0.0.61', 60562) server /var/lib/kolla/venv/lib/python3.6/site-packages/eventlet/wsgi.py:1004
2025-09-04 01:57:43.042 22 INFO neutron.wsgi [-] 10.0.0.61 "GET / HTTP/1.1" status: 200 len: 227 time: 0.0048194
2025-09-04 01:57:44.856 26 DEBUG neutron_lib.callbacks.manager [req-d7e44c56-0feb-4af0-946e-e0973a9769bf - - - - -] Publish callbacks ['neutron.services.segments.db._update_segment_host_mapping_for_agent-8757963766387', 'neutron.plugins.ml2.plugin.Ml2Plugin._retry_binding_revived_agents--9223372036853980272'] for agent (861ba311-a8b0-4984-9a8a-9542f44f83e1), after_update _notify_loop /var/lib/kolla/venv/lib/python3.6/site-packages/neutron_lib/callbacks/manager.py:177
2025-09-04 01:58:02.696 27 DEBUG neutron_lib.callbacks.manager [req-a490e940-0a3e-459a-84a6-43e1b24ec767 - - - - -] Publish callbacks ['neutron.services.segments.db._update_segment_host_mapping_for_agent-8757963766387', 'neutron.plugins.ml2.plugin.Ml2Plugin._retry_binding_revived_agents--9223372036853980272'] for agent (68467ba6-1ea8-4425-b2fd-82719257d91a), after_update _notify_loop /var/lib/kolla/venv/lib/python3.6/site-packages/neutron_lib/callbacks/manager.py:177
2025-09-04 01:58:07.971 29 DEBUG neutron.db.agents_db [req-50b2e7ab-c2b6-457c-9dbe-4b9071c221b4 - - - - -] Agent healthcheck: found 2 active agents agent_health_check /var/lib/kolla/venv/lib/python3.6/site-packages/neutron/db/agents_db.py:318
2025-09-04 01:58:13.125 22 DEBUG neutron.wsgi [-] (22) accepted ('10.0.0.61', 51900) server /var/lib/kolla/venv/lib/python3.6/site-packages/eventlet/wsgi.py:1004
2025-09-04 01:58:13.129 22 INFO neutron.wsgi [-] 10.0.0.61 "GET / HTTP/1.1" status: 200 len: 227 time: 0.0029731
2025-09-04 01:58:14.853 28 DEBUG neutron_lib.callbacks.manager [req-b1c37a46-8dc6-4739-aa30-ce8126838249 - - - - -] Publish callbacks ['neutron.services.segments.db._update_segment_host_mapping_for_agent-8757963766387', 'neutron.plugins.ml2.plugin.Ml2Plugin._retry_binding_revived_agents--9223372036853980272'] for agent (861ba311-a8b0-4984-9a8a-9542f44f83e1), after_update _notify_loop /var/lib/kolla/venv/lib/python3.6/site-packages/neutron_lib/callbacks/manager.py:177
2025-09-04 01:58:32.699 23 DEBUG neutron_lib.callbacks.manager [req-a490e940-0a3e-459a-84a6-43e1b24ec767 - - - - -] Publish callbacks ['neutron.services.segments.db._update_segment_host_mapping_for_agent-8757963766387', 'neutron.plugins.ml2.plugin.Ml2Plugin._retry_binding_revived_agents--9223372036853980272'] for agent (68467ba6-1ea8-4425-b2fd-82719257d91a), after_update _notify_loop /var/lib/kolla/venv/lib/python3.6/site-packages/neutron_lib/callbacks/manager.py:177
2025-09-04 01:58:43.181 22 DEBUG neutron.wsgi [-] (22) accepted ('10.0.0.61', 40646) server /var/lib/kolla/venv/lib/python3.6/site-packages/eventlet/wsgi.py:1004
2025-09-04 01:58:43.185 22 INFO neutron.wsgi [-] 10.0.0.61 "GET / HTTP/1.1" status: 200 len: 227 time: 0.0027368
2025-09-04 01:58:44.862 25 DEBUG neutron_lib.callbacks.manager [req-4fe1cd96-64f4-4a22-9091-67314e22f563 - - - - -] Publish callbacks ['neutron.services.segments.db._update_segment_host_mapping_for_agent-8757963766387', 'neutron.plugins.ml2.plugin.Ml2Plugin._retry_binding_revived_agents--9223372036853980272'] for agent (861ba311-a8b0-4984-9a8a-9542f44f83e1), after_update _notify_loop /var/lib/kolla/venv/lib/python3.6/site-packages/neutron_lib/callbacks/manager.py:177
2025-09-04 01:58:44.968 29 DEBUG neutron.db.agents_db [req-50b2e7ab-c2b6-457c-9dbe-4b9071c221b4 - - - - -] Agent healthcheck: found 2 active agents agent_health_check /var/lib/kolla/venv/lib/python3.6/site-packages/neutron/db/agents_db.py:318
2025-09-04 01:59:02.708 24 DEBUG neutron_lib.callbacks.manager [req-a490e940-0a3e-459a-84a6-43e1b24ec767 - - - - -] Publish callbacks ['neutron.services.segments.db._update_segment_host_mapping_for_agent-8757963766387', 'neutron.plugins.ml2.plugin.Ml2Plugin._retry_binding_revived_agents--9223372036853980272'] for agent (68467ba6-1ea8-4425-b2fd-82719257d91a), after_update _notify_loop /var/lib/kolla/venv/lib/python3.6/site-packages/neutron_lib/callbacks/manager.py:177
2025-09-04 01:59:13.239 22 DEBUG neutron.wsgi [-] (22) accepted ('10.0.0.61', 33218) server /var/lib/kolla/venv/lib/python3.6/site-packages/eventlet/wsgi.py:1004
2025-09-04 01:59:13.242 22 INFO neutron.wsgi [-] 10.0.0.61 "GET / HTTP/1.1" status: 200 len: 227 time: 0.0029633
2025-09-04 01:59:14.858 26 DEBUG neutron_lib.callbacks.manager [req-dd207b62-3974-4ffd-a169-773d5e810c4f - - - - -] Publish callbacks ['neutron.services.segments.db._update_segment_host_mapping_for_agent-8757963766387', 'neutron.plugins.ml2.plugin.Ml2Plugin._retry_binding_revived_agents--9223372036853980272'] for agent (861ba311-a8b0-4984-9a8a-9542f44f83e1), after_update _notify_loop /var/lib/kolla/venv/lib/python3.6/site-packages/neutron_lib/callbacks/manager.py:177
2025-09-04 01:59:21.964 29 DEBUG neutron.db.agents_db [req-50b2e7ab-c2b6-457c-9dbe-4b9071c221b4 - - - - -] Agent healthcheck: found 2 active agents agent_health_check /var/lib/kolla/venv/lib/python3.6/site-packages/neutron/db/agents_db.py:318
2025-09-04 01:59:32.702 27 DEBUG neutron_lib.callbacks.manager [req-a490e940-0a3e-459a-84a6-43e1b24ec767 - - - - -] Publish callbacks ['neutron.services.segments.db._update_segment_host_mapping_for_agent-8757963766387', 'neutron.plugins.ml2.plugin.Ml2Plugin._retry_binding_revived_agents--9223372036853980272'] for agent (68467ba6-1ea8-4425-b2fd-82719257d91a), after_update _notify_loop /var/lib/kolla/venv/lib/python3.6/site-packages/neutron_lib/callbacks/manager.py:177
2025-09-04 01:59:43.288 22 DEBUG neutron.wsgi [-] (22) accepted ('10.0.0.61', 56260) server /var/lib/kolla/venv/lib/python3.6/site-packages/eventlet/wsgi.py:1004
2025-09-04 01:59:43.291 22 INFO neutron.wsgi [-] 10.0.0.61 "GET / HTTP/1.1" status: 200 len: 227 time: 0.0027952
2025-09-04 01:59:44.862 28 DEBUG neutron_lib.callbacks.manager [req-49469e3b-d6fa-4395-aff5-d5ce176c60f7 - - - - -] Publish callbacks ['neutron.services.segments.db._update_segment_host_mapping_for_agent-8757963766387', 'neutron.plugins.ml2.plugin.Ml2Plugin._retry_binding_revived_agents--9223372036853980272'] for agent (861ba311-a8b0-4984-9a8a-9542f44f83e1), after_update _notify_loop /var/lib/kolla/venv/lib/python3.6/site-packages/neutron_lib/callbacks/manager.py:177
2025-09-04 01:59:58.960 29 DEBUG neutron.db.agents_db [req-50b2e7ab-c2b6-457c-9dbe-4b9071c221b4 - - - - -] Agent healthcheck: found 2 active agents agent_health_check /var/lib/kolla/venv/lib/python3.6/site-packages/neutron/db/agents_db.py:318
2025-09-04 02:00:02.703 23 DEBUG neutron_lib.callbacks.manager [req-a490e940-0a3e-459a-84a6-43e1b24ec767 - - - - -] Publish callbacks ['neutron.services.segments.db._update_segment_host_mapping_for_agent-8757963766387', 'neutron.plugins.ml2.plugin.Ml2Plugin._retry_binding_revived_agents--9223372036853980272'] for agent (68467ba6-1ea8-4425-b2fd-82719257d91a), after_update _notify_loop /var/lib/kolla/venv/lib/python3.6/site-packages/neutron_lib/callbacks/manager.py:177
2025-09-04 02:00:13.337 22 DEBUG neutron.wsgi [-] (22) accepted ('10.0.0.61', 43858) server /var/lib/kolla/venv/lib/python3.6/site-packages/eventlet/wsgi.py:1004
2025-09-04 02:00:13.342 22 INFO neutron.wsgi [-] 10.0.0.61 "GET / HTTP/1.1" status: 200 len: 227 time: 0.0041378
2025-09-04 02:00:14.868 25 DEBUG neutron_lib.callbacks.manager [req-dbc97eb8-f136-41d2-b80e-b9281fece691 - - - - -] Publish callbacks ['neutron.services.segments.db._update_segment_host_mapping_for_agent-8757963766387', 'neutron.plugins.ml2.plugin.Ml2Plugin._retry_binding_revived_agents--9223372036853980272'] for agent (861ba311-a8b0-4984-9a8a-9542f44f83e1), after_update _notify_loop /var/lib/kolla/venv/lib/python3.6/site-packages/neutron_lib/callbacks/manager.py:177
2025-09-04 02:00:32.708 24 DEBUG neutron_lib.callbacks.manager [req-a490e940-0a3e-459a-84a6-43e1b24ec767 - - - - -] Publish callbacks ['neutron.services.segments.db._update_segment_host_mapping_for_agent-8757963766387', 'neutron.plugins.ml2.plugin.Ml2Plugin._retry_binding_revived_agents--9223372036853980272'] for agent (68467ba6-1ea8-4425-b2fd-82719257d91a), after_update _notify_loop /var/lib/kolla/venv/lib/python3.6/site-packages/neutron_lib/callbacks/manager.py:177
2025-09-04 02:00:35.962 29 DEBUG neutron.db.agents_db [req-50b2e7ab-c2b6-457c-9dbe-4b9071c221b4 - - - - -] Agent healthcheck: found 2 active agents agent_health_check /var/lib/kolla/venv/lib/python3.6/site-packages/neutron/db/agents_db.py:318
2025-09-04 02:00:43.426 22 DEBUG neutron.wsgi [-] (22) accepted ('10.0.0.61', 48558) server /var/lib/kolla/venv/lib/python3.6/site-packages/eventlet/wsgi.py:1004
2025-09-04 02:00:43.431 22 INFO neutron.wsgi [-] 10.0.0.61 "GET / HTTP/1.1" status: 200 len: 227 time: 0.0040715
2025-09-04 02:00:44.866 26 DEBUG neutron_lib.callbacks.manager [req-63153cd7-5da9-4b08-8038-a49175a6c384 - - - - -] Publish callbacks ['neutron.services.segments.db._update_segment_host_mapping_for_agent-8757963766387', 'neutron.plugins.ml2.plugin.Ml2Plugin._retry_binding_revived_agents--9223372036853980272'] for agent (861ba311-a8b0-4984-9a8a-9542f44f83e1), after_update _notify_loop /var/lib/kolla/venv/lib/python3.6/site-packages/neutron_lib/callbacks/manager.py:177
2025-09-04 02:01:02.709 27 DEBUG neutron_lib.callbacks.manager [req-a490e940-0a3e-459a-84a6-43e1b24ec767 - - - - -] Publish callbacks ['neutron.services.segments.db._update_segment_host_mapping_for_agent-8757963766387', 'neutron.plugins.ml2.plugin.Ml2Plugin._retry_binding_revived_agents--9223372036853980272'] for agent (68467ba6-1ea8-4425-b2fd-82719257d91a), after_update _notify_loop /var/lib/kolla/venv/lib/python3.6/site-packages/neutron_lib/callbacks/manager.py:177
2025-09-04 02:01:12.958 29 DEBUG neutron.db.agents_db [req-50b2e7ab-c2b6-457c-9dbe-4b9071c221b4 - - - - -] Agent healthcheck: found 2 active agents agent_health_check /var/lib/kolla/venv/lib/python3.6/site-packages/neutron/db/agents_db.py:318
2025-09-04 02:01:13.481 22 DEBUG neutron.wsgi [-] (22) accepted ('10.0.0.61', 40384) server /var/lib/kolla/venv/lib/python3.6/site-packages/eventlet/wsgi.py:1004
2025-09-04 02:01:13.485 22 INFO neutron.wsgi [-] 10.0.0.61 "GET / HTTP/1.1" status: 200 len: 227 time: 0.0028167
2025-09-04 02:01:14.862 28 DEBUG neutron_lib.callbacks.manager [req-52c50f90-defe-47f8-88d2-fe6242ae1728 - - - - -] Publish callbacks ['neutron.services.segments.db._update_segment_host_mapping_for_agent-8757963766387', 'neutron.plugins.ml2.plugin.Ml2Plugin._retry_binding_revived_agents--9223372036853980272'] for agent (861ba311-a8b0-4984-9a8a-9542f44f83e1), after_update _notify_loop /var/lib/kolla/venv/lib/python3.6/site-packages/neutron_lib/callbacks/manager.py:177
2025-09-04 02:01:32.711 23 DEBUG neutron_lib.callbacks.manager [req-a490e940-0a3e-459a-84a6-43e1b24ec767 - - - - -] Publish callbacks ['neutron.services.segments.db._update_segment_host_mapping_for_agent-8757963766387', 'neutron.plugins.ml2.plugin.Ml2Plugin._retry_binding_revived_agents--9223372036853980272'] for agent (68467ba6-1ea8-4425-b2fd-82719257d91a), after_update _notify_loop /var/lib/kolla/venv/lib/python3.6/site-packages/neutron_lib/callbacks/manager.py:177
2025-09-04 02:01:41.211 7 INFO oslo_service.service [-] Caught SIGTERM, stopping children
2025-09-04 02:01:41.212 7 DEBUG oslo_concurrency.lockutils [-] Acquired lock "singleton_lock" lock /var/lib/kolla/venv/lib/python3.6/site-packages/oslo_concurrency/lockutils.py:294
2025-09-04 02:01:41.212 7 DEBUG oslo_concurrency.lockutils [-] Releasing lock "singleton_lock" lock /var/lib/kolla/venv/lib/python3.6/site-packages/oslo_concurrency/lockutils.py:312
2025-09-04 02:01:41.212 7 DEBUG oslo_service.service [-] Stop services. stop /var/lib/kolla/venv/lib/python3.6/site-packages/oslo_service/service.py:695
2025-09-04 02:01:41.212 7 DEBUG neutron.service [-] calling RpcWorker stop() stop /var/lib/kolla/venv/lib/python3.6/site-packages/neutron/service.py:138
2025-09-04 02:01:41.212 7 DEBUG neutron.service [-] calling RpcWorker stop() stop /var/lib/kolla/venv/lib/python3.6/site-packages/neutron/service.py:138
2025-09-04 02:01:41.213 7 DEBUG oslo_service.service [-] Killing children. stop /var/lib/kolla/venv/lib/python3.6/site-packages/oslo_service/service.py:700
2025-09-04 02:01:41.213 7 INFO oslo_service.service [-] Waiting on 8 children to exit
2025-09-04 02:01:41.213 22 INFO neutron.wsgi [-] (22) wsgi exited, is_accepting=True
2025-09-04 02:01:41.213 24 DEBUG neutron.service [-] calling RpcWorker stop() stop /var/lib/kolla/venv/lib/python3.6/site-packages/neutron/service.py:138
2025-09-04 02:01:41.213 27 DEBUG neutron.service [-] calling RpcWorker stop() stop /var/lib/kolla/venv/lib/python3.6/site-packages/neutron/service.py:138
2025-09-04 02:01:41.213 23 DEBUG neutron.service [-] calling RpcWorker stop() stop /var/lib/kolla/venv/lib/python3.6/site-packages/neutron/service.py:138
2025-09-04 02:01:41.214 22 DEBUG oslo_concurrency.lockutils [req-a6b66827-3802-4409-9d05-556f355e7e18 - - - - -] Acquired lock "singleton_lock" lock /var/lib/kolla/venv/lib/python3.6/site-packages/oslo_concurrency/lockutils.py:294
2025-09-04 02:01:41.214 22 DEBUG oslo_concurrency.lockutils [req-a6b66827-3802-4409-9d05-556f355e7e18 - - - - -] Releasing lock "singleton_lock" lock /var/lib/kolla/venv/lib/python3.6/site-packages/oslo_concurrency/lockutils.py:312
2025-09-04 02:01:41.214 24 DEBUG neutron.service [-] calling stop on stop /var/lib/kolla/venv/lib/python3.6/site-packages/neutron/service.py:141
2025-09-04 02:01:41.214 23 DEBUG neutron.service [-] calling stop on stop /var/lib/kolla/venv/lib/python3.6/site-packages/neutron/service.py:141
2025-09-04 02:01:41.214 27 DEBUG neutron.service [-] calling stop on stop /var/lib/kolla/venv/lib/python3.6/site-packages/neutron/service.py:141
2025-09-04 02:01:41.217 29 DEBUG neutron.service [-] calling RpcWorker stop() stop /var/lib/kolla/venv/lib/python3.6/site-packages/neutron/service.py:138
2025-09-04 02:01:41.218 7 INFO oslo_service.service [-] Child 22 exited with status 0
2025-09-04 02:01:41.218 29 DEBUG neutron.service [-] calling stop on stop /var/lib/kolla/venv/lib/python3.6/site-packages/neutron/service.py:141
2025-09-04 02:01:41.219 26 DEBUG neutron.service [-] calling RpcWorker stop() stop /var/lib/kolla/venv/lib/python3.6/site-packages/neutron/service.py:138
2025-09-04 02:01:41.220 26 DEBUG neutron.service [-] calling stop on stop /var/lib/kolla/venv/lib/python3.6/site-packages/neutron/service.py:141
2025-09-04 02:01:41.229 28 DEBUG neutron.service [-] calling RpcWorker stop() stop /var/lib/kolla/venv/lib/python3.6/site-packages/neutron/service.py:138
2025-09-04 02:01:41.229 28 DEBUG neutron.service [-] calling stop on stop /var/lib/kolla/venv/lib/python3.6/site-packages/neutron/service.py:141
2025-09-04 02:01:41.233 25 DEBUG neutron.service [-] calling RpcWorker stop() stop /var/lib/kolla/venv/lib/python3.6/site-packages/neutron/service.py:138
2025-09-04 02:01:41.233 25 DEBUG neutron.service [-] calling stop on stop /var/lib/kolla/venv/lib/python3.6/site-packages/neutron/service.py:141
2025-09-04 02:01:43.063 28 DEBUG oslo_concurrency.lockutils [req-a6b66827-3802-4409-9d05-556f355e7e18 - - - - -] Acquired lock "singleton_lock" lock /var/lib/kolla/venv/lib/python3.6/site-packages/oslo_concurrency/lockutils.py:294
2025-09-04 02:01:43.064 28 DEBUG oslo_concurrency.lockutils [req-a6b66827-3802-4409-9d05-556f355e7e18 - - - - -] Releasing lock "singleton_lock" lock /var/lib/kolla/venv/lib/python3.6/site-packages/oslo_concurrency/lockutils.py:312
2025-09-04 02:01:43.064 28 DEBUG neutron.service [req-a6b66827-3802-4409-9d05-556f355e7e18 - - - - -] calling RpcWorker wait() _wait /var/lib/kolla/venv/lib/python3.6/site-packages/neutron/service.py:128
2025-09-04 02:01:43.064 28 DEBUG neutron.service [req-a6b66827-3802-4409-9d05-556f355e7e18 - - - - -] calling wait on _wait /var/lib/kolla/venv/lib/python3.6/site-packages/neutron/service.py:131
2025-09-04 02:01:43.075 28 WARNING amqp [req-a6b66827-3802-4409-9d05-556f355e7e18 - - - - -] Received method (60, 30) during closing channel 1. This method will be ignored
2025-09-04 02:01:43.077 28 DEBUG neutron.service [req-a6b66827-3802-4409-9d05-556f355e7e18 - - - - -] returning from RpcWorker wait() _wait /var/lib/kolla/venv/lib/python3.6/site-packages/neutron/service.py:135
2025-09-04 02:01:43.082 7 INFO oslo_service.service [-] Child 28 exited with status 0
2025-09-04 02:01:44.858 25 DEBUG neutron_lib.callbacks.manager [req-06f9e1cb-3d10-46d6-83b9-698769727ab1 - - - - -] Publish callbacks ['neutron.services.segments.db._update_segment_host_mapping_for_agent-8757963766387', 'neutron.plugins.ml2.plugin.Ml2Plugin._retry_binding_revived_agents--9223372036853980272'] for agent (861ba311-a8b0-4984-9a8a-9542f44f83e1), after_update _notify_loop /var/lib/kolla/venv/lib/python3.6/site-packages/neutron_lib/callbacks/manager.py:177
2025-09-04 02:01:45.969 23 DEBUG neutron.service [-] calling stop on stop /var/lib/kolla/venv/lib/python3.6/site-packages/neutron/service.py:141
2025-09-04 02:01:45.971 24 DEBUG neutron.service [-] calling stop on stop /var/lib/kolla/venv/lib/python3.6/site-packages/neutron/service.py:141
2025-09-04 02:01:45.976 25 DEBUG neutron.service [-] calling stop on stop /var/lib/kolla/venv/lib/python3.6/site-packages/neutron/service.py:141
2025-09-04 02:01:45.977 26 DEBUG oslo_concurrency.lockutils [req-a6b66827-3802-4409-9d05-556f355e7e18 - - - - -] Acquired lock "singleton_lock" lock /var/lib/kolla/venv/lib/python3.6/site-packages/oslo_concurrency/lockutils.py:294
2025-09-04 02:01:45.977 26 DEBUG oslo_concurrency.lockutils [req-a6b66827-3802-4409-9d05-556f355e7e18 - - - - -] Releasing lock "singleton_lock" lock /var/lib/kolla/venv/lib/python3.6/site-packages/oslo_concurrency/lockutils.py:312
2025-09-04 02:01:45.977 26 DEBUG neutron.service [req-a6b66827-3802-4409-9d05-556f355e7e18 - - - - -] calling RpcWorker wait() _wait /var/lib/kolla/venv/lib/python3.6/site-packages/neutron/service.py:128
2025-09-04 02:01:45.978 26 DEBUG neutron.service [req-a6b66827-3802-4409-9d05-556f355e7e18 - - - - -] calling wait on _wait /var/lib/kolla/venv/lib/python3.6/site-packages/neutron/service.py:131
2025-09-04 02:01:45.983 26 WARNING amqp [req-a6b66827-3802-4409-9d05-556f355e7e18 - - - - -] Received method (60, 30) during closing channel 1. This method will be ignored
2025-09-04 02:01:45.984 26 DEBUG neutron.service [req-a6b66827-3802-4409-9d05-556f355e7e18 - - - - -] returning from RpcWorker wait() _wait /var/lib/kolla/venv/lib/python3.6/site-packages/neutron/service.py:135
2025-09-04 02:01:45.989 7 INFO oslo_service.service [-] Child 26 exited with status 0
2025-09-04 02:01:45.991 23 DEBUG neutron.service [-] calling stop on stop /var/lib/kolla/venv/lib/python3.6/site-packages/neutron/service.py:141
2025-09-04 02:01:45.991 25 DEBUG neutron.service [-] calling stop on stop /var/lib/kolla/venv/lib/python3.6/site-packages/neutron/service.py:141
2025-09-04 02:01:45.991 24 DEBUG neutron.service [-] calling stop on stop /var/lib/kolla/venv/lib/python3.6/site-packages/neutron/service.py:141
2025-09-04 02:01:46.002 29 DEBUG oslo_concurrency.lockutils [req-a6b66827-3802-4409-9d05-556f355e7e18 - - - - -] Acquired lock "singleton_lock" lock /var/lib/kolla/venv/lib/python3.6/site-packages/oslo_concurrency/lockutils.py:294
2025-09-04 02:01:46.003 29 DEBUG oslo_concurrency.lockutils [req-a6b66827-3802-4409-9d05-556f355e7e18 - - - - -] Releasing lock "singleton_lock" lock /var/lib/kolla/venv/lib/python3.6/site-packages/oslo_concurrency/lockutils.py:312
2025-09-04 02:01:46.003 29 DEBUG neutron.service [req-a6b66827-3802-4409-9d05-556f355e7e18 - - - - -] calling RpcWorker wait() _wait /var/lib/kolla/venv/lib/python3.6/site-packages/neutron/service.py:128
2025-09-04 02:01:46.003 29 DEBUG neutron.service [req-a6b66827-3802-4409-9d05-556f355e7e18 - - - - -] calling wait on _wait /var/lib/kolla/venv/lib/python3.6/site-packages/neutron/service.py:131
2025-09-04 02:01:46.009 27 DEBUG oslo_concurrency.lockutils [req-a6b66827-3802-4409-9d05-556f355e7e18 - - - - -] Acquired lock "singleton_lock" lock /var/lib/kolla/venv/lib/python3.6/site-packages/oslo_concurrency/lockutils.py:294
2025-09-04 02:01:46.009 29 WARNING amqp [req-a6b66827-3802-4409-9d05-556f355e7e18 - - - - -] Received method (60, 30) during closing channel 1. This method will be ignored
2025-09-04 02:01:46.009 27 DEBUG oslo_concurrency.lockutils [req-a6b66827-3802-4409-9d05-556f355e7e18 - - - - -] Releasing lock "singleton_lock" lock /var/lib/kolla/venv/lib/python3.6/site-packages/oslo_concurrency/lockutils.py:312
2025-09-04 02:01:46.009 27 DEBUG neutron.service [req-a6b66827-3802-4409-9d05-556f355e7e18 - - - - -] calling RpcWorker wait() _wait /var/lib/kolla/venv/lib/python3.6/site-packages/neutron/service.py:128
2025-09-04 02:01:46.009 27 DEBUG neutron.service [req-a6b66827-3802-4409-9d05-556f355e7e18 - - - - -] calling wait on _wait /var/lib/kolla/venv/lib/python3.6/site-packages/neutron/service.py:131
2025-09-04 02:01:46.010 29 DEBUG neutron.service [req-a6b66827-3802-4409-9d05-556f355e7e18 - - - - -] returning from RpcWorker wait() _wait /var/lib/kolla/venv/lib/python3.6/site-packages/neutron/service.py:135
2025-09-04 02:01:46.014 27 WARNING amqp [req-a6b66827-3802-4409-9d05-556f355e7e18 - - - - -] Received method (60, 30) during closing channel 1. This method will be ignored
2025-09-04 02:01:46.015 7 INFO oslo_service.service [-] Child 29 exited with status 0
2025-09-04 02:01:46.015 27 DEBUG neutron.service [req-a6b66827-3802-4409-9d05-556f355e7e18 - - - - -] returning from RpcWorker wait() _wait /var/lib/kolla/venv/lib/python3.6/site-packages/neutron/service.py:135
2025-09-04 02:01:46.019 7 INFO oslo_service.service [-] Child 27 exited with status 0
2025-09-04 02:01:46.021 24 DEBUG neutron.service [-] calling stop on stop /var/lib/kolla/venv/lib/python3.6/site-packages/neutron/service.py:141
2025-09-04 02:01:46.033 24 DEBUG oslo_concurrency.lockutils [req-a6b66827-3802-4409-9d05-556f355e7e18 - - - - -] Acquired lock "singleton_lock" lock /var/lib/kolla/venv/lib/python3.6/site-packages/oslo_concurrency/lockutils.py:294
2025-09-04 02:01:46.033 24 DEBUG oslo_concurrency.lockutils [req-a6b66827-3802-4409-9d05-556f355e7e18 - - - - -] Releasing lock "singleton_lock" lock /var/lib/kolla/venv/lib/python3.6/site-packages/oslo_concurrency/lockutils.py:312
2025-09-04 02:01:46.034 24 DEBUG neutron.service [req-a6b66827-3802-4409-9d05-556f355e7e18 - - - - -] calling RpcWorker wait() _wait /var/lib/kolla/venv/lib/python3.6/site-packages/neutron/service.py:128
2025-09-04 02:01:46.034 24 DEBUG neutron.service [req-a6b66827-3802-4409-9d05-556f355e7e18 - - - - -] calling wait on _wait /var/lib/kolla/venv/lib/python3.6/site-packages/neutron/service.py:131
2025-09-04 02:01:46.041 24 WARNING amqp [req-a6b66827-3802-4409-9d05-556f355e7e18 - - - - -] Received method (60, 30) during closing channel 1. This method will be ignored
2025-09-04 02:01:46.042 24 DEBUG neutron.service [req-a6b66827-3802-4409-9d05-556f355e7e18 - - - - -] calling wait on _wait /var/lib/kolla/venv/lib/python3.6/site-packages/neutron/service.py:131
2025-09-04 02:01:46.049 24 WARNING amqp [req-a6b66827-3802-4409-9d05-556f355e7e18 - - - - -] Received method (60, 30) during closing channel 1. This method will be ignored
2025-09-04 02:01:46.051 24 DEBUG neutron.service [req-a6b66827-3802-4409-9d05-556f355e7e18 - - - - -] calling wait on _wait /var/lib/kolla/venv/lib/python3.6/site-packages/neutron/service.py:131
2025-09-04 02:01:46.056 24 WARNING amqp [req-a6b66827-3802-4409-9d05-556f355e7e18 - - - - -] Received method (60, 30) during closing channel 1. This method will be ignored
2025-09-04 02:01:46.056 24 DEBUG neutron.service [req-a6b66827-3802-4409-9d05-556f355e7e18 - - - - -] calling wait on _wait /var/lib/kolla/venv/lib/python3.6/site-packages/neutron/service.py:131
2025-09-04 02:01:46.061 24 WARNING amqp [req-a6b66827-3802-4409-9d05-556f355e7e18 - - - - -] Received method (60, 30) during closing channel 1. This method will be ignored
2025-09-04 02:01:46.062 24 DEBUG neutron.service [req-a6b66827-3802-4409-9d05-556f355e7e18 - - - - -] returning from RpcWorker wait() _wait /var/lib/kolla/venv/lib/python3.6/site-packages/neutron/service.py:135
2025-09-04 02:01:46.067 7 INFO oslo_service.service [-] Child 24 exited with status 0
2025-09-04 02:01:46.904 25 DEBUG neutron.service [-] calling stop on stop /var/lib/kolla/venv/lib/python3.6/site-packages/neutron/service.py:141
2025-09-04 02:01:54.232 7 INFO neutron.common.config [-] Logging enabled!
2025-09-04 02:01:54.233 7 INFO neutron.common.config [-] /var/lib/kolla/venv/bin/neutron-server version 20.5.1.dev23
2025-09-04 02:01:54.233 7 DEBUG neutron.common.config [-] command line: /var/lib/kolla/venv/bin/neutron-server --config-file /etc/neutron/neutron.conf --config-file /etc/neutron/ContrailPlugin.ini --config-file /etc/neutron/api-paste.ini setup_logging /var/lib/kolla/venv/lib/python3.6/site-packages/neutron/common/config.py:115
2025-09-04 02:01:54.236 7 INFO neutron.common.config [-] Logging enabled!
2025-09-04 02:01:54.237 7 INFO neutron.common.config [-] /var/lib/kolla/venv/bin/neutron-server version 20.5.1.dev23
2025-09-04 02:01:54.237 7 DEBUG neutron.common.config [-] command line: /var/lib/kolla/venv/bin/neutron-server --config-file /etc/neutron/neutron.conf --config-file /etc/neutron/ContrailPlugin.ini --config-file /etc/neutron/api-paste.ini setup_logging /var/lib/kolla/venv/lib/python3.6/site-packages/neutron/common/config.py:115
2025-09-04 02:01:54.237 7 DEBUG neutron.common.config [-] ******************************************************************************** log_opt_values /var/lib/kolla/venv/lib/python3.6/site-packages/oslo_config/cfg.py:2589
2025-09-04 02:01:54.237 7 DEBUG neutron.common.config [-] Configuration options gathered from: log_opt_values /var/lib/kolla/venv/lib/python3.6/site-packages/oslo_config/cfg.py:2590
2025-09-04 02:01:54.237 7 DEBUG neutron.common.config [-] command line args: ['--config-file', '/etc/neutron/neutron.conf', '--config-file', '/etc/neutron/ContrailPlugin.ini', '--config-file', '/etc/neutron/api-paste.ini'] log_opt_values /var/lib/kolla/venv/lib/python3.6/site-packages/oslo_config/cfg.py:2591
2025-09-04 02:01:54.239 7 DEBUG neutron.common.config [-] config files: ['/etc/neutron/neutron.conf', '/etc/neutron/ContrailPlugin.ini', '/etc/neutron/api-paste.ini'] log_opt_values /var/lib/kolla/venv/lib/python3.6/site-packages/oslo_config/cfg.py:2593
2025-09-04 02:01:54.239 7 DEBUG neutron.common.config [-] ================================================================================ log_opt_values /var/lib/kolla/venv/lib/python3.6/site-packages/oslo_config/cfg.py:2594
2025-09-04 02:01:54.239 7 DEBUG neutron.common.config [-] allow_bulk = True log_opt_values /var/lib/kolla/venv/lib/python3.6/site-packages/oslo_config/cfg.py:2603
2025-09-04 02:01:54.239 7 WARNING oslo_config.cfg [-] Deprecated: Option "allow_overlapping_ips" from group "DEFAULT" is deprecated for removal. Its value may be silently ignored in the future.
2025-09-04 02:01:54.239 7 DEBUG neutron.common.config [-] allow_overlapping_ips = True log_opt_values /var/lib/kolla/venv/lib/python3.6/site-packages/oslo_config/cfg.py:2603
2025-09-04 02:01:54.239 7 DEBUG neutron.common.config [-] api_extensions_path = /opt/plugin/site-packages/neutron_plugin_contrail/extensions:/opt/plugin/site-packages/neutron_lbaas/extensions log_opt_values /var/lib/kolla/venv/lib/python3.6/site-packages/oslo_config/cfg.py:2603
2025-09-04 02:01:54.239 7 DEBUG neutron.common.config [-] api_paste_config = /etc/neutron/api-paste.ini log_opt_values /var/lib/kolla/venv/lib/python3.6/site-packages/oslo_config/cfg.py:2603
2025-09-04 02:01:54.240 7 DEBUG neutron.common.config [-] api_workers = 1 log_opt_values /var/lib/kolla/venv/lib/python3.6/site-packages/oslo_config/cfg.py:2603
2025-09-04 02:01:54.240 7 DEBUG neutron.common.config [-] auth_strategy = keystone log_opt_values /var/lib/kolla/venv/lib/python3.6/site-packages/oslo_config/cfg.py:2603
2025-09-04 02:01:54.240 7 DEBUG neutron.common.config [-] backlog = 4096 log_opt_values /var/lib/kolla/venv/lib/python3.6/site-packages/oslo_config/cfg.py:2603
2025-09-04 02:01:54.240 7 DEBUG neutron.common.config [-] base_mac = fa:16:3e:00:00:00 log_opt_values /var/lib/kolla/venv/lib/python3.6/site-packages/oslo_config/cfg.py:2603
2025-09-04 02:01:54.240 7 DEBUG neutron.common.config [-] bind_host = 10.0.0.61 log_opt_values /var/lib/kolla/venv/lib/python3.6/site-packages/oslo_config/cfg.py:2603
2025-09-04 02:01:54.240 7 DEBUG neutron.common.config [-] bind_port = 9696 log_opt_values /var/lib/kolla/venv/lib/python3.6/site-packages/oslo_config/cfg.py:2603
2025-09-04 02:01:54.240 7 DEBUG neutron.common.config [-] client_socket_timeout = 900 log_opt_values /var/lib/kolla/venv/lib/python3.6/site-packages/oslo_config/cfg.py:2603
2025-09-04 02:01:54.240 7 DEBUG neutron.common.config [-] config_dir = [] log_opt_values /var/lib/kolla/venv/lib/python3.6/site-packages/oslo_config/cfg.py:2603
2025-09-04 02:01:54.241 7 DEBUG neutron.common.config [-] config_file = ['/etc/neutron/neutron.conf', '/etc/neutron/ContrailPlugin.ini', '/etc/neutron/api-paste.ini'] log_opt_values /var/lib/kolla/venv/lib/python3.6/site-packages/oslo_config/cfg.py:2603
2025-09-04 02:01:54.241 7 DEBUG neutron.common.config [-] config_source = [] log_opt_values /var/lib/kolla/venv/lib/python3.6/site-packages/oslo_config/cfg.py:2603
2025-09-04 02:01:54.241 7 DEBUG neutron.common.config [-] control_exchange = neutron log_opt_values /var/lib/kolla/venv/lib/python3.6/site-packages/oslo_config/cfg.py:2603
2025-09-04 02:01:54.241 7 DEBUG neutron.common.config [-] core_plugin = neutron_plugin_contrail.plugins.opencontrail.contrail_plugin.NeutronPluginContrailCoreV2 log_opt_values /var/lib/kolla/venv/lib/python3.6/site-packages/oslo_config/cfg.py:2603
2025-09-04 02:01:54.241 7 DEBUG neutron.common.config [-] debug = True log_opt_values /var/lib/kolla/venv/lib/python3.6/site-packages/oslo_config/cfg.py:2603
2025-09-04 02:01:54.241 7 DEBUG neutron.common.config [-] default_availability_zones = [] log_opt_values /var/lib/kolla/venv/lib/python3.6/site-packages/oslo_config/cfg.py:2603
2025-09-04 02:01:54.241 7 DEBUG neutron.common.config [-] default_log_levels = ['amqp=WARN', 'amqplib=WARN', 'boto=WARN', 'qpid=WARN', 'sqlalchemy=WARN', 'suds=INFO', 'oslo.messaging=INFO', 'oslo_messaging=INFO', 'iso8601=WARN', 'requests.packages.urllib3.connectionpool=WARN', 'urllib3.connectionpool=WARN', 'websocket=WARN', 'requests.packages.urllib3.util.retry=WARN', 'urllib3.util.retry=WARN', 'keystonemiddleware=WARN', 'routes.middleware=WARN', 'stevedore=WARN', 'taskflow=WARN', 'keystoneauth=WARN', 'oslo.cache=INFO', 'oslo_policy=INFO', 'dogpile.core.dogpile=INFO', 'OFPHandler=INFO', 'OfctlService=INFO', 'os_ken.base.app_manager=INFO', 'os_ken.controller.controller=INFO'] log_opt_values /var/lib/kolla/venv/lib/python3.6/site-packages/oslo_config/cfg.py:2603
2025-09-04 02:01:54.242 7 DEBUG neutron.common.config [-] dhcp_agent_notification = True log_opt_values /var/lib/kolla/venv/lib/python3.6/site-packages/oslo_config/cfg.py:2603
2025-09-04 02:01:54.242 7 DEBUG neutron.common.config [-] dhcp_lease_duration = 86400 log_opt_values /var/lib/kolla/venv/lib/python3.6/site-packages/oslo_config/cfg.py:2603
2025-09-04 02:01:54.242 7 DEBUG neutron.common.config [-] dns_domain = openstacklocal log_opt_values /var/lib/kolla/venv/lib/python3.6/site-packages/oslo_config/cfg.py:2603
2025-09-04 02:01:54.242 7 DEBUG neutron.common.config [-] enable_traditional_dhcp = True log_opt_values /var/lib/kolla/venv/lib/python3.6/site-packages/oslo_config/cfg.py:2603
2025-09-04 02:01:54.242 7 DEBUG neutron.common.config [-] external_dns_driver = None log_opt_values /var/lib/kolla/venv/lib/python3.6/site-packages/oslo_config/cfg.py:2603
2025-09-04 02:01:54.242 7 DEBUG neutron.common.config [-] filter_validation = True log_opt_values /var/lib/kolla/venv/lib/python3.6/site-packages/oslo_config/cfg.py:2603
