2025-09-01 00:39:18.531 164386 DEBUG oslo_service.service [req-21a807cb-fe70-4dad-9221-82a6d9f6b694 - - - - -] instance_name_template = instance-%08x log_opt_values /usr/lib/python3/dist-packages/oslo_config/cfg.py:2602
2025-09-01 00:39:18.531 164386 DEBUG oslo_service.service [req-21a807cb-fe70-4dad-9221-82a6d9f6b694 - - - - -] instance_usage_audit = False log_opt_values /usr/lib/python3/dist-packages/oslo_config/cfg.py:2602
2025-09-01 00:39:18.531 164386 DEBUG oslo_service.service [req-21a807cb-fe70-4dad-9221-82a6d9f6b694 - - - - -] instance_usage_audit_period = month log_opt_values /usr/lib/python3/dist-packages/oslo_config/cfg.py:2602
2025-09-01 00:39:18.532 164386 DEBUG oslo_service.service [req-21a807cb-fe70-4dad-9221-82a6d9f6b694 - - - - -] instance_uuid_format = [instance: %(uuid)s] log_opt_values /usr/lib/python3/dist-packages/oslo_config/cfg.py:2602
2025-09-01 00:39:18.532 164386 DEBUG oslo_service.service [req-21a807cb-fe70-4dad-9221-82a6d9f6b694 - - - - -] instances_path = /var/lib/nova/instances log_opt_values /usr/lib/python3/dist-packages/oslo_config/cfg.py:2602
2025-09-01 00:39:18.532 164386 DEBUG oslo_service.service [req-21a807cb-fe70-4dad-9221-82a6d9f6b694 - - - - -] internal_service_availability_zone = internal log_opt_values /usr/lib/python3/dist-packages/oslo_config/cfg.py:2602
2025-09-01 00:39:18.533 164386 DEBUG oslo_service.service [req-21a807cb-fe70-4dad-9221-82a6d9f6b694 - - - - -] key = None log_opt_values /usr/lib/python3/dist-packages/oslo_config/cfg.py:2602
2025-09-01 00:39:18.535 164386 DEBUG oslo_service.service [req-21a807cb-fe70-4dad-9221-82a6d9f6b694 - - - - -] live_migration_retry_count = 30 log_opt_values /usr/lib/python3/dist-packages/oslo_config/cfg.py:2602
2025-09-01 00:39:18.535 164386 DEBUG oslo_service.service [req-21a807cb-fe70-4dad-9221-82a6d9f6b694 - - - - -] log_config_append = None log_opt_values /usr/lib/python3/dist-packages/oslo_config/cfg.py:2602
2025-09-01 00:39:18.535 164832 DEBUG oslo_db.sqlalchemy.engines [req-545dc295-a7b0-4922-af3f-c5c71b7372d4 - - - - -] MySQL server mode set to STRICT_TRANS_TABLES,STRICT_ALL_TABLES,NO_ZERO_IN_DATE,NO_ZERO_DATE,ERROR_FOR_DIVISION_BY_ZERO,TRADITIONAL,NO_ENGINE_SUBSTITUTION _check_effective_sql_mode /usr/lib/python3/dist-packages/oslo_db/sqlalchemy/engines.py:314
2025-09-01 00:39:18.535 164386 DEBUG oslo_service.service [req-21a807cb-fe70-4dad-9221-82a6d9f6b694 - - - - -] log_date_format = %Y-%m-%d %H:%M:%S log_opt_values /usr/lib/python3/dist-packages/oslo_config/cfg.py:2602
2025-09-01 00:39:18.536 164386 DEBUG oslo_service.service [req-21a807cb-fe70-4dad-9221-82a6d9f6b694 - - - - -] log_dir = /var/log/nova log_opt_values /usr/lib/python3/dist-packages/oslo_config/cfg.py:2602
2025-09-01 00:39:18.536 164386 DEBUG oslo_service.service [req-21a807cb-fe70-4dad-9221-82a6d9f6b694 - - - - -] log_file = /var/log/nova/nova-scheduler.log log_opt_values /usr/lib/python3/dist-packages/oslo_config/cfg.py:2602
2025-09-01 00:39:18.536 164833 DEBUG oslo_db.sqlalchemy.engines [req-bc455c09-4728-4ce9-8540-a2bd33ba9b6f - - - - -] MySQL server mode set to STRICT_TRANS_TABLES,STRICT_ALL_TABLES,NO_ZERO_IN_DATE,NO_ZERO_DATE,ERROR_FOR_DIVISION_BY_ZERO,TRADITIONAL,NO_ENGINE_SUBSTITUTION _check_effective_sql_mode /usr/lib/python3/dist-packages/oslo_db/sqlalchemy/engines.py:314
2025-09-01 00:39:18.536 164386 DEBUG oslo_service.service [req-21a807cb-fe70-4dad-9221-82a6d9f6b694 - - - - -] log_options = True log_opt_values /usr/lib/python3/dist-packages/oslo_config/cfg.py:2602
2025-09-01 00:39:18.537 164386 DEBUG oslo_service.service [req-21a807cb-fe70-4dad-9221-82a6d9f6b694 - - - - -] log_rotate_interval = 1 log_opt_values /usr/lib/python3/dist-packages/oslo_config/cfg.py:2602
2025-09-01 00:39:18.537 164386 DEBUG oslo_service.service [req-21a807cb-fe70-4dad-9221-82a6d9f6b694 - - - - -] log_rotate_interval_type = days log_opt_values /usr/lib/python3/dist-packages/oslo_config/cfg.py:2602
2025-09-01 00:39:18.538 164386 DEBUG oslo_service.service [req-21a807cb-fe70-4dad-9221-82a6d9f6b694 - - - - -] log_rotation_type = none log_opt_values /usr/lib/python3/dist-packages/oslo_config/cfg.py:2602
2025-09-01 00:39:18.538 164830 DEBUG nova.service [req-38c22cd4-7880-4622-acf6-18f984923748 - - - - -] Creating RPC server for service scheduler start /usr/lib/python3/dist-packages/nova/service.py:182
2025-09-01 00:39:18.538 164386 DEBUG oslo_service.service [req-21a807cb-fe70-4dad-9221-82a6d9f6b694 - - - - -] logging_context_format_string = %(asctime)s.%(msecs)03d %(process)d %(levelname)s %(name)s [%(request_id)s %(user_identity)s] %(instance)s%(message)s log_opt_values /usr/lib/python3/dist-packages/oslo_config/cfg.py:2602
2025-09-01 00:39:18.539 164386 DEBUG oslo_service.service [req-21a807cb-fe70-4dad-9221-82a6d9f6b694 - - - - -] logging_debug_format_suffix = %(funcName)s %(pathname)s:%(lineno)d log_opt_values /usr/lib/python3/dist-packages/oslo_config/cfg.py:2602
2025-09-01 00:39:18.539 164386 DEBUG oslo_service.service [req-21a807cb-fe70-4dad-9221-82a6d9f6b694 - - - - -] logging_default_format_string = %(asctime)s.%(msecs)03d %(process)d %(levelname)s %(name)s [-] %(instance)s%(message)s log_opt_values /usr/lib/python3/dist-packages/oslo_config/cfg.py:2602
2025-09-01 00:39:18.539 164386 DEBUG oslo_service.service [req-21a807cb-fe70-4dad-9221-82a6d9f6b694 - - - - -] logging_exception_prefix = %(asctime)s.%(msecs)03d %(process)d ERROR %(name)s %(instance)s log_opt_values /usr/lib/python3/dist-packages/oslo_config/cfg.py:2602
2025-09-01 00:39:18.539 164386 DEBUG oslo_service.service [req-21a807cb-fe70-4dad-9221-82a6d9f6b694 - - - - -] logging_user_identity_format = %(user)s %(project)s %(domain)s %(user_domain)s %(project_domain)s log_opt_values /usr/lib/python3/dist-packages/oslo_config/cfg.py:2602
2025-09-01 00:39:18.539 164386 DEBUG oslo_service.service [req-21a807cb-fe70-4dad-9221-82a6d9f6b694 - - - - -] long_rpc_timeout = 1800 log_opt_values /usr/lib/python3/dist-packages/oslo_config/cfg.py:2602
2025-09-01 00:39:18.540 164386 DEBUG oslo_service.service [req-21a807cb-fe70-4dad-9221-82a6d9f6b694 - - - - -] max_concurrent_builds = 10 log_opt_values /usr/lib/python3/dist-packages/oslo_config/cfg.py:2602
2025-09-01 00:39:18.540 164386 DEBUG oslo_service.service [req-21a807cb-fe70-4dad-9221-82a6d9f6b694 - - - - -] max_concurrent_live_migrations = 1 log_opt_values /usr/lib/python3/dist-packages/oslo_config/cfg.py:2602
2025-09-01 00:39:18.540 164386 DEBUG oslo_service.service [req-21a807cb-fe70-4dad-9221-82a6d9f6b694 - - - - -] max_concurrent_snapshots = 5 log_opt_values /usr/lib/python3/dist-packages/oslo_config/cfg.py:2602
2025-09-01 00:39:18.541 164386 DEBUG oslo_service.service [req-21a807cb-fe70-4dad-9221-82a6d9f6b694 - - - - -] max_local_block_devices = 3 log_opt_values /usr/lib/python3/dist-packages/oslo_config/cfg.py:2602
2025-09-01 00:39:18.541 164386 DEBUG oslo_service.service [req-21a807cb-fe70-4dad-9221-82a6d9f6b694 - - - - -] max_logfile_count = 30 log_opt_values /usr/lib/python3/dist-packages/oslo_config/cfg.py:2602
2025-09-01 00:39:18.541 164386 DEBUG oslo_service.service [req-21a807cb-fe70-4dad-9221-82a6d9f6b694 - - - - -] max_logfile_size_mb = 200 log_opt_values /usr/lib/python3/dist-packages/oslo_config/cfg.py:2602
2025-09-01 00:39:18.542 164386 DEBUG oslo_service.service [req-21a807cb-fe70-4dad-9221-82a6d9f6b694 - - - - -] maximum_instance_delete_attempts = 5 log_opt_values /usr/lib/python3/dist-packages/oslo_config/cfg.py:2602
2025-09-01 00:39:18.542 164386 DEBUG oslo_service.service [req-21a807cb-fe70-4dad-9221-82a6d9f6b694 - - - - -] metadata_listen = 0.0.0.0 log_opt_values /usr/lib/python3/dist-packages/oslo_config/cfg.py:2602
2025-09-01 00:39:18.542 164386 DEBUG oslo_service.service [req-21a807cb-fe70-4dad-9221-82a6d9f6b694 - - - - -] metadata_listen_port = 8765 log_opt_values /usr/lib/python3/dist-packages/oslo_config/cfg.py:2602
2025-09-01 00:39:18.542 164386 DEBUG oslo_service.service [req-21a807cb-fe70-4dad-9221-82a6d9f6b694 - - - - -] metadata_workers = None log_opt_values /usr/lib/python3/dist-packages/oslo_config/cfg.py:2602
2025-09-01 00:39:18.542 164386 DEBUG oslo_service.service [req-21a807cb-fe70-4dad-9221-82a6d9f6b694 - - - - -] migrate_max_retries = -1 log_opt_values /usr/lib/python3/dist-packages/oslo_config/cfg.py:2602
2025-09-01 00:39:18.543 164386 DEBUG oslo_service.service [req-21a807cb-fe70-4dad-9221-82a6d9f6b694 - - - - -] mkisofs_cmd = genisoimage log_opt_values /usr/lib/python3/dist-packages/oslo_config/cfg.py:2602
2025-09-01 00:39:18.543 164386 DEBUG oslo_service.service [req-21a807cb-fe70-4dad-9221-82a6d9f6b694 - - - - -] my_block_storage_ip = 252.57.4.129 log_opt_values /usr/lib/python3/dist-packages/oslo_config/cfg.py:2602
2025-09-01 00:39:18.544 164386 DEBUG oslo_service.service [req-21a807cb-fe70-4dad-9221-82a6d9f6b694 - - - - -] my_ip = 252.57.4.129 log_opt_values /usr/lib/python3/dist-packages/oslo_config/cfg.py:2602
2025-09-01 00:39:18.545 164386 DEBUG oslo_service.service [req-21a807cb-fe70-4dad-9221-82a6d9f6b694 - - - - -] network_allocate_retries = 0 log_opt_values /usr/lib/python3/dist-packages/oslo_config/cfg.py:2602
2025-09-01 00:39:18.545 164386 DEBUG oslo_service.service [req-21a807cb-fe70-4dad-9221-82a6d9f6b694 - - - - -] non_inheritable_image_properties = ['cache_in_nova', 'bittorrent'] log_opt_values /usr/lib/python3/dist-packages/oslo_config/cfg.py:2602
2025-09-01 00:39:18.545 164386 DEBUG oslo_service.service [req-21a807cb-fe70-4dad-9221-82a6d9f6b694 - - - - -] osapi_compute_listen = 0.0.0.0 log_opt_values /usr/lib/python3/dist-packages/oslo_config/cfg.py:2602
2025-09-01 00:39:18.545 164386 DEBUG oslo_service.service [req-21a807cb-fe70-4dad-9221-82a6d9f6b694 - - - - -] osapi_compute_listen_port = 8764 log_opt_values /usr/lib/python3/dist-packages/oslo_config/cfg.py:2602
2025-09-01 00:39:18.545 164386 DEBUG oslo_service.service [req-21a807cb-fe70-4dad-9221-82a6d9f6b694 - - - - -] osapi_compute_unique_server_name_scope = log_opt_values /usr/lib/python3/dist-packages/oslo_config/cfg.py:2602
2025-09-01 00:39:18.545 164831 DEBUG nova.service [req-121031ce-f604-48bd-9906-75fa94ab4441 - - - - -] Creating RPC server for service scheduler start /usr/lib/python3/dist-packages/nova/service.py:182
2025-09-01 00:39:18.546 164386 DEBUG oslo_service.service [req-21a807cb-fe70-4dad-9221-82a6d9f6b694 - - - - -] osapi_compute_workers = 4 log_opt_values /usr/lib/python3/dist-packages/oslo_config/cfg.py:2602
2025-09-01 00:39:18.546 164386 DEBUG oslo_service.service [req-21a807cb-fe70-4dad-9221-82a6d9f6b694 - - - - -] password_length = 12 log_opt_values /usr/lib/python3/dist-packages/oslo_config/cfg.py:2602
2025-09-01 00:39:18.546 164386 DEBUG oslo_service.service [req-21a807cb-fe70-4dad-9221-82a6d9f6b694 - - - - -] periodic_enable = True log_opt_values /usr/lib/python3/dist-packages/oslo_config/cfg.py:2602
2025-09-01 00:39:18.546 164386 DEBUG oslo_service.service [req-21a807cb-fe70-4dad-9221-82a6d9f6b694 - - - - -] periodic_fuzzy_delay = 60 log_opt_values /usr/lib/python3/dist-packages/oslo_config/cfg.py:2602
2025-09-01 00:39:18.546 164386 DEBUG oslo_service.service [req-21a807cb-fe70-4dad-9221-82a6d9f6b694 - - - - -] pointer_model = usbtablet log_opt_values /usr/lib/python3/dist-packages/oslo_config/cfg.py:2602
2025-09-01 00:39:18.547 164386 DEBUG oslo_service.service [req-21a807cb-fe70-4dad-9221-82a6d9f6b694 - - - - -] preallocate_images = none log_opt_values /usr/lib/python3/dist-packages/oslo_config/cfg.py:2602
2025-09-01 00:39:18.547 164386 DEBUG oslo_service.service [req-21a807cb-fe70-4dad-9221-82a6d9f6b694 - - - - -] publish_errors = False log_opt_values /usr/lib/python3/dist-packages/oslo_config/cfg.py:2602
2025-09-01 00:39:18.547 164386 DEBUG oslo_service.service [req-21a807cb-fe70-4dad-9221-82a6d9f6b694 - - - - -] pybasedir = /usr/lib/python3/dist-packages log_opt_values /usr/lib/python3/dist-packages/oslo_config/cfg.py:2602
2025-09-01 00:39:18.547 164386 DEBUG oslo_service.service [req-21a807cb-fe70-4dad-9221-82a6d9f6b694 - - - - -] ram_allocation_ratio = 0.98 log_opt_values /usr/lib/python3/dist-packages/oslo_config/cfg.py:2602
2025-09-01 00:39:18.547 164386 DEBUG oslo_service.service [req-21a807cb-fe70-4dad-9221-82a6d9f6b694 - - - - -] rate_limit_burst = 0 log_opt_values /usr/lib/python3/dist-packages/oslo_config/cfg.py:2602
2025-09-01 00:39:18.547 164386 DEBUG oslo_service.service [req-21a807cb-fe70-4dad-9221-82a6d9f6b694 - - - - -] rate_limit_except_level = CRITICAL log_opt_values /usr/lib/python3/dist-packages/oslo_config/cfg.py:2602
2025-09-01 00:39:18.548 164386 DEBUG oslo_service.service [req-21a807cb-fe70-4dad-9221-82a6d9f6b694 - - - - -] rate_limit_interval = 0 log_opt_values /usr/lib/python3/dist-packages/oslo_config/cfg.py:2602
2025-09-01 00:39:18.548 164386 DEBUG oslo_service.service [req-21a807cb-fe70-4dad-9221-82a6d9f6b694 - - - - -] reboot_timeout = 0 log_opt_values /usr/lib/python3/dist-packages/oslo_config/cfg.py:2602
2025-09-01 00:39:18.548 164386 DEBUG oslo_service.service [req-21a807cb-fe70-4dad-9221-82a6d9f6b694 - - - - -] reclaim_instance_interval = 0 log_opt_values /usr/lib/python3/dist-packages/oslo_config/cfg.py:2602
2025-09-01 00:39:18.549 164386 DEBUG oslo_service.service [req-21a807cb-fe70-4dad-9221-82a6d9f6b694 - - - - -] record = None log_opt_values /usr/lib/python3/dist-packages/oslo_config/cfg.py:2602
2025-09-01 00:39:18.549 164386 DEBUG oslo_service.service [req-21a807cb-fe70-4dad-9221-82a6d9f6b694 - - - - -] report_interval = 10 log_opt_values /usr/lib/python3/dist-packages/oslo_config/cfg.py:2602
2025-09-01 00:39:18.549 164386 DEBUG oslo_service.service [req-21a807cb-fe70-4dad-9221-82a6d9f6b694 - - - - -] rescue_timeout = 0 log_opt_values /usr/lib/python3/dist-packages/oslo_config/cfg.py:2602
2025-09-01 00:39:18.549 164386 DEBUG oslo_service.service [req-21a807cb-fe70-4dad-9221-82a6d9f6b694 - - - - -] reserved_host_cpus = 0 log_opt_values /usr/lib/python3/dist-packages/oslo_config/cfg.py:2602
2025-09-01 00:39:18.549 164386 DEBUG oslo_service.service [req-21a807cb-fe70-4dad-9221-82a6d9f6b694 - - - - -] reserved_host_disk_mb = 0 log_opt_values /usr/lib/python3/dist-packages/oslo_config/cfg.py:2602
2025-09-01 00:39:18.550 164386 DEBUG oslo_service.service [req-21a807cb-fe70-4dad-9221-82a6d9f6b694 - - - - -] reserved_host_memory_mb = 512 log_opt_values /usr/lib/python3/dist-packages/oslo_config/cfg.py:2602
2025-09-01 00:39:18.550 164386 DEBUG oslo_service.service [req-21a807cb-fe70-4dad-9221-82a6d9f6b694 - - - - -] reserved_huge_pages = None log_opt_values /usr/lib/python3/dist-packages/oslo_config/cfg.py:2602
2025-09-01 00:39:18.550 164386 DEBUG oslo_service.service [req-21a807cb-fe70-4dad-9221-82a6d9f6b694 - - - - -] resize_confirm_window = 0 log_opt_values /usr/lib/python3/dist-packages/oslo_config/cfg.py:2602
2025-09-01 00:39:18.551 164386 DEBUG oslo_service.service [req-21a807cb-fe70-4dad-9221-82a6d9f6b694 - - - - -] resize_fs_using_block_device = False log_opt_values /usr/lib/python3/dist-packages/oslo_config/cfg.py:2602
2025-09-01 00:39:18.551 164386 DEBUG oslo_service.service [req-21a807cb-fe70-4dad-9221-82a6d9f6b694 - - - - -] resume_guests_state_on_host_boot = False log_opt_values /usr/lib/python3/dist-packages/oslo_config/cfg.py:2602
2025-09-01 00:39:18.551 164386 DEBUG oslo_service.service [req-21a807cb-fe70-4dad-9221-82a6d9f6b694 - - - - -] rootwrap_config = /etc/nova/rootwrap.conf log_opt_values /usr/lib/python3/dist-packages/oslo_config/cfg.py:2602
2025-09-01 00:39:18.551 164832 DEBUG nova.service [req-545dc295-a7b0-4922-af3f-c5c71b7372d4 - - - - -] Creating RPC server for service scheduler start /usr/lib/python3/dist-packages/nova/service.py:182
2025-09-01 00:39:18.551 164386 DEBUG oslo_service.service [req-21a807cb-fe70-4dad-9221-82a6d9f6b694 - - - - -] run_external_periodic_tasks = True log_opt_values /usr/lib/python3/dist-packages/oslo_config/cfg.py:2602
2025-09-01 00:39:18.551 164386 DEBUG oslo_service.service [req-21a807cb-fe70-4dad-9221-82a6d9f6b694 - - - - -] running_deleted_instance_action = reap log_opt_values /usr/lib/python3/dist-packages/oslo_config/cfg.py:2602
2025-09-01 00:39:18.552 164386 DEBUG oslo_service.service [req-21a807cb-fe70-4dad-9221-82a6d9f6b694 - - - - -] running_deleted_instance_poll_interval = 1800 log_opt_values /usr/lib/python3/dist-packages/oslo_config/cfg.py:2602
2025-09-01 00:39:18.552 164386 DEBUG oslo_service.service [req-21a807cb-fe70-4dad-9221-82a6d9f6b694 - - - - -] running_deleted_instance_timeout = 0 log_opt_values /usr/lib/python3/dist-packages/oslo_config/cfg.py:2602
2025-09-01 00:39:18.552 164386 DEBUG oslo_service.service [req-21a807cb-fe70-4dad-9221-82a6d9f6b694 - - - - -] scheduler_instance_sync_interval = 120 log_opt_values /usr/lib/python3/dist-packages/oslo_config/cfg.py:2602
2025-09-01 00:39:18.552 164386 DEBUG oslo_service.service [req-21a807cb-fe70-4dad-9221-82a6d9f6b694 - - - - -] service_down_time = 60 log_opt_values /usr/lib/python3/dist-packages/oslo_config/cfg.py:2602
2025-09-01 00:39:18.553 164386 DEBUG oslo_service.service [req-21a807cb-fe70-4dad-9221-82a6d9f6b694 - - - - -] servicegroup_driver = db log_opt_values /usr/lib/python3/dist-packages/oslo_config/cfg.py:2602
2025-09-01 00:39:18.553 164386 DEBUG oslo_service.service [req-21a807cb-fe70-4dad-9221-82a6d9f6b694 - - - - -] shelved_offload_time = 0 log_opt_values /usr/lib/python3/dist-packages/oslo_config/cfg.py:2602
2025-09-01 00:39:18.553 164386 DEBUG oslo_service.service [req-21a807cb-fe70-4dad-9221-82a6d9f6b694 - - - - -] shelved_poll_interval = 3600 log_opt_values /usr/lib/python3/dist-packages/oslo_config/cfg.py:2602
2025-09-01 00:39:18.553 164833 DEBUG nova.service [req-bc455c09-4728-4ce9-8540-a2bd33ba9b6f - - - - -] Creating RPC server for service scheduler start /usr/lib/python3/dist-packages/nova/service.py:182
2025-09-01 00:39:18.554 164386 DEBUG oslo_service.service [req-21a807cb-fe70-4dad-9221-82a6d9f6b694 - - - - -] shutdown_timeout = 60 log_opt_values /usr/lib/python3/dist-packages/oslo_config/cfg.py:2602
2025-09-01 00:39:18.554 164386 DEBUG oslo_service.service [req-21a807cb-fe70-4dad-9221-82a6d9f6b694 - - - - -] source_is_ipv6 = False log_opt_values /usr/lib/python3/dist-packages/oslo_config/cfg.py:2602
2025-09-01 00:39:18.554 164386 DEBUG oslo_service.service [req-21a807cb-fe70-4dad-9221-82a6d9f6b694 - - - - -] ssl_only = False log_opt_values /usr/lib/python3/dist-packages/oslo_config/cfg.py:2602
2025-09-01 00:39:18.554 164386 DEBUG oslo_service.service [req-21a807cb-fe70-4dad-9221-82a6d9f6b694 - - - - -] state_path = /var/lib/nova log_opt_values /usr/lib/python3/dist-packages/oslo_config/cfg.py:2602
2025-09-01 00:39:18.554 164386 DEBUG oslo_service.service [req-21a807cb-fe70-4dad-9221-82a6d9f6b694 - - - - -] sync_power_state_interval = 600 log_opt_values /usr/lib/python3/dist-packages/oslo_config/cfg.py:2602
2025-09-01 00:39:18.555 164386 DEBUG oslo_service.service [req-21a807cb-fe70-4dad-9221-82a6d9f6b694 - - - - -] sync_power_state_pool_size = 1000 log_opt_values /usr/lib/python3/dist-packages/oslo_config/cfg.py:2602
2025-09-01 00:39:18.556 164386 DEBUG oslo_service.service [req-21a807cb-fe70-4dad-9221-82a6d9f6b694 - - - - -] syslog_log_facility = LOG_USER log_opt_values /usr/lib/python3/dist-packages/oslo_config/cfg.py:2602
2025-09-01 00:39:18.556 164386 DEBUG oslo_service.service [req-21a807cb-fe70-4dad-9221-82a6d9f6b694 - - - - -] tempdir = None log_opt_values /usr/lib/python3/dist-packages/oslo_config/cfg.py:2602
2025-09-01 00:39:18.556 164386 DEBUG oslo_service.service [req-21a807cb-fe70-4dad-9221-82a6d9f6b694 - - - - -] timeout_nbd = 10 log_opt_values /usr/lib/python3/dist-packages/oslo_config/cfg.py:2602
2025-09-01 00:39:18.557 164386 DEBUG oslo_service.service [req-21a807cb-fe70-4dad-9221-82a6d9f6b694 - - - - -] transport_url = **** log_opt_values /usr/lib/python3/dist-packages/oslo_config/cfg.py:2602
2025-09-01 00:39:18.559 164386 DEBUG oslo_service.service [req-21a807cb-fe70-4dad-9221-82a6d9f6b694 - - - - -] update_resources_interval = 0 log_opt_values /usr/lib/python3/dist-packages/oslo_config/cfg.py:2602
2025-09-01 00:39:18.561 164386 DEBUG oslo_service.service [req-21a807cb-fe70-4dad-9221-82a6d9f6b694 - - - - -] use_cow_images = True log_opt_values /usr/lib/python3/dist-packages/oslo_config/cfg.py:2602
2025-09-01 00:39:18.562 164386 DEBUG oslo_service.service [req-21a807cb-fe70-4dad-9221-82a6d9f6b694 - - - - -] use_eventlog = False log_opt_values /usr/lib/python3/dist-packages/oslo_config/cfg.py:2602
2025-09-01 00:39:18.562 164386 DEBUG oslo_service.service [req-21a807cb-fe70-4dad-9221-82a6d9f6b694 - - - - -] use_journal = False log_opt_values /usr/lib/python3/dist-packages/oslo_config/cfg.py:2602
2025-09-01 00:39:18.562 164830 DEBUG oslo_messaging._drivers.amqpdriver [-] Listener is running poll /usr/lib/python3/dist-packages/oslo_messaging/_drivers/amqpdriver.py:343
2025-09-01 00:39:18.562 164386 DEBUG oslo_service.service [req-21a807cb-fe70-4dad-9221-82a6d9f6b694 - - - - -] use_json = False log_opt_values /usr/lib/python3/dist-packages/oslo_config/cfg.py:2602
2025-09-01 00:39:18.562 164830 DEBUG oslo_messaging._drivers.amqpdriver [-] AMQPListener connection consume poll /usr/lib/python3/dist-packages/oslo_messaging/_drivers/amqpdriver.py:357
2025-09-01 00:39:18.562 164386 DEBUG oslo_service.service [req-21a807cb-fe70-4dad-9221-82a6d9f6b694 - - - - -] use_rootwrap_daemon = False log_opt_values /usr/lib/python3/dist-packages/oslo_config/cfg.py:2602
2025-09-01 00:39:18.563 164386 DEBUG oslo_service.service [req-21a807cb-fe70-4dad-9221-82a6d9f6b694 - - - - -] use_stderr = False log_opt_values /usr/lib/python3/dist-packages/oslo_config/cfg.py:2602
2025-09-01 00:39:18.563 164830 DEBUG nova.service [req-38c22cd4-7880-4622-acf6-18f984923748 - - - - -] Join ServiceGroup membership for this service scheduler start /usr/lib/python3/dist-packages/nova/service.py:199
2025-09-01 00:39:18.564 164830 DEBUG nova.servicegroup.drivers.db [req-38c22cd4-7880-4622-acf6-18f984923748 - - - - -] DB_Driver: join new ServiceGroup member juju-8e3293-0-lxd-7 to the scheduler group, service = join /usr/lib/python3/dist-packages/nova/servicegroup/drivers/db.py:44
2025-09-01 00:39:18.564 164386 DEBUG oslo_service.service [req-21a807cb-fe70-4dad-9221-82a6d9f6b694 - - - - -] use_syslog = False log_opt_values /usr/lib/python3/dist-packages/oslo_config/cfg.py:2602
2025-09-01 00:39:18.565 164386 DEBUG oslo_service.service [req-21a807cb-fe70-4dad-9221-82a6d9f6b694 - - - - -] vcpu_pin_set = None log_opt_values /usr/lib/python3/dist-packages/oslo_config/cfg.py:2602
2025-09-01 00:39:18.565 164386 DEBUG oslo_service.service [req-21a807cb-fe70-4dad-9221-82a6d9f6b694 - - - - -] vif_plugging_is_fatal = True log_opt_values /usr/lib/python3/dist-packages/oslo_config/cfg.py:2602
2025-09-01 00:39:18.566 164830 DEBUG oslo_messaging._drivers.amqpdriver [-] AMQPListener connection timeout poll /usr/lib/python3/dist-packages/oslo_messaging/_drivers/amqpdriver.py:360
2025-09-01 00:39:18.566 164830 DEBUG oslo_messaging._drivers.amqpdriver [-] Listener is running poll /usr/lib/python3/dist-packages/oslo_messaging/_drivers/amqpdriver.py:343
2025-09-01 00:39:18.566 164830 DEBUG oslo_messaging._drivers.amqpdriver [-] AMQPListener connection consume poll /usr/lib/python3/dist-packages/oslo_messaging/_drivers/amqpdriver.py:357
2025-09-01 00:39:18.567 164386 DEBUG oslo_service.service [req-21a807cb-fe70-4dad-9221-82a6d9f6b694 - - - - -] vif_plugging_timeout = 300 log_opt_values /usr/lib/python3/dist-packages/oslo_config/cfg.py:2602
2025-09-01 00:39:18.568 164386 DEBUG oslo_service.service [req-21a807cb-fe70-4dad-9221-82a6d9f6b694 - - - - -] virt_mkfs = [] log_opt_values /usr/lib/python3/dist-packages/oslo_config/cfg.py:2602
2025-09-01 00:39:18.569 164831 DEBUG oslo_messaging._drivers.amqpdriver [-] Listener is running poll /usr/lib/python3/dist-packages/oslo_messaging/_drivers/amqpdriver.py:343
2025-09-01 00:39:18.569 164831 DEBUG oslo_messaging._drivers.amqpdriver [-] AMQPListener connection consume poll /usr/lib/python3/dist-packages/oslo_messaging/_drivers/amqpdriver.py:357
2025-09-01 00:39:18.569 164386 DEBUG oslo_service.service [req-21a807cb-fe70-4dad-9221-82a6d9f6b694 - - - - -] volume_usage_poll_interval = 0 log_opt_values /usr/lib/python3/dist-packages/oslo_config/cfg.py:2602
2025-09-01 00:39:18.569 164831 DEBUG nova.service [req-121031ce-f604-48bd-9906-75fa94ab4441 - - - - -] Join ServiceGroup membership for this service scheduler start /usr/lib/python3/dist-packages/nova/service.py:199
2025-09-01 00:39:18.570 164831 DEBUG nova.servicegroup.drivers.db [req-121031ce-f604-48bd-9906-75fa94ab4441 - - - - -] DB_Driver: join new ServiceGroup member juju-8e3293-0-lxd-7 to the scheduler group, service = join /usr/lib/python3/dist-packages/nova/servicegroup/drivers/db.py:44
2025-09-01 00:39:18.570 164386 DEBUG oslo_service.service [req-21a807cb-fe70-4dad-9221-82a6d9f6b694 - - - - -] watch_log_file = False log_opt_values /usr/lib/python3/dist-packages/oslo_config/cfg.py:2602
2025-09-01 00:39:18.572 164831 DEBUG oslo_messaging._drivers.amqpdriver [-] AMQPListener connection timeout poll /usr/lib/python3/dist-packages/oslo_messaging/_drivers/amqpdriver.py:360
2025-09-01 00:39:18.572 164831 DEBUG oslo_messaging._drivers.amqpdriver [-] Listener is running poll /usr/lib/python3/dist-packages/oslo_messaging/_drivers/amqpdriver.py:343
2025-09-01 00:39:18.573 164831 DEBUG oslo_messaging._drivers.amqpdriver [-] AMQPListener connection consume poll /usr/lib/python3/dist-packages/oslo_messaging/_drivers/amqpdriver.py:357
2025-09-01 00:39:18.572 164386 DEBUG oslo_service.service [req-21a807cb-fe70-4dad-9221-82a6d9f6b694 - - - - -] web = /usr/share/spice-html5 log_opt_values /usr/lib/python3/dist-packages/oslo_config/cfg.py:2602
2025-09-01 00:39:18.574 164386 DEBUG oslo_service.service [req-21a807cb-fe70-4dad-9221-82a6d9f6b694 - - - - -] oslo_concurrency.disable_process_locking = False log_opt_values /usr/lib/python3/dist-packages/oslo_config/cfg.py:2609
2025-09-01 00:39:18.574 164832 DEBUG oslo_messaging._drivers.amqpdriver [-] Listener is running poll /usr/lib/python3/dist-packages/oslo_messaging/_drivers/amqpdriver.py:343
2025-09-01 00:39:18.574 164386 DEBUG oslo_service.service [req-21a807cb-fe70-4dad-9221-82a6d9f6b694 - - - - -] oslo_concurrency.lock_path = /var/lock/nova log_opt_values /usr/lib/python3/dist-packages/oslo_config/cfg.py:2609
2025-09-01 00:39:18.574 164832 DEBUG oslo_messaging._drivers.amqpdriver [-] AMQPListener connection consume poll /usr/lib/python3/dist-packages/oslo_messaging/_drivers/amqpdriver.py:357
2025-09-01 00:39:18.574 164386 WARNING oslo_config.cfg [req-21a807cb-fe70-4dad-9221-82a6d9f6b694 - - - - -] Deprecated: Option "auth_strategy" from group "api" is deprecated for removal ( The only non-default choice, ``noauth2``, is for internal development and testing purposes only and should not be used in deployments. This option and its middleware, NoAuthMiddleware[V2_18], will be removed in a future release. ). Its value may be silently ignored in the future.
2025-09-01 00:39:18.574 164832 DEBUG nova.service [req-545dc295-a7b0-4922-af3f-c5c71b7372d4 - - - - -] Join ServiceGroup membership for this service scheduler start /usr/lib/python3/dist-packages/nova/service.py:199
2025-09-01 00:39:18.575 164386 DEBUG oslo_service.service [req-21a807cb-fe70-4dad-9221-82a6d9f6b694 - - - - -] api.auth_strategy = keystone log_opt_values /usr/lib/python3/dist-packages/oslo_config/cfg.py:2609
2025-09-01 00:39:18.575 164832 DEBUG nova.servicegroup.drivers.db [req-545dc295-a7b0-4922-af3f-c5c71b7372d4 - - - - -] DB_Driver: join new ServiceGroup member juju-8e3293-0-lxd-7 to the scheduler group, service = join /usr/lib/python3/dist-packages/nova/servicegroup/drivers/db.py:44
2025-09-01 00:39:18.575 164386 DEBUG oslo_service.service [req-21a807cb-fe70-4dad-9221-82a6d9f6b694 - - - - -] api.compute_link_prefix = None log_opt_values /usr/lib/python3/dist-packages/oslo_config/cfg.py:2609
2025-09-01 00:39:18.575 164386 DEBUG oslo_service.service [req-21a807cb-fe70-4dad-9221-82a6d9f6b694 - - - - -] api.config_drive_skip_versions = 1.0 2007-01-19 2007-03-01 2007-08-29 2007-10-10 2007-12-15 2008-02-01 2008-09-01 log_opt_values /usr/lib/python3/dist-packages/oslo_config/cfg.py:2609
2025-09-01 00:39:18.576 164386 DEBUG oslo_service.service [req-21a807cb-fe70-4dad-9221-82a6d9f6b694 - - - - -] api.dhcp_domain = novalocal log_opt_values /usr/lib/python3/dist-packages/oslo_config/cfg.py:2609
2025-09-01 00:39:18.576 164386 DEBUG oslo_service.service [req-21a807cb-fe70-4dad-9221-82a6d9f6b694 - - - - -] api.enable_instance_password = True log_opt_values /usr/lib/python3/dist-packages/oslo_config/cfg.py:2609
2025-09-01 00:39:18.576 164386 DEBUG oslo_service.service [req-21a807cb-fe70-4dad-9221-82a6d9f6b694 - - - - -] api.glance_link_prefix = None log_opt_values /usr/lib/python3/dist-packages/oslo_config/cfg.py:2609
2025-09-01 00:39:18.576 164386 DEBUG oslo_service.service [req-21a807cb-fe70-4dad-9221-82a6d9f6b694 - - - - -] api.instance_list_cells_batch_fixed_size = 100 log_opt_values /usr/lib/python3/dist-packages/oslo_config/cfg.py:2609
2025-09-01 00:39:18.576 164386 DEBUG oslo_service.service [req-21a807cb-fe70-4dad-9221-82a6d9f6b694 - - - - -] api.instance_list_cells_batch_strategy = distributed log_opt_values /usr/lib/python3/dist-packages/oslo_config/cfg.py:2609
2025-09-01 00:39:18.577 164386 DEBUG oslo_service.service [req-21a807cb-fe70-4dad-9221-82a6d9f6b694 - - - - -] api.instance_list_per_project_cells = False log_opt_values /usr/lib/python3/dist-packages/oslo_config/cfg.py:2609
2025-09-01 00:39:18.577 164386 DEBUG oslo_service.service [req-21a807cb-fe70-4dad-9221-82a6d9f6b694 - - - - -] api.list_records_by_skipping_down_cells = True log_opt_values /usr/lib/python3/dist-packages/oslo_config/cfg.py:2609
2025-09-01 00:39:18.577 164386 DEBUG oslo_service.service [req-21a807cb-fe70-4dad-9221-82a6d9f6b694 - - - - -] api.local_metadata_per_cell = False log_opt_values /usr/lib/python3/dist-packages/oslo_config/cfg.py:2609
2025-09-01 00:39:18.577 164386 DEBUG oslo_service.service [req-21a807cb-fe70-4dad-9221-82a6d9f6b694 - - - - -] api.max_limit = 1000 log_opt_values /usr/lib/python3/dist-packages/oslo_config/cfg.py:2609
2025-09-01 00:39:18.577 164386 DEBUG oslo_service.service [req-21a807cb-fe70-4dad-9221-82a6d9f6b694 - - - - -] api.metadata_cache_expiration = 15 log_opt_values /usr/lib/python3/dist-packages/oslo_config/cfg.py:2609
2025-09-01 00:39:18.578 164386 DEBUG oslo_service.service [req-21a807cb-fe70-4dad-9221-82a6d9f6b694 - - - - -] api.neutron_default_tenant_id = default log_opt_values /usr/lib/python3/dist-packages/oslo_config/cfg.py:2609
2025-09-01 00:39:18.578 164832 DEBUG oslo_messaging._drivers.amqpdriver [-] AMQPListener connection timeout poll /usr/lib/python3/dist-packages/oslo_messaging/_drivers/amqpdriver.py:360
2025-09-01 00:39:18.578 164386 DEBUG oslo_service.service [req-21a807cb-fe70-4dad-9221-82a6d9f6b694 - - - - -] api.use_forwarded_for = False log_opt_values /usr/lib/python3/dist-packages/oslo_config/cfg.py:2609
2025-09-01 00:39:18.578 164832 DEBUG oslo_messaging._drivers.amqpdriver [-] Listener is running poll /usr/lib/python3/dist-packages/oslo_messaging/_drivers/amqpdriver.py:343
2025-09-01 00:39:18.578 164832 DEBUG oslo_messaging._drivers.amqpdriver [-] AMQPListener connection consume poll /usr/lib/python3/dist-packages/oslo_messaging/_drivers/amqpdriver.py:357
2025-09-01 00:39:18.578 164833 DEBUG oslo_messaging._drivers.amqpdriver [-] Listener is running poll /usr/lib/python3/dist-packages/oslo_messaging/_drivers/amqpdriver.py:343
2025-09-01 00:39:18.578 164386 DEBUG oslo_service.service [req-21a807cb-fe70-4dad-9221-82a6d9f6b694 - - - - -] api.use_neutron_default_nets = False log_opt_values /usr/lib/python3/dist-packages/oslo_config/cfg.py:2609
2025-09-01 00:39:18.578 164833 DEBUG oslo_messaging._drivers.amqpdriver [-] AMQPListener connection consume poll /usr/lib/python3/dist-packages/oslo_messaging/_drivers/amqpdriver.py:357
2025-09-01 00:39:18.578 164386 DEBUG oslo_service.service [req-21a807cb-fe70-4dad-9221-82a6d9f6b694 - - - - -] api.vendordata_dynamic_connect_timeout = 5 log_opt_values /usr/lib/python3/dist-packages/oslo_config/cfg.py:2609
2025-09-01 00:39:18.578 164386 DEBUG oslo_service.service [req-21a807cb-fe70-4dad-9221-82a6d9f6b694 - - - - -] api.vendordata_dynamic_failure_fatal = False log_opt_values /usr/lib/python3/dist-packages/oslo_config/cfg.py:2609
2025-09-01 00:39:18.579 164386 DEBUG oslo_service.service [req-21a807cb-fe70-4dad-9221-82a6d9f6b694 - - - - -] api.vendordata_dynamic_read_timeout = 5 log_opt_values /usr/lib/python3/dist-packages/oslo_config/cfg.py:2609
2025-09-01 00:39:18.579 164386 DEBUG oslo_service.service [req-21a807cb-fe70-4dad-9221-82a6d9f6b694 - - - - -] api.vendordata_dynamic_ssl_certfile = log_opt_values /usr/lib/python3/dist-packages/oslo_config/cfg.py:2609
2025-09-01 00:39:18.579 164833 DEBUG nova.service [req-bc455c09-4728-4ce9-8540-a2bd33ba9b6f - - - - -] Join ServiceGroup membership for this service scheduler start /usr/lib/python3/dist-packages/nova/service.py:199
2025-09-01 00:39:18.579 164386 DEBUG oslo_service.service [req-21a807cb-fe70-4dad-9221-82a6d9f6b694 - - - - -] api.vendordata_dynamic_targets = [] log_opt_values /usr/lib/python3/dist-packages/oslo_config/cfg.py:2609
2025-09-01 00:39:18.579 164833 DEBUG nova.servicegroup.drivers.db [req-bc455c09-4728-4ce9-8540-a2bd33ba9b6f - - - - -] DB_Driver: join new ServiceGroup member juju-8e3293-0-lxd-7 to the scheduler group, service = join /usr/lib/python3/dist-packages/nova/servicegroup/drivers/db.py:44
2025-09-01 00:39:18.579 164386 DEBUG oslo_service.service [req-21a807cb-fe70-4dad-9221-82a6d9f6b694 - - - - -] api.vendordata_jsonfile_path = None log_opt_values /usr/lib/python3/dist-packages/oslo_config/cfg.py:2609
2025-09-01 00:39:18.579 164386 DEBUG oslo_service.service [req-21a807cb-fe70-4dad-9221-82a6d9f6b694 - - - - -] api.vendordata_providers = ['StaticJSON'] log_opt_values /usr/lib/python3/dist-packages/oslo_config/cfg.py:2609
2025-09-01 00:39:18.580 164386 DEBUG oslo_service.service [req-21a807cb-fe70-4dad-9221-82a6d9f6b694 - - - - -] cache.backend = dogpile.cache.null log_opt_values /usr/lib/python3/dist-packages/oslo_config/cfg.py:2609
2025-09-01 00:39:18.580 164386 DEBUG oslo_service.service [req-21a807cb-fe70-4dad-9221-82a6d9f6b694 - - - - -] cache.backend_argument = **** log_opt_values /usr/lib/python3/dist-packages/oslo_config/cfg.py:2609
2025-09-01 00:39:18.580 164386 DEBUG oslo_service.service [req-21a807cb-fe70-4dad-9221-82a6d9f6b694 - - - - -] cache.config_prefix = cache.oslo log_opt_values /usr/lib/python3/dist-packages/oslo_config/cfg.py:2609
2025-09-01 00:39:18.580 164386 DEBUG oslo_service.service [req-21a807cb-fe70-4dad-9221-82a6d9f6b694 - - - - -] cache.debug_cache_backend = False log_opt_values /usr/lib/python3/dist-packages/oslo_config/cfg.py:2609
2025-09-01 00:39:18.580 164386 DEBUG oslo_service.service [req-21a807cb-fe70-4dad-9221-82a6d9f6b694 - - - - -] cache.enabled = False log_opt_values /usr/lib/python3/dist-packages/oslo_config/cfg.py:2609
2025-09-01 00:39:18.581 164386 DEBUG oslo_service.service [req-21a807cb-fe70-4dad-9221-82a6d9f6b694 - - - - -] cache.expiration_time = 600 log_opt_values /usr/lib/python3/dist-packages/oslo_config/cfg.py:2609
2025-09-01 00:39:18.581 164386 DEBUG oslo_service.service [req-21a807cb-fe70-4dad-9221-82a6d9f6b694 - - - - -] cache.memcache_dead_retry = 300 log_opt_values /usr/lib/python3/dist-packages/oslo_config/cfg.py:2609
2025-09-01 00:39:18.581 164386 DEBUG oslo_service.service [req-21a807cb-fe70-4dad-9221-82a6d9f6b694 - - - - -] cache.memcache_pool_connection_get_timeout = 10 log_opt_values /usr/lib/python3/dist-packages/oslo_config/cfg.py:2609
2025-09-01 00:39:18.581 164386 DEBUG oslo_service.service [req-21a807cb-fe70-4dad-9221-82a6d9f6b694 - - - - -] cache.memcache_pool_flush_on_reconnect = False log_opt_values /usr/lib/python3/dist-packages/oslo_config/cfg.py:2609
2025-09-01 00:39:18.581 164386 DEBUG oslo_service.service [req-21a807cb-fe70-4dad-9221-82a6d9f6b694 - - - - -] cache.memcache_pool_maxsize = 10 log_opt_values /usr/lib/python3/dist-packages/oslo_config/cfg.py:2609
2025-09-01 00:39:18.582 164386 DEBUG oslo_service.service [req-21a807cb-fe70-4dad-9221-82a6d9f6b694 - - - - -] cache.memcache_pool_unused_timeout = 60 log_opt_values /usr/lib/python3/dist-packages/oslo_config/cfg.py:2609
2025-09-01 00:39:18.581 164833 DEBUG oslo_messaging._drivers.amqpdriver [-] AMQPListener connection timeout poll /usr/lib/python3/dist-packages/oslo_messaging/_drivers/amqpdriver.py:360
2025-09-01 00:39:18.582 164833 DEBUG oslo_messaging._drivers.amqpdriver [-] Listener is running poll /usr/lib/python3/dist-packages/oslo_messaging/_drivers/amqpdriver.py:343
2025-09-01 00:39:18.582 164386 DEBUG oslo_service.service [req-21a807cb-fe70-4dad-9221-82a6d9f6b694 - - - - -] cache.memcache_servers = ['localhost:11211'] log_opt_values /usr/lib/python3/dist-packages/oslo_config/cfg.py:2609
2025-09-01 00:39:18.582 164833 DEBUG oslo_messaging._drivers.amqpdriver [-] AMQPListener connection consume poll /usr/lib/python3/dist-packages/oslo_messaging/_drivers/amqpdriver.py:357
2025-09-01 00:39:18.582 164386 DEBUG oslo_service.service [req-21a807cb-fe70-4dad-9221-82a6d9f6b694 - - - - -] cache.memcache_socket_timeout = 1.0 log_opt_values /usr/lib/python3/dist-packages/oslo_config/cfg.py:2609
2025-09-01 00:39:18.582 164386 DEBUG oslo_service.service [req-21a807cb-fe70-4dad-9221-82a6d9f6b694 - - - - -] cache.proxies = [] log_opt_values /usr/lib/python3/dist-packages/oslo_config/cfg.py:2609
2025-09-01 00:39:18.582 164386 DEBUG oslo_service.service [req-21a807cb-fe70-4dad-9221-82a6d9f6b694 - - - - -] cache.tls_allowed_ciphers = None log_opt_values /usr/lib/python3/dist-packages/oslo_config/cfg.py:2609
2025-09-01 00:39:18.582 164386 DEBUG oslo_service.service [req-21a807cb-fe70-4dad-9221-82a6d9f6b694 - - - - -] cache.tls_cafile = None log_opt_values /usr/lib/python3/dist-packages/oslo_config/cfg.py:2609
2025-09-01 00:39:18.583 164386 DEBUG oslo_service.service [req-21a807cb-fe70-4dad-9221-82a6d9f6b694 - - - - -] cache.tls_certfile = None log_opt_values /usr/lib/python3/dist-packages/oslo_config/cfg.py:2609
2025-09-01 00:39:18.583 164386 DEBUG oslo_service.service [req-21a807cb-fe70-4dad-9221-82a6d9f6b694 - - - - -] cache.tls_enabled = False log_opt_values /usr/lib/python3/dist-packages/oslo_config/cfg.py:2609
2025-09-01 00:39:18.583 164386 DEBUG oslo_service.service [req-21a807cb-fe70-4dad-9221-82a6d9f6b694 - - - - -] cache.tls_keyfile = None log_opt_values /usr/lib/python3/dist-packages/oslo_config/cfg.py:2609
2025-09-01 00:39:18.583 164386 DEBUG oslo_service.service [req-21a807cb-fe70-4dad-9221-82a6d9f6b694 - - - - -] cinder.auth_section = None log_opt_values /usr/lib/python3/dist-packages/oslo_config/cfg.py:2609
2025-09-01 00:39:18.583 164386 DEBUG oslo_service.service [req-21a807cb-fe70-4dad-9221-82a6d9f6b694 - - - - -] cinder.auth_type = None log_opt_values /usr/lib/python3/dist-packages/oslo_config/cfg.py:2609
2025-09-01 00:39:18.584 164386 DEBUG oslo_service.service [req-21a807cb-fe70-4dad-9221-82a6d9f6b694 - - - - -] cinder.cafile = None log_opt_values /usr/lib/python3/dist-packages/oslo_config/cfg.py:2609
2025-09-01 00:39:18.584 164386 DEBUG oslo_service.service [req-21a807cb-fe70-4dad-9221-82a6d9f6b694 - - - - -] cinder.catalog_info = volumev3::publicURL log_opt_values /usr/lib/python3/dist-packages/oslo_config/cfg.py:2609
2025-09-01 00:39:18.584 164386 DEBUG oslo_service.service [req-21a807cb-fe70-4dad-9221-82a6d9f6b694 - - - - -] cinder.certfile = None log_opt_values /usr/lib/python3/dist-packages/oslo_config/cfg.py:2609
2025-09-01 00:39:18.584 164386 DEBUG oslo_service.service [req-21a807cb-fe70-4dad-9221-82a6d9f6b694 - - - - -] cinder.collect_timing = False log_opt_values /usr/lib/python3/dist-packages/oslo_config/cfg.py:2609
2025-09-01 00:39:18.584 164386 DEBUG oslo_service.service [req-21a807cb-fe70-4dad-9221-82a6d9f6b694 - - - - -] cinder.cross_az_attach = True log_opt_values /usr/lib/python3/dist-packages/oslo_config/cfg.py:2609
2025-09-01 00:39:18.584 164386 DEBUG oslo_service.service [req-21a807cb-fe70-4dad-9221-82a6d9f6b694 - - - - -] cinder.debug = False log_opt_values /usr/lib/python3/dist-packages/oslo_config/cfg.py:2609
2025-09-01 00:39:18.585 164386 DEBUG oslo_service.service [req-21a807cb-fe70-4dad-9221-82a6d9f6b694 - - - - -] cinder.endpoint_template = None log_opt_values /usr/lib/python3/dist-packages/oslo_config/cfg.py:2609
2025-09-01 00:39:18.585 164386 DEBUG oslo_service.service [req-21a807cb-fe70-4dad-9221-82a6d9f6b694 - - - - -] cinder.http_retries = 3 log_opt_values /usr/lib/python3/dist-packages/oslo_config/cfg.py:2609
2025-09-01 00:39:18.585 164386 DEBUG oslo_service.service [req-21a807cb-fe70-4dad-9221-82a6d9f6b694 - - - - -] cinder.insecure = False log_opt_values /usr/lib/python3/dist-packages/oslo_config/cfg.py:2609
2025-09-01 00:39:18.585 164386 DEBUG oslo_service.service [req-21a807cb-fe70-4dad-9221-82a6d9f6b694 - - - - -] cinder.keyfile = None log_opt_values /usr/lib/python3/dist-packages/oslo_config/cfg.py:2609
2025-09-01 00:39:18.585 164386 DEBUG oslo_service.service [req-21a807cb-fe70-4dad-9221-82a6d9f6b694 - - - - -] cinder.os_region_name = None log_opt_values /usr/lib/python3/dist-packages/oslo_config/cfg.py:2609
2025-09-01 00:39:18.585 164386 DEBUG oslo_service.service [req-21a807cb-fe70-4dad-9221-82a6d9f6b694 - - - - -] cinder.split_loggers = False log_opt_values /usr/lib/python3/dist-packages/oslo_config/cfg.py:2609
2025-09-01 00:39:18.586 164386 DEBUG oslo_service.service [req-21a807cb-fe70-4dad-9221-82a6d9f6b694 - - - - -] cinder.timeout = None log_opt_values /usr/lib/python3/dist-packages/oslo_config/cfg.py:2609
2025-09-01 00:39:18.586 164386 DEBUG oslo_service.service [req-21a807cb-fe70-4dad-9221-82a6d9f6b694 - - - - -] compute.consecutive_build_service_disable_threshold = 10 log_opt_values /usr/lib/python3/dist-packages/oslo_config/cfg.py:2609
2025-09-01 00:39:18.586 164386 DEBUG oslo_service.service [req-21a807cb-fe70-4dad-9221-82a6d9f6b694 - - - - -] compute.cpu_dedicated_set = None log_opt_values /usr/lib/python3/dist-packages/oslo_config/cfg.py:2609
2025-09-01 00:39:18.586 164386 DEBUG oslo_service.service [req-21a807cb-fe70-4dad-9221-82a6d9f6b694 - - - - -] compute.cpu_shared_set = None log_opt_values /usr/lib/python3/dist-packages/oslo_config/cfg.py:2609
2025-09-01 00:39:18.586 164386 DEBUG oslo_service.service [req-21a807cb-fe70-4dad-9221-82a6d9f6b694 - - - - -] compute.image_type_exclude_list = [] log_opt_values /usr/lib/python3/dist-packages/oslo_config/cfg.py:2609
2025-09-01 00:39:18.587 164386 DEBUG oslo_service.service [req-21a807cb-fe70-4dad-9221-82a6d9f6b694 - - - - -] compute.live_migration_wait_for_vif_plug = True log_opt_values /usr/lib/python3/dist-packages/oslo_config/cfg.py:2609
2025-09-01 00:39:18.587 164386 DEBUG oslo_service.service [req-21a807cb-fe70-4dad-9221-82a6d9f6b694 - - - - -] compute.max_concurrent_disk_ops = 0 log_opt_values /usr/lib/python3/dist-packages/oslo_config/cfg.py:2609
2025-09-01 00:39:18.587 164386 DEBUG oslo_service.service [req-21a807cb-fe70-4dad-9221-82a6d9f6b694 - - - - -] compute.max_disk_devices_to_attach = -1 log_opt_values /usr/lib/python3/dist-packages/oslo_config/cfg.py:2609
2025-09-01 00:39:18.587 164386 DEBUG oslo_service.service [req-21a807cb-fe70-4dad-9221-82a6d9f6b694 - - - - -] compute.packing_host_numa_cells_allocation_strategy = True log_opt_values /usr/lib/python3/dist-packages/oslo_config/cfg.py:2609
2025-09-01 00:39:18.587 164386 DEBUG oslo_service.service [req-21a807cb-fe70-4dad-9221-82a6d9f6b694 - - - - -] compute.provider_config_location = /etc/nova/provider_config/ log_opt_values /usr/lib/python3/dist-packages/oslo_config/cfg.py:2609
2025-09-01 00:39:18.587 164386 DEBUG oslo_service.service [req-21a807cb-fe70-4dad-9221-82a6d9f6b694 - - - - -] compute.resource_provider_association_refresh = 300 log_opt_values /usr/lib/python3/dist-packages/oslo_config/cfg.py:2609
2025-09-01 00:39:18.588 164386 DEBUG oslo_service.service [req-21a807cb-fe70-4dad-9221-82a6d9f6b694 - - - - -] compute.shutdown_retry_interval = 10 log_opt_values /usr/lib/python3/dist-packages/oslo_config/cfg.py:2609
2025-09-01 00:39:18.588 164386 DEBUG oslo_service.service [req-21a807cb-fe70-4dad-9221-82a6d9f6b694 - - - - -] compute.vmdk_allowed_types = ['streamOptimized', 'monolithicSparse'] log_opt_values /usr/lib/python3/dist-packages/oslo_config/cfg.py:2609
2025-09-01 00:39:18.588 164386 DEBUG oslo_service.service [req-21a807cb-fe70-4dad-9221-82a6d9f6b694 - - - - -] conductor.workers = 4 log_opt_values /usr/lib/python3/dist-packages/oslo_config/cfg.py:2609
2025-09-01 00:39:18.588 164386 DEBUG oslo_service.service [req-21a807cb-fe70-4dad-9221-82a6d9f6b694 - - - - -] console.allowed_origins = [] log_opt_values /usr/lib/python3/dist-packages/oslo_config/cfg.py:2609
2025-09-01 00:39:18.588 164386 DEBUG oslo_service.service [req-21a807cb-fe70-4dad-9221-82a6d9f6b694 - - - - -] console.ssl_ciphers = None log_opt_values /usr/lib/python3/dist-packages/oslo_config/cfg.py:2609
2025-09-01 00:39:18.589 164386 DEBUG oslo_service.service [req-21a807cb-fe70-4dad-9221-82a6d9f6b694 - - - - -] console.ssl_minimum_version = default log_opt_values /usr/lib/python3/dist-packages/oslo_config/cfg.py:2609
2025-09-01 00:39:18.589 164386 DEBUG oslo_service.service [req-21a807cb-fe70-4dad-9221-82a6d9f6b694 - - - - -] consoleauth.token_ttl = 600 log_opt_values /usr/lib/python3/dist-packages/oslo_config/cfg.py:2609
2025-09-01 00:39:18.589 164386 DEBUG oslo_service.service [req-21a807cb-fe70-4dad-9221-82a6d9f6b694 - - - - -] cyborg.cafile = None log_opt_values /usr/lib/python3/dist-packages/oslo_config/cfg.py:2609
2025-09-01 00:39:18.589 164386 DEBUG oslo_service.service [req-21a807cb-fe70-4dad-9221-82a6d9f6b694 - - - - -] cyborg.certfile = None log_opt_values /usr/lib/python3/dist-packages/oslo_config/cfg.py:2609
2025-09-01 00:39:18.589 164386 DEBUG oslo_service.service [req-21a807cb-fe70-4dad-9221-82a6d9f6b694 - - - - -] cyborg.collect_timing = False log_opt_values /usr/lib/python3/dist-packages/oslo_config/cfg.py:2609
2025-09-01 00:39:18.589 164386 DEBUG oslo_service.service [req-21a807cb-fe70-4dad-9221-82a6d9f6b694 - - - - -] cyborg.connect_retries = None log_opt_values /usr/lib/python3/dist-packages/oslo_config/cfg.py:2609
2025-09-01 00:39:18.590 164386 DEBUG oslo_service.service [req-21a807cb-fe70-4dad-9221-82a6d9f6b694 - - - - -] cyborg.connect_retry_delay = None log_opt_values /usr/lib/python3/dist-packages/oslo_config/cfg.py:2609
2025-09-01 00:39:18.590 164386 DEBUG oslo_service.service [req-21a807cb-fe70-4dad-9221-82a6d9f6b694 - - - - -] cyborg.endpoint_override = None log_opt_values /usr/lib/python3/dist-packages/oslo_config/cfg.py:2609
2025-09-01 00:39:18.590 164386 DEBUG oslo_service.service [req-21a807cb-fe70-4dad-9221-82a6d9f6b694 - - - - -] cyborg.insecure = False log_opt_values /usr/lib/python3/dist-packages/oslo_config/cfg.py:2609
2025-09-01 00:39:18.590 164386 DEBUG oslo_service.service [req-21a807cb-fe70-4dad-9221-82a6d9f6b694 - - - - -] cyborg.keyfile = None log_opt_values /usr/lib/python3/dist-packages/oslo_config/cfg.py:2609
2025-09-01 00:39:18.590 164386 DEBUG oslo_service.service [req-21a807cb-fe70-4dad-9221-82a6d9f6b694 - - - - -] cyborg.max_version = None log_opt_values /usr/lib/python3/dist-packages/oslo_config/cfg.py:2609
2025-09-01 00:39:18.590 164386 DEBUG oslo_service.service [req-21a807cb-fe70-4dad-9221-82a6d9f6b694 - - - - -] cyborg.min_version = None log_opt_values /usr/lib/python3/dist-packages/oslo_config/cfg.py:2609
2025-09-01 00:39:18.591 164386 DEBUG oslo_service.service [req-21a807cb-fe70-4dad-9221-82a6d9f6b694 - - - - -] cyborg.region_name = None log_opt_values /usr/lib/python3/dist-packages/oslo_config/cfg.py:2609
2025-09-01 00:39:18.591 164386 DEBUG oslo_service.service [req-21a807cb-fe70-4dad-9221-82a6d9f6b694 - - - - -] cyborg.service_name = None log_opt_values /usr/lib/python3/dist-packages/oslo_config/cfg.py:2609
2025-09-01 00:39:18.591 164386 DEBUG oslo_service.service [req-21a807cb-fe70-4dad-9221-82a6d9f6b694 - - - - -] cyborg.service_type = accelerator log_opt_values /usr/lib/python3/dist-packages/oslo_config/cfg.py:2609
2025-09-01 00:39:18.591 164386 DEBUG oslo_service.service [req-21a807cb-fe70-4dad-9221-82a6d9f6b694 - - - - -] cyborg.split_loggers = False log_opt_values /usr/lib/python3/dist-packages/oslo_config/cfg.py:2609
2025-09-01 00:39:18.591 164386 DEBUG oslo_service.service [req-21a807cb-fe70-4dad-9221-82a6d9f6b694 - - - - -] cyborg.status_code_retries = None log_opt_values /usr/lib/python3/dist-packages/oslo_config/cfg.py:2609
2025-09-01 00:39:18.592 164386 DEBUG oslo_service.service [req-21a807cb-fe70-4dad-9221-82a6d9f6b694 - - - - -] cyborg.status_code_retry_delay = None log_opt_values /usr/lib/python3/dist-packages/oslo_config/cfg.py:2609
2025-09-01 00:39:18.592 164386 DEBUG oslo_service.service [req-21a807cb-fe70-4dad-9221-82a6d9f6b694 - - - - -] cyborg.timeout = None log_opt_values /usr/lib/python3/dist-packages/oslo_config/cfg.py:2609
2025-09-01 00:39:18.592 164386 DEBUG oslo_service.service [req-21a807cb-fe70-4dad-9221-82a6d9f6b694 - - - - -] cyborg.valid_interfaces = ['internal', 'public'] log_opt_values /usr/lib/python3/dist-packages/oslo_config/cfg.py:2609
2025-09-01 00:39:18.592 164386 DEBUG oslo_service.service [req-21a807cb-fe70-4dad-9221-82a6d9f6b694 - - - - -] cyborg.version = None log_opt_values /usr/lib/python3/dist-packages/oslo_config/cfg.py:2609
2025-09-01 00:39:18.592 164386 DEBUG oslo_service.service [req-21a807cb-fe70-4dad-9221-82a6d9f6b694 - - - - -] database.backend = sqlalchemy log_opt_values /usr/lib/python3/dist-packages/oslo_config/cfg.py:2609
2025-09-01 00:39:18.592 164386 DEBUG oslo_service.service [req-21a807cb-fe70-4dad-9221-82a6d9f6b694 - - - - -] database.connection = **** log_opt_values /usr/lib/python3/dist-packages/oslo_config/cfg.py:2609
