2025-09-01 00:37:27.598 143586 DEBUG oslo_service.service [req-8f49deae-f3a4-460b-b76c-97a2d78ee20b - - - - -] cinder.os_region_name = None log_opt_values /usr/lib/python3/dist-packages/oslo_config/cfg.py:2609
2025-09-01 00:37:27.600 144713 DEBUG nova.service [req-2326ade6-38cd-47f3-9032-90b7befdb2c9 - - - - -] Creating RPC server for service scheduler start /usr/lib/python3/dist-packages/nova/service.py:182
2025-09-01 00:37:27.600 143586 DEBUG oslo_service.service [req-8f49deae-f3a4-460b-b76c-97a2d78ee20b - - - - -] cinder.split_loggers = False log_opt_values /usr/lib/python3/dist-packages/oslo_config/cfg.py:2609
2025-09-01 00:37:27.601 143586 DEBUG oslo_service.service [req-8f49deae-f3a4-460b-b76c-97a2d78ee20b - - - - -] cinder.timeout = None log_opt_values /usr/lib/python3/dist-packages/oslo_config/cfg.py:2609
2025-09-01 00:37:27.602 143586 DEBUG oslo_service.service [req-8f49deae-f3a4-460b-b76c-97a2d78ee20b - - - - -] compute.consecutive_build_service_disable_threshold = 10 log_opt_values /usr/lib/python3/dist-packages/oslo_config/cfg.py:2609
2025-09-01 00:37:27.602 143586 DEBUG oslo_service.service [req-8f49deae-f3a4-460b-b76c-97a2d78ee20b - - - - -] compute.cpu_dedicated_set = None log_opt_values /usr/lib/python3/dist-packages/oslo_config/cfg.py:2609
2025-09-01 00:37:27.602 143586 DEBUG oslo_service.service [req-8f49deae-f3a4-460b-b76c-97a2d78ee20b - - - - -] compute.cpu_shared_set = None log_opt_values /usr/lib/python3/dist-packages/oslo_config/cfg.py:2609
2025-09-01 00:37:27.603 143586 DEBUG oslo_service.service [req-8f49deae-f3a4-460b-b76c-97a2d78ee20b - - - - -] compute.image_type_exclude_list = [] log_opt_values /usr/lib/python3/dist-packages/oslo_config/cfg.py:2609
2025-09-01 00:37:27.604 143586 DEBUG oslo_service.service [req-8f49deae-f3a4-460b-b76c-97a2d78ee20b - - - - -] compute.live_migration_wait_for_vif_plug = True log_opt_values /usr/lib/python3/dist-packages/oslo_config/cfg.py:2609
2025-09-01 00:37:27.604 143586 DEBUG oslo_service.service [req-8f49deae-f3a4-460b-b76c-97a2d78ee20b - - - - -] compute.max_concurrent_disk_ops = 0 log_opt_values /usr/lib/python3/dist-packages/oslo_config/cfg.py:2609
2025-09-01 00:37:27.605 143586 DEBUG oslo_service.service [req-8f49deae-f3a4-460b-b76c-97a2d78ee20b - - - - -] compute.max_disk_devices_to_attach = -1 log_opt_values /usr/lib/python3/dist-packages/oslo_config/cfg.py:2609
2025-09-01 00:37:27.605 143586 DEBUG oslo_service.service [req-8f49deae-f3a4-460b-b76c-97a2d78ee20b - - - - -] compute.packing_host_numa_cells_allocation_strategy = True log_opt_values /usr/lib/python3/dist-packages/oslo_config/cfg.py:2609
2025-09-01 00:37:27.606 143586 DEBUG oslo_service.service [req-8f49deae-f3a4-460b-b76c-97a2d78ee20b - - - - -] compute.provider_config_location = /etc/nova/provider_config/ log_opt_values /usr/lib/python3/dist-packages/oslo_config/cfg.py:2609
2025-09-01 00:37:27.606 143586 DEBUG oslo_service.service [req-8f49deae-f3a4-460b-b76c-97a2d78ee20b - - - - -] compute.resource_provider_association_refresh = 300 log_opt_values /usr/lib/python3/dist-packages/oslo_config/cfg.py:2609
2025-09-01 00:37:27.606 144720 DEBUG oslo_messaging._drivers.amqpdriver [-] Listener is running poll /usr/lib/python3/dist-packages/oslo_messaging/_drivers/amqpdriver.py:343
2025-09-01 00:37:27.606 143586 DEBUG oslo_service.service [req-8f49deae-f3a4-460b-b76c-97a2d78ee20b - - - - -] compute.shutdown_retry_interval = 10 log_opt_values /usr/lib/python3/dist-packages/oslo_config/cfg.py:2609
2025-09-01 00:37:27.607 144720 DEBUG oslo_messaging._drivers.amqpdriver [-] AMQPListener connection consume poll /usr/lib/python3/dist-packages/oslo_messaging/_drivers/amqpdriver.py:357
2025-09-01 00:37:27.607 143586 DEBUG oslo_service.service [req-8f49deae-f3a4-460b-b76c-97a2d78ee20b - - - - -] compute.vmdk_allowed_types = ['streamOptimized', 'monolithicSparse'] log_opt_values /usr/lib/python3/dist-packages/oslo_config/cfg.py:2609
2025-09-01 00:37:27.607 144720 DEBUG nova.service [req-cb66485b-3a08-4513-907d-aa7fc5d9a1bf - - - - -] Join ServiceGroup membership for this service scheduler start /usr/lib/python3/dist-packages/nova/service.py:199
2025-09-01 00:37:27.608 143586 DEBUG oslo_service.service [req-8f49deae-f3a4-460b-b76c-97a2d78ee20b - - - - -] conductor.workers = 4 log_opt_values /usr/lib/python3/dist-packages/oslo_config/cfg.py:2609
2025-09-01 00:37:27.608 144720 DEBUG nova.servicegroup.drivers.db [req-cb66485b-3a08-4513-907d-aa7fc5d9a1bf - - - - -] DB_Driver: join new ServiceGroup member juju-8e3293-0-lxd-7 to the scheduler group, service = join /usr/lib/python3/dist-packages/nova/servicegroup/drivers/db.py:44
2025-09-01 00:37:27.608 143586 DEBUG oslo_service.service [req-8f49deae-f3a4-460b-b76c-97a2d78ee20b - - - - -] console.allowed_origins = [] log_opt_values /usr/lib/python3/dist-packages/oslo_config/cfg.py:2609
2025-09-01 00:37:27.609 143586 DEBUG oslo_service.service [req-8f49deae-f3a4-460b-b76c-97a2d78ee20b - - - - -] console.ssl_ciphers = None log_opt_values /usr/lib/python3/dist-packages/oslo_config/cfg.py:2609
2025-09-01 00:37:27.610 143586 DEBUG oslo_service.service [req-8f49deae-f3a4-460b-b76c-97a2d78ee20b - - - - -] console.ssl_minimum_version = default log_opt_values /usr/lib/python3/dist-packages/oslo_config/cfg.py:2609
2025-09-01 00:37:27.610 143586 DEBUG oslo_service.service [req-8f49deae-f3a4-460b-b76c-97a2d78ee20b - - - - -] consoleauth.token_ttl = 600 log_opt_values /usr/lib/python3/dist-packages/oslo_config/cfg.py:2609
2025-09-01 00:37:27.611 143586 DEBUG oslo_service.service [req-8f49deae-f3a4-460b-b76c-97a2d78ee20b - - - - -] cyborg.cafile = None log_opt_values /usr/lib/python3/dist-packages/oslo_config/cfg.py:2609
2025-09-01 00:37:27.611 143586 DEBUG oslo_service.service [req-8f49deae-f3a4-460b-b76c-97a2d78ee20b - - - - -] cyborg.certfile = None log_opt_values /usr/lib/python3/dist-packages/oslo_config/cfg.py:2609
2025-09-01 00:37:27.611 144720 DEBUG oslo_messaging._drivers.amqpdriver [-] AMQPListener connection timeout poll /usr/lib/python3/dist-packages/oslo_messaging/_drivers/amqpdriver.py:360
2025-09-01 00:37:27.611 143586 DEBUG oslo_service.service [req-8f49deae-f3a4-460b-b76c-97a2d78ee20b - - - - -] cyborg.collect_timing = False log_opt_values /usr/lib/python3/dist-packages/oslo_config/cfg.py:2609
2025-09-01 00:37:27.612 144720 DEBUG oslo_messaging._drivers.amqpdriver [-] Listener is running poll /usr/lib/python3/dist-packages/oslo_messaging/_drivers/amqpdriver.py:343
2025-09-01 00:37:27.612 143586 DEBUG oslo_service.service [req-8f49deae-f3a4-460b-b76c-97a2d78ee20b - - - - -] cyborg.connect_retries = None log_opt_values /usr/lib/python3/dist-packages/oslo_config/cfg.py:2609
2025-09-01 00:37:27.612 143586 DEBUG oslo_service.service [req-8f49deae-f3a4-460b-b76c-97a2d78ee20b - - - - -] cyborg.connect_retry_delay = None log_opt_values /usr/lib/python3/dist-packages/oslo_config/cfg.py:2609
2025-09-01 00:37:27.612 143586 DEBUG oslo_service.service [req-8f49deae-f3a4-460b-b76c-97a2d78ee20b - - - - -] cyborg.endpoint_override = None log_opt_values /usr/lib/python3/dist-packages/oslo_config/cfg.py:2609
2025-09-01 00:37:27.613 143586 DEBUG oslo_service.service [req-8f49deae-f3a4-460b-b76c-97a2d78ee20b - - - - -] cyborg.insecure = False log_opt_values /usr/lib/python3/dist-packages/oslo_config/cfg.py:2609
2025-09-01 00:37:27.612 144720 DEBUG oslo_messaging._drivers.amqpdriver [-] AMQPListener connection consume poll /usr/lib/python3/dist-packages/oslo_messaging/_drivers/amqpdriver.py:357
2025-09-01 00:37:27.613 143586 DEBUG oslo_service.service [req-8f49deae-f3a4-460b-b76c-97a2d78ee20b - - - - -] cyborg.keyfile = None log_opt_values /usr/lib/python3/dist-packages/oslo_config/cfg.py:2609
2025-09-01 00:37:27.613 143586 DEBUG oslo_service.service [req-8f49deae-f3a4-460b-b76c-97a2d78ee20b - - - - -] cyborg.max_version = None log_opt_values /usr/lib/python3/dist-packages/oslo_config/cfg.py:2609
2025-09-01 00:37:27.613 143586 DEBUG oslo_service.service [req-8f49deae-f3a4-460b-b76c-97a2d78ee20b - - - - -] cyborg.min_version = None log_opt_values /usr/lib/python3/dist-packages/oslo_config/cfg.py:2609
2025-09-01 00:37:27.614 143586 DEBUG oslo_service.service [req-8f49deae-f3a4-460b-b76c-97a2d78ee20b - - - - -] cyborg.region_name = None log_opt_values /usr/lib/python3/dist-packages/oslo_config/cfg.py:2609
2025-09-01 00:37:27.614 143586 DEBUG oslo_service.service [req-8f49deae-f3a4-460b-b76c-97a2d78ee20b - - - - -] cyborg.service_name = None log_opt_values /usr/lib/python3/dist-packages/oslo_config/cfg.py:2609
2025-09-01 00:37:27.615 143586 DEBUG oslo_service.service [req-8f49deae-f3a4-460b-b76c-97a2d78ee20b - - - - -] cyborg.service_type = accelerator log_opt_values /usr/lib/python3/dist-packages/oslo_config/cfg.py:2609
2025-09-01 00:37:27.615 143586 DEBUG oslo_service.service [req-8f49deae-f3a4-460b-b76c-97a2d78ee20b - - - - -] cyborg.split_loggers = False log_opt_values /usr/lib/python3/dist-packages/oslo_config/cfg.py:2609
2025-09-01 00:37:27.615 143586 DEBUG oslo_service.service [req-8f49deae-f3a4-460b-b76c-97a2d78ee20b - - - - -] cyborg.status_code_retries = None log_opt_values /usr/lib/python3/dist-packages/oslo_config/cfg.py:2609
2025-09-01 00:37:27.616 143586 DEBUG oslo_service.service [req-8f49deae-f3a4-460b-b76c-97a2d78ee20b - - - - -] cyborg.status_code_retry_delay = None log_opt_values /usr/lib/python3/dist-packages/oslo_config/cfg.py:2609
2025-09-01 00:37:27.616 143586 DEBUG oslo_service.service [req-8f49deae-f3a4-460b-b76c-97a2d78ee20b - - - - -] cyborg.timeout = None log_opt_values /usr/lib/python3/dist-packages/oslo_config/cfg.py:2609
2025-09-01 00:37:27.616 143586 DEBUG oslo_service.service [req-8f49deae-f3a4-460b-b76c-97a2d78ee20b - - - - -] cyborg.valid_interfaces = ['internal', 'public'] log_opt_values /usr/lib/python3/dist-packages/oslo_config/cfg.py:2609
2025-09-01 00:37:27.617 143586 DEBUG oslo_service.service [req-8f49deae-f3a4-460b-b76c-97a2d78ee20b - - - - -] cyborg.version = None log_opt_values /usr/lib/python3/dist-packages/oslo_config/cfg.py:2609
2025-09-01 00:37:27.617 143586 DEBUG oslo_service.service [req-8f49deae-f3a4-460b-b76c-97a2d78ee20b - - - - -] database.backend = sqlalchemy log_opt_values /usr/lib/python3/dist-packages/oslo_config/cfg.py:2609
2025-09-01 00:37:27.617 143586 DEBUG oslo_service.service [req-8f49deae-f3a4-460b-b76c-97a2d78ee20b - - - - -] database.connection = **** log_opt_values /usr/lib/python3/dist-packages/oslo_config/cfg.py:2609
2025-09-01 00:37:27.618 143586 DEBUG oslo_service.service [req-8f49deae-f3a4-460b-b76c-97a2d78ee20b - - - - -] database.connection_debug = 0 log_opt_values /usr/lib/python3/dist-packages/oslo_config/cfg.py:2609
2025-09-01 00:37:27.618 143586 DEBUG oslo_service.service [req-8f49deae-f3a4-460b-b76c-97a2d78ee20b - - - - -] database.connection_parameters = log_opt_values /usr/lib/python3/dist-packages/oslo_config/cfg.py:2609
2025-09-01 00:37:27.618 143586 DEBUG oslo_service.service [req-8f49deae-f3a4-460b-b76c-97a2d78ee20b - - - - -] database.connection_recycle_time = 3600 log_opt_values /usr/lib/python3/dist-packages/oslo_config/cfg.py:2609
2025-09-01 00:37:27.618 143586 DEBUG oslo_service.service [req-8f49deae-f3a4-460b-b76c-97a2d78ee20b - - - - -] database.connection_trace = False log_opt_values /usr/lib/python3/dist-packages/oslo_config/cfg.py:2609
2025-09-01 00:37:27.619 143586 DEBUG oslo_service.service [req-8f49deae-f3a4-460b-b76c-97a2d78ee20b - - - - -] database.db_inc_retry_interval = True log_opt_values /usr/lib/python3/dist-packages/oslo_config/cfg.py:2609
2025-09-01 00:37:27.619 143586 DEBUG oslo_service.service [req-8f49deae-f3a4-460b-b76c-97a2d78ee20b - - - - -] database.db_max_retries = 20 log_opt_values /usr/lib/python3/dist-packages/oslo_config/cfg.py:2609
2025-09-01 00:37:27.620 143586 DEBUG oslo_service.service [req-8f49deae-f3a4-460b-b76c-97a2d78ee20b - - - - -] database.db_max_retry_interval = 10 log_opt_values /usr/lib/python3/dist-packages/oslo_config/cfg.py:2609
2025-09-01 00:37:27.620 143586 DEBUG oslo_service.service [req-8f49deae-f3a4-460b-b76c-97a2d78ee20b - - - - -] database.db_retry_interval = 1 log_opt_values /usr/lib/python3/dist-packages/oslo_config/cfg.py:2609
2025-09-01 00:37:27.624 143586 DEBUG oslo_service.service [req-8f49deae-f3a4-460b-b76c-97a2d78ee20b - - - - -] database.max_overflow = 50 log_opt_values /usr/lib/python3/dist-packages/oslo_config/cfg.py:2609
2025-09-01 00:37:27.625 143586 DEBUG oslo_service.service [req-8f49deae-f3a4-460b-b76c-97a2d78ee20b - - - - -] database.max_pool_size = 4 log_opt_values /usr/lib/python3/dist-packages/oslo_config/cfg.py:2609
2025-09-01 00:37:27.625 144719 DEBUG oslo_messaging._drivers.amqpdriver [-] Listener is running poll /usr/lib/python3/dist-packages/oslo_messaging/_drivers/amqpdriver.py:343
2025-09-01 00:37:27.625 144719 DEBUG oslo_messaging._drivers.amqpdriver [-] AMQPListener connection consume poll /usr/lib/python3/dist-packages/oslo_messaging/_drivers/amqpdriver.py:357
2025-09-01 00:37:27.625 143586 DEBUG oslo_service.service [req-8f49deae-f3a4-460b-b76c-97a2d78ee20b - - - - -] database.max_retries = 10 log_opt_values /usr/lib/python3/dist-packages/oslo_config/cfg.py:2609
2025-09-01 00:37:27.625 143586 DEBUG oslo_service.service [req-8f49deae-f3a4-460b-b76c-97a2d78ee20b - - - - -] database.mysql_enable_ndb = False log_opt_values /usr/lib/python3/dist-packages/oslo_config/cfg.py:2609
2025-09-01 00:37:27.625 144719 DEBUG nova.service [req-fba9d361-fbbc-4e20-9e2a-33d65422ffd3 - - - - -] Join ServiceGroup membership for this service scheduler start /usr/lib/python3/dist-packages/nova/service.py:199
2025-09-01 00:37:27.625 144721 DEBUG oslo_messaging._drivers.amqpdriver [-] Listener is running poll /usr/lib/python3/dist-packages/oslo_messaging/_drivers/amqpdriver.py:343
2025-09-01 00:37:27.626 144721 DEBUG oslo_messaging._drivers.amqpdriver [-] AMQPListener connection consume poll /usr/lib/python3/dist-packages/oslo_messaging/_drivers/amqpdriver.py:357
2025-09-01 00:37:27.626 144719 DEBUG nova.servicegroup.drivers.db [req-fba9d361-fbbc-4e20-9e2a-33d65422ffd3 - - - - -] DB_Driver: join new ServiceGroup member juju-8e3293-0-lxd-7 to the scheduler group, service = join /usr/lib/python3/dist-packages/nova/servicegroup/drivers/db.py:44
2025-09-01 00:37:27.627 143586 DEBUG oslo_service.service [req-8f49deae-f3a4-460b-b76c-97a2d78ee20b - - - - -] database.mysql_sql_mode = TRADITIONAL log_opt_values /usr/lib/python3/dist-packages/oslo_config/cfg.py:2609
2025-09-01 00:37:27.628 144719 DEBUG oslo_messaging._drivers.amqpdriver [-] AMQPListener connection timeout poll /usr/lib/python3/dist-packages/oslo_messaging/_drivers/amqpdriver.py:360
2025-09-01 00:37:27.627 144721 DEBUG nova.service [req-6bbde0b9-0757-4729-afcb-b58ded79c39a - - - - -] Join ServiceGroup membership for this service scheduler start /usr/lib/python3/dist-packages/nova/service.py:199
2025-09-01 00:37:27.629 144719 DEBUG oslo_messaging._drivers.amqpdriver [-] Listener is running poll /usr/lib/python3/dist-packages/oslo_messaging/_drivers/amqpdriver.py:343
2025-09-01 00:37:27.629 144719 DEBUG oslo_messaging._drivers.amqpdriver [-] AMQPListener connection consume poll /usr/lib/python3/dist-packages/oslo_messaging/_drivers/amqpdriver.py:357
2025-09-01 00:37:27.629 144721 DEBUG nova.servicegroup.drivers.db [req-6bbde0b9-0757-4729-afcb-b58ded79c39a - - - - -] DB_Driver: join new ServiceGroup member juju-8e3293-0-lxd-7 to the scheduler group, service = join /usr/lib/python3/dist-packages/nova/servicegroup/drivers/db.py:44
2025-09-01 00:37:27.628 143586 DEBUG oslo_service.service [req-8f49deae-f3a4-460b-b76c-97a2d78ee20b - - - - -] database.pool_timeout = None log_opt_values /usr/lib/python3/dist-packages/oslo_config/cfg.py:2609
2025-09-01 00:37:27.630 143586 DEBUG oslo_service.service [req-8f49deae-f3a4-460b-b76c-97a2d78ee20b - - - - -] database.retry_interval = 10 log_opt_values /usr/lib/python3/dist-packages/oslo_config/cfg.py:2609
2025-09-01 00:37:27.631 143586 DEBUG oslo_service.service [req-8f49deae-f3a4-460b-b76c-97a2d78ee20b - - - - -] database.slave_connection = **** log_opt_values /usr/lib/python3/dist-packages/oslo_config/cfg.py:2609
2025-09-01 00:37:27.632 144721 DEBUG oslo_messaging._drivers.amqpdriver [-] AMQPListener connection timeout poll /usr/lib/python3/dist-packages/oslo_messaging/_drivers/amqpdriver.py:360
2025-09-01 00:37:27.633 144721 DEBUG oslo_messaging._drivers.amqpdriver [-] Listener is running poll /usr/lib/python3/dist-packages/oslo_messaging/_drivers/amqpdriver.py:343
2025-09-01 00:37:27.633 144721 DEBUG oslo_messaging._drivers.amqpdriver [-] AMQPListener connection consume poll /usr/lib/python3/dist-packages/oslo_messaging/_drivers/amqpdriver.py:357
2025-09-01 00:37:27.632 143586 DEBUG oslo_service.service [req-8f49deae-f3a4-460b-b76c-97a2d78ee20b - - - - -] database.sqlite_synchronous = True log_opt_values /usr/lib/python3/dist-packages/oslo_config/cfg.py:2609
2025-09-01 00:37:27.635 143586 DEBUG oslo_service.service [req-8f49deae-f3a4-460b-b76c-97a2d78ee20b - - - - -] database.use_db_reconnect = False log_opt_values /usr/lib/python3/dist-packages/oslo_config/cfg.py:2609
2025-09-01 00:37:27.635 143586 DEBUG oslo_service.service [req-8f49deae-f3a4-460b-b76c-97a2d78ee20b - - - - -] api_database.backend = sqlalchemy log_opt_values /usr/lib/python3/dist-packages/oslo_config/cfg.py:2609
2025-09-01 00:37:27.635 144713 DEBUG oslo_messaging._drivers.amqpdriver [-] Listener is running poll /usr/lib/python3/dist-packages/oslo_messaging/_drivers/amqpdriver.py:343
2025-09-01 00:37:27.635 143586 DEBUG oslo_service.service [req-8f49deae-f3a4-460b-b76c-97a2d78ee20b - - - - -] api_database.connection = **** log_opt_values /usr/lib/python3/dist-packages/oslo_config/cfg.py:2609
2025-09-01 00:37:27.635 144713 DEBUG oslo_messaging._drivers.amqpdriver [-] AMQPListener connection consume poll /usr/lib/python3/dist-packages/oslo_messaging/_drivers/amqpdriver.py:357
2025-09-01 00:37:27.636 143586 DEBUG oslo_service.service [req-8f49deae-f3a4-460b-b76c-97a2d78ee20b - - - - -] api_database.connection_debug = 0 log_opt_values /usr/lib/python3/dist-packages/oslo_config/cfg.py:2609
2025-09-01 00:37:27.636 144713 DEBUG nova.service [req-2326ade6-38cd-47f3-9032-90b7befdb2c9 - - - - -] Join ServiceGroup membership for this service scheduler start /usr/lib/python3/dist-packages/nova/service.py:199
2025-09-01 00:37:27.636 143586 DEBUG oslo_service.service [req-8f49deae-f3a4-460b-b76c-97a2d78ee20b - - - - -] api_database.connection_parameters = log_opt_values /usr/lib/python3/dist-packages/oslo_config/cfg.py:2609
2025-09-01 00:37:27.636 143586 DEBUG oslo_service.service [req-8f49deae-f3a4-460b-b76c-97a2d78ee20b - - - - -] api_database.connection_recycle_time = 3600 log_opt_values /usr/lib/python3/dist-packages/oslo_config/cfg.py:2609
2025-09-01 00:37:27.636 144713 DEBUG nova.servicegroup.drivers.db [req-2326ade6-38cd-47f3-9032-90b7befdb2c9 - - - - -] DB_Driver: join new ServiceGroup member juju-8e3293-0-lxd-7 to the scheduler group, service = join /usr/lib/python3/dist-packages/nova/servicegroup/drivers/db.py:44
2025-09-01 00:37:27.636 143586 DEBUG oslo_service.service [req-8f49deae-f3a4-460b-b76c-97a2d78ee20b - - - - -] api_database.connection_trace = False log_opt_values /usr/lib/python3/dist-packages/oslo_config/cfg.py:2609
2025-09-01 00:37:27.637 143586 DEBUG oslo_service.service [req-8f49deae-f3a4-460b-b76c-97a2d78ee20b - - - - -] api_database.db_inc_retry_interval = True log_opt_values /usr/lib/python3/dist-packages/oslo_config/cfg.py:2609
2025-09-01 00:37:27.637 143586 DEBUG oslo_service.service [req-8f49deae-f3a4-460b-b76c-97a2d78ee20b - - - - -] api_database.db_max_retries = 20 log_opt_values /usr/lib/python3/dist-packages/oslo_config/cfg.py:2609
2025-09-01 00:37:27.637 143586 DEBUG oslo_service.service [req-8f49deae-f3a4-460b-b76c-97a2d78ee20b - - - - -] api_database.db_max_retry_interval = 10 log_opt_values /usr/lib/python3/dist-packages/oslo_config/cfg.py:2609
2025-09-01 00:37:27.638 143586 DEBUG oslo_service.service [req-8f49deae-f3a4-460b-b76c-97a2d78ee20b - - - - -] api_database.db_retry_interval = 1 log_opt_values /usr/lib/python3/dist-packages/oslo_config/cfg.py:2609
2025-09-01 00:37:27.638 143586 DEBUG oslo_service.service [req-8f49deae-f3a4-460b-b76c-97a2d78ee20b - - - - -] api_database.max_overflow = 50 log_opt_values /usr/lib/python3/dist-packages/oslo_config/cfg.py:2609
2025-09-01 00:37:27.638 143586 DEBUG oslo_service.service [req-8f49deae-f3a4-460b-b76c-97a2d78ee20b - - - - -] api_database.max_pool_size = 4 log_opt_values /usr/lib/python3/dist-packages/oslo_config/cfg.py:2609
2025-09-01 00:37:27.638 143586 DEBUG oslo_service.service [req-8f49deae-f3a4-460b-b76c-97a2d78ee20b - - - - -] api_database.max_retries = 10 log_opt_values /usr/lib/python3/dist-packages/oslo_config/cfg.py:2609
2025-09-01 00:37:27.638 143586 DEBUG oslo_service.service [req-8f49deae-f3a4-460b-b76c-97a2d78ee20b - - - - -] api_database.mysql_enable_ndb = False log_opt_values /usr/lib/python3/dist-packages/oslo_config/cfg.py:2609
2025-09-01 00:37:27.639 143586 DEBUG oslo_service.service [req-8f49deae-f3a4-460b-b76c-97a2d78ee20b - - - - -] api_database.mysql_sql_mode = TRADITIONAL log_opt_values /usr/lib/python3/dist-packages/oslo_config/cfg.py:2609
2025-09-01 00:37:27.639 144713 DEBUG oslo_messaging._drivers.amqpdriver [-] AMQPListener connection timeout poll /usr/lib/python3/dist-packages/oslo_messaging/_drivers/amqpdriver.py:360
2025-09-01 00:37:27.639 144713 DEBUG oslo_messaging._drivers.amqpdriver [-] Listener is running poll /usr/lib/python3/dist-packages/oslo_messaging/_drivers/amqpdriver.py:343
2025-09-01 00:37:27.639 143586 DEBUG oslo_service.service [req-8f49deae-f3a4-460b-b76c-97a2d78ee20b - - - - -] api_database.pool_timeout = None log_opt_values /usr/lib/python3/dist-packages/oslo_config/cfg.py:2609
2025-09-01 00:37:27.639 144713 DEBUG oslo_messaging._drivers.amqpdriver [-] AMQPListener connection consume poll /usr/lib/python3/dist-packages/oslo_messaging/_drivers/amqpdriver.py:357
2025-09-01 00:37:27.639 143586 DEBUG oslo_service.service [req-8f49deae-f3a4-460b-b76c-97a2d78ee20b - - - - -] api_database.retry_interval = 10 log_opt_values /usr/lib/python3/dist-packages/oslo_config/cfg.py:2609
2025-09-01 00:37:27.639 143586 DEBUG oslo_service.service [req-8f49deae-f3a4-460b-b76c-97a2d78ee20b - - - - -] api_database.slave_connection = **** log_opt_values /usr/lib/python3/dist-packages/oslo_config/cfg.py:2609
2025-09-01 00:37:27.639 143586 DEBUG oslo_service.service [req-8f49deae-f3a4-460b-b76c-97a2d78ee20b - - - - -] api_database.sqlite_synchronous = True log_opt_values /usr/lib/python3/dist-packages/oslo_config/cfg.py:2609
2025-09-01 00:37:27.639 143586 DEBUG oslo_service.service [req-8f49deae-f3a4-460b-b76c-97a2d78ee20b - - - - -] devices.enabled_mdev_types = [] log_opt_values /usr/lib/python3/dist-packages/oslo_config/cfg.py:2609
2025-09-01 00:37:27.640 143586 DEBUG oslo_service.service [req-8f49deae-f3a4-460b-b76c-97a2d78ee20b - - - - -] ephemeral_storage_encryption.cipher = aes-xts-plain64 log_opt_values /usr/lib/python3/dist-packages/oslo_config/cfg.py:2609
2025-09-01 00:37:27.640 143586 DEBUG oslo_service.service [req-8f49deae-f3a4-460b-b76c-97a2d78ee20b - - - - -] ephemeral_storage_encryption.enabled = False log_opt_values /usr/lib/python3/dist-packages/oslo_config/cfg.py:2609
2025-09-01 00:37:27.640 143586 DEBUG oslo_service.service [req-8f49deae-f3a4-460b-b76c-97a2d78ee20b - - - - -] ephemeral_storage_encryption.key_size = 512 log_opt_values /usr/lib/python3/dist-packages/oslo_config/cfg.py:2609
2025-09-01 00:37:27.641 143586 WARNING oslo_config.cfg [req-8f49deae-f3a4-460b-b76c-97a2d78ee20b - - - - -] Deprecated: Option "api_servers" from group "glance" is deprecated for removal ( Support for image service configuration via standard keystoneauth1 Adapter options was added in the 17.0.0 Queens release. The api_servers option was retained temporarily to allow consumers time to cut over to a real load balancing solution. ). Its value may be silently ignored in the future.
2025-09-01 00:37:27.641 143586 DEBUG oslo_service.service [req-8f49deae-f3a4-460b-b76c-97a2d78ee20b - - - - -] glance.api_servers = ['http://252.57.26.145:9292'] log_opt_values /usr/lib/python3/dist-packages/oslo_config/cfg.py:2609
2025-09-01 00:37:27.641 143586 DEBUG oslo_service.service [req-8f49deae-f3a4-460b-b76c-97a2d78ee20b - - - - -] glance.cafile = None log_opt_values /usr/lib/python3/dist-packages/oslo_config/cfg.py:2609
2025-09-01 00:37:27.641 143586 DEBUG oslo_service.service [req-8f49deae-f3a4-460b-b76c-97a2d78ee20b - - - - -] glance.certfile = None log_opt_values /usr/lib/python3/dist-packages/oslo_config/cfg.py:2609
2025-09-01 00:37:27.642 143586 DEBUG oslo_service.service [req-8f49deae-f3a4-460b-b76c-97a2d78ee20b - - - - -] glance.collect_timing = False log_opt_values /usr/lib/python3/dist-packages/oslo_config/cfg.py:2609
2025-09-01 00:37:27.642 143586 DEBUG oslo_service.service [req-8f49deae-f3a4-460b-b76c-97a2d78ee20b - - - - -] glance.connect_retries = None log_opt_values /usr/lib/python3/dist-packages/oslo_config/cfg.py:2609
2025-09-01 00:37:27.642 143586 DEBUG oslo_service.service [req-8f49deae-f3a4-460b-b76c-97a2d78ee20b - - - - -] glance.connect_retry_delay = None log_opt_values /usr/lib/python3/dist-packages/oslo_config/cfg.py:2609
2025-09-01 00:37:27.642 143586 DEBUG oslo_service.service [req-8f49deae-f3a4-460b-b76c-97a2d78ee20b - - - - -] glance.debug = False log_opt_values /usr/lib/python3/dist-packages/oslo_config/cfg.py:2609
2025-09-01 00:37:27.642 143586 DEBUG oslo_service.service [req-8f49deae-f3a4-460b-b76c-97a2d78ee20b - - - - -] glance.default_trusted_certificate_ids = [] log_opt_values /usr/lib/python3/dist-packages/oslo_config/cfg.py:2609
2025-09-01 00:37:27.642 143586 DEBUG oslo_service.service [req-8f49deae-f3a4-460b-b76c-97a2d78ee20b - - - - -] glance.enable_certificate_validation = False log_opt_values /usr/lib/python3/dist-packages/oslo_config/cfg.py:2609
2025-09-01 00:37:27.643 143586 DEBUG oslo_service.service [req-8f49deae-f3a4-460b-b76c-97a2d78ee20b - - - - -] glance.enable_rbd_download = False log_opt_values /usr/lib/python3/dist-packages/oslo_config/cfg.py:2609
2025-09-01 00:37:27.643 143586 DEBUG oslo_service.service [req-8f49deae-f3a4-460b-b76c-97a2d78ee20b - - - - -] glance.endpoint_override = None log_opt_values /usr/lib/python3/dist-packages/oslo_config/cfg.py:2609
2025-09-01 00:37:27.643 143586 DEBUG oslo_service.service [req-8f49deae-f3a4-460b-b76c-97a2d78ee20b - - - - -] glance.insecure = False log_opt_values /usr/lib/python3/dist-packages/oslo_config/cfg.py:2609
2025-09-01 00:37:27.643 143586 DEBUG oslo_service.service [req-8f49deae-f3a4-460b-b76c-97a2d78ee20b - - - - -] glance.keyfile = None log_opt_values /usr/lib/python3/dist-packages/oslo_config/cfg.py:2609
2025-09-01 00:37:27.643 143586 DEBUG oslo_service.service [req-8f49deae-f3a4-460b-b76c-97a2d78ee20b - - - - -] glance.max_version = None log_opt_values /usr/lib/python3/dist-packages/oslo_config/cfg.py:2609
2025-09-01 00:37:27.644 143586 DEBUG oslo_service.service [req-8f49deae-f3a4-460b-b76c-97a2d78ee20b - - - - -] glance.min_version = None log_opt_values /usr/lib/python3/dist-packages/oslo_config/cfg.py:2609
2025-09-01 00:37:27.644 143586 DEBUG oslo_service.service [req-8f49deae-f3a4-460b-b76c-97a2d78ee20b - - - - -] glance.num_retries = 3 log_opt_values /usr/lib/python3/dist-packages/oslo_config/cfg.py:2609
2025-09-01 00:37:27.644 143586 DEBUG oslo_service.service [req-8f49deae-f3a4-460b-b76c-97a2d78ee20b - - - - -] glance.rbd_ceph_conf = log_opt_values /usr/lib/python3/dist-packages/oslo_config/cfg.py:2609
2025-09-01 00:37:27.644 143586 DEBUG oslo_service.service [req-8f49deae-f3a4-460b-b76c-97a2d78ee20b - - - - -] glance.rbd_connect_timeout = 5 log_opt_values /usr/lib/python3/dist-packages/oslo_config/cfg.py:2609
2025-09-01 00:37:27.644 143586 DEBUG oslo_service.service [req-8f49deae-f3a4-460b-b76c-97a2d78ee20b - - - - -] glance.rbd_pool = log_opt_values /usr/lib/python3/dist-packages/oslo_config/cfg.py:2609
2025-09-01 00:37:27.645 143586 DEBUG oslo_service.service [req-8f49deae-f3a4-460b-b76c-97a2d78ee20b - - - - -] glance.rbd_user = log_opt_values /usr/lib/python3/dist-packages/oslo_config/cfg.py:2609
2025-09-01 00:37:27.645 143586 DEBUG oslo_service.service [req-8f49deae-f3a4-460b-b76c-97a2d78ee20b - - - - -] glance.region_name = None log_opt_values /usr/lib/python3/dist-packages/oslo_config/cfg.py:2609
2025-09-01 00:37:27.645 143586 DEBUG oslo_service.service [req-8f49deae-f3a4-460b-b76c-97a2d78ee20b - - - - -] glance.service_name = None log_opt_values /usr/lib/python3/dist-packages/oslo_config/cfg.py:2609
2025-09-01 00:37:27.645 143586 DEBUG oslo_service.service [req-8f49deae-f3a4-460b-b76c-97a2d78ee20b - - - - -] glance.service_type = image log_opt_values /usr/lib/python3/dist-packages/oslo_config/cfg.py:2609
2025-09-01 00:37:27.645 143586 DEBUG oslo_service.service [req-8f49deae-f3a4-460b-b76c-97a2d78ee20b - - - - -] glance.split_loggers = False log_opt_values /usr/lib/python3/dist-packages/oslo_config/cfg.py:2609
2025-09-01 00:37:27.646 143586 DEBUG oslo_service.service [req-8f49deae-f3a4-460b-b76c-97a2d78ee20b - - - - -] glance.status_code_retries = None log_opt_values /usr/lib/python3/dist-packages/oslo_config/cfg.py:2609
2025-09-01 00:37:27.646 143586 DEBUG oslo_service.service [req-8f49deae-f3a4-460b-b76c-97a2d78ee20b - - - - -] glance.status_code_retry_delay = None log_opt_values /usr/lib/python3/dist-packages/oslo_config/cfg.py:2609
2025-09-01 00:37:27.646 143586 DEBUG oslo_service.service [req-8f49deae-f3a4-460b-b76c-97a2d78ee20b - - - - -] glance.timeout = None log_opt_values /usr/lib/python3/dist-packages/oslo_config/cfg.py:2609
2025-09-01 00:37:27.646 143586 DEBUG oslo_service.service [req-8f49deae-f3a4-460b-b76c-97a2d78ee20b - - - - -] glance.valid_interfaces = ['internal', 'public'] log_opt_values /usr/lib/python3/dist-packages/oslo_config/cfg.py:2609
2025-09-01 00:37:27.646 143586 DEBUG oslo_service.service [req-8f49deae-f3a4-460b-b76c-97a2d78ee20b - - - - -] glance.verify_glance_signatures = False log_opt_values /usr/lib/python3/dist-packages/oslo_config/cfg.py:2609
2025-09-01 00:37:27.647 143586 DEBUG oslo_service.service [req-8f49deae-f3a4-460b-b76c-97a2d78ee20b - - - - -] glance.version = None log_opt_values /usr/lib/python3/dist-packages/oslo_config/cfg.py:2609
2025-09-01 00:37:27.647 143586 DEBUG oslo_service.service [req-8f49deae-f3a4-460b-b76c-97a2d78ee20b - - - - -] guestfs.debug = False log_opt_values /usr/lib/python3/dist-packages/oslo_config/cfg.py:2609
2025-09-01 00:37:27.647 143586 DEBUG oslo_service.service [req-8f49deae-f3a4-460b-b76c-97a2d78ee20b - - - - -] hyperv.config_drive_cdrom = False log_opt_values /usr/lib/python3/dist-packages/oslo_config/cfg.py:2609
2025-09-01 00:37:27.647 143586 DEBUG oslo_service.service [req-8f49deae-f3a4-460b-b76c-97a2d78ee20b - - - - -] hyperv.config_drive_inject_password = False log_opt_values /usr/lib/python3/dist-packages/oslo_config/cfg.py:2609
2025-09-01 00:37:27.647 143586 DEBUG oslo_service.service [req-8f49deae-f3a4-460b-b76c-97a2d78ee20b - - - - -] hyperv.dynamic_memory_ratio = 1.0 log_opt_values /usr/lib/python3/dist-packages/oslo_config/cfg.py:2609
2025-09-01 00:37:27.647 143586 DEBUG oslo_service.service [req-8f49deae-f3a4-460b-b76c-97a2d78ee20b - - - - -] hyperv.enable_instance_metrics_collection = False log_opt_values /usr/lib/python3/dist-packages/oslo_config/cfg.py:2609
2025-09-01 00:37:27.648 143586 DEBUG oslo_service.service [req-8f49deae-f3a4-460b-b76c-97a2d78ee20b - - - - -] hyperv.enable_remotefx = False log_opt_values /usr/lib/python3/dist-packages/oslo_config/cfg.py:2609
2025-09-01 00:37:27.648 143586 DEBUG oslo_service.service [req-8f49deae-f3a4-460b-b76c-97a2d78ee20b - - - - -] hyperv.instances_path_share = log_opt_values /usr/lib/python3/dist-packages/oslo_config/cfg.py:2609
2025-09-01 00:37:27.648 143586 DEBUG oslo_service.service [req-8f49deae-f3a4-460b-b76c-97a2d78ee20b - - - - -] hyperv.iscsi_initiator_list = [] log_opt_values /usr/lib/python3/dist-packages/oslo_config/cfg.py:2609
2025-09-01 00:37:27.648 143586 DEBUG oslo_service.service [req-8f49deae-f3a4-460b-b76c-97a2d78ee20b - - - - -] hyperv.limit_cpu_features = False log_opt_values /usr/lib/python3/dist-packages/oslo_config/cfg.py:2609
2025-09-01 00:37:27.648 143586 DEBUG oslo_service.service [req-8f49deae-f3a4-460b-b76c-97a2d78ee20b - - - - -] hyperv.mounted_disk_query_retry_count = 10 log_opt_values /usr/lib/python3/dist-packages/oslo_config/cfg.py:2609
2025-09-01 00:37:27.649 143586 DEBUG oslo_service.service [req-8f49deae-f3a4-460b-b76c-97a2d78ee20b - - - - -] hyperv.mounted_disk_query_retry_interval = 5 log_opt_values /usr/lib/python3/dist-packages/oslo_config/cfg.py:2609
2025-09-01 00:37:27.649 143586 DEBUG oslo_service.service [req-8f49deae-f3a4-460b-b76c-97a2d78ee20b - - - - -] hyperv.power_state_check_timeframe = 60 log_opt_values /usr/lib/python3/dist-packages/oslo_config/cfg.py:2609
2025-09-01 00:37:27.649 143586 DEBUG oslo_service.service [req-8f49deae-f3a4-460b-b76c-97a2d78ee20b - - - - -] hyperv.power_state_event_polling_interval = 2 log_opt_values /usr/lib/python3/dist-packages/oslo_config/cfg.py:2609
2025-09-01 00:37:27.649 143586 DEBUG oslo_service.service [req-8f49deae-f3a4-460b-b76c-97a2d78ee20b - - - - -] hyperv.qemu_img_cmd = qemu-img.exe log_opt_values /usr/lib/python3/dist-packages/oslo_config/cfg.py:2609
2025-09-01 00:37:27.649 143586 DEBUG oslo_service.service [req-8f49deae-f3a4-460b-b76c-97a2d78ee20b - - - - -] hyperv.use_multipath_io = False log_opt_values /usr/lib/python3/dist-packages/oslo_config/cfg.py:2609
2025-09-01 00:37:27.650 143586 DEBUG oslo_service.service [req-8f49deae-f3a4-460b-b76c-97a2d78ee20b - - - - -] hyperv.volume_attach_retry_count = 10 log_opt_values /usr/lib/python3/dist-packages/oslo_config/cfg.py:2609
2025-09-01 00:37:27.650 143586 DEBUG oslo_service.service [req-8f49deae-f3a4-460b-b76c-97a2d78ee20b - - - - -] hyperv.volume_attach_retry_interval = 5 log_opt_values /usr/lib/python3/dist-packages/oslo_config/cfg.py:2609
2025-09-01 00:37:27.651 143586 DEBUG oslo_service.service [req-8f49deae-f3a4-460b-b76c-97a2d78ee20b - - - - -] hyperv.vswitch_name = None log_opt_values /usr/lib/python3/dist-packages/oslo_config/cfg.py:2609
2025-09-01 00:37:27.651 143586 DEBUG oslo_service.service [req-8f49deae-f3a4-460b-b76c-97a2d78ee20b - - - - -] hyperv.wait_soft_reboot_seconds = 60 log_opt_values /usr/lib/python3/dist-packages/oslo_config/cfg.py:2609
2025-09-01 00:37:27.651 143586 DEBUG oslo_service.service [req-8f49deae-f3a4-460b-b76c-97a2d78ee20b - - - - -] mks.enabled = False log_opt_values /usr/lib/python3/dist-packages/oslo_config/cfg.py:2609
2025-09-01 00:37:27.652 143586 DEBUG oslo_service.service [req-8f49deae-f3a4-460b-b76c-97a2d78ee20b - - - - -] mks.mksproxy_base_url = http://127.0.0.1:6090/ log_opt_values /usr/lib/python3/dist-packages/oslo_config/cfg.py:2609
2025-09-01 00:37:27.653 143586 DEBUG oslo_service.service [req-8f49deae-f3a4-460b-b76c-97a2d78ee20b - - - - -] image_cache.manager_interval = 2400 log_opt_values /usr/lib/python3/dist-packages/oslo_config/cfg.py:2609
2025-09-01 00:37:27.653 143586 DEBUG oslo_service.service [req-8f49deae-f3a4-460b-b76c-97a2d78ee20b - - - - -] image_cache.precache_concurrency = 1 log_opt_values /usr/lib/python3/dist-packages/oslo_config/cfg.py:2609
2025-09-01 00:37:27.653 143586 DEBUG oslo_service.service [req-8f49deae-f3a4-460b-b76c-97a2d78ee20b - - - - -] image_cache.remove_unused_base_images = True log_opt_values /usr/lib/python3/dist-packages/oslo_config/cfg.py:2609
2025-09-01 00:37:27.653 143586 DEBUG oslo_service.service [req-8f49deae-f3a4-460b-b76c-97a2d78ee20b - - - - -] image_cache.remove_unused_original_minimum_age_seconds = 86400 log_opt_values /usr/lib/python3/dist-packages/oslo_config/cfg.py:2609
2025-09-01 00:37:27.654 143586 DEBUG oslo_service.service [req-8f49deae-f3a4-460b-b76c-97a2d78ee20b - - - - -] image_cache.remove_unused_resized_minimum_age_seconds = 3600 log_opt_values /usr/lib/python3/dist-packages/oslo_config/cfg.py:2609
2025-09-01 00:37:27.654 143586 DEBUG oslo_service.service [req-8f49deae-f3a4-460b-b76c-97a2d78ee20b - - - - -] image_cache.subdirectory_name = _base log_opt_values /usr/lib/python3/dist-packages/oslo_config/cfg.py:2609
2025-09-01 00:37:27.654 143586 DEBUG oslo_service.service [req-8f49deae-f3a4-460b-b76c-97a2d78ee20b - - - - -] ironic.api_max_retries = 60 log_opt_values /usr/lib/python3/dist-packages/oslo_config/cfg.py:2609
2025-09-01 00:37:27.654 143586 DEBUG oslo_service.service [req-8f49deae-f3a4-460b-b76c-97a2d78ee20b - - - - -] ironic.api_retry_interval = 2 log_opt_values /usr/lib/python3/dist-packages/oslo_config/cfg.py:2609
2025-09-01 00:37:27.654 143586 DEBUG oslo_service.service [req-8f49deae-f3a4-460b-b76c-97a2d78ee20b - - - - -] ironic.auth_section = None log_opt_values /usr/lib/python3/dist-packages/oslo_config/cfg.py:2609
2025-09-01 00:37:27.654 143586 DEBUG oslo_service.service [req-8f49deae-f3a4-460b-b76c-97a2d78ee20b - - - - -] ironic.auth_type = None log_opt_values /usr/lib/python3/dist-packages/oslo_config/cfg.py:2609
2025-09-01 00:37:27.655 143586 DEBUG oslo_service.service [req-8f49deae-f3a4-460b-b76c-97a2d78ee20b - - - - -] ironic.cafile = None log_opt_values /usr/lib/python3/dist-packages/oslo_config/cfg.py:2609
2025-09-01 00:37:27.655 143586 DEBUG oslo_service.service [req-8f49deae-f3a4-460b-b76c-97a2d78ee20b - - - - -] ironic.certfile = None log_opt_values /usr/lib/python3/dist-packages/oslo_config/cfg.py:2609
2025-09-01 00:37:27.655 143586 DEBUG oslo_service.service [req-8f49deae-f3a4-460b-b76c-97a2d78ee20b - - - - -] ironic.collect_timing = False log_opt_values /usr/lib/python3/dist-packages/oslo_config/cfg.py:2609
2025-09-01 00:37:27.655 143586 DEBUG oslo_service.service [req-8f49deae-f3a4-460b-b76c-97a2d78ee20b - - - - -] ironic.connect_retries = None log_opt_values /usr/lib/python3/dist-packages/oslo_config/cfg.py:2609
2025-09-01 00:37:27.655 143586 DEBUG oslo_service.service [req-8f49deae-f3a4-460b-b76c-97a2d78ee20b - - - - -] ironic.connect_retry_delay = None log_opt_values /usr/lib/python3/dist-packages/oslo_config/cfg.py:2609
2025-09-01 00:37:27.656 143586 DEBUG oslo_service.service [req-8f49deae-f3a4-460b-b76c-97a2d78ee20b - - - - -] ironic.endpoint_override = None log_opt_values /usr/lib/python3/dist-packages/oslo_config/cfg.py:2609
2025-09-01 00:37:27.656 143586 DEBUG oslo_service.service [req-8f49deae-f3a4-460b-b76c-97a2d78ee20b - - - - -] ironic.insecure = False log_opt_values /usr/lib/python3/dist-packages/oslo_config/cfg.py:2609
2025-09-01 00:37:27.657 143586 DEBUG oslo_service.service [req-8f49deae-f3a4-460b-b76c-97a2d78ee20b - - - - -] ironic.keyfile = None log_opt_values /usr/lib/python3/dist-packages/oslo_config/cfg.py:2609
2025-09-01 00:37:27.657 143586 DEBUG oslo_service.service [req-8f49deae-f3a4-460b-b76c-97a2d78ee20b - - - - -] ironic.max_version = None log_opt_values /usr/lib/python3/dist-packages/oslo_config/cfg.py:2609
2025-09-01 00:37:27.658 143586 DEBUG oslo_service.service [req-8f49deae-f3a4-460b-b76c-97a2d78ee20b - - - - -] ironic.min_version = None log_opt_values /usr/lib/python3/dist-packages/oslo_config/cfg.py:2609
2025-09-01 00:37:27.658 143586 DEBUG oslo_service.service [req-8f49deae-f3a4-460b-b76c-97a2d78ee20b - - - - -] ironic.partition_key = None log_opt_values /usr/lib/python3/dist-packages/oslo_config/cfg.py:2609
2025-09-01 00:37:27.658 143586 DEBUG oslo_service.service [req-8f49deae-f3a4-460b-b76c-97a2d78ee20b - - - - -] ironic.peer_list = [] log_opt_values /usr/lib/python3/dist-packages/oslo_config/cfg.py:2609
2025-09-01 00:37:27.658 143586 DEBUG oslo_service.service [req-8f49deae-f3a4-460b-b76c-97a2d78ee20b - - - - -] ironic.region_name = None log_opt_values /usr/lib/python3/dist-packages/oslo_config/cfg.py:2609
2025-09-01 00:37:27.659 143586 DEBUG oslo_service.service [req-8f49deae-f3a4-460b-b76c-97a2d78ee20b - - - - -] ironic.serial_console_state_timeout = 10 log_opt_values /usr/lib/python3/dist-packages/oslo_config/cfg.py:2609
2025-09-01 00:37:27.660 143586 DEBUG oslo_service.service [req-8f49deae-f3a4-460b-b76c-97a2d78ee20b - - - - -] ironic.service_name = None log_opt_values /usr/lib/python3/dist-packages/oslo_config/cfg.py:2609
2025-09-01 00:37:27.660 143586 DEBUG oslo_service.service [req-8f49deae-f3a4-460b-b76c-97a2d78ee20b - - - - -] ironic.service_type = baremetal log_opt_values /usr/lib/python3/dist-packages/oslo_config/cfg.py:2609
2025-09-01 00:37:27.660 143586 DEBUG oslo_service.service [req-8f49deae-f3a4-460b-b76c-97a2d78ee20b - - - - -] ironic.split_loggers = False log_opt_values /usr/lib/python3/dist-packages/oslo_config/cfg.py:2609
2025-09-01 00:37:27.660 143586 DEBUG oslo_service.service [req-8f49deae-f3a4-460b-b76c-97a2d78ee20b - - - - -] ironic.status_code_retries = None log_opt_values /usr/lib/python3/dist-packages/oslo_config/cfg.py:2609
2025-09-01 00:37:27.661 143586 DEBUG oslo_service.service [req-8f49deae-f3a4-460b-b76c-97a2d78ee20b - - - - -] ironic.status_code_retry_delay = None log_opt_values /usr/lib/python3/dist-packages/oslo_config/cfg.py:2609
2025-09-01 00:37:27.661 143586 DEBUG oslo_service.service [req-8f49deae-f3a4-460b-b76c-97a2d78ee20b - - - - -] ironic.timeout = None log_opt_values /usr/lib/python3/dist-packages/oslo_config/cfg.py:2609
2025-09-01 00:37:27.661 143586 DEBUG oslo_service.service [req-8f49deae-f3a4-460b-b76c-97a2d78ee20b - - - - -] ironic.valid_interfaces = ['internal', 'public'] log_opt_values /usr/lib/python3/dist-packages/oslo_config/cfg.py:2609
2025-09-01 00:37:27.661 143586 DEBUG oslo_service.service [req-8f49deae-f3a4-460b-b76c-97a2d78ee20b - - - - -] ironic.version = None log_opt_values /usr/lib/python3/dist-packages/oslo_config/cfg.py:2609
2025-09-01 00:37:27.661 143586 DEBUG oslo_service.service [req-8f49deae-f3a4-460b-b76c-97a2d78ee20b - - - - -] key_manager.backend = barbican log_opt_values /usr/lib/python3/dist-packages/oslo_config/cfg.py:2609
2025-09-01 00:37:27.662 143586 DEBUG oslo_service.service [req-8f49deae-f3a4-460b-b76c-97a2d78ee20b - - - - -] key_manager.fixed_key = **** log_opt_values /usr/lib/python3/dist-packages/oslo_config/cfg.py:2609
2025-09-01 00:37:27.662 143586 DEBUG oslo_service.service [req-8f49deae-f3a4-460b-b76c-97a2d78ee20b - - - - -] barbican.auth_endpoint = http://localhost/identity/v3 log_opt_values /usr/lib/python3/dist-packages/oslo_config/cfg.py:2609
2025-09-01 00:37:27.662 143586 DEBUG oslo_service.service [req-8f49deae-f3a4-460b-b76c-97a2d78ee20b - - - - -] barbican.barbican_api_version = None log_opt_values /usr/lib/python3/dist-packages/oslo_config/cfg.py:2609
2025-09-01 00:37:27.662 143586 DEBUG oslo_service.service [req-8f49deae-f3a4-460b-b76c-97a2d78ee20b - - - - -] barbican.barbican_endpoint = None log_opt_values /usr/lib/python3/dist-packages/oslo_config/cfg.py:2609
2025-09-01 00:37:27.662 143586 DEBUG oslo_service.service [req-8f49deae-f3a4-460b-b76c-97a2d78ee20b - - - - -] barbican.barbican_endpoint_type = public log_opt_values /usr/lib/python3/dist-packages/oslo_config/cfg.py:2609
2025-09-01 00:37:27.663 143586 DEBUG oslo_service.service [req-8f49deae-f3a4-460b-b76c-97a2d78ee20b - - - - -] barbican.barbican_region_name = None log_opt_values /usr/lib/python3/dist-packages/oslo_config/cfg.py:2609
2025-09-01 00:37:27.663 143586 DEBUG oslo_service.service [req-8f49deae-f3a4-460b-b76c-97a2d78ee20b - - - - -] barbican.cafile = None log_opt_values /usr/lib/python3/dist-packages/oslo_config/cfg.py:2609
2025-09-01 00:37:27.663 143586 DEBUG oslo_service.service [req-8f49deae-f3a4-460b-b76c-97a2d78ee20b - - - - -] barbican.certfile = None log_opt_values /usr/lib/python3/dist-packages/oslo_config/cfg.py:2609
2025-09-01 00:37:27.663 143586 DEBUG oslo_service.service [req-8f49deae-f3a4-460b-b76c-97a2d78ee20b - - - - -] barbican.collect_timing = False log_opt_values /usr/lib/python3/dist-packages/oslo_config/cfg.py:2609
2025-09-01 00:37:27.663 143586 DEBUG oslo_service.service [req-8f49deae-f3a4-460b-b76c-97a2d78ee20b - - - - -] barbican.insecure = False log_opt_values /usr/lib/python3/dist-packages/oslo_config/cfg.py:2609
2025-09-01 00:37:27.664 143586 DEBUG oslo_service.service [req-8f49deae-f3a4-460b-b76c-97a2d78ee20b - - - - -] barbican.keyfile = None log_opt_values /usr/lib/python3/dist-packages/oslo_config/cfg.py:2609
2025-09-01 00:37:27.664 143586 DEBUG oslo_service.service [req-8f49deae-f3a4-460b-b76c-97a2d78ee20b - - - - -] barbican.number_of_retries = 60 log_opt_values /usr/lib/python3/dist-packages/oslo_config/cfg.py:2609
2025-09-01 00:37:27.664 143586 DEBUG oslo_service.service [req-8f49deae-f3a4-460b-b76c-97a2d78ee20b - - - - -] barbican.retry_delay = 1 log_opt_values /usr/lib/python3/dist-packages/oslo_config/cfg.py:2609
2025-09-01 00:37:27.664 143586 DEBUG oslo_service.service [req-8f49deae-f3a4-460b-b76c-97a2d78ee20b - - - - -] barbican.send_service_user_token = False log_opt_values /usr/lib/python3/dist-packages/oslo_config/cfg.py:2609
2025-09-01 00:37:27.664 143586 DEBUG oslo_service.service [req-8f49deae-f3a4-460b-b76c-97a2d78ee20b - - - - -] barbican.split_loggers = False log_opt_values /usr/lib/python3/dist-packages/oslo_config/cfg.py:2609
2025-09-01 00:37:27.665 143586 DEBUG oslo_service.service [req-8f49deae-f3a4-460b-b76c-97a2d78ee20b - - - - -] barbican.timeout = None log_opt_values /usr/lib/python3/dist-packages/oslo_config/cfg.py:2609
2025-09-01 00:37:27.665 143586 DEBUG oslo_service.service [req-8f49deae-f3a4-460b-b76c-97a2d78ee20b - - - - -] barbican.verify_ssl = True log_opt_values /usr/lib/python3/dist-packages/oslo_config/cfg.py:2609
2025-09-01 00:37:27.665 143586 DEBUG oslo_service.service [req-8f49deae-f3a4-460b-b76c-97a2d78ee20b - - - - -] barbican.verify_ssl_path = None log_opt_values /usr/lib/python3/dist-packages/oslo_config/cfg.py:2609
2025-09-01 00:37:27.665 143586 DEBUG oslo_service.service [req-8f49deae-f3a4-460b-b76c-97a2d78ee20b - - - - -] barbican_service_user.auth_section = None log_opt_values /usr/lib/python3/dist-packages/oslo_config/cfg.py:2609
2025-09-01 00:37:27.665 143586 DEBUG oslo_service.service [req-8f49deae-f3a4-460b-b76c-97a2d78ee20b - - - - -] barbican_service_user.auth_type = None log_opt_values /usr/lib/python3/dist-packages/oslo_config/cfg.py:2609
2025-09-01 00:37:27.665 143586 DEBUG oslo_service.service [req-8f49deae-f3a4-460b-b76c-97a2d78ee20b - - - - -] barbican_service_user.cafile = None log_opt_values /usr/lib/python3/dist-packages/oslo_config/cfg.py:2609
2025-09-01 00:37:27.666 143586 DEBUG oslo_service.service [req-8f49deae-f3a4-460b-b76c-97a2d78ee20b - - - - -] barbican_service_user.certfile = None log_opt_values /usr/lib/python3/dist-packages/oslo_config/cfg.py:2609
2025-09-01 00:37:27.666 143586 DEBUG oslo_service.service [req-8f49deae-f3a4-460b-b76c-97a2d78ee20b - - - - -] barbican_service_user.collect_timing = False log_opt_values /usr/lib/python3/dist-packages/oslo_config/cfg.py:2609
2025-09-01 00:37:27.666 143586 DEBUG oslo_service.service [req-8f49deae-f3a4-460b-b76c-97a2d78ee20b - - - - -] barbican_service_user.insecure = False log_opt_values /usr/lib/python3/dist-packages/oslo_config/cfg.py:2609
2025-09-01 00:37:27.666 143586 DEBUG oslo_service.service [req-8f49deae-f3a4-460b-b76c-97a2d78ee20b - - - - -] barbican_service_user.keyfile = None log_opt_values /usr/lib/python3/dist-packages/oslo_config/cfg.py:2609
2025-09-01 00:37:27.666 143586 DEBUG oslo_service.service [req-8f49deae-f3a4-460b-b76c-97a2d78ee20b - - - - -] barbican_service_user.split_loggers = False log_opt_values /usr/lib/python3/dist-packages/oslo_config/cfg.py:2609
2025-09-01 00:37:27.666 143586 DEBUG oslo_service.service [req-8f49deae-f3a4-460b-b76c-97a2d78ee20b - - - - -] barbican_service_user.timeout = None log_opt_values /usr/lib/python3/dist-packages/oslo_config/cfg.py:2609
2025-09-01 00:37:27.667 143586 DEBUG oslo_service.service [req-8f49deae-f3a4-460b-b76c-97a2d78ee20b - - - - -] vault.approle_role_id = None log_opt_values /usr/lib/python3/dist-packages/oslo_config/cfg.py:2609
2025-09-01 00:37:27.667 143586 DEBUG oslo_service.service [req-8f49deae-f3a4-460b-b76c-97a2d78ee20b - - - - -] vault.approle_secret_id = None log_opt_values /usr/lib/python3/dist-packages/oslo_config/cfg.py:2609
2025-09-01 00:37:27.667 143586 DEBUG oslo_service.service [req-8f49deae-f3a4-460b-b76c-97a2d78ee20b - - - - -] vault.cafile = None log_opt_values /usr/lib/python3/dist-packages/oslo_config/cfg.py:2609
2025-09-01 00:37:27.667 143586 DEBUG oslo_service.service [req-8f49deae-f3a4-460b-b76c-97a2d78ee20b - - - - -] vault.certfile = None log_opt_values /usr/lib/python3/dist-packages/oslo_config/cfg.py:2609
2025-09-01 00:37:27.667 143586 DEBUG oslo_service.service [req-8f49deae-f3a4-460b-b76c-97a2d78ee20b - - - - -] vault.collect_timing = False log_opt_values /usr/lib/python3/dist-packages/oslo_config/cfg.py:2609
2025-09-01 00:37:27.668 143586 DEBUG oslo_service.service [req-8f49deae-f3a4-460b-b76c-97a2d78ee20b - - - - -] vault.insecure = False log_opt_values /usr/lib/python3/dist-packages/oslo_config/cfg.py:2609
2025-09-01 00:37:27.668 143586 DEBUG oslo_service.service [req-8f49deae-f3a4-460b-b76c-97a2d78ee20b - - - - -] vault.keyfile = None log_opt_values /usr/lib/python3/dist-packages/oslo_config/cfg.py:2609
2025-09-01 00:37:27.668 143586 DEBUG oslo_service.service [req-8f49deae-f3a4-460b-b76c-97a2d78ee20b - - - - -] vault.kv_mountpoint = secret log_opt_values /usr/lib/python3/dist-packages/oslo_config/cfg.py:2609
2025-09-01 00:37:27.668 143586 DEBUG oslo_service.service [req-8f49deae-f3a4-460b-b76c-97a2d78ee20b - - - - -] vault.kv_version = 2 log_opt_values /usr/lib/python3/dist-packages/oslo_config/cfg.py:2609
2025-09-01 00:37:27.668 143586 DEBUG oslo_service.service [req-8f49deae-f3a4-460b-b76c-97a2d78ee20b - - - - -] vault.namespace = None log_opt_values /usr/lib/python3/dist-packages/oslo_config/cfg.py:2609
2025-09-01 00:37:27.668 143586 DEBUG oslo_service.service [req-8f49deae-f3a4-460b-b76c-97a2d78ee20b - - - - -] vault.root_token_id = None log_opt_values /usr/lib/python3/dist-packages/oslo_config/cfg.py:2609
