2025-09-01 00:37:30.635 144721 DEBUG oslo_messaging._drivers.amqpdriver [-] Listener is running poll /usr/lib/python3/dist-packages/oslo_messaging/_drivers/amqpdriver.py:343
2025-09-01 00:37:30.635 144721 DEBUG oslo_messaging._drivers.amqpdriver [-] AMQPListener connection consume poll /usr/lib/python3/dist-packages/oslo_messaging/_drivers/amqpdriver.py:357
2025-09-01 00:37:30.642 144721 DEBUG oslo_concurrency.lockutils [req-ae1ce6ad-9523-4d0b-9122-39004d2261ca - - - - -] Lock "38d4959b-eb9d-4888-9da6-d571d49ebeff" acquired by "nova.context.set_target_cell..get_or_set_cached_cell_and_set_connections" :: waited 0.000s inner /usr/lib/python3/dist-packages/oslo_concurrency/lockutils.py:386
2025-09-01 00:37:30.643 144713 DEBUG oslo_messaging._drivers.amqpdriver [-] AMQPListener connection timeout poll /usr/lib/python3/dist-packages/oslo_messaging/_drivers/amqpdriver.py:360
2025-09-01 00:37:30.643 144713 DEBUG oslo_messaging._drivers.amqpdriver [-] Listener is running poll /usr/lib/python3/dist-packages/oslo_messaging/_drivers/amqpdriver.py:343
2025-09-01 00:37:30.643 144713 DEBUG oslo_messaging._drivers.amqpdriver [-] AMQPListener connection consume poll /usr/lib/python3/dist-packages/oslo_messaging/_drivers/amqpdriver.py:357
2025-09-01 00:37:30.644 144721 DEBUG oslo_concurrency.lockutils [req-ae1ce6ad-9523-4d0b-9122-39004d2261ca - - - - -] Lock "38d4959b-eb9d-4888-9da6-d571d49ebeff" "released" by "nova.context.set_target_cell..get_or_set_cached_cell_and_set_connections" :: held 0.002s inner /usr/lib/python3/dist-packages/oslo_concurrency/lockutils.py:400
2025-09-01 00:37:30.650 144721 DEBUG oslo_db.sqlalchemy.engines [req-ae1ce6ad-9523-4d0b-9122-39004d2261ca - - - - -] MySQL server mode set to STRICT_TRANS_TABLES,STRICT_ALL_TABLES,NO_ZERO_IN_DATE,NO_ZERO_DATE,ERROR_FOR_DIVISION_BY_ZERO,TRADITIONAL,NO_ENGINE_SUBSTITUTION _check_effective_sql_mode /usr/lib/python3/dist-packages/oslo_db/sqlalchemy/engines.py:314
2025-09-01 00:37:34.619 144720 DEBUG oslo_messaging._drivers.amqpdriver [-] AMQPListener connection timeout poll /usr/lib/python3/dist-packages/oslo_messaging/_drivers/amqpdriver.py:360
2025-09-01 00:37:34.620 144720 DEBUG oslo_messaging._drivers.amqpdriver [-] Listener is running poll /usr/lib/python3/dist-packages/oslo_messaging/_drivers/amqpdriver.py:343
2025-09-01 00:37:34.620 144720 DEBUG oslo_messaging._drivers.amqpdriver [-] AMQPListener connection consume poll /usr/lib/python3/dist-packages/oslo_messaging/_drivers/amqpdriver.py:357
2025-09-01 00:37:34.635 144719 DEBUG oslo_messaging._drivers.amqpdriver [-] AMQPListener connection timeout poll /usr/lib/python3/dist-packages/oslo_messaging/_drivers/amqpdriver.py:360
2025-09-01 00:37:34.635 144719 DEBUG oslo_messaging._drivers.amqpdriver [-] Listener is running poll /usr/lib/python3/dist-packages/oslo_messaging/_drivers/amqpdriver.py:343
2025-09-01 00:37:34.635 144719 DEBUG oslo_messaging._drivers.amqpdriver [-] AMQPListener connection consume poll /usr/lib/python3/dist-packages/oslo_messaging/_drivers/amqpdriver.py:357
2025-09-01 00:37:34.637 144721 DEBUG oslo_messaging._drivers.amqpdriver [-] AMQPListener connection timeout poll /usr/lib/python3/dist-packages/oslo_messaging/_drivers/amqpdriver.py:360
2025-09-01 00:37:34.638 144721 DEBUG oslo_messaging._drivers.amqpdriver [-] Listener is running poll /usr/lib/python3/dist-packages/oslo_messaging/_drivers/amqpdriver.py:343
2025-09-01 00:37:34.638 144721 DEBUG oslo_messaging._drivers.amqpdriver [-] AMQPListener connection consume poll /usr/lib/python3/dist-packages/oslo_messaging/_drivers/amqpdriver.py:357
2025-09-01 00:37:34.645 144713 DEBUG oslo_messaging._drivers.amqpdriver [-] AMQPListener connection timeout poll /usr/lib/python3/dist-packages/oslo_messaging/_drivers/amqpdriver.py:360
2025-09-01 00:37:34.646 144713 DEBUG oslo_messaging._drivers.amqpdriver [-] Listener is running poll /usr/lib/python3/dist-packages/oslo_messaging/_drivers/amqpdriver.py:343
2025-09-01 00:37:34.646 144713 DEBUG oslo_messaging._drivers.amqpdriver [-] AMQPListener connection consume poll /usr/lib/python3/dist-packages/oslo_messaging/_drivers/amqpdriver.py:357
2025-09-01 00:37:42.620 144720 DEBUG oslo_messaging._drivers.amqpdriver [-] AMQPListener connection timeout poll /usr/lib/python3/dist-packages/oslo_messaging/_drivers/amqpdriver.py:360
2025-09-01 00:37:42.621 144720 DEBUG oslo_messaging._drivers.amqpdriver [-] Listener is running poll /usr/lib/python3/dist-packages/oslo_messaging/_drivers/amqpdriver.py:343
2025-09-01 00:37:42.621 144720 DEBUG oslo_messaging._drivers.amqpdriver [-] AMQPListener connection consume poll /usr/lib/python3/dist-packages/oslo_messaging/_drivers/amqpdriver.py:357
2025-09-01 00:37:42.636 144719 DEBUG oslo_messaging._drivers.amqpdriver [-] AMQPListener connection timeout poll /usr/lib/python3/dist-packages/oslo_messaging/_drivers/amqpdriver.py:360
2025-09-01 00:37:42.637 144719 DEBUG oslo_messaging._drivers.amqpdriver [-] Listener is running poll /usr/lib/python3/dist-packages/oslo_messaging/_drivers/amqpdriver.py:343
2025-09-01 00:37:42.637 144719 DEBUG oslo_messaging._drivers.amqpdriver [-] AMQPListener connection consume poll /usr/lib/python3/dist-packages/oslo_messaging/_drivers/amqpdriver.py:357
2025-09-01 00:37:42.639 144721 DEBUG oslo_messaging._drivers.amqpdriver [-] AMQPListener connection timeout poll /usr/lib/python3/dist-packages/oslo_messaging/_drivers/amqpdriver.py:360
2025-09-01 00:37:42.640 144721 DEBUG oslo_messaging._drivers.amqpdriver [-] Listener is running poll /usr/lib/python3/dist-packages/oslo_messaging/_drivers/amqpdriver.py:343
2025-09-01 00:37:42.640 144721 DEBUG oslo_messaging._drivers.amqpdriver [-] AMQPListener connection consume poll /usr/lib/python3/dist-packages/oslo_messaging/_drivers/amqpdriver.py:357
2025-09-01 00:37:42.647 144713 DEBUG oslo_messaging._drivers.amqpdriver [-] AMQPListener connection timeout poll /usr/lib/python3/dist-packages/oslo_messaging/_drivers/amqpdriver.py:360
2025-09-01 00:37:42.647 144713 DEBUG oslo_messaging._drivers.amqpdriver [-] Listener is running poll /usr/lib/python3/dist-packages/oslo_messaging/_drivers/amqpdriver.py:343
2025-09-01 00:37:42.647 144713 DEBUG oslo_messaging._drivers.amqpdriver [-] AMQPListener connection consume poll /usr/lib/python3/dist-packages/oslo_messaging/_drivers/amqpdriver.py:357
2025-09-01 00:37:49.616 144720 DEBUG oslo_service.periodic_task [req-e66ac2fb-da72-4b0c-9db4-3d1a764cb91b - - - - -] Running periodic task SchedulerManager._discover_hosts_in_cells run_periodic_tasks /usr/lib/python3/dist-packages/oslo_service/periodic_task.py:210
2025-09-01 00:37:49.618 144720 DEBUG oslo_db.sqlalchemy.engines [req-e66ac2fb-da72-4b0c-9db4-3d1a764cb91b - - - - -] Parent process 143586 forked (144720) with an open database connection, which is being discarded and recreated. checkout /usr/lib/python3/dist-packages/oslo_db/sqlalchemy/engines.py:413
2025-09-01 00:37:49.624 144720 DEBUG oslo_concurrency.lockutils [req-e66ac2fb-da72-4b0c-9db4-3d1a764cb91b - - - - -] Lock "38d4959b-eb9d-4888-9da6-d571d49ebeff" acquired by "nova.context.set_target_cell..get_or_set_cached_cell_and_set_connections" :: waited 0.000s inner /usr/lib/python3/dist-packages/oslo_concurrency/lockutils.py:386
2025-09-01 00:37:49.625 144720 DEBUG oslo_concurrency.lockutils [req-e66ac2fb-da72-4b0c-9db4-3d1a764cb91b - - - - -] Lock "38d4959b-eb9d-4888-9da6-d571d49ebeff" "released" by "nova.context.set_target_cell..get_or_set_cached_cell_and_set_connections" :: held 0.002s inner /usr/lib/python3/dist-packages/oslo_concurrency/lockutils.py:400
2025-09-01 00:37:49.631 144720 DEBUG oslo_db.sqlalchemy.engines [req-e66ac2fb-da72-4b0c-9db4-3d1a764cb91b - - - - -] MySQL server mode set to STRICT_TRANS_TABLES,STRICT_ALL_TABLES,NO_ZERO_IN_DATE,NO_ZERO_DATE,ERROR_FOR_DIVISION_BY_ZERO,TRADITIONAL,NO_ENGINE_SUBSTITUTION _check_effective_sql_mode /usr/lib/python3/dist-packages/oslo_db/sqlalchemy/engines.py:314
2025-09-01 00:37:49.681 144720 INFO nova.scheduler.manager [req-e66ac2fb-da72-4b0c-9db4-3d1a764cb91b - - - - -] Discovered 1 new hosts: cell1:cn-jenkins-deploy-platform-juju-os-572-1
2025-09-01 00:37:58.656 144719 DEBUG oslo_service.periodic_task [req-21e81e3a-1481-44b1-b732-ffff7f41004c - - - - -] Running periodic task SchedulerManager._discover_hosts_in_cells run_periodic_tasks /usr/lib/python3/dist-packages/oslo_service/periodic_task.py:210
2025-09-01 00:37:58.660 144719 DEBUG oslo_concurrency.lockutils [req-4c2dcb98-bfcd-40d4-b8e0-8471b5b7a42d - - - - -] Lock "38d4959b-eb9d-4888-9da6-d571d49ebeff" acquired by "nova.context.set_target_cell..get_or_set_cached_cell_and_set_connections" :: waited 0.000s inner /usr/lib/python3/dist-packages/oslo_concurrency/lockutils.py:386
2025-09-01 00:37:58.660 144719 DEBUG oslo_concurrency.lockutils [req-4c2dcb98-bfcd-40d4-b8e0-8471b5b7a42d - - - - -] Lock "38d4959b-eb9d-4888-9da6-d571d49ebeff" "released" by "nova.context.set_target_cell..get_or_set_cached_cell_and_set_connections" :: held 0.000s inner /usr/lib/python3/dist-packages/oslo_concurrency/lockutils.py:400
2025-09-01 00:38:00.664 144721 DEBUG oslo_service.periodic_task [req-ae1ce6ad-9523-4d0b-9122-39004d2261ca - - - - -] Running periodic task SchedulerManager._discover_hosts_in_cells run_periodic_tasks /usr/lib/python3/dist-packages/oslo_service/periodic_task.py:210
2025-09-01 00:38:00.671 144721 DEBUG oslo_concurrency.lockutils [req-fe610ecf-b6d6-403c-b13c-d63d11da350a - - - - -] Lock "38d4959b-eb9d-4888-9da6-d571d49ebeff" acquired by "nova.context.set_target_cell..get_or_set_cached_cell_and_set_connections" :: waited 0.000s inner /usr/lib/python3/dist-packages/oslo_concurrency/lockutils.py:386
2025-09-01 00:38:00.671 144721 DEBUG oslo_concurrency.lockutils [req-fe610ecf-b6d6-403c-b13c-d63d11da350a - - - - -] Lock "38d4959b-eb9d-4888-9da6-d571d49ebeff" "released" by "nova.context.set_target_cell..get_or_set_cached_cell_and_set_connections" :: held 0.000s inner /usr/lib/python3/dist-packages/oslo_concurrency/lockutils.py:400
2025-09-01 00:38:12.602 144720 DEBUG oslo_messaging._drivers.amqpdriver [-] AMQPListener connection timeout poll /usr/lib/python3/dist-packages/oslo_messaging/_drivers/amqpdriver.py:360
2025-09-01 00:38:12.603 144720 DEBUG oslo_messaging._drivers.amqpdriver [-] Listener is running poll /usr/lib/python3/dist-packages/oslo_messaging/_drivers/amqpdriver.py:343
2025-09-01 00:38:12.603 144720 DEBUG oslo_messaging._drivers.amqpdriver [-] AMQPListener connection consume poll /usr/lib/python3/dist-packages/oslo_messaging/_drivers/amqpdriver.py:357
2025-09-01 00:38:12.620 144721 DEBUG oslo_messaging._drivers.amqpdriver [-] AMQPListener connection timeout poll /usr/lib/python3/dist-packages/oslo_messaging/_drivers/amqpdriver.py:360
2025-09-01 00:38:12.620 144721 DEBUG oslo_messaging._drivers.amqpdriver [-] Listener is running poll /usr/lib/python3/dist-packages/oslo_messaging/_drivers/amqpdriver.py:343
2025-09-01 00:38:12.620 144721 DEBUG oslo_messaging._drivers.amqpdriver [-] AMQPListener connection consume poll /usr/lib/python3/dist-packages/oslo_messaging/_drivers/amqpdriver.py:357
2025-09-01 00:38:12.622 144719 DEBUG oslo_messaging._drivers.amqpdriver [-] AMQPListener connection timeout poll /usr/lib/python3/dist-packages/oslo_messaging/_drivers/amqpdriver.py:360
2025-09-01 00:38:12.622 144719 DEBUG oslo_messaging._drivers.amqpdriver [-] Listener is running poll /usr/lib/python3/dist-packages/oslo_messaging/_drivers/amqpdriver.py:343
2025-09-01 00:38:12.624 144719 DEBUG oslo_messaging._drivers.amqpdriver [-] AMQPListener connection consume poll /usr/lib/python3/dist-packages/oslo_messaging/_drivers/amqpdriver.py:357
2025-09-01 00:38:12.634 144713 DEBUG oslo_messaging._drivers.amqpdriver [-] AMQPListener connection timeout poll /usr/lib/python3/dist-packages/oslo_messaging/_drivers/amqpdriver.py:360
2025-09-01 00:38:12.634 144713 DEBUG oslo_messaging._drivers.amqpdriver [-] Listener is running poll /usr/lib/python3/dist-packages/oslo_messaging/_drivers/amqpdriver.py:343
2025-09-01 00:38:12.635 144713 DEBUG oslo_messaging._drivers.amqpdriver [-] AMQPListener connection consume poll /usr/lib/python3/dist-packages/oslo_messaging/_drivers/amqpdriver.py:357
2025-09-01 00:38:19.688 144720 DEBUG oslo_service.periodic_task [req-e66ac2fb-da72-4b0c-9db4-3d1a764cb91b - - - - -] Running periodic task SchedulerManager._discover_hosts_in_cells run_periodic_tasks /usr/lib/python3/dist-packages/oslo_service/periodic_task.py:210
2025-09-01 00:38:19.693 144720 DEBUG oslo_concurrency.lockutils [req-e4b2381d-ba4b-4b61-a024-e6a47b229f1e - - - - -] Lock "38d4959b-eb9d-4888-9da6-d571d49ebeff" acquired by "nova.context.set_target_cell..get_or_set_cached_cell_and_set_connections" :: waited 0.000s inner /usr/lib/python3/dist-packages/oslo_concurrency/lockutils.py:386
2025-09-01 00:38:19.693 144720 DEBUG oslo_concurrency.lockutils [req-e4b2381d-ba4b-4b61-a024-e6a47b229f1e - - - - -] Lock "38d4959b-eb9d-4888-9da6-d571d49ebeff" "released" by "nova.context.set_target_cell..get_or_set_cached_cell_and_set_connections" :: held 0.000s inner /usr/lib/python3/dist-packages/oslo_concurrency/lockutils.py:400
2025-09-01 00:38:27.638 144713 DEBUG oslo_service.periodic_task [req-3aadd97e-a066-46cf-a2c3-2231a898bb26 - - - - -] Running periodic task SchedulerManager._discover_hosts_in_cells run_periodic_tasks /usr/lib/python3/dist-packages/oslo_service/periodic_task.py:210
2025-09-01 00:38:27.639 144713 DEBUG oslo_db.sqlalchemy.engines [req-3aadd97e-a066-46cf-a2c3-2231a898bb26 - - - - -] Parent process 143586 forked (144713) with an open database connection, which is being discarded and recreated. checkout /usr/lib/python3/dist-packages/oslo_db/sqlalchemy/engines.py:413
2025-09-01 00:38:27.645 144713 DEBUG oslo_concurrency.lockutils [req-3aadd97e-a066-46cf-a2c3-2231a898bb26 - - - - -] Lock "38d4959b-eb9d-4888-9da6-d571d49ebeff" acquired by "nova.context.set_target_cell..get_or_set_cached_cell_and_set_connections" :: waited 0.000s inner /usr/lib/python3/dist-packages/oslo_concurrency/lockutils.py:386
2025-09-01 00:38:27.646 144713 DEBUG oslo_concurrency.lockutils [req-3aadd97e-a066-46cf-a2c3-2231a898bb26 - - - - -] Lock "38d4959b-eb9d-4888-9da6-d571d49ebeff" "released" by "nova.context.set_target_cell..get_or_set_cached_cell_and_set_connections" :: held 0.002s inner /usr/lib/python3/dist-packages/oslo_concurrency/lockutils.py:400
2025-09-01 00:38:27.651 144713 DEBUG oslo_db.sqlalchemy.engines [req-3aadd97e-a066-46cf-a2c3-2231a898bb26 - - - - -] MySQL server mode set to STRICT_TRANS_TABLES,STRICT_ALL_TABLES,NO_ZERO_IN_DATE,NO_ZERO_DATE,ERROR_FOR_DIVISION_BY_ZERO,TRADITIONAL,NO_ENGINE_SUBSTITUTION _check_effective_sql_mode /usr/lib/python3/dist-packages/oslo_db/sqlalchemy/engines.py:314
2025-09-01 00:38:28.666 144719 DEBUG oslo_service.periodic_task [req-4c2dcb98-bfcd-40d4-b8e0-8471b5b7a42d - - - - -] Running periodic task SchedulerManager._discover_hosts_in_cells run_periodic_tasks /usr/lib/python3/dist-packages/oslo_service/periodic_task.py:210
2025-09-01 00:38:28.670 144719 DEBUG oslo_concurrency.lockutils [req-ca01cb98-562a-4b5d-ba2a-c3cd23506137 - - - - -] Lock "38d4959b-eb9d-4888-9da6-d571d49ebeff" acquired by "nova.context.set_target_cell..get_or_set_cached_cell_and_set_connections" :: waited 0.000s inner /usr/lib/python3/dist-packages/oslo_concurrency/lockutils.py:386
2025-09-01 00:38:28.670 144719 DEBUG oslo_concurrency.lockutils [req-ca01cb98-562a-4b5d-ba2a-c3cd23506137 - - - - -] Lock "38d4959b-eb9d-4888-9da6-d571d49ebeff" "released" by "nova.context.set_target_cell..get_or_set_cached_cell_and_set_connections" :: held 0.000s inner /usr/lib/python3/dist-packages/oslo_concurrency/lockutils.py:400
2025-09-01 00:38:30.678 144721 DEBUG oslo_service.periodic_task [req-fe610ecf-b6d6-403c-b13c-d63d11da350a - - - - -] Running periodic task SchedulerManager._discover_hosts_in_cells run_periodic_tasks /usr/lib/python3/dist-packages/oslo_service/periodic_task.py:210
2025-09-01 00:38:30.682 144721 DEBUG oslo_concurrency.lockutils [req-ea872337-54a5-4b2e-a874-ee3519277bf3 - - - - -] Lock "38d4959b-eb9d-4888-9da6-d571d49ebeff" acquired by "nova.context.set_target_cell..get_or_set_cached_cell_and_set_connections" :: waited 0.000s inner /usr/lib/python3/dist-packages/oslo_concurrency/lockutils.py:386
2025-09-01 00:38:30.683 144721 DEBUG oslo_concurrency.lockutils [req-ea872337-54a5-4b2e-a874-ee3519277bf3 - - - - -] Lock "38d4959b-eb9d-4888-9da6-d571d49ebeff" "released" by "nova.context.set_target_cell..get_or_set_cached_cell_and_set_connections" :: held 0.000s inner /usr/lib/python3/dist-packages/oslo_concurrency/lockutils.py:400
2025-09-01 00:38:44.606 144720 DEBUG oslo_messaging._drivers.amqpdriver [-] AMQPListener connection timeout poll /usr/lib/python3/dist-packages/oslo_messaging/_drivers/amqpdriver.py:360
2025-09-01 00:38:44.606 144720 DEBUG oslo_messaging._drivers.amqpdriver [-] Listener is running poll /usr/lib/python3/dist-packages/oslo_messaging/_drivers/amqpdriver.py:343
2025-09-01 00:38:44.606 144720 DEBUG oslo_messaging._drivers.amqpdriver [-] AMQPListener connection consume poll /usr/lib/python3/dist-packages/oslo_messaging/_drivers/amqpdriver.py:357
2025-09-01 00:38:44.622 144721 DEBUG oslo_messaging._drivers.amqpdriver [-] AMQPListener connection timeout poll /usr/lib/python3/dist-packages/oslo_messaging/_drivers/amqpdriver.py:360
2025-09-01 00:38:44.622 144721 DEBUG oslo_messaging._drivers.amqpdriver [-] Listener is running poll /usr/lib/python3/dist-packages/oslo_messaging/_drivers/amqpdriver.py:343
2025-09-01 00:38:44.623 144721 DEBUG oslo_messaging._drivers.amqpdriver [-] AMQPListener connection consume poll /usr/lib/python3/dist-packages/oslo_messaging/_drivers/amqpdriver.py:357
2025-09-01 00:38:44.626 144719 DEBUG oslo_messaging._drivers.amqpdriver [-] AMQPListener connection timeout poll /usr/lib/python3/dist-packages/oslo_messaging/_drivers/amqpdriver.py:360
2025-09-01 00:38:44.626 144719 DEBUG oslo_messaging._drivers.amqpdriver [-] Listener is running poll /usr/lib/python3/dist-packages/oslo_messaging/_drivers/amqpdriver.py:343
2025-09-01 00:38:44.626 144719 DEBUG oslo_messaging._drivers.amqpdriver [-] AMQPListener connection consume poll /usr/lib/python3/dist-packages/oslo_messaging/_drivers/amqpdriver.py:357
2025-09-01 00:38:44.636 144713 DEBUG oslo_messaging._drivers.amqpdriver [-] AMQPListener connection timeout poll /usr/lib/python3/dist-packages/oslo_messaging/_drivers/amqpdriver.py:360
2025-09-01 00:38:44.637 144713 DEBUG oslo_messaging._drivers.amqpdriver [-] Listener is running poll /usr/lib/python3/dist-packages/oslo_messaging/_drivers/amqpdriver.py:343
2025-09-01 00:38:44.637 144713 DEBUG oslo_messaging._drivers.amqpdriver [-] AMQPListener connection consume poll /usr/lib/python3/dist-packages/oslo_messaging/_drivers/amqpdriver.py:357
2025-09-01 00:38:49.703 144720 DEBUG oslo_service.periodic_task [req-e4b2381d-ba4b-4b61-a024-e6a47b229f1e - - - - -] Running periodic task SchedulerManager._discover_hosts_in_cells run_periodic_tasks /usr/lib/python3/dist-packages/oslo_service/periodic_task.py:210
2025-09-01 00:38:49.707 144720 DEBUG oslo_concurrency.lockutils [req-f86e8257-97c8-49be-92d5-51648c2a5061 - - - - -] Lock "38d4959b-eb9d-4888-9da6-d571d49ebeff" acquired by "nova.context.set_target_cell..get_or_set_cached_cell_and_set_connections" :: waited 0.000s inner /usr/lib/python3/dist-packages/oslo_concurrency/lockutils.py:386
2025-09-01 00:38:49.707 144720 DEBUG oslo_concurrency.lockutils [req-f86e8257-97c8-49be-92d5-51648c2a5061 - - - - -] Lock "38d4959b-eb9d-4888-9da6-d571d49ebeff" "released" by "nova.context.set_target_cell..get_or_set_cached_cell_and_set_connections" :: held 0.000s inner /usr/lib/python3/dist-packages/oslo_concurrency/lockutils.py:400
2025-09-01 00:38:57.662 144713 DEBUG oslo_service.periodic_task [req-3aadd97e-a066-46cf-a2c3-2231a898bb26 - - - - -] Running periodic task SchedulerManager._discover_hosts_in_cells run_periodic_tasks /usr/lib/python3/dist-packages/oslo_service/periodic_task.py:210
2025-09-01 00:38:57.666 144713 DEBUG oslo_concurrency.lockutils [req-2ecddc38-1b48-46c5-8f4c-3b94ee240fa1 - - - - -] Lock "38d4959b-eb9d-4888-9da6-d571d49ebeff" acquired by "nova.context.set_target_cell..get_or_set_cached_cell_and_set_connections" :: waited 0.000s inner /usr/lib/python3/dist-packages/oslo_concurrency/lockutils.py:386
2025-09-01 00:38:57.667 144713 DEBUG oslo_concurrency.lockutils [req-2ecddc38-1b48-46c5-8f4c-3b94ee240fa1 - - - - -] Lock "38d4959b-eb9d-4888-9da6-d571d49ebeff" "released" by "nova.context.set_target_cell..get_or_set_cached_cell_and_set_connections" :: held 0.000s inner /usr/lib/python3/dist-packages/oslo_concurrency/lockutils.py:400
2025-09-01 00:38:59.630 144719 DEBUG oslo_service.periodic_task [req-ca01cb98-562a-4b5d-ba2a-c3cd23506137 - - - - -] Running periodic task SchedulerManager._discover_hosts_in_cells run_periodic_tasks /usr/lib/python3/dist-packages/oslo_service/periodic_task.py:210
2025-09-01 00:38:59.634 144719 DEBUG oslo_concurrency.lockutils [req-a54fd8fa-7144-4108-90e9-d8d49da158b0 - - - - -] Lock "38d4959b-eb9d-4888-9da6-d571d49ebeff" acquired by "nova.context.set_target_cell..get_or_set_cached_cell_and_set_connections" :: waited 0.000s inner /usr/lib/python3/dist-packages/oslo_concurrency/lockutils.py:386
2025-09-01 00:38:59.634 144719 DEBUG oslo_concurrency.lockutils [req-a54fd8fa-7144-4108-90e9-d8d49da158b0 - - - - -] Lock "38d4959b-eb9d-4888-9da6-d571d49ebeff" "released" by "nova.context.set_target_cell..get_or_set_cached_cell_and_set_connections" :: held 0.000s inner /usr/lib/python3/dist-packages/oslo_concurrency/lockutils.py:400
2025-09-01 00:39:00.689 144721 DEBUG oslo_service.periodic_task [req-ea872337-54a5-4b2e-a874-ee3519277bf3 - - - - -] Running periodic task SchedulerManager._discover_hosts_in_cells run_periodic_tasks /usr/lib/python3/dist-packages/oslo_service/periodic_task.py:210
2025-09-01 00:39:00.693 144721 DEBUG oslo_concurrency.lockutils [req-0e486f0e-3ff3-4728-b4e8-8794107d6b1c - - - - -] Lock "38d4959b-eb9d-4888-9da6-d571d49ebeff" acquired by "nova.context.set_target_cell..get_or_set_cached_cell_and_set_connections" :: waited 0.000s inner /usr/lib/python3/dist-packages/oslo_concurrency/lockutils.py:386
2025-09-01 00:39:00.693 144721 DEBUG oslo_concurrency.lockutils [req-0e486f0e-3ff3-4728-b4e8-8794107d6b1c - - - - -] Lock "38d4959b-eb9d-4888-9da6-d571d49ebeff" "released" by "nova.context.set_target_cell..get_or_set_cached_cell_and_set_connections" :: held 0.000s inner /usr/lib/python3/dist-packages/oslo_concurrency/lockutils.py:400
2025-09-01 00:39:02.468 143586 INFO oslo_service.service [req-8f49deae-f3a4-460b-b76c-97a2d78ee20b - - - - -] Caught SIGTERM, stopping children
2025-09-01 00:39:02.469 143586 DEBUG oslo_concurrency.lockutils [req-8f49deae-f3a4-460b-b76c-97a2d78ee20b - - - - -] Acquired lock "singleton_lock" lock /usr/lib/python3/dist-packages/oslo_concurrency/lockutils.py:294
2025-09-01 00:39:02.469 143586 DEBUG oslo_concurrency.lockutils [req-8f49deae-f3a4-460b-b76c-97a2d78ee20b - - - - -] Releasing lock "singleton_lock" lock /usr/lib/python3/dist-packages/oslo_concurrency/lockutils.py:312
2025-09-01 00:39:02.469 143586 DEBUG oslo_service.service [req-8f49deae-f3a4-460b-b76c-97a2d78ee20b - - - - -] Stop services. stop /usr/lib/python3/dist-packages/oslo_service/service.py:695
2025-09-01 00:39:02.469 143586 DEBUG oslo_service.service [req-8f49deae-f3a4-460b-b76c-97a2d78ee20b - - - - -] Killing children. stop /usr/lib/python3/dist-packages/oslo_service/service.py:700
2025-09-01 00:39:02.470 143586 INFO oslo_service.service [req-8f49deae-f3a4-460b-b76c-97a2d78ee20b - - - - -] Waiting on 4 children to exit
2025-09-01 00:39:02.476 143586 INFO oslo_service.service [req-8f49deae-f3a4-460b-b76c-97a2d78ee20b - - - - -] Child 144719 killed by signal 15
2025-09-01 00:39:02.476 143586 INFO oslo_service.service [req-8f49deae-f3a4-460b-b76c-97a2d78ee20b - - - - -] Child 144721 killed by signal 15
2025-09-01 00:39:02.477 143586 INFO oslo_service.service [req-8f49deae-f3a4-460b-b76c-97a2d78ee20b - - - - -] Child 144713 killed by signal 15
2025-09-01 00:39:02.478 143586 INFO oslo_service.service [req-8f49deae-f3a4-460b-b76c-97a2d78ee20b - - - - -] Child 144720 killed by signal 15
2025-09-01 00:39:04.217 159192 DEBUG oslo_db.sqlalchemy.engines [req-26fe838a-19ed-4019-8b37-153782940ce0 - - - - -] MySQL server mode set to STRICT_TRANS_TABLES,STRICT_ALL_TABLES,NO_ZERO_IN_DATE,NO_ZERO_DATE,ERROR_FOR_DIVISION_BY_ZERO,TRADITIONAL,NO_ENGINE_SUBSTITUTION _check_effective_sql_mode /usr/lib/python3/dist-packages/oslo_db/sqlalchemy/engines.py:314
2025-09-01 00:39:04.251 159192 DEBUG nova.scheduler.host_manager [req-26fe838a-19ed-4019-8b37-153782940ce0 - - - - -] Found 1 cells: 38d4959b-eb9d-4888-9da6-d571d49ebeff refresh_cells_caches /usr/lib/python3/dist-packages/nova/scheduler/host_manager.py:730
2025-09-01 00:39:04.251 159192 DEBUG nova.scheduler.host_manager [req-26fe838a-19ed-4019-8b37-153782940ce0 - - - - -] Found 0 disabled cells: refresh_cells_caches /usr/lib/python3/dist-packages/nova/scheduler/host_manager.py:742
2025-09-01 00:39:04.256 159192 WARNING nova.scheduler.filters.availability_zone_filter [req-26fe838a-19ed-4019-8b37-153782940ce0 - - - - -] The 'AvailabilityZoneFilter' is deprecated since the 24.0.0 (Xena) release. Since the 18.0.0 (Rocky) release, nova has supported mapping AZs to placement aggregates. The feature is enabled by the 'query_placement_for_availability_zone' config option and is now enabled by default. As such, the 'AvailabilityZoneFilter' is no longer required. Nova is currently configured to use both placement and the AvailabilityZoneFilter for AZ enforcement.
2025-09-01 00:39:04.348 159192 DEBUG nova.scheduler.host_manager [req-26fe838a-19ed-4019-8b37-153782940ce0 - - - - -] START:_async_init_instance_info _async_init_instance_info /usr/lib/python3/dist-packages/nova/scheduler/host_manager.py:411
2025-09-01 00:39:04.350 159192 DEBUG oslo_concurrency.lockutils [req-19208622-88da-4237-93c6-48844a4d3419 - - - - -] Lock "38d4959b-eb9d-4888-9da6-d571d49ebeff" acquired by "nova.context.set_target_cell..get_or_set_cached_cell_and_set_connections" :: waited 0.000s inner /usr/lib/python3/dist-packages/oslo_concurrency/lockutils.py:386
2025-09-01 00:39:04.352 159192 DEBUG oslo_concurrency.lockutils [req-19208622-88da-4237-93c6-48844a4d3419 - - - - -] Lock "38d4959b-eb9d-4888-9da6-d571d49ebeff" "released" by "nova.context.set_target_cell..get_or_set_cached_cell_and_set_connections" :: held 0.002s inner /usr/lib/python3/dist-packages/oslo_concurrency/lockutils.py:400
2025-09-01 00:39:04.390 159192 DEBUG oslo_db.sqlalchemy.engines [req-19208622-88da-4237-93c6-48844a4d3419 - - - - -] MySQL server mode set to STRICT_TRANS_TABLES,STRICT_ALL_TABLES,NO_ZERO_IN_DATE,NO_ZERO_DATE,ERROR_FOR_DIVISION_BY_ZERO,TRADITIONAL,NO_ENGINE_SUBSTITUTION _check_effective_sql_mode /usr/lib/python3/dist-packages/oslo_db/sqlalchemy/engines.py:314
2025-09-01 00:39:04.418 159192 DEBUG nova.scheduler.host_manager [req-19208622-88da-4237-93c6-48844a4d3419 - - - - -] Total number of compute nodes: 1 _async_init_instance_info /usr/lib/python3/dist-packages/nova/scheduler/host_manager.py:424
2025-09-01 00:39:04.419 159192 DEBUG oslo_concurrency.lockutils [req-19208622-88da-4237-93c6-48844a4d3419 - - - - -] Lock "38d4959b-eb9d-4888-9da6-d571d49ebeff" acquired by "nova.context.set_target_cell..get_or_set_cached_cell_and_set_connections" :: waited 0.000s inner /usr/lib/python3/dist-packages/oslo_concurrency/lockutils.py:386
2025-09-01 00:39:04.419 159192 DEBUG oslo_concurrency.lockutils [req-19208622-88da-4237-93c6-48844a4d3419 - - - - -] Lock "38d4959b-eb9d-4888-9da6-d571d49ebeff" "released" by "nova.context.set_target_cell..get_or_set_cached_cell_and_set_connections" :: held 0.000s inner /usr/lib/python3/dist-packages/oslo_concurrency/lockutils.py:400
2025-09-01 00:39:04.512 159192 DEBUG nova.scheduler.host_manager [req-19208622-88da-4237-93c6-48844a4d3419 - - - - -] Adding 0 instances for hosts 10-20 _async_init_instance_info /usr/lib/python3/dist-packages/nova/scheduler/host_manager.py:443
2025-09-01 00:39:04.513 159192 DEBUG nova.scheduler.host_manager [req-19208622-88da-4237-93c6-48844a4d3419 - - - - -] END:_async_init_instance_info _async_init_instance_info /usr/lib/python3/dist-packages/nova/scheduler/host_manager.py:454
2025-09-01 00:39:05.005 159192 DEBUG nova.context [req-26fe838a-19ed-4019-8b37-153782940ce0 - - - - -] Found 2 cells: 00000000-0000-0000-0000-000000000000(cell0),38d4959b-eb9d-4888-9da6-d571d49ebeff(cell1) load_cells /usr/lib/python3/dist-packages/nova/context.py:464
2025-09-01 00:39:05.005 159192 DEBUG oslo_concurrency.lockutils [req-eefb2e3a-b65e-4991-8b77-e08d635ca9da - - - - -] Lock "00000000-0000-0000-0000-000000000000" acquired by "nova.context.set_target_cell..get_or_set_cached_cell_and_set_connections" :: waited 0.000s inner /usr/lib/python3/dist-packages/oslo_concurrency/lockutils.py:386
2025-09-01 00:39:05.006 159192 DEBUG oslo_concurrency.lockutils [req-eefb2e3a-b65e-4991-8b77-e08d635ca9da - - - - -] Lock "00000000-0000-0000-0000-000000000000" "released" by "nova.context.set_target_cell..get_or_set_cached_cell_and_set_connections" :: held 0.001s inner /usr/lib/python3/dist-packages/oslo_concurrency/lockutils.py:400
2025-09-01 00:39:05.007 159192 DEBUG oslo_concurrency.lockutils [req-eefb2e3a-b65e-4991-8b77-e08d635ca9da - - - - -] Lock "38d4959b-eb9d-4888-9da6-d571d49ebeff" acquired by "nova.context.set_target_cell..get_or_set_cached_cell_and_set_connections" :: waited 0.000s inner /usr/lib/python3/dist-packages/oslo_concurrency/lockutils.py:386
2025-09-01 00:39:05.007 159192 DEBUG oslo_concurrency.lockutils [req-eefb2e3a-b65e-4991-8b77-e08d635ca9da - - - - -] Lock "38d4959b-eb9d-4888-9da6-d571d49ebeff" "released" by "nova.context.set_target_cell..get_or_set_cached_cell_and_set_connections" :: held 0.000s inner /usr/lib/python3/dist-packages/oslo_concurrency/lockutils.py:400
2025-09-01 00:39:05.025 159192 DEBUG oslo_db.sqlalchemy.engines [req-eefb2e3a-b65e-4991-8b77-e08d635ca9da - - - - -] MySQL server mode set to STRICT_TRANS_TABLES,STRICT_ALL_TABLES,NO_ZERO_IN_DATE,NO_ZERO_DATE,ERROR_FOR_DIVISION_BY_ZERO,TRADITIONAL,NO_ENGINE_SUBSTITUTION _check_effective_sql_mode /usr/lib/python3/dist-packages/oslo_db/sqlalchemy/engines.py:314
2025-09-01 00:39:05.034 159192 DEBUG oslo_concurrency.lockutils [req-eefb2e3a-b65e-4991-8b77-e08d635ca9da - - - - -] Acquired lock "singleton_lock" lock /usr/lib/python3/dist-packages/oslo_concurrency/lockutils.py:294
2025-09-01 00:39:05.034 159192 DEBUG oslo_concurrency.lockutils [req-eefb2e3a-b65e-4991-8b77-e08d635ca9da - - - - -] Releasing lock "singleton_lock" lock /usr/lib/python3/dist-packages/oslo_concurrency/lockutils.py:312
2025-09-01 00:39:05.035 159192 INFO oslo_service.service [req-eefb2e3a-b65e-4991-8b77-e08d635ca9da - - - - -] Starting 4 workers
2025-09-01 00:39:05.039 159192 DEBUG oslo_service.service [req-eefb2e3a-b65e-4991-8b77-e08d635ca9da - - - - -] Started child 159592 _start_child /usr/lib/python3/dist-packages/oslo_service/service.py:575
2025-09-01 00:39:05.044 159592 INFO nova.service [-] Starting scheduler node (version 25.2.1)
2025-09-01 00:39:05.045 159192 DEBUG oslo_service.service [req-eefb2e3a-b65e-4991-8b77-e08d635ca9da - - - - -] Started child 159593 _start_child /usr/lib/python3/dist-packages/oslo_service/service.py:575
2025-09-01 00:39:05.049 159593 INFO nova.service [-] Starting scheduler node (version 25.2.1)
2025-09-01 00:39:05.049 159192 DEBUG oslo_service.service [req-eefb2e3a-b65e-4991-8b77-e08d635ca9da - - - - -] Started child 159594 _start_child /usr/lib/python3/dist-packages/oslo_service/service.py:575
2025-09-01 00:39:05.055 159594 INFO nova.service [-] Starting scheduler node (version 25.2.1)
2025-09-01 00:39:05.054 159192 DEBUG oslo_service.service [req-eefb2e3a-b65e-4991-8b77-e08d635ca9da - - - - -] Started child 159595 _start_child /usr/lib/python3/dist-packages/oslo_service/service.py:575
2025-09-01 00:39:05.057 159192 DEBUG oslo_service.service [req-eefb2e3a-b65e-4991-8b77-e08d635ca9da - - - - -] Full set of CONF: wait /usr/lib/python3/dist-packages/oslo_service/service.py:649
2025-09-01 00:39:05.057 159192 DEBUG oslo_service.service [req-eefb2e3a-b65e-4991-8b77-e08d635ca9da - - - - -] ******************************************************************************** log_opt_values /usr/lib/python3/dist-packages/oslo_config/cfg.py:2589
2025-09-01 00:39:05.057 159192 DEBUG oslo_service.service [req-eefb2e3a-b65e-4991-8b77-e08d635ca9da - - - - -] Configuration options gathered from: log_opt_values /usr/lib/python3/dist-packages/oslo_config/cfg.py:2590
2025-09-01 00:39:05.057 159192 DEBUG oslo_service.service [req-eefb2e3a-b65e-4991-8b77-e08d635ca9da - - - - -] command line args: ['--config-file=/etc/nova/nova.conf', '--log-file=/var/log/nova/nova-scheduler.log'] log_opt_values /usr/lib/python3/dist-packages/oslo_config/cfg.py:2591
2025-09-01 00:39:05.058 159192 DEBUG oslo_service.service [req-eefb2e3a-b65e-4991-8b77-e08d635ca9da - - - - -] config files: ['/etc/nova/nova.conf'] log_opt_values /usr/lib/python3/dist-packages/oslo_config/cfg.py:2592
2025-09-01 00:39:05.058 159192 DEBUG oslo_service.service [req-eefb2e3a-b65e-4991-8b77-e08d635ca9da - - - - -] ================================================================================ log_opt_values /usr/lib/python3/dist-packages/oslo_config/cfg.py:2594
2025-09-01 00:39:05.060 159192 DEBUG oslo_service.service [req-eefb2e3a-b65e-4991-8b77-e08d635ca9da - - - - -] allow_resize_to_same_host = False log_opt_values /usr/lib/python3/dist-packages/oslo_config/cfg.py:2602
2025-09-01 00:39:05.059 159595 INFO nova.service [-] Starting scheduler node (version 25.2.1)
2025-09-01 00:39:05.060 159192 DEBUG oslo_service.service [req-eefb2e3a-b65e-4991-8b77-e08d635ca9da - - - - -] arq_binding_timeout = 300 log_opt_values /usr/lib/python3/dist-packages/oslo_config/cfg.py:2602
2025-09-01 00:39:05.060 159192 DEBUG oslo_service.service [req-eefb2e3a-b65e-4991-8b77-e08d635ca9da - - - - -] block_device_allocate_retries = 60 log_opt_values /usr/lib/python3/dist-packages/oslo_config/cfg.py:2602
2025-09-01 00:39:05.060 159192 DEBUG oslo_service.service [req-eefb2e3a-b65e-4991-8b77-e08d635ca9da - - - - -] block_device_allocate_retries_interval = 3 log_opt_values /usr/lib/python3/dist-packages/oslo_config/cfg.py:2602
2025-09-01 00:39:05.061 159192 DEBUG oslo_service.service [req-eefb2e3a-b65e-4991-8b77-e08d635ca9da - - - - -] cert = self.pem log_opt_values /usr/lib/python3/dist-packages/oslo_config/cfg.py:2602
2025-09-01 00:39:05.062 159192 DEBUG oslo_service.service [req-eefb2e3a-b65e-4991-8b77-e08d635ca9da - - - - -] compute_driver = libvirt.LibvirtDriver log_opt_values /usr/lib/python3/dist-packages/oslo_config/cfg.py:2602
2025-09-01 00:39:05.062 159192 DEBUG oslo_service.service [req-eefb2e3a-b65e-4991-8b77-e08d635ca9da - - - - -] compute_monitors = [] log_opt_values /usr/lib/python3/dist-packages/oslo_config/cfg.py:2602
2025-09-01 00:39:05.063 159192 DEBUG oslo_service.service [req-eefb2e3a-b65e-4991-8b77-e08d635ca9da - - - - -] config_dir = [] log_opt_values /usr/lib/python3/dist-packages/oslo_config/cfg.py:2602
2025-09-01 00:39:05.063 159192 DEBUG oslo_service.service [req-eefb2e3a-b65e-4991-8b77-e08d635ca9da - - - - -] config_drive_format = iso9660 log_opt_values /usr/lib/python3/dist-packages/oslo_config/cfg.py:2602
2025-09-01 00:39:05.064 159192 DEBUG oslo_service.service [req-eefb2e3a-b65e-4991-8b77-e08d635ca9da - - - - -] config_file = ['/etc/nova/nova.conf'] log_opt_values /usr/lib/python3/dist-packages/oslo_config/cfg.py:2602
2025-09-01 00:39:05.064 159192 DEBUG oslo_service.service [req-eefb2e3a-b65e-4991-8b77-e08d635ca9da - - - - -] config_source = [] log_opt_values /usr/lib/python3/dist-packages/oslo_config/cfg.py:2602
2025-09-01 00:39:05.064 159192 DEBUG oslo_service.service [req-eefb2e3a-b65e-4991-8b77-e08d635ca9da - - - - -] console_host = juju-8e3293-0-lxd-7 log_opt_values /usr/lib/python3/dist-packages/oslo_config/cfg.py:2602
2025-09-01 00:39:05.064 159192 DEBUG oslo_service.service [req-eefb2e3a-b65e-4991-8b77-e08d635ca9da - - - - -] control_exchange = nova log_opt_values /usr/lib/python3/dist-packages/oslo_config/cfg.py:2602
2025-09-01 00:39:05.065 159192 DEBUG oslo_service.service [req-eefb2e3a-b65e-4991-8b77-e08d635ca9da - - - - -] cpu_allocation_ratio = 2.0 log_opt_values /usr/lib/python3/dist-packages/oslo_config/cfg.py:2602
2025-09-01 00:39:05.065 159593 DEBUG oslo_db.sqlalchemy.engines [req-b1aad688-7dfd-4cea-8077-02a7b4663785 - - - - -] MySQL server mode set to STRICT_TRANS_TABLES,STRICT_ALL_TABLES,NO_ZERO_IN_DATE,NO_ZERO_DATE,ERROR_FOR_DIVISION_BY_ZERO,TRADITIONAL,NO_ENGINE_SUBSTITUTION _check_effective_sql_mode /usr/lib/python3/dist-packages/oslo_db/sqlalchemy/engines.py:314
2025-09-01 00:39:05.065 159192 DEBUG oslo_service.service [req-eefb2e3a-b65e-4991-8b77-e08d635ca9da - - - - -] daemon = False log_opt_values /usr/lib/python3/dist-packages/oslo_config/cfg.py:2602
2025-09-01 00:39:05.066 159192 DEBUG oslo_service.service [req-eefb2e3a-b65e-4991-8b77-e08d635ca9da - - - - -] debug = True log_opt_values /usr/lib/python3/dist-packages/oslo_config/cfg.py:2602
2025-09-01 00:39:05.066 159192 DEBUG oslo_service.service [req-eefb2e3a-b65e-4991-8b77-e08d635ca9da - - - - -] default_access_ip_network_name = None log_opt_values /usr/lib/python3/dist-packages/oslo_config/cfg.py:2602
2025-09-01 00:39:05.067 159192 DEBUG oslo_service.service [req-eefb2e3a-b65e-4991-8b77-e08d635ca9da - - - - -] default_availability_zone = nova log_opt_values /usr/lib/python3/dist-packages/oslo_config/cfg.py:2602
2025-09-01 00:39:05.068 159192 DEBUG oslo_service.service [req-eefb2e3a-b65e-4991-8b77-e08d635ca9da - - - - -] default_ephemeral_format = None log_opt_values /usr/lib/python3/dist-packages/oslo_config/cfg.py:2602
2025-09-01 00:39:05.068 159594 DEBUG oslo_db.sqlalchemy.engines [req-888a5086-1f6c-42f7-850c-56874b1fe508 - - - - -] MySQL server mode set to STRICT_TRANS_TABLES,STRICT_ALL_TABLES,NO_ZERO_IN_DATE,NO_ZERO_DATE,ERROR_FOR_DIVISION_BY_ZERO,TRADITIONAL,NO_ENGINE_SUBSTITUTION _check_effective_sql_mode /usr/lib/python3/dist-packages/oslo_db/sqlalchemy/engines.py:314
2025-09-01 00:39:05.069 159192 DEBUG oslo_service.service [req-eefb2e3a-b65e-4991-8b77-e08d635ca9da - - - - -] default_log_levels = ['amqp=WARN', 'amqplib=WARN', 'boto=WARN', 'qpid=WARN', 'sqlalchemy=WARN', 'suds=INFO', 'oslo.messaging=INFO', 'oslo_messaging=DEBUG', 'iso8601=WARN', 'requests.packages.urllib3.connectionpool=WARN', 'urllib3.connectionpool=WARN', 'websocket=WARN', 'requests.packages.urllib3.util.retry=WARN', 'urllib3.util.retry=WARN', 'keystonemiddleware=WARN', 'routes.middleware=WARN', 'stevedore=WARN', 'taskflow=WARN', 'keystoneauth=WARN', 'oslo.cache=INFO', 'dogpile.core.dogpile=INFO', 'glanceclient=WARN', 'oslo.privsep.daemon=INFO'] log_opt_values /usr/lib/python3/dist-packages/oslo_config/cfg.py:2602
2025-09-01 00:39:05.069 159192 DEBUG oslo_service.service [req-eefb2e3a-b65e-4991-8b77-e08d635ca9da - - - - -] default_schedule_zone = None log_opt_values /usr/lib/python3/dist-packages/oslo_config/cfg.py:2602
2025-09-01 00:39:05.073 159192 DEBUG oslo_service.service [req-eefb2e3a-b65e-4991-8b77-e08d635ca9da - - - - -] disk_allocation_ratio = 1.0 log_opt_values /usr/lib/python3/dist-packages/oslo_config/cfg.py:2602
2025-09-01 00:39:05.073 159595 DEBUG oslo_db.sqlalchemy.engines [req-1c2981e9-0bfc-4d09-8de5-1578029c44a0 - - - - -] MySQL server mode set to STRICT_TRANS_TABLES,STRICT_ALL_TABLES,NO_ZERO_IN_DATE,NO_ZERO_DATE,ERROR_FOR_DIVISION_BY_ZERO,TRADITIONAL,NO_ENGINE_SUBSTITUTION _check_effective_sql_mode /usr/lib/python3/dist-packages/oslo_db/sqlalchemy/engines.py:314
2025-09-01 00:39:05.074 159192 DEBUG oslo_service.service [req-eefb2e3a-b65e-4991-8b77-e08d635ca9da - - - - -] enable_new_services = True log_opt_values /usr/lib/python3/dist-packages/oslo_config/cfg.py:2602
2025-09-01 00:39:05.074 159192 DEBUG oslo_service.service [req-eefb2e3a-b65e-4991-8b77-e08d635ca9da - - - - -] enabled_apis = ['osapi_compute', 'metadata'] log_opt_values /usr/lib/python3/dist-packages/oslo_config/cfg.py:2602
2025-09-01 00:39:05.074 159192 DEBUG oslo_service.service [req-eefb2e3a-b65e-4991-8b77-e08d635ca9da - - - - -] enabled_ssl_apis = [] log_opt_values /usr/lib/python3/dist-packages/oslo_config/cfg.py:2602
2025-09-01 00:39:05.074 159192 DEBUG oslo_service.service [req-eefb2e3a-b65e-4991-8b77-e08d635ca9da - - - - -] fatal_deprecations = False log_opt_values /usr/lib/python3/dist-packages/oslo_config/cfg.py:2602
2025-09-01 00:39:05.075 159192 DEBUG oslo_service.service [req-eefb2e3a-b65e-4991-8b77-e08d635ca9da - - - - -] flat_injected = False log_opt_values /usr/lib/python3/dist-packages/oslo_config/cfg.py:2602
2025-09-01 00:39:05.075 159192 DEBUG oslo_service.service [req-eefb2e3a-b65e-4991-8b77-e08d635ca9da - - - - -] force_config_drive = False log_opt_values /usr/lib/python3/dist-packages/oslo_config/cfg.py:2602
2025-09-01 00:39:05.075 159192 DEBUG oslo_service.service [req-eefb2e3a-b65e-4991-8b77-e08d635ca9da - - - - -] force_raw_images = True log_opt_values /usr/lib/python3/dist-packages/oslo_config/cfg.py:2602
2025-09-01 00:39:05.075 159192 DEBUG oslo_service.service [req-eefb2e3a-b65e-4991-8b77-e08d635ca9da - - - - -] graceful_shutdown_timeout = 60 log_opt_values /usr/lib/python3/dist-packages/oslo_config/cfg.py:2602
2025-09-01 00:39:05.076 159192 DEBUG oslo_service.service [req-eefb2e3a-b65e-4991-8b77-e08d635ca9da - - - - -] heal_instance_info_cache_interval = 60 log_opt_values /usr/lib/python3/dist-packages/oslo_config/cfg.py:2602
2025-09-01 00:39:05.076 159192 DEBUG oslo_service.service [req-eefb2e3a-b65e-4991-8b77-e08d635ca9da - - - - -] host = juju-8e3293-0-lxd-7 log_opt_values /usr/lib/python3/dist-packages/oslo_config/cfg.py:2602
2025-09-01 00:39:05.076 159192 DEBUG oslo_service.service [req-eefb2e3a-b65e-4991-8b77-e08d635ca9da - - - - -] initial_cpu_allocation_ratio = 16.0 log_opt_values /usr/lib/python3/dist-packages/oslo_config/cfg.py:2602
2025-09-01 00:39:05.076 159192 DEBUG oslo_service.service [req-eefb2e3a-b65e-4991-8b77-e08d635ca9da - - - - -] initial_disk_allocation_ratio = 1.0 log_opt_values /usr/lib/python3/dist-packages/oslo_config/cfg.py:2602
2025-09-01 00:39:05.077 159192 DEBUG oslo_service.service [req-eefb2e3a-b65e-4991-8b77-e08d635ca9da - - - - -] initial_ram_allocation_ratio = 1.5 log_opt_values /usr/lib/python3/dist-packages/oslo_config/cfg.py:2602
2025-09-01 00:39:05.077 159192 DEBUG oslo_service.service [req-eefb2e3a-b65e-4991-8b77-e08d635ca9da - - - - -] injected_network_template = /usr/lib/python3/dist-packages/nova/virt/interfaces.template log_opt_values /usr/lib/python3/dist-packages/oslo_config/cfg.py:2602
2025-09-01 00:39:05.077 159192 DEBUG oslo_service.service [req-eefb2e3a-b65e-4991-8b77-e08d635ca9da - - - - -] instance_build_timeout = 0 log_opt_values /usr/lib/python3/dist-packages/oslo_config/cfg.py:2602
2025-09-01 00:39:05.077 159192 DEBUG oslo_service.service [req-eefb2e3a-b65e-4991-8b77-e08d635ca9da - - - - -] instance_delete_interval = 300 log_opt_values /usr/lib/python3/dist-packages/oslo_config/cfg.py:2602
2025-09-01 00:39:05.078 159192 DEBUG oslo_service.service [req-eefb2e3a-b65e-4991-8b77-e08d635ca9da - - - - -] instance_format = [instance: %(uuid)s] log_opt_values /usr/lib/python3/dist-packages/oslo_config/cfg.py:2602
2025-09-01 00:39:05.078 159192 DEBUG oslo_service.service [req-eefb2e3a-b65e-4991-8b77-e08d635ca9da - - - - -] instance_name_template = instance-%08x log_opt_values /usr/lib/python3/dist-packages/oslo_config/cfg.py:2602
2025-09-01 00:39:05.078 159192 DEBUG oslo_service.service [req-eefb2e3a-b65e-4991-8b77-e08d635ca9da - - - - -] instance_usage_audit = False log_opt_values /usr/lib/python3/dist-packages/oslo_config/cfg.py:2602
2025-09-01 00:39:05.078 159192 DEBUG oslo_service.service [req-eefb2e3a-b65e-4991-8b77-e08d635ca9da - - - - -] instance_usage_audit_period = month log_opt_values /usr/lib/python3/dist-packages/oslo_config/cfg.py:2602
2025-09-01 00:39:05.078 159192 DEBUG oslo_service.service [req-eefb2e3a-b65e-4991-8b77-e08d635ca9da - - - - -] instance_uuid_format = [instance: %(uuid)s] log_opt_values /usr/lib/python3/dist-packages/oslo_config/cfg.py:2602
2025-09-01 00:39:05.079 159192 DEBUG oslo_service.service [req-eefb2e3a-b65e-4991-8b77-e08d635ca9da - - - - -] instances_path = /var/lib/nova/instances log_opt_values /usr/lib/python3/dist-packages/oslo_config/cfg.py:2602
2025-09-01 00:39:05.079 159192 DEBUG oslo_service.service [req-eefb2e3a-b65e-4991-8b77-e08d635ca9da - - - - -] internal_service_availability_zone = internal log_opt_values /usr/lib/python3/dist-packages/oslo_config/cfg.py:2602
2025-09-01 00:39:05.079 159192 DEBUG oslo_service.service [req-eefb2e3a-b65e-4991-8b77-e08d635ca9da - - - - -] key = None log_opt_values /usr/lib/python3/dist-packages/oslo_config/cfg.py:2602
2025-09-01 00:39:05.079 159192 DEBUG oslo_service.service [req-eefb2e3a-b65e-4991-8b77-e08d635ca9da - - - - -] live_migration_retry_count = 30 log_opt_values /usr/lib/python3/dist-packages/oslo_config/cfg.py:2602
2025-09-01 00:39:05.079 159192 DEBUG oslo_service.service [req-eefb2e3a-b65e-4991-8b77-e08d635ca9da - - - - -] log_config_append = None log_opt_values /usr/lib/python3/dist-packages/oslo_config/cfg.py:2602
2025-09-01 00:39:05.080 159192 DEBUG oslo_service.service [req-eefb2e3a-b65e-4991-8b77-e08d635ca9da - - - - -] log_date_format = %Y-%m-%d %H:%M:%S log_opt_values /usr/lib/python3/dist-packages/oslo_config/cfg.py:2602
2025-09-01 00:39:05.080 159192 DEBUG oslo_service.service [req-eefb2e3a-b65e-4991-8b77-e08d635ca9da - - - - -] log_dir = /var/log/nova log_opt_values /usr/lib/python3/dist-packages/oslo_config/cfg.py:2602
2025-09-01 00:39:05.080 159192 DEBUG oslo_service.service [req-eefb2e3a-b65e-4991-8b77-e08d635ca9da - - - - -] log_file = /var/log/nova/nova-scheduler.log log_opt_values /usr/lib/python3/dist-packages/oslo_config/cfg.py:2602
2025-09-01 00:39:05.080 159192 DEBUG oslo_service.service [req-eefb2e3a-b65e-4991-8b77-e08d635ca9da - - - - -] log_options = True log_opt_values /usr/lib/python3/dist-packages/oslo_config/cfg.py:2602
2025-09-01 00:39:05.080 159192 DEBUG oslo_service.service [req-eefb2e3a-b65e-4991-8b77-e08d635ca9da - - - - -] log_rotate_interval = 1 log_opt_values /usr/lib/python3/dist-packages/oslo_config/cfg.py:2602
2025-09-01 00:39:05.081 159192 DEBUG oslo_service.service [req-eefb2e3a-b65e-4991-8b77-e08d635ca9da - - - - -] log_rotate_interval_type = days log_opt_values /usr/lib/python3/dist-packages/oslo_config/cfg.py:2602
2025-09-01 00:39:05.081 159192 DEBUG oslo_service.service [req-eefb2e3a-b65e-4991-8b77-e08d635ca9da - - - - -] log_rotation_type = none log_opt_values /usr/lib/python3/dist-packages/oslo_config/cfg.py:2602
2025-09-01 00:39:05.081 159192 DEBUG oslo_service.service [req-eefb2e3a-b65e-4991-8b77-e08d635ca9da - - - - -] logging_context_format_string = %(asctime)s.%(msecs)03d %(process)d %(levelname)s %(name)s [%(request_id)s %(user_identity)s] %(instance)s%(message)s log_opt_values /usr/lib/python3/dist-packages/oslo_config/cfg.py:2602
2025-09-01 00:39:05.081 159192 DEBUG oslo_service.service [req-eefb2e3a-b65e-4991-8b77-e08d635ca9da - - - - -] logging_debug_format_suffix = %(funcName)s %(pathname)s:%(lineno)d log_opt_values /usr/lib/python3/dist-packages/oslo_config/cfg.py:2602
2025-09-01 00:39:05.081 159192 DEBUG oslo_service.service [req-eefb2e3a-b65e-4991-8b77-e08d635ca9da - - - - -] logging_default_format_string = %(asctime)s.%(msecs)03d %(process)d %(levelname)s %(name)s [-] %(instance)s%(message)s log_opt_values /usr/lib/python3/dist-packages/oslo_config/cfg.py:2602
2025-09-01 00:39:05.082 159192 DEBUG oslo_service.service [req-eefb2e3a-b65e-4991-8b77-e08d635ca9da - - - - -] logging_exception_prefix = %(asctime)s.%(msecs)03d %(process)d ERROR %(name)s %(instance)s log_opt_values /usr/lib/python3/dist-packages/oslo_config/cfg.py:2602
2025-09-01 00:39:05.082 159192 DEBUG oslo_service.service [req-eefb2e3a-b65e-4991-8b77-e08d635ca9da - - - - -] logging_user_identity_format = %(user)s %(project)s %(domain)s %(user_domain)s %(project_domain)s log_opt_values /usr/lib/python3/dist-packages/oslo_config/cfg.py:2602
2025-09-01 00:39:05.082 159192 DEBUG oslo_service.service [req-eefb2e3a-b65e-4991-8b77-e08d635ca9da - - - - -] long_rpc_timeout = 1800 log_opt_values /usr/lib/python3/dist-packages/oslo_config/cfg.py:2602
2025-09-01 00:39:05.082 159192 DEBUG oslo_service.service [req-eefb2e3a-b65e-4991-8b77-e08d635ca9da - - - - -] max_concurrent_builds = 10 log_opt_values /usr/lib/python3/dist-packages/oslo_config/cfg.py:2602
2025-09-01 00:39:05.082 159192 DEBUG oslo_service.service [req-eefb2e3a-b65e-4991-8b77-e08d635ca9da - - - - -] max_concurrent_live_migrations = 1 log_opt_values /usr/lib/python3/dist-packages/oslo_config/cfg.py:2602
2025-09-01 00:39:05.083 159192 DEBUG oslo_service.service [req-eefb2e3a-b65e-4991-8b77-e08d635ca9da - - - - -] max_concurrent_snapshots = 5 log_opt_values /usr/lib/python3/dist-packages/oslo_config/cfg.py:2602
2025-09-01 00:39:05.083 159192 DEBUG oslo_service.service [req-eefb2e3a-b65e-4991-8b77-e08d635ca9da - - - - -] max_local_block_devices = 3 log_opt_values /usr/lib/python3/dist-packages/oslo_config/cfg.py:2602
2025-09-01 00:39:05.083 159192 DEBUG oslo_service.service [req-eefb2e3a-b65e-4991-8b77-e08d635ca9da - - - - -] max_logfile_count = 30 log_opt_values /usr/lib/python3/dist-packages/oslo_config/cfg.py:2602
2025-09-01 00:39:05.083 159192 DEBUG oslo_service.service [req-eefb2e3a-b65e-4991-8b77-e08d635ca9da - - - - -] max_logfile_size_mb = 200 log_opt_values /usr/lib/python3/dist-packages/oslo_config/cfg.py:2602
2025-09-01 00:39:05.083 159192 DEBUG oslo_service.service [req-eefb2e3a-b65e-4991-8b77-e08d635ca9da - - - - -] maximum_instance_delete_attempts = 5 log_opt_values /usr/lib/python3/dist-packages/oslo_config/cfg.py:2602
