2025-09-01 00:39:04.970 159198 DEBUG oslo_service.service [req-18b273c0-7c6a-4015-a763-35743a6255b7 - - - - -] cinder.insecure = False log_opt_values /usr/lib/python3/dist-packages/oslo_config/cfg.py:2609
2025-09-01 00:39:04.970 159198 DEBUG oslo_service.service [req-18b273c0-7c6a-4015-a763-35743a6255b7 - - - - -] cinder.keyfile = None log_opt_values /usr/lib/python3/dist-packages/oslo_config/cfg.py:2609
2025-09-01 00:39:04.970 159198 DEBUG oslo_service.service [req-18b273c0-7c6a-4015-a763-35743a6255b7 - - - - -] cinder.os_region_name = None log_opt_values /usr/lib/python3/dist-packages/oslo_config/cfg.py:2609
2025-09-01 00:39:04.970 159198 DEBUG oslo_service.service [req-18b273c0-7c6a-4015-a763-35743a6255b7 - - - - -] cinder.split_loggers = False log_opt_values /usr/lib/python3/dist-packages/oslo_config/cfg.py:2609
2025-09-01 00:39:04.971 159198 DEBUG oslo_service.service [req-18b273c0-7c6a-4015-a763-35743a6255b7 - - - - -] cinder.timeout = None log_opt_values /usr/lib/python3/dist-packages/oslo_config/cfg.py:2609
2025-09-01 00:39:04.971 159198 DEBUG oslo_service.service [req-18b273c0-7c6a-4015-a763-35743a6255b7 - - - - -] compute.consecutive_build_service_disable_threshold = 10 log_opt_values /usr/lib/python3/dist-packages/oslo_config/cfg.py:2609
2025-09-01 00:39:04.971 159588 DEBUG oslo_messaging._drivers.amqpdriver [-] Listener is running poll /usr/lib/python3/dist-packages/oslo_messaging/_drivers/amqpdriver.py:343
2025-09-01 00:39:04.971 159588 DEBUG oslo_messaging._drivers.amqpdriver [-] AMQPListener connection consume poll /usr/lib/python3/dist-packages/oslo_messaging/_drivers/amqpdriver.py:357
2025-09-01 00:39:04.971 159198 DEBUG oslo_service.service [req-18b273c0-7c6a-4015-a763-35743a6255b7 - - - - -] compute.cpu_dedicated_set = None log_opt_values /usr/lib/python3/dist-packages/oslo_config/cfg.py:2609
2025-09-01 00:39:04.972 159198 DEBUG oslo_service.service [req-18b273c0-7c6a-4015-a763-35743a6255b7 - - - - -] compute.cpu_shared_set = None log_opt_values /usr/lib/python3/dist-packages/oslo_config/cfg.py:2609
2025-09-01 00:39:04.972 159198 DEBUG oslo_service.service [req-18b273c0-7c6a-4015-a763-35743a6255b7 - - - - -] compute.image_type_exclude_list = [] log_opt_values /usr/lib/python3/dist-packages/oslo_config/cfg.py:2609
2025-09-01 00:39:04.972 159588 DEBUG nova.service [req-1773ad25-6484-49c2-b485-67c3c3236ada - - - - -] Join ServiceGroup membership for this service conductor start /usr/lib/python3/dist-packages/nova/service.py:199
2025-09-01 00:39:04.972 159198 DEBUG oslo_service.service [req-18b273c0-7c6a-4015-a763-35743a6255b7 - - - - -] compute.live_migration_wait_for_vif_plug = True log_opt_values /usr/lib/python3/dist-packages/oslo_config/cfg.py:2609
2025-09-01 00:39:04.973 159198 DEBUG oslo_service.service [req-18b273c0-7c6a-4015-a763-35743a6255b7 - - - - -] compute.max_concurrent_disk_ops = 0 log_opt_values /usr/lib/python3/dist-packages/oslo_config/cfg.py:2609
2025-09-01 00:39:04.973 159198 DEBUG oslo_service.service [req-18b273c0-7c6a-4015-a763-35743a6255b7 - - - - -] compute.max_disk_devices_to_attach = -1 log_opt_values /usr/lib/python3/dist-packages/oslo_config/cfg.py:2609
2025-09-01 00:39:04.973 159198 DEBUG oslo_service.service [req-18b273c0-7c6a-4015-a763-35743a6255b7 - - - - -] compute.packing_host_numa_cells_allocation_strategy = True log_opt_values /usr/lib/python3/dist-packages/oslo_config/cfg.py:2609
2025-09-01 00:39:04.973 159198 DEBUG oslo_service.service [req-18b273c0-7c6a-4015-a763-35743a6255b7 - - - - -] compute.provider_config_location = /etc/nova/provider_config/ log_opt_values /usr/lib/python3/dist-packages/oslo_config/cfg.py:2609
2025-09-01 00:39:04.974 159198 DEBUG oslo_service.service [req-18b273c0-7c6a-4015-a763-35743a6255b7 - - - - -] compute.resource_provider_association_refresh = 300 log_opt_values /usr/lib/python3/dist-packages/oslo_config/cfg.py:2609
2025-09-01 00:39:04.974 159198 DEBUG oslo_service.service [req-18b273c0-7c6a-4015-a763-35743a6255b7 - - - - -] compute.shutdown_retry_interval = 10 log_opt_values /usr/lib/python3/dist-packages/oslo_config/cfg.py:2609
2025-09-01 00:39:04.974 159198 DEBUG oslo_service.service [req-18b273c0-7c6a-4015-a763-35743a6255b7 - - - - -] compute.vmdk_allowed_types = ['streamOptimized', 'monolithicSparse'] log_opt_values /usr/lib/python3/dist-packages/oslo_config/cfg.py:2609
2025-09-01 00:39:04.974 159198 DEBUG oslo_service.service [req-18b273c0-7c6a-4015-a763-35743a6255b7 - - - - -] conductor.workers = 4 log_opt_values /usr/lib/python3/dist-packages/oslo_config/cfg.py:2609
2025-09-01 00:39:04.975 159198 DEBUG oslo_service.service [req-18b273c0-7c6a-4015-a763-35743a6255b7 - - - - -] console.allowed_origins = [] log_opt_values /usr/lib/python3/dist-packages/oslo_config/cfg.py:2609
2025-09-01 00:39:04.975 159588 DEBUG nova.servicegroup.drivers.db [req-1773ad25-6484-49c2-b485-67c3c3236ada - - - - -] DB_Driver: join new ServiceGroup member juju-8e3293-0-lxd-7 to the conductor group, service = join /usr/lib/python3/dist-packages/nova/servicegroup/drivers/db.py:44
2025-09-01 00:39:04.975 159589 DEBUG oslo_messaging._drivers.amqpdriver [-] Listener is running poll /usr/lib/python3/dist-packages/oslo_messaging/_drivers/amqpdriver.py:343
2025-09-01 00:39:04.975 159198 DEBUG oslo_service.service [req-18b273c0-7c6a-4015-a763-35743a6255b7 - - - - -] console.ssl_ciphers = None log_opt_values /usr/lib/python3/dist-packages/oslo_config/cfg.py:2609
2025-09-01 00:39:04.978 159589 DEBUG oslo_messaging._drivers.amqpdriver [-] AMQPListener connection consume poll /usr/lib/python3/dist-packages/oslo_messaging/_drivers/amqpdriver.py:357
2025-09-01 00:39:04.978 159198 DEBUG oslo_service.service [req-18b273c0-7c6a-4015-a763-35743a6255b7 - - - - -] console.ssl_minimum_version = default log_opt_values /usr/lib/python3/dist-packages/oslo_config/cfg.py:2609
2025-09-01 00:39:04.978 159589 DEBUG nova.service [req-7825f093-de06-4667-a1d2-9d7d9172d8d9 - - - - -] Join ServiceGroup membership for this service conductor start /usr/lib/python3/dist-packages/nova/service.py:199
2025-09-01 00:39:04.979 159589 DEBUG nova.servicegroup.drivers.db [req-7825f093-de06-4667-a1d2-9d7d9172d8d9 - - - - -] DB_Driver: join new ServiceGroup member juju-8e3293-0-lxd-7 to the conductor group, service = join /usr/lib/python3/dist-packages/nova/servicegroup/drivers/db.py:44
2025-09-01 00:39:04.978 159198 DEBUG oslo_service.service [req-18b273c0-7c6a-4015-a763-35743a6255b7 - - - - -] consoleauth.token_ttl = 600 log_opt_values /usr/lib/python3/dist-packages/oslo_config/cfg.py:2609
2025-09-01 00:39:04.979 159198 DEBUG oslo_service.service [req-18b273c0-7c6a-4015-a763-35743a6255b7 - - - - -] cyborg.cafile = None log_opt_values /usr/lib/python3/dist-packages/oslo_config/cfg.py:2609
2025-09-01 00:39:04.979 159198 DEBUG oslo_service.service [req-18b273c0-7c6a-4015-a763-35743a6255b7 - - - - -] cyborg.certfile = None log_opt_values /usr/lib/python3/dist-packages/oslo_config/cfg.py:2609
2025-09-01 00:39:04.979 159588 DEBUG oslo_messaging._drivers.amqpdriver [-] received message msg_id: a7726cbdd4ad46389d062939b3cbb9cf reply to reply_b7741f9a9de54e31b4f036bddd3b540c __call__ /usr/lib/python3/dist-packages/oslo_messaging/_drivers/amqpdriver.py:320
2025-09-01 00:39:04.980 159198 DEBUG oslo_service.service [req-18b273c0-7c6a-4015-a763-35743a6255b7 - - - - -] cyborg.collect_timing = False log_opt_values /usr/lib/python3/dist-packages/oslo_config/cfg.py:2609
2025-09-01 00:39:04.981 159198 DEBUG oslo_service.service [req-18b273c0-7c6a-4015-a763-35743a6255b7 - - - - -] cyborg.connect_retries = None log_opt_values /usr/lib/python3/dist-packages/oslo_config/cfg.py:2609
2025-09-01 00:39:04.981 159198 DEBUG oslo_service.service [req-18b273c0-7c6a-4015-a763-35743a6255b7 - - - - -] cyborg.connect_retry_delay = None log_opt_values /usr/lib/python3/dist-packages/oslo_config/cfg.py:2609
2025-09-01 00:39:04.981 159589 DEBUG oslo_messaging._drivers.amqpdriver [-] AMQPListener connection timeout poll /usr/lib/python3/dist-packages/oslo_messaging/_drivers/amqpdriver.py:360
2025-09-01 00:39:04.981 159589 DEBUG oslo_messaging._drivers.amqpdriver [-] Listener is running poll /usr/lib/python3/dist-packages/oslo_messaging/_drivers/amqpdriver.py:343
2025-09-01 00:39:04.981 159198 DEBUG oslo_service.service [req-18b273c0-7c6a-4015-a763-35743a6255b7 - - - - -] cyborg.endpoint_override = None log_opt_values /usr/lib/python3/dist-packages/oslo_config/cfg.py:2609
2025-09-01 00:39:04.982 159589 DEBUG oslo_messaging._drivers.amqpdriver [-] AMQPListener connection consume poll /usr/lib/python3/dist-packages/oslo_messaging/_drivers/amqpdriver.py:357
2025-09-01 00:39:04.982 159198 DEBUG oslo_service.service [req-18b273c0-7c6a-4015-a763-35743a6255b7 - - - - -] cyborg.insecure = False log_opt_values /usr/lib/python3/dist-packages/oslo_config/cfg.py:2609
2025-09-01 00:39:04.982 159198 DEBUG oslo_service.service [req-18b273c0-7c6a-4015-a763-35743a6255b7 - - - - -] cyborg.keyfile = None log_opt_values /usr/lib/python3/dist-packages/oslo_config/cfg.py:2609
2025-09-01 00:39:04.982 159198 DEBUG oslo_service.service [req-18b273c0-7c6a-4015-a763-35743a6255b7 - - - - -] cyborg.max_version = None log_opt_values /usr/lib/python3/dist-packages/oslo_config/cfg.py:2609
2025-09-01 00:39:04.982 159198 DEBUG oslo_service.service [req-18b273c0-7c6a-4015-a763-35743a6255b7 - - - - -] cyborg.min_version = None log_opt_values /usr/lib/python3/dist-packages/oslo_config/cfg.py:2609
2025-09-01 00:39:04.983 159198 DEBUG oslo_service.service [req-18b273c0-7c6a-4015-a763-35743a6255b7 - - - - -] cyborg.region_name = None log_opt_values /usr/lib/python3/dist-packages/oslo_config/cfg.py:2609
2025-09-01 00:39:04.983 159198 DEBUG oslo_service.service [req-18b273c0-7c6a-4015-a763-35743a6255b7 - - - - -] cyborg.service_name = None log_opt_values /usr/lib/python3/dist-packages/oslo_config/cfg.py:2609
2025-09-01 00:39:04.984 159198 DEBUG oslo_service.service [req-18b273c0-7c6a-4015-a763-35743a6255b7 - - - - -] cyborg.service_type = accelerator log_opt_values /usr/lib/python3/dist-packages/oslo_config/cfg.py:2609
2025-09-01 00:39:04.984 159198 DEBUG oslo_service.service [req-18b273c0-7c6a-4015-a763-35743a6255b7 - - - - -] cyborg.split_loggers = False log_opt_values /usr/lib/python3/dist-packages/oslo_config/cfg.py:2609
2025-09-01 00:39:04.985 159198 DEBUG oslo_service.service [req-18b273c0-7c6a-4015-a763-35743a6255b7 - - - - -] cyborg.status_code_retries = None log_opt_values /usr/lib/python3/dist-packages/oslo_config/cfg.py:2609
2025-09-01 00:39:04.985 159198 DEBUG oslo_service.service [req-18b273c0-7c6a-4015-a763-35743a6255b7 - - - - -] cyborg.status_code_retry_delay = None log_opt_values /usr/lib/python3/dist-packages/oslo_config/cfg.py:2609
2025-09-01 00:39:04.985 159198 DEBUG oslo_service.service [req-18b273c0-7c6a-4015-a763-35743a6255b7 - - - - -] cyborg.timeout = None log_opt_values /usr/lib/python3/dist-packages/oslo_config/cfg.py:2609
2025-09-01 00:39:04.985 159198 DEBUG oslo_service.service [req-18b273c0-7c6a-4015-a763-35743a6255b7 - - - - -] cyborg.valid_interfaces = ['internal', 'public'] log_opt_values /usr/lib/python3/dist-packages/oslo_config/cfg.py:2609
2025-09-01 00:39:04.986 159198 DEBUG oslo_service.service [req-18b273c0-7c6a-4015-a763-35743a6255b7 - - - - -] cyborg.version = None log_opt_values /usr/lib/python3/dist-packages/oslo_config/cfg.py:2609
2025-09-01 00:39:04.986 159198 DEBUG oslo_service.service [req-18b273c0-7c6a-4015-a763-35743a6255b7 - - - - -] database.backend = sqlalchemy log_opt_values /usr/lib/python3/dist-packages/oslo_config/cfg.py:2609
2025-09-01 00:39:04.985 159591 DEBUG oslo_messaging._drivers.amqpdriver [-] Listener is running poll /usr/lib/python3/dist-packages/oslo_messaging/_drivers/amqpdriver.py:343
2025-09-01 00:39:04.986 159198 DEBUG oslo_service.service [req-18b273c0-7c6a-4015-a763-35743a6255b7 - - - - -] database.connection = **** log_opt_values /usr/lib/python3/dist-packages/oslo_config/cfg.py:2609
2025-09-01 00:39:04.986 159591 DEBUG oslo_messaging._drivers.amqpdriver [-] AMQPListener connection consume poll /usr/lib/python3/dist-packages/oslo_messaging/_drivers/amqpdriver.py:357
2025-09-01 00:39:04.986 159198 DEBUG oslo_service.service [req-18b273c0-7c6a-4015-a763-35743a6255b7 - - - - -] database.connection_debug = 0 log_opt_values /usr/lib/python3/dist-packages/oslo_config/cfg.py:2609
2025-09-01 00:39:04.987 159588 DEBUG oslo_messaging._drivers.amqpdriver [-] AMQPListener connection timeout poll /usr/lib/python3/dist-packages/oslo_messaging/_drivers/amqpdriver.py:360
2025-09-01 00:39:04.987 159198 DEBUG oslo_service.service [req-18b273c0-7c6a-4015-a763-35743a6255b7 - - - - -] database.connection_parameters = log_opt_values /usr/lib/python3/dist-packages/oslo_config/cfg.py:2609
2025-09-01 00:39:04.987 159588 DEBUG oslo_messaging._drivers.amqpdriver [-] Listener is running poll /usr/lib/python3/dist-packages/oslo_messaging/_drivers/amqpdriver.py:343
2025-09-01 00:39:04.987 159198 DEBUG oslo_service.service [req-18b273c0-7c6a-4015-a763-35743a6255b7 - - - - -] database.connection_recycle_time = 3600 log_opt_values /usr/lib/python3/dist-packages/oslo_config/cfg.py:2609
2025-09-01 00:39:04.987 159588 DEBUG oslo_messaging._drivers.amqpdriver [-] Poll the incoming message with unique_id: 237232ee691a42b4b6abb8bbfa3dcb1d poll /usr/lib/python3/dist-packages/oslo_messaging/_drivers/amqpdriver.py:346
2025-09-01 00:39:04.987 159591 DEBUG nova.service [req-b249b20b-cd63-4230-8001-c9d8d217cf0f - - - - -] Join ServiceGroup membership for this service conductor start /usr/lib/python3/dist-packages/nova/service.py:199
2025-09-01 00:39:04.987 159588 DEBUG oslo_messaging._drivers.amqpdriver [-] Listener is running poll /usr/lib/python3/dist-packages/oslo_messaging/_drivers/amqpdriver.py:343
2025-09-01 00:39:04.987 159588 DEBUG oslo_messaging._drivers.amqpdriver [-] AMQPListener connection consume poll /usr/lib/python3/dist-packages/oslo_messaging/_drivers/amqpdriver.py:357
2025-09-01 00:39:04.987 159198 DEBUG oslo_service.service [req-18b273c0-7c6a-4015-a763-35743a6255b7 - - - - -] database.connection_trace = False log_opt_values /usr/lib/python3/dist-packages/oslo_config/cfg.py:2609
2025-09-01 00:39:04.988 159591 DEBUG nova.servicegroup.drivers.db [req-b249b20b-cd63-4230-8001-c9d8d217cf0f - - - - -] DB_Driver: join new ServiceGroup member juju-8e3293-0-lxd-7 to the conductor group, service = join /usr/lib/python3/dist-packages/nova/servicegroup/drivers/db.py:44
2025-09-01 00:39:04.988 159198 DEBUG oslo_service.service [req-18b273c0-7c6a-4015-a763-35743a6255b7 - - - - -] database.db_inc_retry_interval = True log_opt_values /usr/lib/python3/dist-packages/oslo_config/cfg.py:2609
2025-09-01 00:39:04.988 159198 DEBUG oslo_service.service [req-18b273c0-7c6a-4015-a763-35743a6255b7 - - - - -] database.db_max_retries = 20 log_opt_values /usr/lib/python3/dist-packages/oslo_config/cfg.py:2609
2025-09-01 00:39:04.988 159198 DEBUG oslo_service.service [req-18b273c0-7c6a-4015-a763-35743a6255b7 - - - - -] database.db_max_retry_interval = 10 log_opt_values /usr/lib/python3/dist-packages/oslo_config/cfg.py:2609
2025-09-01 00:39:04.989 159198 DEBUG oslo_service.service [req-18b273c0-7c6a-4015-a763-35743a6255b7 - - - - -] database.db_retry_interval = 1 log_opt_values /usr/lib/python3/dist-packages/oslo_config/cfg.py:2609
2025-09-01 00:39:04.989 159198 DEBUG oslo_service.service [req-18b273c0-7c6a-4015-a763-35743a6255b7 - - - - -] database.max_overflow = 50 log_opt_values /usr/lib/python3/dist-packages/oslo_config/cfg.py:2609
2025-09-01 00:39:04.989 159198 DEBUG oslo_service.service [req-18b273c0-7c6a-4015-a763-35743a6255b7 - - - - -] database.max_pool_size = 4 log_opt_values /usr/lib/python3/dist-packages/oslo_config/cfg.py:2609
2025-09-01 00:39:04.990 159198 DEBUG oslo_service.service [req-18b273c0-7c6a-4015-a763-35743a6255b7 - - - - -] database.max_retries = 10 log_opt_values /usr/lib/python3/dist-packages/oslo_config/cfg.py:2609
2025-09-01 00:39:04.990 159198 DEBUG oslo_service.service [req-18b273c0-7c6a-4015-a763-35743a6255b7 - - - - -] database.mysql_enable_ndb = False log_opt_values /usr/lib/python3/dist-packages/oslo_config/cfg.py:2609
2025-09-01 00:39:04.990 159198 DEBUG oslo_service.service [req-18b273c0-7c6a-4015-a763-35743a6255b7 - - - - -] database.mysql_sql_mode = TRADITIONAL log_opt_values /usr/lib/python3/dist-packages/oslo_config/cfg.py:2609
2025-09-01 00:39:04.990 159198 DEBUG oslo_service.service [req-18b273c0-7c6a-4015-a763-35743a6255b7 - - - - -] database.pool_timeout = None log_opt_values /usr/lib/python3/dist-packages/oslo_config/cfg.py:2609
2025-09-01 00:39:04.991 159591 DEBUG oslo_messaging._drivers.amqpdriver [-] AMQPListener connection timeout poll /usr/lib/python3/dist-packages/oslo_messaging/_drivers/amqpdriver.py:360
2025-09-01 00:39:04.991 159591 DEBUG oslo_messaging._drivers.amqpdriver [-] Listener is running poll /usr/lib/python3/dist-packages/oslo_messaging/_drivers/amqpdriver.py:343
2025-09-01 00:39:04.991 159198 DEBUG oslo_service.service [req-18b273c0-7c6a-4015-a763-35743a6255b7 - - - - -] database.retry_interval = 10 log_opt_values /usr/lib/python3/dist-packages/oslo_config/cfg.py:2609
2025-09-01 00:39:04.991 159591 DEBUG oslo_messaging._drivers.amqpdriver [-] AMQPListener connection consume poll /usr/lib/python3/dist-packages/oslo_messaging/_drivers/amqpdriver.py:357
2025-09-01 00:39:04.991 159198 DEBUG oslo_service.service [req-18b273c0-7c6a-4015-a763-35743a6255b7 - - - - -] database.slave_connection = **** log_opt_values /usr/lib/python3/dist-packages/oslo_config/cfg.py:2609
2025-09-01 00:39:04.991 159198 DEBUG oslo_service.service [req-18b273c0-7c6a-4015-a763-35743a6255b7 - - - - -] database.sqlite_synchronous = True log_opt_values /usr/lib/python3/dist-packages/oslo_config/cfg.py:2609
2025-09-01 00:39:04.992 159198 DEBUG oslo_service.service [req-18b273c0-7c6a-4015-a763-35743a6255b7 - - - - -] database.use_db_reconnect = False log_opt_values /usr/lib/python3/dist-packages/oslo_config/cfg.py:2609
2025-09-01 00:39:04.992 159198 DEBUG oslo_service.service [req-18b273c0-7c6a-4015-a763-35743a6255b7 - - - - -] api_database.backend = sqlalchemy log_opt_values /usr/lib/python3/dist-packages/oslo_config/cfg.py:2609
2025-09-01 00:39:04.992 159198 DEBUG oslo_service.service [req-18b273c0-7c6a-4015-a763-35743a6255b7 - - - - -] api_database.connection = **** log_opt_values /usr/lib/python3/dist-packages/oslo_config/cfg.py:2609
2025-09-01 00:39:04.992 159198 DEBUG oslo_service.service [req-18b273c0-7c6a-4015-a763-35743a6255b7 - - - - -] api_database.connection_debug = 0 log_opt_values /usr/lib/python3/dist-packages/oslo_config/cfg.py:2609
2025-09-01 00:39:04.993 159198 DEBUG oslo_service.service [req-18b273c0-7c6a-4015-a763-35743a6255b7 - - - - -] api_database.connection_parameters = log_opt_values /usr/lib/python3/dist-packages/oslo_config/cfg.py:2609
2025-09-01 00:39:04.993 159198 DEBUG oslo_service.service [req-18b273c0-7c6a-4015-a763-35743a6255b7 - - - - -] api_database.connection_recycle_time = 3600 log_opt_values /usr/lib/python3/dist-packages/oslo_config/cfg.py:2609
2025-09-01 00:39:04.993 159198 DEBUG oslo_service.service [req-18b273c0-7c6a-4015-a763-35743a6255b7 - - - - -] api_database.connection_trace = False log_opt_values /usr/lib/python3/dist-packages/oslo_config/cfg.py:2609
2025-09-01 00:39:04.994 159198 DEBUG oslo_service.service [req-18b273c0-7c6a-4015-a763-35743a6255b7 - - - - -] api_database.db_inc_retry_interval = True log_opt_values /usr/lib/python3/dist-packages/oslo_config/cfg.py:2609
2025-09-01 00:39:04.994 159198 DEBUG oslo_service.service [req-18b273c0-7c6a-4015-a763-35743a6255b7 - - - - -] api_database.db_max_retries = 20 log_opt_values /usr/lib/python3/dist-packages/oslo_config/cfg.py:2609
2025-09-01 00:39:04.995 159198 DEBUG oslo_service.service [req-18b273c0-7c6a-4015-a763-35743a6255b7 - - - - -] api_database.db_max_retry_interval = 10 log_opt_values /usr/lib/python3/dist-packages/oslo_config/cfg.py:2609
2025-09-01 00:39:04.995 159198 DEBUG oslo_service.service [req-18b273c0-7c6a-4015-a763-35743a6255b7 - - - - -] api_database.db_retry_interval = 1 log_opt_values /usr/lib/python3/dist-packages/oslo_config/cfg.py:2609
2025-09-01 00:39:04.995 159198 DEBUG oslo_service.service [req-18b273c0-7c6a-4015-a763-35743a6255b7 - - - - -] api_database.max_overflow = 50 log_opt_values /usr/lib/python3/dist-packages/oslo_config/cfg.py:2609
2025-09-01 00:39:04.996 159198 DEBUG oslo_service.service [req-18b273c0-7c6a-4015-a763-35743a6255b7 - - - - -] api_database.max_pool_size = 4 log_opt_values /usr/lib/python3/dist-packages/oslo_config/cfg.py:2609
2025-09-01 00:39:04.996 159198 DEBUG oslo_service.service [req-18b273c0-7c6a-4015-a763-35743a6255b7 - - - - -] api_database.max_retries = 10 log_opt_values /usr/lib/python3/dist-packages/oslo_config/cfg.py:2609
2025-09-01 00:39:04.996 159198 DEBUG oslo_service.service [req-18b273c0-7c6a-4015-a763-35743a6255b7 - - - - -] api_database.mysql_enable_ndb = False log_opt_values /usr/lib/python3/dist-packages/oslo_config/cfg.py:2609
2025-09-01 00:39:04.996 159198 DEBUG oslo_service.service [req-18b273c0-7c6a-4015-a763-35743a6255b7 - - - - -] api_database.mysql_sql_mode = TRADITIONAL log_opt_values /usr/lib/python3/dist-packages/oslo_config/cfg.py:2609
2025-09-01 00:39:04.996 159590 DEBUG nova.service [req-505428a6-d084-4923-9b2f-7b4098378af3 - - - - -] Creating RPC server for service conductor start /usr/lib/python3/dist-packages/nova/service.py:182
2025-09-01 00:39:04.997 159198 DEBUG oslo_service.service [req-18b273c0-7c6a-4015-a763-35743a6255b7 - - - - -] api_database.pool_timeout = None log_opt_values /usr/lib/python3/dist-packages/oslo_config/cfg.py:2609
2025-09-01 00:39:04.997 159198 DEBUG oslo_service.service [req-18b273c0-7c6a-4015-a763-35743a6255b7 - - - - -] api_database.retry_interval = 10 log_opt_values /usr/lib/python3/dist-packages/oslo_config/cfg.py:2609
2025-09-01 00:39:04.997 159198 DEBUG oslo_service.service [req-18b273c0-7c6a-4015-a763-35743a6255b7 - - - - -] api_database.slave_connection = **** log_opt_values /usr/lib/python3/dist-packages/oslo_config/cfg.py:2609
2025-09-01 00:39:04.998 159198 DEBUG oslo_service.service [req-18b273c0-7c6a-4015-a763-35743a6255b7 - - - - -] api_database.sqlite_synchronous = True log_opt_values /usr/lib/python3/dist-packages/oslo_config/cfg.py:2609
2025-09-01 00:39:04.998 159198 DEBUG oslo_service.service [req-18b273c0-7c6a-4015-a763-35743a6255b7 - - - - -] devices.enabled_mdev_types = [] log_opt_values /usr/lib/python3/dist-packages/oslo_config/cfg.py:2609
2025-09-01 00:39:04.998 159198 DEBUG oslo_service.service [req-18b273c0-7c6a-4015-a763-35743a6255b7 - - - - -] ephemeral_storage_encryption.cipher = aes-xts-plain64 log_opt_values /usr/lib/python3/dist-packages/oslo_config/cfg.py:2609
2025-09-01 00:39:04.999 159198 DEBUG oslo_service.service [req-18b273c0-7c6a-4015-a763-35743a6255b7 - - - - -] ephemeral_storage_encryption.enabled = False log_opt_values /usr/lib/python3/dist-packages/oslo_config/cfg.py:2609
2025-09-01 00:39:04.999 159198 DEBUG oslo_service.service [req-18b273c0-7c6a-4015-a763-35743a6255b7 - - - - -] ephemeral_storage_encryption.key_size = 512 log_opt_values /usr/lib/python3/dist-packages/oslo_config/cfg.py:2609
2025-09-01 00:39:04.999 159198 WARNING oslo_config.cfg [req-18b273c0-7c6a-4015-a763-35743a6255b7 - - - - -] Deprecated: Option "api_servers" from group "glance" is deprecated for removal ( Support for image service configuration via standard keystoneauth1 Adapter options was added in the 17.0.0 Queens release. The api_servers option was retained temporarily to allow consumers time to cut over to a real load balancing solution. ). Its value may be silently ignored in the future.
2025-09-01 00:39:05.000 159198 DEBUG oslo_service.service [req-18b273c0-7c6a-4015-a763-35743a6255b7 - - - - -] glance.api_servers = ['http://252.57.26.145:9292'] log_opt_values /usr/lib/python3/dist-packages/oslo_config/cfg.py:2609
2025-09-01 00:39:05.001 159198 DEBUG oslo_service.service [req-18b273c0-7c6a-4015-a763-35743a6255b7 - - - - -] glance.cafile = None log_opt_values /usr/lib/python3/dist-packages/oslo_config/cfg.py:2609
2025-09-01 00:39:05.001 159198 DEBUG oslo_service.service [req-18b273c0-7c6a-4015-a763-35743a6255b7 - - - - -] glance.certfile = None log_opt_values /usr/lib/python3/dist-packages/oslo_config/cfg.py:2609
2025-09-01 00:39:05.001 159198 DEBUG oslo_service.service [req-18b273c0-7c6a-4015-a763-35743a6255b7 - - - - -] glance.collect_timing = False log_opt_values /usr/lib/python3/dist-packages/oslo_config/cfg.py:2609
2025-09-01 00:39:05.001 159198 DEBUG oslo_service.service [req-18b273c0-7c6a-4015-a763-35743a6255b7 - - - - -] glance.connect_retries = None log_opt_values /usr/lib/python3/dist-packages/oslo_config/cfg.py:2609
2025-09-01 00:39:05.002 159198 DEBUG oslo_service.service [req-18b273c0-7c6a-4015-a763-35743a6255b7 - - - - -] glance.connect_retry_delay = None log_opt_values /usr/lib/python3/dist-packages/oslo_config/cfg.py:2609
2025-09-01 00:39:05.002 159198 DEBUG oslo_service.service [req-18b273c0-7c6a-4015-a763-35743a6255b7 - - - - -] glance.debug = False log_opt_values /usr/lib/python3/dist-packages/oslo_config/cfg.py:2609
2025-09-01 00:39:05.002 159198 DEBUG oslo_service.service [req-18b273c0-7c6a-4015-a763-35743a6255b7 - - - - -] glance.default_trusted_certificate_ids = [] log_opt_values /usr/lib/python3/dist-packages/oslo_config/cfg.py:2609
2025-09-01 00:39:05.003 159198 DEBUG oslo_service.service [req-18b273c0-7c6a-4015-a763-35743a6255b7 - - - - -] glance.enable_certificate_validation = False log_opt_values /usr/lib/python3/dist-packages/oslo_config/cfg.py:2609
2025-09-01 00:39:05.003 159198 DEBUG oslo_service.service [req-18b273c0-7c6a-4015-a763-35743a6255b7 - - - - -] glance.enable_rbd_download = False log_opt_values /usr/lib/python3/dist-packages/oslo_config/cfg.py:2609
2025-09-01 00:39:05.003 159198 DEBUG oslo_service.service [req-18b273c0-7c6a-4015-a763-35743a6255b7 - - - - -] glance.endpoint_override = None log_opt_values /usr/lib/python3/dist-packages/oslo_config/cfg.py:2609
2025-09-01 00:39:05.003 159198 DEBUG oslo_service.service [req-18b273c0-7c6a-4015-a763-35743a6255b7 - - - - -] glance.insecure = False log_opt_values /usr/lib/python3/dist-packages/oslo_config/cfg.py:2609
2025-09-01 00:39:05.003 159198 DEBUG oslo_service.service [req-18b273c0-7c6a-4015-a763-35743a6255b7 - - - - -] glance.keyfile = None log_opt_values /usr/lib/python3/dist-packages/oslo_config/cfg.py:2609
2025-09-01 00:39:05.004 159198 DEBUG oslo_service.service [req-18b273c0-7c6a-4015-a763-35743a6255b7 - - - - -] glance.max_version = None log_opt_values /usr/lib/python3/dist-packages/oslo_config/cfg.py:2609
2025-09-01 00:39:05.004 159198 DEBUG oslo_service.service [req-18b273c0-7c6a-4015-a763-35743a6255b7 - - - - -] glance.min_version = None log_opt_values /usr/lib/python3/dist-packages/oslo_config/cfg.py:2609
2025-09-01 00:39:05.004 159198 DEBUG oslo_service.service [req-18b273c0-7c6a-4015-a763-35743a6255b7 - - - - -] glance.num_retries = 3 log_opt_values /usr/lib/python3/dist-packages/oslo_config/cfg.py:2609
2025-09-01 00:39:05.004 159198 DEBUG oslo_service.service [req-18b273c0-7c6a-4015-a763-35743a6255b7 - - - - -] glance.rbd_ceph_conf = log_opt_values /usr/lib/python3/dist-packages/oslo_config/cfg.py:2609
2025-09-01 00:39:05.004 159198 DEBUG oslo_service.service [req-18b273c0-7c6a-4015-a763-35743a6255b7 - - - - -] glance.rbd_connect_timeout = 5 log_opt_values /usr/lib/python3/dist-packages/oslo_config/cfg.py:2609
2025-09-01 00:39:05.005 159198 DEBUG oslo_service.service [req-18b273c0-7c6a-4015-a763-35743a6255b7 - - - - -] glance.rbd_pool = log_opt_values /usr/lib/python3/dist-packages/oslo_config/cfg.py:2609
2025-09-01 00:39:05.005 159198 DEBUG oslo_service.service [req-18b273c0-7c6a-4015-a763-35743a6255b7 - - - - -] glance.rbd_user = log_opt_values /usr/lib/python3/dist-packages/oslo_config/cfg.py:2609
2025-09-01 00:39:05.005 159198 DEBUG oslo_service.service [req-18b273c0-7c6a-4015-a763-35743a6255b7 - - - - -] glance.region_name = None log_opt_values /usr/lib/python3/dist-packages/oslo_config/cfg.py:2609
2025-09-01 00:39:05.005 159198 DEBUG oslo_service.service [req-18b273c0-7c6a-4015-a763-35743a6255b7 - - - - -] glance.service_name = None log_opt_values /usr/lib/python3/dist-packages/oslo_config/cfg.py:2609
2025-09-01 00:39:05.005 159198 DEBUG oslo_service.service [req-18b273c0-7c6a-4015-a763-35743a6255b7 - - - - -] glance.service_type = image log_opt_values /usr/lib/python3/dist-packages/oslo_config/cfg.py:2609
2025-09-01 00:39:05.006 159198 DEBUG oslo_service.service [req-18b273c0-7c6a-4015-a763-35743a6255b7 - - - - -] glance.split_loggers = False log_opt_values /usr/lib/python3/dist-packages/oslo_config/cfg.py:2609
2025-09-01 00:39:05.006 159198 DEBUG oslo_service.service [req-18b273c0-7c6a-4015-a763-35743a6255b7 - - - - -] glance.status_code_retries = None log_opt_values /usr/lib/python3/dist-packages/oslo_config/cfg.py:2609
2025-09-01 00:39:05.006 159198 DEBUG oslo_service.service [req-18b273c0-7c6a-4015-a763-35743a6255b7 - - - - -] glance.status_code_retry_delay = None log_opt_values /usr/lib/python3/dist-packages/oslo_config/cfg.py:2609
2025-09-01 00:39:05.006 159198 DEBUG oslo_service.service [req-18b273c0-7c6a-4015-a763-35743a6255b7 - - - - -] glance.timeout = None log_opt_values /usr/lib/python3/dist-packages/oslo_config/cfg.py:2609
2025-09-01 00:39:05.006 159198 DEBUG oslo_service.service [req-18b273c0-7c6a-4015-a763-35743a6255b7 - - - - -] glance.valid_interfaces = ['internal', 'public'] log_opt_values /usr/lib/python3/dist-packages/oslo_config/cfg.py:2609
2025-09-01 00:39:05.007 159198 DEBUG oslo_service.service [req-18b273c0-7c6a-4015-a763-35743a6255b7 - - - - -] glance.verify_glance_signatures = False log_opt_values /usr/lib/python3/dist-packages/oslo_config/cfg.py:2609
2025-09-01 00:39:05.007 159198 DEBUG oslo_service.service [req-18b273c0-7c6a-4015-a763-35743a6255b7 - - - - -] glance.version = None log_opt_values /usr/lib/python3/dist-packages/oslo_config/cfg.py:2609
2025-09-01 00:39:05.007 159198 DEBUG oslo_service.service [req-18b273c0-7c6a-4015-a763-35743a6255b7 - - - - -] guestfs.debug = False log_opt_values /usr/lib/python3/dist-packages/oslo_config/cfg.py:2609
2025-09-01 00:39:05.007 159198 DEBUG oslo_service.service [req-18b273c0-7c6a-4015-a763-35743a6255b7 - - - - -] hyperv.config_drive_cdrom = False log_opt_values /usr/lib/python3/dist-packages/oslo_config/cfg.py:2609
2025-09-01 00:39:05.007 159198 DEBUG oslo_service.service [req-18b273c0-7c6a-4015-a763-35743a6255b7 - - - - -] hyperv.config_drive_inject_password = False log_opt_values /usr/lib/python3/dist-packages/oslo_config/cfg.py:2609
2025-09-01 00:39:05.008 159198 DEBUG oslo_service.service [req-18b273c0-7c6a-4015-a763-35743a6255b7 - - - - -] hyperv.dynamic_memory_ratio = 1.0 log_opt_values /usr/lib/python3/dist-packages/oslo_config/cfg.py:2609
2025-09-01 00:39:05.008 159198 DEBUG oslo_service.service [req-18b273c0-7c6a-4015-a763-35743a6255b7 - - - - -] hyperv.enable_instance_metrics_collection = False log_opt_values /usr/lib/python3/dist-packages/oslo_config/cfg.py:2609
2025-09-01 00:39:05.008 159198 DEBUG oslo_service.service [req-18b273c0-7c6a-4015-a763-35743a6255b7 - - - - -] hyperv.enable_remotefx = False log_opt_values /usr/lib/python3/dist-packages/oslo_config/cfg.py:2609
2025-09-01 00:39:05.008 159198 DEBUG oslo_service.service [req-18b273c0-7c6a-4015-a763-35743a6255b7 - - - - -] hyperv.instances_path_share = log_opt_values /usr/lib/python3/dist-packages/oslo_config/cfg.py:2609
2025-09-01 00:39:05.009 159198 DEBUG oslo_service.service [req-18b273c0-7c6a-4015-a763-35743a6255b7 - - - - -] hyperv.iscsi_initiator_list = [] log_opt_values /usr/lib/python3/dist-packages/oslo_config/cfg.py:2609
2025-09-01 00:39:05.009 159198 DEBUG oslo_service.service [req-18b273c0-7c6a-4015-a763-35743a6255b7 - - - - -] hyperv.limit_cpu_features = False log_opt_values /usr/lib/python3/dist-packages/oslo_config/cfg.py:2609
2025-09-01 00:39:05.010 159198 DEBUG oslo_service.service [req-18b273c0-7c6a-4015-a763-35743a6255b7 - - - - -] hyperv.mounted_disk_query_retry_count = 10 log_opt_values /usr/lib/python3/dist-packages/oslo_config/cfg.py:2609
2025-09-01 00:39:05.010 159198 DEBUG oslo_service.service [req-18b273c0-7c6a-4015-a763-35743a6255b7 - - - - -] hyperv.mounted_disk_query_retry_interval = 5 log_opt_values /usr/lib/python3/dist-packages/oslo_config/cfg.py:2609
2025-09-01 00:39:05.011 159198 DEBUG oslo_service.service [req-18b273c0-7c6a-4015-a763-35743a6255b7 - - - - -] hyperv.power_state_check_timeframe = 60 log_opt_values /usr/lib/python3/dist-packages/oslo_config/cfg.py:2609
2025-09-01 00:39:05.011 159198 DEBUG oslo_service.service [req-18b273c0-7c6a-4015-a763-35743a6255b7 - - - - -] hyperv.power_state_event_polling_interval = 2 log_opt_values /usr/lib/python3/dist-packages/oslo_config/cfg.py:2609
2025-09-01 00:39:05.011 159198 DEBUG oslo_service.service [req-18b273c0-7c6a-4015-a763-35743a6255b7 - - - - -] hyperv.qemu_img_cmd = qemu-img.exe log_opt_values /usr/lib/python3/dist-packages/oslo_config/cfg.py:2609
2025-09-01 00:39:05.011 159198 DEBUG oslo_service.service [req-18b273c0-7c6a-4015-a763-35743a6255b7 - - - - -] hyperv.use_multipath_io = False log_opt_values /usr/lib/python3/dist-packages/oslo_config/cfg.py:2609
2025-09-01 00:39:05.011 159198 DEBUG oslo_service.service [req-18b273c0-7c6a-4015-a763-35743a6255b7 - - - - -] hyperv.volume_attach_retry_count = 10 log_opt_values /usr/lib/python3/dist-packages/oslo_config/cfg.py:2609
2025-09-01 00:39:05.012 159198 DEBUG oslo_service.service [req-18b273c0-7c6a-4015-a763-35743a6255b7 - - - - -] hyperv.volume_attach_retry_interval = 5 log_opt_values /usr/lib/python3/dist-packages/oslo_config/cfg.py:2609
2025-09-01 00:39:05.012 159198 DEBUG oslo_service.service [req-18b273c0-7c6a-4015-a763-35743a6255b7 - - - - -] hyperv.vswitch_name = None log_opt_values /usr/lib/python3/dist-packages/oslo_config/cfg.py:2609
2025-09-01 00:39:05.013 159198 DEBUG oslo_service.service [req-18b273c0-7c6a-4015-a763-35743a6255b7 - - - - -] hyperv.wait_soft_reboot_seconds = 60 log_opt_values /usr/lib/python3/dist-packages/oslo_config/cfg.py:2609
2025-09-01 00:39:05.013 159198 DEBUG oslo_service.service [req-18b273c0-7c6a-4015-a763-35743a6255b7 - - - - -] mks.enabled = False log_opt_values /usr/lib/python3/dist-packages/oslo_config/cfg.py:2609
2025-09-01 00:39:05.014 159198 DEBUG oslo_service.service [req-18b273c0-7c6a-4015-a763-35743a6255b7 - - - - -] mks.mksproxy_base_url = http://127.0.0.1:6090/ log_opt_values /usr/lib/python3/dist-packages/oslo_config/cfg.py:2609
2025-09-01 00:39:05.014 159198 DEBUG oslo_service.service [req-18b273c0-7c6a-4015-a763-35743a6255b7 - - - - -] image_cache.manager_interval = 2400 log_opt_values /usr/lib/python3/dist-packages/oslo_config/cfg.py:2609
2025-09-01 00:39:05.014 159198 DEBUG oslo_service.service [req-18b273c0-7c6a-4015-a763-35743a6255b7 - - - - -] image_cache.precache_concurrency = 1 log_opt_values /usr/lib/python3/dist-packages/oslo_config/cfg.py:2609
2025-09-01 00:39:05.015 159198 DEBUG oslo_service.service [req-18b273c0-7c6a-4015-a763-35743a6255b7 - - - - -] image_cache.remove_unused_base_images = True log_opt_values /usr/lib/python3/dist-packages/oslo_config/cfg.py:2609
2025-09-01 00:39:05.016 159198 DEBUG oslo_service.service [req-18b273c0-7c6a-4015-a763-35743a6255b7 - - - - -] image_cache.remove_unused_original_minimum_age_seconds = 86400 log_opt_values /usr/lib/python3/dist-packages/oslo_config/cfg.py:2609
2025-09-01 00:39:05.016 159198 DEBUG oslo_service.service [req-18b273c0-7c6a-4015-a763-35743a6255b7 - - - - -] image_cache.remove_unused_resized_minimum_age_seconds = 3600 log_opt_values /usr/lib/python3/dist-packages/oslo_config/cfg.py:2609
2025-09-01 00:39:05.016 159198 DEBUG oslo_service.service [req-18b273c0-7c6a-4015-a763-35743a6255b7 - - - - -] image_cache.subdirectory_name = _base log_opt_values /usr/lib/python3/dist-packages/oslo_config/cfg.py:2609
2025-09-01 00:39:05.016 159198 DEBUG oslo_service.service [req-18b273c0-7c6a-4015-a763-35743a6255b7 - - - - -] ironic.api_max_retries = 60 log_opt_values /usr/lib/python3/dist-packages/oslo_config/cfg.py:2609
2025-09-01 00:39:05.017 159198 DEBUG oslo_service.service [req-18b273c0-7c6a-4015-a763-35743a6255b7 - - - - -] ironic.api_retry_interval = 2 log_opt_values /usr/lib/python3/dist-packages/oslo_config/cfg.py:2609
2025-09-01 00:39:05.017 159198 DEBUG oslo_service.service [req-18b273c0-7c6a-4015-a763-35743a6255b7 - - - - -] ironic.auth_section = None log_opt_values /usr/lib/python3/dist-packages/oslo_config/cfg.py:2609
2025-09-01 00:39:05.018 159198 DEBUG oslo_service.service [req-18b273c0-7c6a-4015-a763-35743a6255b7 - - - - -] ironic.auth_type = None log_opt_values /usr/lib/python3/dist-packages/oslo_config/cfg.py:2609
2025-09-01 00:39:05.018 159198 DEBUG oslo_service.service [req-18b273c0-7c6a-4015-a763-35743a6255b7 - - - - -] ironic.cafile = None log_opt_values /usr/lib/python3/dist-packages/oslo_config/cfg.py:2609
2025-09-01 00:39:05.018 159198 DEBUG oslo_service.service [req-18b273c0-7c6a-4015-a763-35743a6255b7 - - - - -] ironic.certfile = None log_opt_values /usr/lib/python3/dist-packages/oslo_config/cfg.py:2609
2025-09-01 00:39:05.018 159198 DEBUG oslo_service.service [req-18b273c0-7c6a-4015-a763-35743a6255b7 - - - - -] ironic.collect_timing = False log_opt_values /usr/lib/python3/dist-packages/oslo_config/cfg.py:2609
2025-09-01 00:39:05.018 159198 DEBUG oslo_service.service [req-18b273c0-7c6a-4015-a763-35743a6255b7 - - - - -] ironic.connect_retries = None log_opt_values /usr/lib/python3/dist-packages/oslo_config/cfg.py:2609
2025-09-01 00:39:05.019 159198 DEBUG oslo_service.service [req-18b273c0-7c6a-4015-a763-35743a6255b7 - - - - -] ironic.connect_retry_delay = None log_opt_values /usr/lib/python3/dist-packages/oslo_config/cfg.py:2609
2025-09-01 00:39:05.019 159198 DEBUG oslo_service.service [req-18b273c0-7c6a-4015-a763-35743a6255b7 - - - - -] ironic.endpoint_override = None log_opt_values /usr/lib/python3/dist-packages/oslo_config/cfg.py:2609
2025-09-01 00:39:05.019 159198 DEBUG oslo_service.service [req-18b273c0-7c6a-4015-a763-35743a6255b7 - - - - -] ironic.insecure = False log_opt_values /usr/lib/python3/dist-packages/oslo_config/cfg.py:2609
2025-09-01 00:39:05.019 159198 DEBUG oslo_service.service [req-18b273c0-7c6a-4015-a763-35743a6255b7 - - - - -] ironic.keyfile = None log_opt_values /usr/lib/python3/dist-packages/oslo_config/cfg.py:2609
2025-09-01 00:39:05.020 159198 DEBUG oslo_service.service [req-18b273c0-7c6a-4015-a763-35743a6255b7 - - - - -] ironic.max_version = None log_opt_values /usr/lib/python3/dist-packages/oslo_config/cfg.py:2609
2025-09-01 00:39:05.020 159198 DEBUG oslo_service.service [req-18b273c0-7c6a-4015-a763-35743a6255b7 - - - - -] ironic.min_version = None log_opt_values /usr/lib/python3/dist-packages/oslo_config/cfg.py:2609
2025-09-01 00:39:05.020 159198 DEBUG oslo_service.service [req-18b273c0-7c6a-4015-a763-35743a6255b7 - - - - -] ironic.partition_key = None log_opt_values /usr/lib/python3/dist-packages/oslo_config/cfg.py:2609
2025-09-01 00:39:05.021 159198 DEBUG oslo_service.service [req-18b273c0-7c6a-4015-a763-35743a6255b7 - - - - -] ironic.peer_list = [] log_opt_values /usr/lib/python3/dist-packages/oslo_config/cfg.py:2609
2025-09-01 00:39:05.021 159198 DEBUG oslo_service.service [req-18b273c0-7c6a-4015-a763-35743a6255b7 - - - - -] ironic.region_name = None log_opt_values /usr/lib/python3/dist-packages/oslo_config/cfg.py:2609
2025-09-01 00:39:05.021 159198 DEBUG oslo_service.service [req-18b273c0-7c6a-4015-a763-35743a6255b7 - - - - -] ironic.serial_console_state_timeout = 10 log_opt_values /usr/lib/python3/dist-packages/oslo_config/cfg.py:2609
2025-09-01 00:39:05.021 159198 DEBUG oslo_service.service [req-18b273c0-7c6a-4015-a763-35743a6255b7 - - - - -] ironic.service_name = None log_opt_values /usr/lib/python3/dist-packages/oslo_config/cfg.py:2609
2025-09-01 00:39:05.021 159198 DEBUG oslo_service.service [req-18b273c0-7c6a-4015-a763-35743a6255b7 - - - - -] ironic.service_type = baremetal log_opt_values /usr/lib/python3/dist-packages/oslo_config/cfg.py:2609
2025-09-01 00:39:05.021 159590 DEBUG oslo_messaging._drivers.amqpdriver [-] Listener is running poll /usr/lib/python3/dist-packages/oslo_messaging/_drivers/amqpdriver.py:343
2025-09-01 00:39:05.022 159198 DEBUG oslo_service.service [req-18b273c0-7c6a-4015-a763-35743a6255b7 - - - - -] ironic.split_loggers = False log_opt_values /usr/lib/python3/dist-packages/oslo_config/cfg.py:2609
2025-09-01 00:39:05.022 159590 DEBUG oslo_messaging._drivers.amqpdriver [-] AMQPListener connection consume poll /usr/lib/python3/dist-packages/oslo_messaging/_drivers/amqpdriver.py:357
2025-09-01 00:39:05.022 159198 DEBUG oslo_service.service [req-18b273c0-7c6a-4015-a763-35743a6255b7 - - - - -] ironic.status_code_retries = None log_opt_values /usr/lib/python3/dist-packages/oslo_config/cfg.py:2609
2025-09-01 00:39:05.022 159588 DEBUG oslo_messaging._drivers.amqpdriver [req-9c115456-38d7-4d9b-8810-e02699eeb440 - - - - -] sending reply msg_id: a7726cbdd4ad46389d062939b3cbb9cf reply queue: reply_b7741f9a9de54e31b4f036bddd3b540c time elapsed: 0.04244726100023399s _send_reply /usr/lib/python3/dist-packages/oslo_messaging/_drivers/amqpdriver.py:118
2025-09-01 00:39:05.023 159198 DEBUG oslo_service.service [req-18b273c0-7c6a-4015-a763-35743a6255b7 - - - - -] ironic.status_code_retry_delay = None log_opt_values /usr/lib/python3/dist-packages/oslo_config/cfg.py:2609
2025-09-01 00:39:05.023 159198 DEBUG oslo_service.service [req-18b273c0-7c6a-4015-a763-35743a6255b7 - - - - -] ironic.timeout = None log_opt_values /usr/lib/python3/dist-packages/oslo_config/cfg.py:2609
2025-09-01 00:39:05.023 159590 DEBUG nova.service [req-505428a6-d084-4923-9b2f-7b4098378af3 - - - - -] Join ServiceGroup membership for this service conductor start /usr/lib/python3/dist-packages/nova/service.py:199
2025-09-01 00:39:05.023 159198 DEBUG oslo_service.service [req-18b273c0-7c6a-4015-a763-35743a6255b7 - - - - -] ironic.valid_interfaces = ['internal', 'public'] log_opt_values /usr/lib/python3/dist-packages/oslo_config/cfg.py:2609
2025-09-01 00:39:05.023 159590 DEBUG nova.servicegroup.drivers.db [req-505428a6-d084-4923-9b2f-7b4098378af3 - - - - -] DB_Driver: join new ServiceGroup member juju-8e3293-0-lxd-7 to the conductor group, service = join /usr/lib/python3/dist-packages/nova/servicegroup/drivers/db.py:44
2025-09-01 00:39:05.024 159198 DEBUG oslo_service.service [req-18b273c0-7c6a-4015-a763-35743a6255b7 - - - - -] ironic.version = None log_opt_values /usr/lib/python3/dist-packages/oslo_config/cfg.py:2609
2025-09-01 00:39:05.024 159198 DEBUG oslo_service.service [req-18b273c0-7c6a-4015-a763-35743a6255b7 - - - - -] key_manager.backend = barbican log_opt_values /usr/lib/python3/dist-packages/oslo_config/cfg.py:2609
2025-09-01 00:39:05.024 159198 DEBUG oslo_service.service [req-18b273c0-7c6a-4015-a763-35743a6255b7 - - - - -] key_manager.fixed_key = **** log_opt_values /usr/lib/python3/dist-packages/oslo_config/cfg.py:2609
2025-09-01 00:39:05.024 159198 DEBUG oslo_service.service [req-18b273c0-7c6a-4015-a763-35743a6255b7 - - - - -] barbican.auth_endpoint = http://localhost/identity/v3 log_opt_values /usr/lib/python3/dist-packages/oslo_config/cfg.py:2609
2025-09-01 00:39:05.025 159198 DEBUG oslo_service.service [req-18b273c0-7c6a-4015-a763-35743a6255b7 - - - - -] barbican.barbican_api_version = None log_opt_values /usr/lib/python3/dist-packages/oslo_config/cfg.py:2609
2025-09-01 00:39:05.025 159198 DEBUG oslo_service.service [req-18b273c0-7c6a-4015-a763-35743a6255b7 - - - - -] barbican.barbican_endpoint = None log_opt_values /usr/lib/python3/dist-packages/oslo_config/cfg.py:2609
2025-09-01 00:39:05.025 159198 DEBUG oslo_service.service [req-18b273c0-7c6a-4015-a763-35743a6255b7 - - - - -] barbican.barbican_endpoint_type = public log_opt_values /usr/lib/python3/dist-packages/oslo_config/cfg.py:2609
2025-09-01 00:39:05.025 159198 DEBUG oslo_service.service [req-18b273c0-7c6a-4015-a763-35743a6255b7 - - - - -] barbican.barbican_region_name = None log_opt_values /usr/lib/python3/dist-packages/oslo_config/cfg.py:2609
2025-09-01 00:39:05.025 159198 DEBUG oslo_service.service [req-18b273c0-7c6a-4015-a763-35743a6255b7 - - - - -] barbican.cafile = None log_opt_values /usr/lib/python3/dist-packages/oslo_config/cfg.py:2609
2025-09-01 00:39:05.026 159198 DEBUG oslo_service.service [req-18b273c0-7c6a-4015-a763-35743a6255b7 - - - - -] barbican.certfile = None log_opt_values /usr/lib/python3/dist-packages/oslo_config/cfg.py:2609
2025-09-01 00:39:05.026 159198 DEBUG oslo_service.service [req-18b273c0-7c6a-4015-a763-35743a6255b7 - - - - -] barbican.collect_timing = False log_opt_values /usr/lib/python3/dist-packages/oslo_config/cfg.py:2609
2025-09-01 00:39:05.026 159198 DEBUG oslo_service.service [req-18b273c0-7c6a-4015-a763-35743a6255b7 - - - - -] barbican.insecure = False log_opt_values /usr/lib/python3/dist-packages/oslo_config/cfg.py:2609
2025-09-01 00:39:05.026 159198 DEBUG oslo_service.service [req-18b273c0-7c6a-4015-a763-35743a6255b7 - - - - -] barbican.keyfile = None log_opt_values /usr/lib/python3/dist-packages/oslo_config/cfg.py:2609
2025-09-01 00:39:05.026 159198 DEBUG oslo_service.service [req-18b273c0-7c6a-4015-a763-35743a6255b7 - - - - -] barbican.number_of_retries = 60 log_opt_values /usr/lib/python3/dist-packages/oslo_config/cfg.py:2609
2025-09-01 00:39:05.027 159198 DEBUG oslo_service.service [req-18b273c0-7c6a-4015-a763-35743a6255b7 - - - - -] barbican.retry_delay = 1 log_opt_values /usr/lib/python3/dist-packages/oslo_config/cfg.py:2609
2025-09-01 00:39:05.027 159198 DEBUG oslo_service.service [req-18b273c0-7c6a-4015-a763-35743a6255b7 - - - - -] barbican.send_service_user_token = False log_opt_values /usr/lib/python3/dist-packages/oslo_config/cfg.py:2609
2025-09-01 00:39:05.027 159198 DEBUG oslo_service.service [req-18b273c0-7c6a-4015-a763-35743a6255b7 - - - - -] barbican.split_loggers = False log_opt_values /usr/lib/python3/dist-packages/oslo_config/cfg.py:2609
2025-09-01 00:39:05.027 159198 DEBUG oslo_service.service [req-18b273c0-7c6a-4015-a763-35743a6255b7 - - - - -] barbican.timeout = None log_opt_values /usr/lib/python3/dist-packages/oslo_config/cfg.py:2609
2025-09-01 00:39:05.027 159198 DEBUG oslo_service.service [req-18b273c0-7c6a-4015-a763-35743a6255b7 - - - - -] barbican.verify_ssl = True log_opt_values /usr/lib/python3/dist-packages/oslo_config/cfg.py:2609
2025-09-01 00:39:05.027 159590 DEBUG oslo_messaging._drivers.amqpdriver [-] AMQPListener connection timeout poll /usr/lib/python3/dist-packages/oslo_messaging/_drivers/amqpdriver.py:360
2025-09-01 00:39:05.028 159198 DEBUG oslo_service.service [req-18b273c0-7c6a-4015-a763-35743a6255b7 - - - - -] barbican.verify_ssl_path = None log_opt_values /usr/lib/python3/dist-packages/oslo_config/cfg.py:2609
2025-09-01 00:39:05.028 159590 DEBUG oslo_messaging._drivers.amqpdriver [-] Listener is running poll /usr/lib/python3/dist-packages/oslo_messaging/_drivers/amqpdriver.py:343
2025-09-01 00:39:05.028 159198 DEBUG oslo_service.service [req-18b273c0-7c6a-4015-a763-35743a6255b7 - - - - -] barbican_service_user.auth_section = None log_opt_values /usr/lib/python3/dist-packages/oslo_config/cfg.py:2609
2025-09-01 00:39:05.028 159590 DEBUG oslo_messaging._drivers.amqpdriver [-] AMQPListener connection consume poll /usr/lib/python3/dist-packages/oslo_messaging/_drivers/amqpdriver.py:357
2025-09-01 00:39:05.028 159198 DEBUG oslo_service.service [req-18b273c0-7c6a-4015-a763-35743a6255b7 - - - - -] barbican_service_user.auth_type = None log_opt_values /usr/lib/python3/dist-packages/oslo_config/cfg.py:2609
2025-09-01 00:39:05.028 159198 DEBUG oslo_service.service [req-18b273c0-7c6a-4015-a763-35743a6255b7 - - - - -] barbican_service_user.cafile = None log_opt_values /usr/lib/python3/dist-packages/oslo_config/cfg.py:2609
2025-09-01 00:39:05.028 159198 DEBUG oslo_service.service [req-18b273c0-7c6a-4015-a763-35743a6255b7 - - - - -] barbican_service_user.certfile = None log_opt_values /usr/lib/python3/dist-packages/oslo_config/cfg.py:2609
2025-09-01 00:39:05.029 159198 DEBUG oslo_service.service [req-18b273c0-7c6a-4015-a763-35743a6255b7 - - - - -] barbican_service_user.collect_timing = False log_opt_values /usr/lib/python3/dist-packages/oslo_config/cfg.py:2609
2025-09-01 00:39:05.029 159198 DEBUG oslo_service.service [req-18b273c0-7c6a-4015-a763-35743a6255b7 - - - - -] barbican_service_user.insecure = False log_opt_values /usr/lib/python3/dist-packages/oslo_config/cfg.py:2609
2025-09-01 00:39:05.029 159198 DEBUG oslo_service.service [req-18b273c0-7c6a-4015-a763-35743a6255b7 - - - - -] barbican_service_user.keyfile = None log_opt_values /usr/lib/python3/dist-packages/oslo_config/cfg.py:2609
2025-09-01 00:39:05.029 159198 DEBUG oslo_service.service [req-18b273c0-7c6a-4015-a763-35743a6255b7 - - - - -] barbican_service_user.split_loggers = False log_opt_values /usr/lib/python3/dist-packages/oslo_config/cfg.py:2609
2025-09-01 00:39:05.029 159198 DEBUG oslo_service.service [req-18b273c0-7c6a-4015-a763-35743a6255b7 - - - - -] barbican_service_user.timeout = None log_opt_values /usr/lib/python3/dist-packages/oslo_config/cfg.py:2609
2025-09-01 00:39:05.029 159198 DEBUG oslo_service.service [req-18b273c0-7c6a-4015-a763-35743a6255b7 - - - - -] vault.approle_role_id = None log_opt_values /usr/lib/python3/dist-packages/oslo_config/cfg.py:2609
2025-09-01 00:39:05.030 159198 DEBUG oslo_service.service [req-18b273c0-7c6a-4015-a763-35743a6255b7 - - - - -] vault.approle_secret_id = None log_opt_values /usr/lib/python3/dist-packages/oslo_config/cfg.py:2609
2025-09-01 00:39:05.030 159198 DEBUG oslo_service.service [req-18b273c0-7c6a-4015-a763-35743a6255b7 - - - - -] vault.cafile = None log_opt_values /usr/lib/python3/dist-packages/oslo_config/cfg.py:2609
2025-09-01 00:39:05.030 159198 DEBUG oslo_service.service [req-18b273c0-7c6a-4015-a763-35743a6255b7 - - - - -] vault.certfile = None log_opt_values /usr/lib/python3/dist-packages/oslo_config/cfg.py:2609
