2025-08-28 00:42:08.120 123125 DEBUG oslo_service.service [req-81d52c12-b589-4813-a723-f2c6b90dbccf - - - - -] instance_uuid_format = [instance: %(uuid)s] log_opt_values /usr/lib/python3/dist-packages/oslo_config/cfg.py:2602
2025-08-28 00:42:08.121 123125 DEBUG oslo_service.service [req-81d52c12-b589-4813-a723-f2c6b90dbccf - - - - -] instances_path = /var/lib/nova/instances log_opt_values /usr/lib/python3/dist-packages/oslo_config/cfg.py:2602
2025-08-28 00:42:08.121 123125 DEBUG oslo_service.service [req-81d52c12-b589-4813-a723-f2c6b90dbccf - - - - -] internal_service_availability_zone = internal log_opt_values /usr/lib/python3/dist-packages/oslo_config/cfg.py:2602
2025-08-28 00:42:08.121 123125 DEBUG oslo_service.service [req-81d52c12-b589-4813-a723-f2c6b90dbccf - - - - -] key = None log_opt_values /usr/lib/python3/dist-packages/oslo_config/cfg.py:2602
2025-08-28 00:42:08.121 123125 DEBUG oslo_service.service [req-81d52c12-b589-4813-a723-f2c6b90dbccf - - - - -] live_migration_retry_count = 30 log_opt_values /usr/lib/python3/dist-packages/oslo_config/cfg.py:2602
2025-08-28 00:42:08.121 123125 DEBUG oslo_service.service [req-81d52c12-b589-4813-a723-f2c6b90dbccf - - - - -] log_config_append = None log_opt_values /usr/lib/python3/dist-packages/oslo_config/cfg.py:2602
2025-08-28 00:42:08.122 123125 DEBUG oslo_service.service [req-81d52c12-b589-4813-a723-f2c6b90dbccf - - - - -] log_date_format = %Y-%m-%d %H:%M:%S log_opt_values /usr/lib/python3/dist-packages/oslo_config/cfg.py:2602
2025-08-28 00:42:08.122 123125 DEBUG oslo_service.service [req-81d52c12-b589-4813-a723-f2c6b90dbccf - - - - -] log_dir = /var/log/nova log_opt_values /usr/lib/python3/dist-packages/oslo_config/cfg.py:2602
2025-08-28 00:42:08.122 123125 DEBUG oslo_service.service [req-81d52c12-b589-4813-a723-f2c6b90dbccf - - - - -] log_file = /var/log/nova/nova-scheduler.log log_opt_values /usr/lib/python3/dist-packages/oslo_config/cfg.py:2602
2025-08-28 00:42:08.122 123125 DEBUG oslo_service.service [req-81d52c12-b589-4813-a723-f2c6b90dbccf - - - - -] log_options = True log_opt_values /usr/lib/python3/dist-packages/oslo_config/cfg.py:2602
2025-08-28 00:42:08.122 123125 DEBUG oslo_service.service [req-81d52c12-b589-4813-a723-f2c6b90dbccf - - - - -] log_rotate_interval = 1 log_opt_values /usr/lib/python3/dist-packages/oslo_config/cfg.py:2602
2025-08-28 00:42:08.123 123125 DEBUG oslo_service.service [req-81d52c12-b589-4813-a723-f2c6b90dbccf - - - - -] log_rotate_interval_type = days log_opt_values /usr/lib/python3/dist-packages/oslo_config/cfg.py:2602
2025-08-28 00:42:08.123 123125 DEBUG oslo_service.service [req-81d52c12-b589-4813-a723-f2c6b90dbccf - - - - -] log_rotation_type = none log_opt_values /usr/lib/python3/dist-packages/oslo_config/cfg.py:2602
2025-08-28 00:42:08.123 123125 DEBUG oslo_service.service [req-81d52c12-b589-4813-a723-f2c6b90dbccf - - - - -] logging_context_format_string = %(asctime)s.%(msecs)03d %(process)d %(levelname)s %(name)s [%(request_id)s %(user_identity)s] %(instance)s%(message)s log_opt_values /usr/lib/python3/dist-packages/oslo_config/cfg.py:2602
2025-08-28 00:42:08.123 123125 DEBUG oslo_service.service [req-81d52c12-b589-4813-a723-f2c6b90dbccf - - - - -] logging_debug_format_suffix = %(funcName)s %(pathname)s:%(lineno)d log_opt_values /usr/lib/python3/dist-packages/oslo_config/cfg.py:2602
2025-08-28 00:42:08.123 123125 DEBUG oslo_service.service [req-81d52c12-b589-4813-a723-f2c6b90dbccf - - - - -] logging_default_format_string = %(asctime)s.%(msecs)03d %(process)d %(levelname)s %(name)s [-] %(instance)s%(message)s log_opt_values /usr/lib/python3/dist-packages/oslo_config/cfg.py:2602
2025-08-28 00:42:08.123 123125 DEBUG oslo_service.service [req-81d52c12-b589-4813-a723-f2c6b90dbccf - - - - -] logging_exception_prefix = %(asctime)s.%(msecs)03d %(process)d ERROR %(name)s %(instance)s log_opt_values /usr/lib/python3/dist-packages/oslo_config/cfg.py:2602
2025-08-28 00:42:08.124 123125 DEBUG oslo_service.service [req-81d52c12-b589-4813-a723-f2c6b90dbccf - - - - -] logging_user_identity_format = %(user)s %(project)s %(domain)s %(user_domain)s %(project_domain)s log_opt_values /usr/lib/python3/dist-packages/oslo_config/cfg.py:2602
2025-08-28 00:42:08.124 123125 DEBUG oslo_service.service [req-81d52c12-b589-4813-a723-f2c6b90dbccf - - - - -] long_rpc_timeout = 1800 log_opt_values /usr/lib/python3/dist-packages/oslo_config/cfg.py:2602
2025-08-28 00:42:08.124 123125 DEBUG oslo_service.service [req-81d52c12-b589-4813-a723-f2c6b90dbccf - - - - -] max_concurrent_builds = 10 log_opt_values /usr/lib/python3/dist-packages/oslo_config/cfg.py:2602
2025-08-28 00:42:08.124 123125 DEBUG oslo_service.service [req-81d52c12-b589-4813-a723-f2c6b90dbccf - - - - -] max_concurrent_live_migrations = 1 log_opt_values /usr/lib/python3/dist-packages/oslo_config/cfg.py:2602
2025-08-28 00:42:08.124 123125 DEBUG oslo_service.service [req-81d52c12-b589-4813-a723-f2c6b90dbccf - - - - -] max_concurrent_snapshots = 5 log_opt_values /usr/lib/python3/dist-packages/oslo_config/cfg.py:2602
2025-08-28 00:42:08.124 123125 DEBUG oslo_service.service [req-81d52c12-b589-4813-a723-f2c6b90dbccf - - - - -] max_local_block_devices = 3 log_opt_values /usr/lib/python3/dist-packages/oslo_config/cfg.py:2602
2025-08-28 00:42:08.125 123125 DEBUG oslo_service.service [req-81d52c12-b589-4813-a723-f2c6b90dbccf - - - - -] max_logfile_count = 30 log_opt_values /usr/lib/python3/dist-packages/oslo_config/cfg.py:2602
2025-08-28 00:42:08.125 123125 DEBUG oslo_service.service [req-81d52c12-b589-4813-a723-f2c6b90dbccf - - - - -] max_logfile_size_mb = 200 log_opt_values /usr/lib/python3/dist-packages/oslo_config/cfg.py:2602
2025-08-28 00:42:08.125 123125 DEBUG oslo_service.service [req-81d52c12-b589-4813-a723-f2c6b90dbccf - - - - -] maximum_instance_delete_attempts = 5 log_opt_values /usr/lib/python3/dist-packages/oslo_config/cfg.py:2602
2025-08-28 00:42:08.125 123125 DEBUG oslo_service.service [req-81d52c12-b589-4813-a723-f2c6b90dbccf - - - - -] metadata_listen = 0.0.0.0 log_opt_values /usr/lib/python3/dist-packages/oslo_config/cfg.py:2602
2025-08-28 00:42:08.125 123125 DEBUG oslo_service.service [req-81d52c12-b589-4813-a723-f2c6b90dbccf - - - - -] metadata_listen_port = 8765 log_opt_values /usr/lib/python3/dist-packages/oslo_config/cfg.py:2602
2025-08-28 00:42:08.127 123125 DEBUG oslo_service.service [req-81d52c12-b589-4813-a723-f2c6b90dbccf - - - - -] metadata_workers = None log_opt_values /usr/lib/python3/dist-packages/oslo_config/cfg.py:2602
2025-08-28 00:42:08.128 123125 DEBUG oslo_service.service [req-81d52c12-b589-4813-a723-f2c6b90dbccf - - - - -] migrate_max_retries = -1 log_opt_values /usr/lib/python3/dist-packages/oslo_config/cfg.py:2602
2025-08-28 00:42:08.128 123125 DEBUG oslo_service.service [req-81d52c12-b589-4813-a723-f2c6b90dbccf - - - - -] mkisofs_cmd = genisoimage log_opt_values /usr/lib/python3/dist-packages/oslo_config/cfg.py:2602
2025-08-28 00:42:08.129 123125 DEBUG oslo_service.service [req-81d52c12-b589-4813-a723-f2c6b90dbccf - - - - -] my_block_storage_ip = 252.129.212.239 log_opt_values /usr/lib/python3/dist-packages/oslo_config/cfg.py:2602
2025-08-28 00:42:08.129 123125 DEBUG oslo_service.service [req-81d52c12-b589-4813-a723-f2c6b90dbccf - - - - -] my_ip = 252.129.212.239 log_opt_values /usr/lib/python3/dist-packages/oslo_config/cfg.py:2602
2025-08-28 00:42:08.129 123125 DEBUG oslo_service.service [req-81d52c12-b589-4813-a723-f2c6b90dbccf - - - - -] network_allocate_retries = 0 log_opt_values /usr/lib/python3/dist-packages/oslo_config/cfg.py:2602
2025-08-28 00:42:08.130 123125 DEBUG oslo_service.service [req-81d52c12-b589-4813-a723-f2c6b90dbccf - - - - -] non_inheritable_image_properties = ['cache_in_nova', 'bittorrent'] log_opt_values /usr/lib/python3/dist-packages/oslo_config/cfg.py:2602
2025-08-28 00:42:08.130 123125 DEBUG oslo_service.service [req-81d52c12-b589-4813-a723-f2c6b90dbccf - - - - -] osapi_compute_listen = 0.0.0.0 log_opt_values /usr/lib/python3/dist-packages/oslo_config/cfg.py:2602
2025-08-28 00:42:08.129 123715 DEBUG oslo_db.sqlalchemy.engines [req-c2670968-ad8b-4c7d-81fe-27e14c295016 - - - - -] MySQL server mode set to STRICT_TRANS_TABLES,STRICT_ALL_TABLES,NO_ZERO_IN_DATE,NO_ZERO_DATE,ERROR_FOR_DIVISION_BY_ZERO,TRADITIONAL,NO_ENGINE_SUBSTITUTION _check_effective_sql_mode /usr/lib/python3/dist-packages/oslo_db/sqlalchemy/engines.py:314
2025-08-28 00:42:08.130 123125 DEBUG oslo_service.service [req-81d52c12-b589-4813-a723-f2c6b90dbccf - - - - -] osapi_compute_listen_port = 8764 log_opt_values /usr/lib/python3/dist-packages/oslo_config/cfg.py:2602
2025-08-28 00:42:08.131 123125 DEBUG oslo_service.service [req-81d52c12-b589-4813-a723-f2c6b90dbccf - - - - -] osapi_compute_unique_server_name_scope = log_opt_values /usr/lib/python3/dist-packages/oslo_config/cfg.py:2602
2025-08-28 00:42:08.131 123125 DEBUG oslo_service.service [req-81d52c12-b589-4813-a723-f2c6b90dbccf - - - - -] osapi_compute_workers = 4 log_opt_values /usr/lib/python3/dist-packages/oslo_config/cfg.py:2602
2025-08-28 00:42:08.132 123125 DEBUG oslo_service.service [req-81d52c12-b589-4813-a723-f2c6b90dbccf - - - - -] password_length = 12 log_opt_values /usr/lib/python3/dist-packages/oslo_config/cfg.py:2602
2025-08-28 00:42:08.132 123714 DEBUG oslo_db.sqlalchemy.engines [req-88e6e444-71d5-40e1-8cfb-d9796389940c - - - - -] MySQL server mode set to STRICT_TRANS_TABLES,STRICT_ALL_TABLES,NO_ZERO_IN_DATE,NO_ZERO_DATE,ERROR_FOR_DIVISION_BY_ZERO,TRADITIONAL,NO_ENGINE_SUBSTITUTION _check_effective_sql_mode /usr/lib/python3/dist-packages/oslo_db/sqlalchemy/engines.py:314
2025-08-28 00:42:08.133 123125 DEBUG oslo_service.service [req-81d52c12-b589-4813-a723-f2c6b90dbccf - - - - -] periodic_enable = True log_opt_values /usr/lib/python3/dist-packages/oslo_config/cfg.py:2602
2025-08-28 00:42:08.133 123125 DEBUG oslo_service.service [req-81d52c12-b589-4813-a723-f2c6b90dbccf - - - - -] periodic_fuzzy_delay = 60 log_opt_values /usr/lib/python3/dist-packages/oslo_config/cfg.py:2602
2025-08-28 00:42:08.134 123125 DEBUG oslo_service.service [req-81d52c12-b589-4813-a723-f2c6b90dbccf - - - - -] pointer_model = usbtablet log_opt_values /usr/lib/python3/dist-packages/oslo_config/cfg.py:2602
2025-08-28 00:42:08.134 123125 DEBUG oslo_service.service [req-81d52c12-b589-4813-a723-f2c6b90dbccf - - - - -] preallocate_images = none log_opt_values /usr/lib/python3/dist-packages/oslo_config/cfg.py:2602
2025-08-28 00:42:08.134 123125 DEBUG oslo_service.service [req-81d52c12-b589-4813-a723-f2c6b90dbccf - - - - -] publish_errors = False log_opt_values /usr/lib/python3/dist-packages/oslo_config/cfg.py:2602
2025-08-28 00:42:08.134 123125 DEBUG oslo_service.service [req-81d52c12-b589-4813-a723-f2c6b90dbccf - - - - -] pybasedir = /usr/lib/python3/dist-packages log_opt_values /usr/lib/python3/dist-packages/oslo_config/cfg.py:2602
2025-08-28 00:42:08.135 123125 DEBUG oslo_service.service [req-81d52c12-b589-4813-a723-f2c6b90dbccf - - - - -] ram_allocation_ratio = 0.98 log_opt_values /usr/lib/python3/dist-packages/oslo_config/cfg.py:2602
2025-08-28 00:42:08.135 123125 DEBUG oslo_service.service [req-81d52c12-b589-4813-a723-f2c6b90dbccf - - - - -] rate_limit_burst = 0 log_opt_values /usr/lib/python3/dist-packages/oslo_config/cfg.py:2602
2025-08-28 00:42:08.136 123125 DEBUG oslo_service.service [req-81d52c12-b589-4813-a723-f2c6b90dbccf - - - - -] rate_limit_except_level = CRITICAL log_opt_values /usr/lib/python3/dist-packages/oslo_config/cfg.py:2602
2025-08-28 00:42:08.137 123125 DEBUG oslo_service.service [req-81d52c12-b589-4813-a723-f2c6b90dbccf - - - - -] rate_limit_interval = 0 log_opt_values /usr/lib/python3/dist-packages/oslo_config/cfg.py:2602
2025-08-28 00:42:08.137 123125 DEBUG oslo_service.service [req-81d52c12-b589-4813-a723-f2c6b90dbccf - - - - -] reboot_timeout = 0 log_opt_values /usr/lib/python3/dist-packages/oslo_config/cfg.py:2602
2025-08-28 00:42:08.138 123125 DEBUG oslo_service.service [req-81d52c12-b589-4813-a723-f2c6b90dbccf - - - - -] reclaim_instance_interval = 0 log_opt_values /usr/lib/python3/dist-packages/oslo_config/cfg.py:2602
2025-08-28 00:42:08.139 123125 DEBUG oslo_service.service [req-81d52c12-b589-4813-a723-f2c6b90dbccf - - - - -] record = None log_opt_values /usr/lib/python3/dist-packages/oslo_config/cfg.py:2602
2025-08-28 00:42:08.139 123125 DEBUG oslo_service.service [req-81d52c12-b589-4813-a723-f2c6b90dbccf - - - - -] report_interval = 10 log_opt_values /usr/lib/python3/dist-packages/oslo_config/cfg.py:2602
2025-08-28 00:42:08.136 123704 DEBUG nova.service [req-190ea652-acda-480d-95c0-5b5b5bfdab0a - - - - -] Creating RPC server for service scheduler start /usr/lib/python3/dist-packages/nova/service.py:182
2025-08-28 00:42:08.140 123125 DEBUG oslo_service.service [req-81d52c12-b589-4813-a723-f2c6b90dbccf - - - - -] rescue_timeout = 0 log_opt_values /usr/lib/python3/dist-packages/oslo_config/cfg.py:2602
2025-08-28 00:42:08.140 123125 DEBUG oslo_service.service [req-81d52c12-b589-4813-a723-f2c6b90dbccf - - - - -] reserved_host_cpus = 0 log_opt_values /usr/lib/python3/dist-packages/oslo_config/cfg.py:2602
2025-08-28 00:42:08.140 123125 DEBUG oslo_service.service [req-81d52c12-b589-4813-a723-f2c6b90dbccf - - - - -] reserved_host_disk_mb = 0 log_opt_values /usr/lib/python3/dist-packages/oslo_config/cfg.py:2602
2025-08-28 00:42:08.141 123125 DEBUG oslo_service.service [req-81d52c12-b589-4813-a723-f2c6b90dbccf - - - - -] reserved_host_memory_mb = 512 log_opt_values /usr/lib/python3/dist-packages/oslo_config/cfg.py:2602
2025-08-28 00:42:08.141 123125 DEBUG oslo_service.service [req-81d52c12-b589-4813-a723-f2c6b90dbccf - - - - -] reserved_huge_pages = None log_opt_values /usr/lib/python3/dist-packages/oslo_config/cfg.py:2602
2025-08-28 00:42:08.141 123698 DEBUG nova.service [req-ed5004b0-6e41-45de-b38d-40b45794b912 - - - - -] Creating RPC server for service scheduler start /usr/lib/python3/dist-packages/nova/service.py:182
2025-08-28 00:42:08.141 123125 DEBUG oslo_service.service [req-81d52c12-b589-4813-a723-f2c6b90dbccf - - - - -] resize_confirm_window = 0 log_opt_values /usr/lib/python3/dist-packages/oslo_config/cfg.py:2602
2025-08-28 00:42:08.142 123125 DEBUG oslo_service.service [req-81d52c12-b589-4813-a723-f2c6b90dbccf - - - - -] resize_fs_using_block_device = False log_opt_values /usr/lib/python3/dist-packages/oslo_config/cfg.py:2602
2025-08-28 00:42:08.143 123125 DEBUG oslo_service.service [req-81d52c12-b589-4813-a723-f2c6b90dbccf - - - - -] resume_guests_state_on_host_boot = False log_opt_values /usr/lib/python3/dist-packages/oslo_config/cfg.py:2602
2025-08-28 00:42:08.143 123125 DEBUG oslo_service.service [req-81d52c12-b589-4813-a723-f2c6b90dbccf - - - - -] rootwrap_config = /etc/nova/rootwrap.conf log_opt_values /usr/lib/python3/dist-packages/oslo_config/cfg.py:2602
2025-08-28 00:42:08.143 123125 DEBUG oslo_service.service [req-81d52c12-b589-4813-a723-f2c6b90dbccf - - - - -] run_external_periodic_tasks = True log_opt_values /usr/lib/python3/dist-packages/oslo_config/cfg.py:2602
2025-08-28 00:42:08.144 123125 DEBUG oslo_service.service [req-81d52c12-b589-4813-a723-f2c6b90dbccf - - - - -] running_deleted_instance_action = reap log_opt_values /usr/lib/python3/dist-packages/oslo_config/cfg.py:2602
2025-08-28 00:42:08.144 123125 DEBUG oslo_service.service [req-81d52c12-b589-4813-a723-f2c6b90dbccf - - - - -] running_deleted_instance_poll_interval = 1800 log_opt_values /usr/lib/python3/dist-packages/oslo_config/cfg.py:2602
2025-08-28 00:42:08.145 123125 DEBUG oslo_service.service [req-81d52c12-b589-4813-a723-f2c6b90dbccf - - - - -] running_deleted_instance_timeout = 0 log_opt_values /usr/lib/python3/dist-packages/oslo_config/cfg.py:2602
2025-08-28 00:42:08.145 123125 DEBUG oslo_service.service [req-81d52c12-b589-4813-a723-f2c6b90dbccf - - - - -] scheduler_instance_sync_interval = 120 log_opt_values /usr/lib/python3/dist-packages/oslo_config/cfg.py:2602
2025-08-28 00:42:08.145 123125 DEBUG oslo_service.service [req-81d52c12-b589-4813-a723-f2c6b90dbccf - - - - -] service_down_time = 60 log_opt_values /usr/lib/python3/dist-packages/oslo_config/cfg.py:2602
2025-08-28 00:42:08.146 123125 DEBUG oslo_service.service [req-81d52c12-b589-4813-a723-f2c6b90dbccf - - - - -] servicegroup_driver = db log_opt_values /usr/lib/python3/dist-packages/oslo_config/cfg.py:2602
2025-08-28 00:42:08.146 123125 DEBUG oslo_service.service [req-81d52c12-b589-4813-a723-f2c6b90dbccf - - - - -] shelved_offload_time = 0 log_opt_values /usr/lib/python3/dist-packages/oslo_config/cfg.py:2602
2025-08-28 00:42:08.147 123125 DEBUG oslo_service.service [req-81d52c12-b589-4813-a723-f2c6b90dbccf - - - - -] shelved_poll_interval = 3600 log_opt_values /usr/lib/python3/dist-packages/oslo_config/cfg.py:2602
2025-08-28 00:42:08.147 123125 DEBUG oslo_service.service [req-81d52c12-b589-4813-a723-f2c6b90dbccf - - - - -] shutdown_timeout = 60 log_opt_values /usr/lib/python3/dist-packages/oslo_config/cfg.py:2602
2025-08-28 00:42:08.147 123714 DEBUG nova.service [req-88e6e444-71d5-40e1-8cfb-d9796389940c - - - - -] Creating RPC server for service scheduler start /usr/lib/python3/dist-packages/nova/service.py:182
2025-08-28 00:42:08.147 123125 DEBUG oslo_service.service [req-81d52c12-b589-4813-a723-f2c6b90dbccf - - - - -] source_is_ipv6 = False log_opt_values /usr/lib/python3/dist-packages/oslo_config/cfg.py:2602
2025-08-28 00:42:08.148 123125 DEBUG oslo_service.service [req-81d52c12-b589-4813-a723-f2c6b90dbccf - - - - -] ssl_only = False log_opt_values /usr/lib/python3/dist-packages/oslo_config/cfg.py:2602
2025-08-28 00:42:08.149 123125 DEBUG oslo_service.service [req-81d52c12-b589-4813-a723-f2c6b90dbccf - - - - -] state_path = /var/lib/nova log_opt_values /usr/lib/python3/dist-packages/oslo_config/cfg.py:2602
2025-08-28 00:42:08.149 123125 DEBUG oslo_service.service [req-81d52c12-b589-4813-a723-f2c6b90dbccf - - - - -] sync_power_state_interval = 600 log_opt_values /usr/lib/python3/dist-packages/oslo_config/cfg.py:2602
2025-08-28 00:42:08.149 123715 DEBUG nova.service [req-c2670968-ad8b-4c7d-81fe-27e14c295016 - - - - -] Creating RPC server for service scheduler start /usr/lib/python3/dist-packages/nova/service.py:182
2025-08-28 00:42:08.149 123125 DEBUG oslo_service.service [req-81d52c12-b589-4813-a723-f2c6b90dbccf - - - - -] sync_power_state_pool_size = 1000 log_opt_values /usr/lib/python3/dist-packages/oslo_config/cfg.py:2602
2025-08-28 00:42:08.150 123125 DEBUG oslo_service.service [req-81d52c12-b589-4813-a723-f2c6b90dbccf - - - - -] syslog_log_facility = LOG_USER log_opt_values /usr/lib/python3/dist-packages/oslo_config/cfg.py:2602
2025-08-28 00:42:08.150 123125 DEBUG oslo_service.service [req-81d52c12-b589-4813-a723-f2c6b90dbccf - - - - -] tempdir = None log_opt_values /usr/lib/python3/dist-packages/oslo_config/cfg.py:2602
2025-08-28 00:42:08.150 123125 DEBUG oslo_service.service [req-81d52c12-b589-4813-a723-f2c6b90dbccf - - - - -] timeout_nbd = 10 log_opt_values /usr/lib/python3/dist-packages/oslo_config/cfg.py:2602
2025-08-28 00:42:08.150 123125 DEBUG oslo_service.service [req-81d52c12-b589-4813-a723-f2c6b90dbccf - - - - -] transport_url = **** log_opt_values /usr/lib/python3/dist-packages/oslo_config/cfg.py:2602
2025-08-28 00:42:08.151 123125 DEBUG oslo_service.service [req-81d52c12-b589-4813-a723-f2c6b90dbccf - - - - -] update_resources_interval = 0 log_opt_values /usr/lib/python3/dist-packages/oslo_config/cfg.py:2602
2025-08-28 00:42:08.151 123125 DEBUG oslo_service.service [req-81d52c12-b589-4813-a723-f2c6b90dbccf - - - - -] use_cow_images = True log_opt_values /usr/lib/python3/dist-packages/oslo_config/cfg.py:2602
2025-08-28 00:42:08.151 123125 DEBUG oslo_service.service [req-81d52c12-b589-4813-a723-f2c6b90dbccf - - - - -] use_eventlog = False log_opt_values /usr/lib/python3/dist-packages/oslo_config/cfg.py:2602
2025-08-28 00:42:08.152 123125 DEBUG oslo_service.service [req-81d52c12-b589-4813-a723-f2c6b90dbccf - - - - -] use_journal = False log_opt_values /usr/lib/python3/dist-packages/oslo_config/cfg.py:2602
2025-08-28 00:42:08.152 123125 DEBUG oslo_service.service [req-81d52c12-b589-4813-a723-f2c6b90dbccf - - - - -] use_json = False log_opt_values /usr/lib/python3/dist-packages/oslo_config/cfg.py:2602
2025-08-28 00:42:08.152 123125 DEBUG oslo_service.service [req-81d52c12-b589-4813-a723-f2c6b90dbccf - - - - -] use_rootwrap_daemon = False log_opt_values /usr/lib/python3/dist-packages/oslo_config/cfg.py:2602
2025-08-28 00:42:08.153 123125 DEBUG oslo_service.service [req-81d52c12-b589-4813-a723-f2c6b90dbccf - - - - -] use_stderr = False log_opt_values /usr/lib/python3/dist-packages/oslo_config/cfg.py:2602
2025-08-28 00:42:08.153 123125 DEBUG oslo_service.service [req-81d52c12-b589-4813-a723-f2c6b90dbccf - - - - -] use_syslog = False log_opt_values /usr/lib/python3/dist-packages/oslo_config/cfg.py:2602
2025-08-28 00:42:08.154 123125 DEBUG oslo_service.service [req-81d52c12-b589-4813-a723-f2c6b90dbccf - - - - -] vcpu_pin_set = None log_opt_values /usr/lib/python3/dist-packages/oslo_config/cfg.py:2602
2025-08-28 00:42:08.154 123125 DEBUG oslo_service.service [req-81d52c12-b589-4813-a723-f2c6b90dbccf - - - - -] vif_plugging_is_fatal = True log_opt_values /usr/lib/python3/dist-packages/oslo_config/cfg.py:2602
2025-08-28 00:42:08.154 123125 DEBUG oslo_service.service [req-81d52c12-b589-4813-a723-f2c6b90dbccf - - - - -] vif_plugging_timeout = 300 log_opt_values /usr/lib/python3/dist-packages/oslo_config/cfg.py:2602
2025-08-28 00:42:08.155 123125 DEBUG oslo_service.service [req-81d52c12-b589-4813-a723-f2c6b90dbccf - - - - -] virt_mkfs = [] log_opt_values /usr/lib/python3/dist-packages/oslo_config/cfg.py:2602
2025-08-28 00:42:08.155 123125 DEBUG oslo_service.service [req-81d52c12-b589-4813-a723-f2c6b90dbccf - - - - -] volume_usage_poll_interval = 0 log_opt_values /usr/lib/python3/dist-packages/oslo_config/cfg.py:2602
2025-08-28 00:42:08.156 123125 DEBUG oslo_service.service [req-81d52c12-b589-4813-a723-f2c6b90dbccf - - - - -] watch_log_file = False log_opt_values /usr/lib/python3/dist-packages/oslo_config/cfg.py:2602
2025-08-28 00:42:08.156 123125 DEBUG oslo_service.service [req-81d52c12-b589-4813-a723-f2c6b90dbccf - - - - -] web = /usr/share/spice-html5 log_opt_values /usr/lib/python3/dist-packages/oslo_config/cfg.py:2602
2025-08-28 00:42:08.158 123125 DEBUG oslo_service.service [req-81d52c12-b589-4813-a723-f2c6b90dbccf - - - - -] oslo_concurrency.disable_process_locking = False log_opt_values /usr/lib/python3/dist-packages/oslo_config/cfg.py:2609
2025-08-28 00:42:08.162 123125 DEBUG oslo_service.service [req-81d52c12-b589-4813-a723-f2c6b90dbccf - - - - -] oslo_concurrency.lock_path = /var/lock/nova log_opt_values /usr/lib/python3/dist-packages/oslo_config/cfg.py:2609
2025-08-28 00:42:08.164 123125 WARNING oslo_config.cfg [req-81d52c12-b589-4813-a723-f2c6b90dbccf - - - - -] Deprecated: Option "auth_strategy" from group "api" is deprecated for removal ( The only non-default choice, ``noauth2``, is for internal development and testing purposes only and should not be used in deployments. This option and its middleware, NoAuthMiddleware[V2_18], will be removed in a future release. ). Its value may be silently ignored in the future.
2025-08-28 00:42:08.165 123125 DEBUG oslo_service.service [req-81d52c12-b589-4813-a723-f2c6b90dbccf - - - - -] api.auth_strategy = keystone log_opt_values /usr/lib/python3/dist-packages/oslo_config/cfg.py:2609
2025-08-28 00:42:08.166 123125 DEBUG oslo_service.service [req-81d52c12-b589-4813-a723-f2c6b90dbccf - - - - -] api.compute_link_prefix = None log_opt_values /usr/lib/python3/dist-packages/oslo_config/cfg.py:2609
2025-08-28 00:42:08.166 123125 DEBUG oslo_service.service [req-81d52c12-b589-4813-a723-f2c6b90dbccf - - - - -] api.config_drive_skip_versions = 1.0 2007-01-19 2007-03-01 2007-08-29 2007-10-10 2007-12-15 2008-02-01 2008-09-01 log_opt_values /usr/lib/python3/dist-packages/oslo_config/cfg.py:2609
2025-08-28 00:42:08.166 123125 DEBUG oslo_service.service [req-81d52c12-b589-4813-a723-f2c6b90dbccf - - - - -] api.dhcp_domain = novalocal log_opt_values /usr/lib/python3/dist-packages/oslo_config/cfg.py:2609
2025-08-28 00:42:08.167 123125 DEBUG oslo_service.service [req-81d52c12-b589-4813-a723-f2c6b90dbccf - - - - -] api.enable_instance_password = True log_opt_values /usr/lib/python3/dist-packages/oslo_config/cfg.py:2609
2025-08-28 00:42:08.167 123125 DEBUG oslo_service.service [req-81d52c12-b589-4813-a723-f2c6b90dbccf - - - - -] api.glance_link_prefix = None log_opt_values /usr/lib/python3/dist-packages/oslo_config/cfg.py:2609
2025-08-28 00:42:08.167 123125 DEBUG oslo_service.service [req-81d52c12-b589-4813-a723-f2c6b90dbccf - - - - -] api.instance_list_cells_batch_fixed_size = 100 log_opt_values /usr/lib/python3/dist-packages/oslo_config/cfg.py:2609
2025-08-28 00:42:08.167 123125 DEBUG oslo_service.service [req-81d52c12-b589-4813-a723-f2c6b90dbccf - - - - -] api.instance_list_cells_batch_strategy = distributed log_opt_values /usr/lib/python3/dist-packages/oslo_config/cfg.py:2609
2025-08-28 00:42:08.167 123125 DEBUG oslo_service.service [req-81d52c12-b589-4813-a723-f2c6b90dbccf - - - - -] api.instance_list_per_project_cells = False log_opt_values /usr/lib/python3/dist-packages/oslo_config/cfg.py:2609
2025-08-28 00:42:08.168 123125 DEBUG oslo_service.service [req-81d52c12-b589-4813-a723-f2c6b90dbccf - - - - -] api.list_records_by_skipping_down_cells = True log_opt_values /usr/lib/python3/dist-packages/oslo_config/cfg.py:2609
2025-08-28 00:42:08.168 123125 DEBUG oslo_service.service [req-81d52c12-b589-4813-a723-f2c6b90dbccf - - - - -] api.local_metadata_per_cell = False log_opt_values /usr/lib/python3/dist-packages/oslo_config/cfg.py:2609
2025-08-28 00:42:08.168 123125 DEBUG oslo_service.service [req-81d52c12-b589-4813-a723-f2c6b90dbccf - - - - -] api.max_limit = 1000 log_opt_values /usr/lib/python3/dist-packages/oslo_config/cfg.py:2609
2025-08-28 00:42:08.168 123125 DEBUG oslo_service.service [req-81d52c12-b589-4813-a723-f2c6b90dbccf - - - - -] api.metadata_cache_expiration = 15 log_opt_values /usr/lib/python3/dist-packages/oslo_config/cfg.py:2609
2025-08-28 00:42:08.168 123125 DEBUG oslo_service.service [req-81d52c12-b589-4813-a723-f2c6b90dbccf - - - - -] api.neutron_default_tenant_id = default log_opt_values /usr/lib/python3/dist-packages/oslo_config/cfg.py:2609
2025-08-28 00:42:08.169 123125 DEBUG oslo_service.service [req-81d52c12-b589-4813-a723-f2c6b90dbccf - - - - -] api.use_forwarded_for = False log_opt_values /usr/lib/python3/dist-packages/oslo_config/cfg.py:2609
2025-08-28 00:42:08.169 123125 DEBUG oslo_service.service [req-81d52c12-b589-4813-a723-f2c6b90dbccf - - - - -] api.use_neutron_default_nets = False log_opt_values /usr/lib/python3/dist-packages/oslo_config/cfg.py:2609
2025-08-28 00:42:08.169 123125 DEBUG oslo_service.service [req-81d52c12-b589-4813-a723-f2c6b90dbccf - - - - -] api.vendordata_dynamic_connect_timeout = 5 log_opt_values /usr/lib/python3/dist-packages/oslo_config/cfg.py:2609
2025-08-28 00:42:08.169 123125 DEBUG oslo_service.service [req-81d52c12-b589-4813-a723-f2c6b90dbccf - - - - -] api.vendordata_dynamic_failure_fatal = False log_opt_values /usr/lib/python3/dist-packages/oslo_config/cfg.py:2609
2025-08-28 00:42:08.170 123125 DEBUG oslo_service.service [req-81d52c12-b589-4813-a723-f2c6b90dbccf - - - - -] api.vendordata_dynamic_read_timeout = 5 log_opt_values /usr/lib/python3/dist-packages/oslo_config/cfg.py:2609
2025-08-28 00:42:08.170 123125 DEBUG oslo_service.service [req-81d52c12-b589-4813-a723-f2c6b90dbccf - - - - -] api.vendordata_dynamic_ssl_certfile = log_opt_values /usr/lib/python3/dist-packages/oslo_config/cfg.py:2609
2025-08-28 00:42:08.170 123125 DEBUG oslo_service.service [req-81d52c12-b589-4813-a723-f2c6b90dbccf - - - - -] api.vendordata_dynamic_targets = [] log_opt_values /usr/lib/python3/dist-packages/oslo_config/cfg.py:2609
2025-08-28 00:42:08.170 123125 DEBUG oslo_service.service [req-81d52c12-b589-4813-a723-f2c6b90dbccf - - - - -] api.vendordata_jsonfile_path = None log_opt_values /usr/lib/python3/dist-packages/oslo_config/cfg.py:2609
2025-08-28 00:42:08.170 123125 DEBUG oslo_service.service [req-81d52c12-b589-4813-a723-f2c6b90dbccf - - - - -] api.vendordata_providers = ['StaticJSON'] log_opt_values /usr/lib/python3/dist-packages/oslo_config/cfg.py:2609
2025-08-28 00:42:08.171 123125 DEBUG oslo_service.service [req-81d52c12-b589-4813-a723-f2c6b90dbccf - - - - -] cache.backend = dogpile.cache.null log_opt_values /usr/lib/python3/dist-packages/oslo_config/cfg.py:2609
2025-08-28 00:42:08.171 123125 DEBUG oslo_service.service [req-81d52c12-b589-4813-a723-f2c6b90dbccf - - - - -] cache.backend_argument = **** log_opt_values /usr/lib/python3/dist-packages/oslo_config/cfg.py:2609
2025-08-28 00:42:08.171 123125 DEBUG oslo_service.service [req-81d52c12-b589-4813-a723-f2c6b90dbccf - - - - -] cache.config_prefix = cache.oslo log_opt_values /usr/lib/python3/dist-packages/oslo_config/cfg.py:2609
2025-08-28 00:42:08.171 123125 DEBUG oslo_service.service [req-81d52c12-b589-4813-a723-f2c6b90dbccf - - - - -] cache.debug_cache_backend = False log_opt_values /usr/lib/python3/dist-packages/oslo_config/cfg.py:2609
2025-08-28 00:42:08.171 123125 DEBUG oslo_service.service [req-81d52c12-b589-4813-a723-f2c6b90dbccf - - - - -] cache.enabled = False log_opt_values /usr/lib/python3/dist-packages/oslo_config/cfg.py:2609
2025-08-28 00:42:08.172 123125 DEBUG oslo_service.service [req-81d52c12-b589-4813-a723-f2c6b90dbccf - - - - -] cache.expiration_time = 600 log_opt_values /usr/lib/python3/dist-packages/oslo_config/cfg.py:2609
2025-08-28 00:42:08.172 123125 DEBUG oslo_service.service [req-81d52c12-b589-4813-a723-f2c6b90dbccf - - - - -] cache.memcache_dead_retry = 300 log_opt_values /usr/lib/python3/dist-packages/oslo_config/cfg.py:2609
2025-08-28 00:42:08.172 123125 DEBUG oslo_service.service [req-81d52c12-b589-4813-a723-f2c6b90dbccf - - - - -] cache.memcache_pool_connection_get_timeout = 10 log_opt_values /usr/lib/python3/dist-packages/oslo_config/cfg.py:2609
2025-08-28 00:42:08.172 123125 DEBUG oslo_service.service [req-81d52c12-b589-4813-a723-f2c6b90dbccf - - - - -] cache.memcache_pool_flush_on_reconnect = False log_opt_values /usr/lib/python3/dist-packages/oslo_config/cfg.py:2609
2025-08-28 00:42:08.172 123714 DEBUG oslo_messaging._drivers.amqpdriver [-] Listener is running poll /usr/lib/python3/dist-packages/oslo_messaging/_drivers/amqpdriver.py:343
2025-08-28 00:42:08.172 123125 DEBUG oslo_service.service [req-81d52c12-b589-4813-a723-f2c6b90dbccf - - - - -] cache.memcache_pool_maxsize = 10 log_opt_values /usr/lib/python3/dist-packages/oslo_config/cfg.py:2609
2025-08-28 00:42:08.172 123714 DEBUG oslo_messaging._drivers.amqpdriver [-] AMQPListener connection consume poll /usr/lib/python3/dist-packages/oslo_messaging/_drivers/amqpdriver.py:357
2025-08-28 00:42:08.172 123125 DEBUG oslo_service.service [req-81d52c12-b589-4813-a723-f2c6b90dbccf - - - - -] cache.memcache_pool_unused_timeout = 60 log_opt_values /usr/lib/python3/dist-packages/oslo_config/cfg.py:2609
2025-08-28 00:42:08.173 123125 DEBUG oslo_service.service [req-81d52c12-b589-4813-a723-f2c6b90dbccf - - - - -] cache.memcache_servers = ['localhost:11211'] log_opt_values /usr/lib/python3/dist-packages/oslo_config/cfg.py:2609
2025-08-28 00:42:08.173 123125 DEBUG oslo_service.service [req-81d52c12-b589-4813-a723-f2c6b90dbccf - - - - -] cache.memcache_socket_timeout = 1.0 log_opt_values /usr/lib/python3/dist-packages/oslo_config/cfg.py:2609
2025-08-28 00:42:08.173 123714 DEBUG nova.service [req-88e6e444-71d5-40e1-8cfb-d9796389940c - - - - -] Join ServiceGroup membership for this service scheduler start /usr/lib/python3/dist-packages/nova/service.py:199
2025-08-28 00:42:08.173 123125 DEBUG oslo_service.service [req-81d52c12-b589-4813-a723-f2c6b90dbccf - - - - -] cache.proxies = [] log_opt_values /usr/lib/python3/dist-packages/oslo_config/cfg.py:2609
2025-08-28 00:42:08.173 123125 DEBUG oslo_service.service [req-81d52c12-b589-4813-a723-f2c6b90dbccf - - - - -] cache.tls_allowed_ciphers = None log_opt_values /usr/lib/python3/dist-packages/oslo_config/cfg.py:2609
2025-08-28 00:42:08.173 123704 DEBUG oslo_messaging._drivers.amqpdriver [-] Listener is running poll /usr/lib/python3/dist-packages/oslo_messaging/_drivers/amqpdriver.py:343
2025-08-28 00:42:08.173 123714 DEBUG nova.servicegroup.drivers.db [req-88e6e444-71d5-40e1-8cfb-d9796389940c - - - - -] DB_Driver: join new ServiceGroup member juju-285427-0-lxd-7 to the scheduler group, service = join /usr/lib/python3/dist-packages/nova/servicegroup/drivers/db.py:44
2025-08-28 00:42:08.173 123125 DEBUG oslo_service.service [req-81d52c12-b589-4813-a723-f2c6b90dbccf - - - - -] cache.tls_cafile = None log_opt_values /usr/lib/python3/dist-packages/oslo_config/cfg.py:2609
2025-08-28 00:42:08.173 123704 DEBUG oslo_messaging._drivers.amqpdriver [-] AMQPListener connection consume poll /usr/lib/python3/dist-packages/oslo_messaging/_drivers/amqpdriver.py:357
2025-08-28 00:42:08.174 123125 DEBUG oslo_service.service [req-81d52c12-b589-4813-a723-f2c6b90dbccf - - - - -] cache.tls_certfile = None log_opt_values /usr/lib/python3/dist-packages/oslo_config/cfg.py:2609
2025-08-28 00:42:08.174 123125 DEBUG oslo_service.service [req-81d52c12-b589-4813-a723-f2c6b90dbccf - - - - -] cache.tls_enabled = False log_opt_values /usr/lib/python3/dist-packages/oslo_config/cfg.py:2609
2025-08-28 00:42:08.174 123125 DEBUG oslo_service.service [req-81d52c12-b589-4813-a723-f2c6b90dbccf - - - - -] cache.tls_keyfile = None log_opt_values /usr/lib/python3/dist-packages/oslo_config/cfg.py:2609
2025-08-28 00:42:08.174 123125 DEBUG oslo_service.service [req-81d52c12-b589-4813-a723-f2c6b90dbccf - - - - -] cinder.auth_section = None log_opt_values /usr/lib/python3/dist-packages/oslo_config/cfg.py:2609
2025-08-28 00:42:08.174 123125 DEBUG oslo_service.service [req-81d52c12-b589-4813-a723-f2c6b90dbccf - - - - -] cinder.auth_type = None log_opt_values /usr/lib/python3/dist-packages/oslo_config/cfg.py:2609
2025-08-28 00:42:08.175 123125 DEBUG oslo_service.service [req-81d52c12-b589-4813-a723-f2c6b90dbccf - - - - -] cinder.cafile = None log_opt_values /usr/lib/python3/dist-packages/oslo_config/cfg.py:2609
2025-08-28 00:42:08.175 123125 DEBUG oslo_service.service [req-81d52c12-b589-4813-a723-f2c6b90dbccf - - - - -] cinder.catalog_info = volumev3::publicURL log_opt_values /usr/lib/python3/dist-packages/oslo_config/cfg.py:2609
2025-08-28 00:42:08.175 123125 DEBUG oslo_service.service [req-81d52c12-b589-4813-a723-f2c6b90dbccf - - - - -] cinder.certfile = None log_opt_values /usr/lib/python3/dist-packages/oslo_config/cfg.py:2609
2025-08-28 00:42:08.175 123125 DEBUG oslo_service.service [req-81d52c12-b589-4813-a723-f2c6b90dbccf - - - - -] cinder.collect_timing = False log_opt_values /usr/lib/python3/dist-packages/oslo_config/cfg.py:2609
2025-08-28 00:42:08.175 123125 DEBUG oslo_service.service [req-81d52c12-b589-4813-a723-f2c6b90dbccf - - - - -] cinder.cross_az_attach = True log_opt_values /usr/lib/python3/dist-packages/oslo_config/cfg.py:2609
2025-08-28 00:42:08.175 123125 DEBUG oslo_service.service [req-81d52c12-b589-4813-a723-f2c6b90dbccf - - - - -] cinder.debug = False log_opt_values /usr/lib/python3/dist-packages/oslo_config/cfg.py:2609
2025-08-28 00:42:08.176 123125 DEBUG oslo_service.service [req-81d52c12-b589-4813-a723-f2c6b90dbccf - - - - -] cinder.endpoint_template = None log_opt_values /usr/lib/python3/dist-packages/oslo_config/cfg.py:2609
2025-08-28 00:42:08.176 123714 DEBUG oslo_messaging._drivers.amqpdriver [-] AMQPListener connection timeout poll /usr/lib/python3/dist-packages/oslo_messaging/_drivers/amqpdriver.py:360
2025-08-28 00:42:08.176 123125 DEBUG oslo_service.service [req-81d52c12-b589-4813-a723-f2c6b90dbccf - - - - -] cinder.http_retries = 3 log_opt_values /usr/lib/python3/dist-packages/oslo_config/cfg.py:2609
2025-08-28 00:42:08.176 123714 DEBUG oslo_messaging._drivers.amqpdriver [-] Listener is running poll /usr/lib/python3/dist-packages/oslo_messaging/_drivers/amqpdriver.py:343
2025-08-28 00:42:08.176 123704 DEBUG nova.service [req-190ea652-acda-480d-95c0-5b5b5bfdab0a - - - - -] Join ServiceGroup membership for this service scheduler start /usr/lib/python3/dist-packages/nova/service.py:199
2025-08-28 00:42:08.176 123698 DEBUG oslo_messaging._drivers.amqpdriver [-] Listener is running poll /usr/lib/python3/dist-packages/oslo_messaging/_drivers/amqpdriver.py:343
2025-08-28 00:42:08.176 123714 DEBUG oslo_messaging._drivers.amqpdriver [-] AMQPListener connection consume poll /usr/lib/python3/dist-packages/oslo_messaging/_drivers/amqpdriver.py:357
2025-08-28 00:42:08.176 123125 DEBUG oslo_service.service [req-81d52c12-b589-4813-a723-f2c6b90dbccf - - - - -] cinder.insecure = False log_opt_values /usr/lib/python3/dist-packages/oslo_config/cfg.py:2609
2025-08-28 00:42:08.176 123698 DEBUG oslo_messaging._drivers.amqpdriver [-] AMQPListener connection consume poll /usr/lib/python3/dist-packages/oslo_messaging/_drivers/amqpdriver.py:357
2025-08-28 00:42:08.176 123125 DEBUG oslo_service.service [req-81d52c12-b589-4813-a723-f2c6b90dbccf - - - - -] cinder.keyfile = None log_opt_values /usr/lib/python3/dist-packages/oslo_config/cfg.py:2609
2025-08-28 00:42:08.176 123715 DEBUG oslo_messaging._drivers.amqpdriver [-] Listener is running poll /usr/lib/python3/dist-packages/oslo_messaging/_drivers/amqpdriver.py:343
2025-08-28 00:42:08.176 123704 DEBUG nova.servicegroup.drivers.db [req-190ea652-acda-480d-95c0-5b5b5bfdab0a - - - - -] DB_Driver: join new ServiceGroup member juju-285427-0-lxd-7 to the scheduler group, service = join /usr/lib/python3/dist-packages/nova/servicegroup/drivers/db.py:44
2025-08-28 00:42:08.176 123125 DEBUG oslo_service.service [req-81d52c12-b589-4813-a723-f2c6b90dbccf - - - - -] cinder.os_region_name = None log_opt_values /usr/lib/python3/dist-packages/oslo_config/cfg.py:2609
2025-08-28 00:42:08.176 123715 DEBUG oslo_messaging._drivers.amqpdriver [-] AMQPListener connection consume poll /usr/lib/python3/dist-packages/oslo_messaging/_drivers/amqpdriver.py:357
2025-08-28 00:42:08.177 123125 DEBUG oslo_service.service [req-81d52c12-b589-4813-a723-f2c6b90dbccf - - - - -] cinder.split_loggers = False log_opt_values /usr/lib/python3/dist-packages/oslo_config/cfg.py:2609
2025-08-28 00:42:08.177 123125 DEBUG oslo_service.service [req-81d52c12-b589-4813-a723-f2c6b90dbccf - - - - -] cinder.timeout = None log_opt_values /usr/lib/python3/dist-packages/oslo_config/cfg.py:2609
2025-08-28 00:42:08.177 123125 DEBUG oslo_service.service [req-81d52c12-b589-4813-a723-f2c6b90dbccf - - - - -] compute.consecutive_build_service_disable_threshold = 10 log_opt_values /usr/lib/python3/dist-packages/oslo_config/cfg.py:2609
2025-08-28 00:42:08.177 123698 DEBUG nova.service [req-ed5004b0-6e41-45de-b38d-40b45794b912 - - - - -] Join ServiceGroup membership for this service scheduler start /usr/lib/python3/dist-packages/nova/service.py:199
2025-08-28 00:42:08.177 123125 DEBUG oslo_service.service [req-81d52c12-b589-4813-a723-f2c6b90dbccf - - - - -] compute.cpu_dedicated_set = None log_opt_values /usr/lib/python3/dist-packages/oslo_config/cfg.py:2609
2025-08-28 00:42:08.177 123125 DEBUG oslo_service.service [req-81d52c12-b589-4813-a723-f2c6b90dbccf - - - - -] compute.cpu_shared_set = None log_opt_values /usr/lib/python3/dist-packages/oslo_config/cfg.py:2609
2025-08-28 00:42:08.177 123715 DEBUG nova.service [req-c2670968-ad8b-4c7d-81fe-27e14c295016 - - - - -] Join ServiceGroup membership for this service scheduler start /usr/lib/python3/dist-packages/nova/service.py:199
2025-08-28 00:42:08.177 123698 DEBUG nova.servicegroup.drivers.db [req-ed5004b0-6e41-45de-b38d-40b45794b912 - - - - -] DB_Driver: join new ServiceGroup member juju-285427-0-lxd-7 to the scheduler group, service = join /usr/lib/python3/dist-packages/nova/servicegroup/drivers/db.py:44
2025-08-28 00:42:08.177 123125 DEBUG oslo_service.service [req-81d52c12-b589-4813-a723-f2c6b90dbccf - - - - -] compute.image_type_exclude_list = [] log_opt_values /usr/lib/python3/dist-packages/oslo_config/cfg.py:2609
2025-08-28 00:42:08.177 123715 DEBUG nova.servicegroup.drivers.db [req-c2670968-ad8b-4c7d-81fe-27e14c295016 - - - - -] DB_Driver: join new ServiceGroup member juju-285427-0-lxd-7 to the scheduler group, service = join /usr/lib/python3/dist-packages/nova/servicegroup/drivers/db.py:44
2025-08-28 00:42:08.178 123125 DEBUG oslo_service.service [req-81d52c12-b589-4813-a723-f2c6b90dbccf - - - - -] compute.live_migration_wait_for_vif_plug = True log_opt_values /usr/lib/python3/dist-packages/oslo_config/cfg.py:2609
2025-08-28 00:42:08.178 123125 DEBUG oslo_service.service [req-81d52c12-b589-4813-a723-f2c6b90dbccf - - - - -] compute.max_concurrent_disk_ops = 0 log_opt_values /usr/lib/python3/dist-packages/oslo_config/cfg.py:2609
2025-08-28 00:42:08.178 123125 DEBUG oslo_service.service [req-81d52c12-b589-4813-a723-f2c6b90dbccf - - - - -] compute.max_disk_devices_to_attach = -1 log_opt_values /usr/lib/python3/dist-packages/oslo_config/cfg.py:2609
2025-08-28 00:42:08.178 123125 DEBUG oslo_service.service [req-81d52c12-b589-4813-a723-f2c6b90dbccf - - - - -] compute.packing_host_numa_cells_allocation_strategy = True log_opt_values /usr/lib/python3/dist-packages/oslo_config/cfg.py:2609
2025-08-28 00:42:08.178 123125 DEBUG oslo_service.service [req-81d52c12-b589-4813-a723-f2c6b90dbccf - - - - -] compute.provider_config_location = /etc/nova/provider_config/ log_opt_values /usr/lib/python3/dist-packages/oslo_config/cfg.py:2609
2025-08-28 00:42:08.179 123125 DEBUG oslo_service.service [req-81d52c12-b589-4813-a723-f2c6b90dbccf - - - - -] compute.resource_provider_association_refresh = 300 log_opt_values /usr/lib/python3/dist-packages/oslo_config/cfg.py:2609
2025-08-28 00:42:08.178 123704 DEBUG oslo_messaging._drivers.amqpdriver [-] AMQPListener connection timeout poll /usr/lib/python3/dist-packages/oslo_messaging/_drivers/amqpdriver.py:360
2025-08-28 00:42:08.179 123125 DEBUG oslo_service.service [req-81d52c12-b589-4813-a723-f2c6b90dbccf - - - - -] compute.shutdown_retry_interval = 10 log_opt_values /usr/lib/python3/dist-packages/oslo_config/cfg.py:2609
2025-08-28 00:42:08.179 123704 DEBUG oslo_messaging._drivers.amqpdriver [-] Listener is running poll /usr/lib/python3/dist-packages/oslo_messaging/_drivers/amqpdriver.py:343
2025-08-28 00:42:08.179 123125 DEBUG oslo_service.service [req-81d52c12-b589-4813-a723-f2c6b90dbccf - - - - -] compute.vmdk_allowed_types = ['streamOptimized', 'monolithicSparse'] log_opt_values /usr/lib/python3/dist-packages/oslo_config/cfg.py:2609
2025-08-28 00:42:08.179 123704 DEBUG oslo_messaging._drivers.amqpdriver [-] AMQPListener connection consume poll /usr/lib/python3/dist-packages/oslo_messaging/_drivers/amqpdriver.py:357
2025-08-28 00:42:08.179 123125 DEBUG oslo_service.service [req-81d52c12-b589-4813-a723-f2c6b90dbccf - - - - -] conductor.workers = 4 log_opt_values /usr/lib/python3/dist-packages/oslo_config/cfg.py:2609
2025-08-28 00:42:08.179 123125 DEBUG oslo_service.service [req-81d52c12-b589-4813-a723-f2c6b90dbccf - - - - -] console.allowed_origins = [] log_opt_values /usr/lib/python3/dist-packages/oslo_config/cfg.py:2609
2025-08-28 00:42:08.179 123125 DEBUG oslo_service.service [req-81d52c12-b589-4813-a723-f2c6b90dbccf - - - - -] console.ssl_ciphers = None log_opt_values /usr/lib/python3/dist-packages/oslo_config/cfg.py:2609
2025-08-28 00:42:08.180 123125 DEBUG oslo_service.service [req-81d52c12-b589-4813-a723-f2c6b90dbccf - - - - -] console.ssl_minimum_version = default log_opt_values /usr/lib/python3/dist-packages/oslo_config/cfg.py:2609
2025-08-28 00:42:08.180 123125 DEBUG oslo_service.service [req-81d52c12-b589-4813-a723-f2c6b90dbccf - - - - -] consoleauth.token_ttl = 600 log_opt_values /usr/lib/python3/dist-packages/oslo_config/cfg.py:2609
2025-08-28 00:42:08.180 123125 DEBUG oslo_service.service [req-81d52c12-b589-4813-a723-f2c6b90dbccf - - - - -] cyborg.cafile = None log_opt_values /usr/lib/python3/dist-packages/oslo_config/cfg.py:2609
2025-08-28 00:42:08.180 123698 DEBUG oslo_messaging._drivers.amqpdriver [-] AMQPListener connection timeout poll /usr/lib/python3/dist-packages/oslo_messaging/_drivers/amqpdriver.py:360
2025-08-28 00:42:08.180 123125 DEBUG oslo_service.service [req-81d52c12-b589-4813-a723-f2c6b90dbccf - - - - -] cyborg.certfile = None log_opt_values /usr/lib/python3/dist-packages/oslo_config/cfg.py:2609
2025-08-28 00:42:08.180 123698 DEBUG oslo_messaging._drivers.amqpdriver [-] Listener is running poll /usr/lib/python3/dist-packages/oslo_messaging/_drivers/amqpdriver.py:343
2025-08-28 00:42:08.180 123715 DEBUG oslo_messaging._drivers.amqpdriver [-] AMQPListener connection timeout poll /usr/lib/python3/dist-packages/oslo_messaging/_drivers/amqpdriver.py:360
2025-08-28 00:42:08.180 123698 DEBUG oslo_messaging._drivers.amqpdriver [-] AMQPListener connection consume poll /usr/lib/python3/dist-packages/oslo_messaging/_drivers/amqpdriver.py:357
2025-08-28 00:42:08.180 123125 DEBUG oslo_service.service [req-81d52c12-b589-4813-a723-f2c6b90dbccf - - - - -] cyborg.collect_timing = False log_opt_values /usr/lib/python3/dist-packages/oslo_config/cfg.py:2609
2025-08-28 00:42:08.180 123715 DEBUG oslo_messaging._drivers.amqpdriver [-] Listener is running poll /usr/lib/python3/dist-packages/oslo_messaging/_drivers/amqpdriver.py:343
2025-08-28 00:42:08.181 123715 DEBUG oslo_messaging._drivers.amqpdriver [-] AMQPListener connection consume poll /usr/lib/python3/dist-packages/oslo_messaging/_drivers/amqpdriver.py:357
2025-08-28 00:42:08.181 123125 DEBUG oslo_service.service [req-81d52c12-b589-4813-a723-f2c6b90dbccf - - - - -] cyborg.connect_retries = None log_opt_values /usr/lib/python3/dist-packages/oslo_config/cfg.py:2609
2025-08-28 00:42:08.181 123125 DEBUG oslo_service.service [req-81d52c12-b589-4813-a723-f2c6b90dbccf - - - - -] cyborg.connect_retry_delay = None log_opt_values /usr/lib/python3/dist-packages/oslo_config/cfg.py:2609
2025-08-28 00:42:08.181 123125 DEBUG oslo_service.service [req-81d52c12-b589-4813-a723-f2c6b90dbccf - - - - -] cyborg.endpoint_override = None log_opt_values /usr/lib/python3/dist-packages/oslo_config/cfg.py:2609
2025-08-28 00:42:08.181 123125 DEBUG oslo_service.service [req-81d52c12-b589-4813-a723-f2c6b90dbccf - - - - -] cyborg.insecure = False log_opt_values /usr/lib/python3/dist-packages/oslo_config/cfg.py:2609
2025-08-28 00:42:08.181 123125 DEBUG oslo_service.service [req-81d52c12-b589-4813-a723-f2c6b90dbccf - - - - -] cyborg.keyfile = None log_opt_values /usr/lib/python3/dist-packages/oslo_config/cfg.py:2609
2025-08-28 00:42:08.181 123125 DEBUG oslo_service.service [req-81d52c12-b589-4813-a723-f2c6b90dbccf - - - - -] cyborg.max_version = None log_opt_values /usr/lib/python3/dist-packages/oslo_config/cfg.py:2609
2025-08-28 00:42:08.182 123125 DEBUG oslo_service.service [req-81d52c12-b589-4813-a723-f2c6b90dbccf - - - - -] cyborg.min_version = None log_opt_values /usr/lib/python3/dist-packages/oslo_config/cfg.py:2609
2025-08-28 00:42:08.182 123125 DEBUG oslo_service.service [req-81d52c12-b589-4813-a723-f2c6b90dbccf - - - - -] cyborg.region_name = None log_opt_values /usr/lib/python3/dist-packages/oslo_config/cfg.py:2609
2025-08-28 00:42:08.182 123125 DEBUG oslo_service.service [req-81d52c12-b589-4813-a723-f2c6b90dbccf - - - - -] cyborg.service_name = None log_opt_values /usr/lib/python3/dist-packages/oslo_config/cfg.py:2609
2025-08-28 00:42:08.182 123125 DEBUG oslo_service.service [req-81d52c12-b589-4813-a723-f2c6b90dbccf - - - - -] cyborg.service_type = accelerator log_opt_values /usr/lib/python3/dist-packages/oslo_config/cfg.py:2609
2025-08-28 00:42:08.182 123125 DEBUG oslo_service.service [req-81d52c12-b589-4813-a723-f2c6b90dbccf - - - - -] cyborg.split_loggers = False log_opt_values /usr/lib/python3/dist-packages/oslo_config/cfg.py:2609
2025-08-28 00:42:08.183 123125 DEBUG oslo_service.service [req-81d52c12-b589-4813-a723-f2c6b90dbccf - - - - -] cyborg.status_code_retries = None log_opt_values /usr/lib/python3/dist-packages/oslo_config/cfg.py:2609
2025-08-28 00:42:08.183 123125 DEBUG oslo_service.service [req-81d52c12-b589-4813-a723-f2c6b90dbccf - - - - -] cyborg.status_code_retry_delay = None log_opt_values /usr/lib/python3/dist-packages/oslo_config/cfg.py:2609
2025-08-28 00:42:08.183 123125 DEBUG oslo_service.service [req-81d52c12-b589-4813-a723-f2c6b90dbccf - - - - -] cyborg.timeout = None log_opt_values /usr/lib/python3/dist-packages/oslo_config/cfg.py:2609
2025-08-28 00:42:08.183 123125 DEBUG oslo_service.service [req-81d52c12-b589-4813-a723-f2c6b90dbccf - - - - -] cyborg.valid_interfaces = ['internal', 'public'] log_opt_values /usr/lib/python3/dist-packages/oslo_config/cfg.py:2609
2025-08-28 00:42:08.183 123125 DEBUG oslo_service.service [req-81d52c12-b589-4813-a723-f2c6b90dbccf - - - - -] cyborg.version = None log_opt_values /usr/lib/python3/dist-packages/oslo_config/cfg.py:2609
2025-08-28 00:42:08.184 123125 DEBUG oslo_service.service [req-81d52c12-b589-4813-a723-f2c6b90dbccf - - - - -] database.backend = sqlalchemy log_opt_values /usr/lib/python3/dist-packages/oslo_config/cfg.py:2609
2025-08-28 00:42:08.184 123125 DEBUG oslo_service.service [req-81d52c12-b589-4813-a723-f2c6b90dbccf - - - - -] database.connection = **** log_opt_values /usr/lib/python3/dist-packages/oslo_config/cfg.py:2609
2025-08-28 00:42:08.184 123125 DEBUG oslo_service.service [req-81d52c12-b589-4813-a723-f2c6b90dbccf - - - - -] database.connection_debug = 0 log_opt_values /usr/lib/python3/dist-packages/oslo_config/cfg.py:2609
2025-08-28 00:42:08.184 123125 DEBUG oslo_service.service [req-81d52c12-b589-4813-a723-f2c6b90dbccf - - - - -] database.connection_parameters = log_opt_values /usr/lib/python3/dist-packages/oslo_config/cfg.py:2609
2025-08-28 00:42:08.184 123125 DEBUG oslo_service.service [req-81d52c12-b589-4813-a723-f2c6b90dbccf - - - - -] database.connection_recycle_time = 3600 log_opt_values /usr/lib/python3/dist-packages/oslo_config/cfg.py:2609
