2025-08-28 00:41:56.830 122298 DEBUG oslo_service.service [req-05688908-d6a6-4cd9-9206-e46716778215 - - - - -] osapi_compute_workers = 4 log_opt_values /usr/lib/python3/dist-packages/oslo_config/cfg.py:2602
2025-08-28 00:41:56.830 122298 DEBUG oslo_service.service [req-05688908-d6a6-4cd9-9206-e46716778215 - - - - -] password_length = 12 log_opt_values /usr/lib/python3/dist-packages/oslo_config/cfg.py:2602
2025-08-28 00:41:56.830 122298 DEBUG oslo_service.service [req-05688908-d6a6-4cd9-9206-e46716778215 - - - - -] periodic_enable = True log_opt_values /usr/lib/python3/dist-packages/oslo_config/cfg.py:2602
2025-08-28 00:41:56.830 122298 DEBUG oslo_service.service [req-05688908-d6a6-4cd9-9206-e46716778215 - - - - -] periodic_fuzzy_delay = 60 log_opt_values /usr/lib/python3/dist-packages/oslo_config/cfg.py:2602
2025-08-28 00:41:56.830 122298 DEBUG oslo_service.service [req-05688908-d6a6-4cd9-9206-e46716778215 - - - - -] pointer_model = usbtablet log_opt_values /usr/lib/python3/dist-packages/oslo_config/cfg.py:2602
2025-08-28 00:41:56.831 122298 DEBUG oslo_service.service [req-05688908-d6a6-4cd9-9206-e46716778215 - - - - -] preallocate_images = none log_opt_values /usr/lib/python3/dist-packages/oslo_config/cfg.py:2602
2025-08-28 00:41:56.831 122298 DEBUG oslo_service.service [req-05688908-d6a6-4cd9-9206-e46716778215 - - - - -] publish_errors = False log_opt_values /usr/lib/python3/dist-packages/oslo_config/cfg.py:2602
2025-08-28 00:41:56.831 122298 DEBUG oslo_service.service [req-05688908-d6a6-4cd9-9206-e46716778215 - - - - -] pybasedir = /usr/lib/python3/dist-packages log_opt_values /usr/lib/python3/dist-packages/oslo_config/cfg.py:2602
2025-08-28 00:41:56.831 122298 DEBUG oslo_service.service [req-05688908-d6a6-4cd9-9206-e46716778215 - - - - -] ram_allocation_ratio = 0.98 log_opt_values /usr/lib/python3/dist-packages/oslo_config/cfg.py:2602
2025-08-28 00:41:56.831 122298 DEBUG oslo_service.service [req-05688908-d6a6-4cd9-9206-e46716778215 - - - - -] rate_limit_burst = 0 log_opt_values /usr/lib/python3/dist-packages/oslo_config/cfg.py:2602
2025-08-28 00:41:56.832 122298 DEBUG oslo_service.service [req-05688908-d6a6-4cd9-9206-e46716778215 - - - - -] rate_limit_except_level = CRITICAL log_opt_values /usr/lib/python3/dist-packages/oslo_config/cfg.py:2602
2025-08-28 00:41:56.832 122298 DEBUG oslo_service.service [req-05688908-d6a6-4cd9-9206-e46716778215 - - - - -] rate_limit_interval = 0 log_opt_values /usr/lib/python3/dist-packages/oslo_config/cfg.py:2602
2025-08-28 00:41:56.832 122298 DEBUG oslo_service.service [req-05688908-d6a6-4cd9-9206-e46716778215 - - - - -] reboot_timeout = 0 log_opt_values /usr/lib/python3/dist-packages/oslo_config/cfg.py:2602
2025-08-28 00:41:56.832 122298 DEBUG oslo_service.service [req-05688908-d6a6-4cd9-9206-e46716778215 - - - - -] reclaim_instance_interval = 0 log_opt_values /usr/lib/python3/dist-packages/oslo_config/cfg.py:2602
2025-08-28 00:41:56.832 122298 DEBUG oslo_service.service [req-05688908-d6a6-4cd9-9206-e46716778215 - - - - -] record = None log_opt_values /usr/lib/python3/dist-packages/oslo_config/cfg.py:2602
2025-08-28 00:41:56.832 122298 DEBUG oslo_service.service [req-05688908-d6a6-4cd9-9206-e46716778215 - - - - -] report_interval = 10 log_opt_values /usr/lib/python3/dist-packages/oslo_config/cfg.py:2602
2025-08-28 00:41:56.833 122298 DEBUG oslo_service.service [req-05688908-d6a6-4cd9-9206-e46716778215 - - - - -] rescue_timeout = 0 log_opt_values /usr/lib/python3/dist-packages/oslo_config/cfg.py:2602
2025-08-28 00:41:56.833 122298 DEBUG oslo_service.service [req-05688908-d6a6-4cd9-9206-e46716778215 - - - - -] reserved_host_cpus = 0 log_opt_values /usr/lib/python3/dist-packages/oslo_config/cfg.py:2602
2025-08-28 00:41:56.833 122298 DEBUG oslo_service.service [req-05688908-d6a6-4cd9-9206-e46716778215 - - - - -] reserved_host_disk_mb = 0 log_opt_values /usr/lib/python3/dist-packages/oslo_config/cfg.py:2602
2025-08-28 00:41:56.833 122298 DEBUG oslo_service.service [req-05688908-d6a6-4cd9-9206-e46716778215 - - - - -] reserved_host_memory_mb = 512 log_opt_values /usr/lib/python3/dist-packages/oslo_config/cfg.py:2602
2025-08-28 00:41:56.833 122298 DEBUG oslo_service.service [req-05688908-d6a6-4cd9-9206-e46716778215 - - - - -] reserved_huge_pages = None log_opt_values /usr/lib/python3/dist-packages/oslo_config/cfg.py:2602
2025-08-28 00:41:56.834 122298 DEBUG oslo_service.service [req-05688908-d6a6-4cd9-9206-e46716778215 - - - - -] resize_confirm_window = 0 log_opt_values /usr/lib/python3/dist-packages/oslo_config/cfg.py:2602
2025-08-28 00:41:56.834 122298 DEBUG oslo_service.service [req-05688908-d6a6-4cd9-9206-e46716778215 - - - - -] resize_fs_using_block_device = False log_opt_values /usr/lib/python3/dist-packages/oslo_config/cfg.py:2602
2025-08-28 00:41:56.834 122298 DEBUG oslo_service.service [req-05688908-d6a6-4cd9-9206-e46716778215 - - - - -] resume_guests_state_on_host_boot = False log_opt_values /usr/lib/python3/dist-packages/oslo_config/cfg.py:2602
2025-08-28 00:41:56.834 122298 DEBUG oslo_service.service [req-05688908-d6a6-4cd9-9206-e46716778215 - - - - -] rootwrap_config = /etc/nova/rootwrap.conf log_opt_values /usr/lib/python3/dist-packages/oslo_config/cfg.py:2602
2025-08-28 00:41:56.834 122298 DEBUG oslo_service.service [req-05688908-d6a6-4cd9-9206-e46716778215 - - - - -] run_external_periodic_tasks = True log_opt_values /usr/lib/python3/dist-packages/oslo_config/cfg.py:2602
2025-08-28 00:41:56.835 122298 DEBUG oslo_service.service [req-05688908-d6a6-4cd9-9206-e46716778215 - - - - -] running_deleted_instance_action = reap log_opt_values /usr/lib/python3/dist-packages/oslo_config/cfg.py:2602
2025-08-28 00:41:56.835 122298 DEBUG oslo_service.service [req-05688908-d6a6-4cd9-9206-e46716778215 - - - - -] running_deleted_instance_poll_interval = 1800 log_opt_values /usr/lib/python3/dist-packages/oslo_config/cfg.py:2602
2025-08-28 00:41:56.835 122298 DEBUG oslo_service.service [req-05688908-d6a6-4cd9-9206-e46716778215 - - - - -] running_deleted_instance_timeout = 0 log_opt_values /usr/lib/python3/dist-packages/oslo_config/cfg.py:2602
2025-08-28 00:41:56.835 122298 DEBUG oslo_service.service [req-05688908-d6a6-4cd9-9206-e46716778215 - - - - -] scheduler_instance_sync_interval = 120 log_opt_values /usr/lib/python3/dist-packages/oslo_config/cfg.py:2602
2025-08-28 00:41:56.836 122298 DEBUG oslo_service.service [req-05688908-d6a6-4cd9-9206-e46716778215 - - - - -] service_down_time = 60 log_opt_values /usr/lib/python3/dist-packages/oslo_config/cfg.py:2602
2025-08-28 00:41:56.836 122298 DEBUG oslo_service.service [req-05688908-d6a6-4cd9-9206-e46716778215 - - - - -] servicegroup_driver = db log_opt_values /usr/lib/python3/dist-packages/oslo_config/cfg.py:2602
2025-08-28 00:41:56.836 122298 DEBUG oslo_service.service [req-05688908-d6a6-4cd9-9206-e46716778215 - - - - -] shelved_offload_time = 0 log_opt_values /usr/lib/python3/dist-packages/oslo_config/cfg.py:2602
2025-08-28 00:41:56.836 122298 DEBUG oslo_service.service [req-05688908-d6a6-4cd9-9206-e46716778215 - - - - -] shelved_poll_interval = 3600 log_opt_values /usr/lib/python3/dist-packages/oslo_config/cfg.py:2602
2025-08-28 00:41:56.836 122298 DEBUG oslo_service.service [req-05688908-d6a6-4cd9-9206-e46716778215 - - - - -] shutdown_timeout = 60 log_opt_values /usr/lib/python3/dist-packages/oslo_config/cfg.py:2602
2025-08-28 00:41:56.836 122904 DEBUG oslo_db.sqlalchemy.engines [req-7e7fc04f-8784-4c12-bf76-a5acc575e91e - - - - -] MySQL server mode set to STRICT_TRANS_TABLES,STRICT_ALL_TABLES,NO_ZERO_IN_DATE,NO_ZERO_DATE,ERROR_FOR_DIVISION_BY_ZERO,TRADITIONAL,NO_ENGINE_SUBSTITUTION _check_effective_sql_mode /usr/lib/python3/dist-packages/oslo_db/sqlalchemy/engines.py:314
2025-08-28 00:41:56.837 122298 DEBUG oslo_service.service [req-05688908-d6a6-4cd9-9206-e46716778215 - - - - -] source_is_ipv6 = False log_opt_values /usr/lib/python3/dist-packages/oslo_config/cfg.py:2602
2025-08-28 00:41:56.837 122298 DEBUG oslo_service.service [req-05688908-d6a6-4cd9-9206-e46716778215 - - - - -] ssl_only = False log_opt_values /usr/lib/python3/dist-packages/oslo_config/cfg.py:2602
2025-08-28 00:41:56.837 122298 DEBUG oslo_service.service [req-05688908-d6a6-4cd9-9206-e46716778215 - - - - -] state_path = /var/lib/nova log_opt_values /usr/lib/python3/dist-packages/oslo_config/cfg.py:2602
2025-08-28 00:41:56.837 122298 DEBUG oslo_service.service [req-05688908-d6a6-4cd9-9206-e46716778215 - - - - -] sync_power_state_interval = 600 log_opt_values /usr/lib/python3/dist-packages/oslo_config/cfg.py:2602
2025-08-28 00:41:56.837 122298 DEBUG oslo_service.service [req-05688908-d6a6-4cd9-9206-e46716778215 - - - - -] sync_power_state_pool_size = 1000 log_opt_values /usr/lib/python3/dist-packages/oslo_config/cfg.py:2602
2025-08-28 00:41:56.838 122298 DEBUG oslo_service.service [req-05688908-d6a6-4cd9-9206-e46716778215 - - - - -] syslog_log_facility = LOG_USER log_opt_values /usr/lib/python3/dist-packages/oslo_config/cfg.py:2602
2025-08-28 00:41:56.838 122298 DEBUG oslo_service.service [req-05688908-d6a6-4cd9-9206-e46716778215 - - - - -] tempdir = None log_opt_values /usr/lib/python3/dist-packages/oslo_config/cfg.py:2602
2025-08-28 00:41:56.838 122298 DEBUG oslo_service.service [req-05688908-d6a6-4cd9-9206-e46716778215 - - - - -] timeout_nbd = 10 log_opt_values /usr/lib/python3/dist-packages/oslo_config/cfg.py:2602
2025-08-28 00:41:56.838 122298 DEBUG oslo_service.service [req-05688908-d6a6-4cd9-9206-e46716778215 - - - - -] transport_url = **** log_opt_values /usr/lib/python3/dist-packages/oslo_config/cfg.py:2602
2025-08-28 00:41:56.838 122298 DEBUG oslo_service.service [req-05688908-d6a6-4cd9-9206-e46716778215 - - - - -] update_resources_interval = 0 log_opt_values /usr/lib/python3/dist-packages/oslo_config/cfg.py:2602
2025-08-28 00:41:56.839 122298 DEBUG oslo_service.service [req-05688908-d6a6-4cd9-9206-e46716778215 - - - - -] use_cow_images = True log_opt_values /usr/lib/python3/dist-packages/oslo_config/cfg.py:2602
2025-08-28 00:41:56.840 122298 DEBUG oslo_service.service [req-05688908-d6a6-4cd9-9206-e46716778215 - - - - -] use_eventlog = False log_opt_values /usr/lib/python3/dist-packages/oslo_config/cfg.py:2602
2025-08-28 00:41:56.840 122298 DEBUG oslo_service.service [req-05688908-d6a6-4cd9-9206-e46716778215 - - - - -] use_journal = False log_opt_values /usr/lib/python3/dist-packages/oslo_config/cfg.py:2602
2025-08-28 00:41:56.840 122298 DEBUG oslo_service.service [req-05688908-d6a6-4cd9-9206-e46716778215 - - - - -] use_json = False log_opt_values /usr/lib/python3/dist-packages/oslo_config/cfg.py:2602
2025-08-28 00:41:56.841 122298 DEBUG oslo_service.service [req-05688908-d6a6-4cd9-9206-e46716778215 - - - - -] use_rootwrap_daemon = False log_opt_values /usr/lib/python3/dist-packages/oslo_config/cfg.py:2602
2025-08-28 00:41:56.841 122298 DEBUG oslo_service.service [req-05688908-d6a6-4cd9-9206-e46716778215 - - - - -] use_stderr = False log_opt_values /usr/lib/python3/dist-packages/oslo_config/cfg.py:2602
2025-08-28 00:41:56.842 122298 DEBUG oslo_service.service [req-05688908-d6a6-4cd9-9206-e46716778215 - - - - -] use_syslog = False log_opt_values /usr/lib/python3/dist-packages/oslo_config/cfg.py:2602
2025-08-28 00:41:56.842 122298 DEBUG oslo_service.service [req-05688908-d6a6-4cd9-9206-e46716778215 - - - - -] vcpu_pin_set = None log_opt_values /usr/lib/python3/dist-packages/oslo_config/cfg.py:2602
2025-08-28 00:41:56.842 122298 DEBUG oslo_service.service [req-05688908-d6a6-4cd9-9206-e46716778215 - - - - -] vif_plugging_is_fatal = True log_opt_values /usr/lib/python3/dist-packages/oslo_config/cfg.py:2602
2025-08-28 00:41:56.843 122298 DEBUG oslo_service.service [req-05688908-d6a6-4cd9-9206-e46716778215 - - - - -] vif_plugging_timeout = 300 log_opt_values /usr/lib/python3/dist-packages/oslo_config/cfg.py:2602
2025-08-28 00:41:56.843 122298 DEBUG oslo_service.service [req-05688908-d6a6-4cd9-9206-e46716778215 - - - - -] virt_mkfs = [] log_opt_values /usr/lib/python3/dist-packages/oslo_config/cfg.py:2602
2025-08-28 00:41:56.843 122298 DEBUG oslo_service.service [req-05688908-d6a6-4cd9-9206-e46716778215 - - - - -] volume_usage_poll_interval = 0 log_opt_values /usr/lib/python3/dist-packages/oslo_config/cfg.py:2602
2025-08-28 00:41:56.843 122298 DEBUG oslo_service.service [req-05688908-d6a6-4cd9-9206-e46716778215 - - - - -] watch_log_file = False log_opt_values /usr/lib/python3/dist-packages/oslo_config/cfg.py:2602
2025-08-28 00:41:56.844 122298 DEBUG oslo_service.service [req-05688908-d6a6-4cd9-9206-e46716778215 - - - - -] web = /usr/share/spice-html5 log_opt_values /usr/lib/python3/dist-packages/oslo_config/cfg.py:2602
2025-08-28 00:41:56.845 122298 DEBUG oslo_service.service [req-05688908-d6a6-4cd9-9206-e46716778215 - - - - -] oslo_concurrency.disable_process_locking = False log_opt_values /usr/lib/python3/dist-packages/oslo_config/cfg.py:2609
2025-08-28 00:41:56.845 122298 DEBUG oslo_service.service [req-05688908-d6a6-4cd9-9206-e46716778215 - - - - -] oslo_concurrency.lock_path = /var/lock/nova log_opt_values /usr/lib/python3/dist-packages/oslo_config/cfg.py:2609
2025-08-28 00:41:56.845 122298 WARNING oslo_config.cfg [req-05688908-d6a6-4cd9-9206-e46716778215 - - - - -] Deprecated: Option "auth_strategy" from group "api" is deprecated for removal ( The only non-default choice, ``noauth2``, is for internal development and testing purposes only and should not be used in deployments. This option and its middleware, NoAuthMiddleware[V2_18], will be removed in a future release. ). Its value may be silently ignored in the future.
2025-08-28 00:41:56.845 122298 DEBUG oslo_service.service [req-05688908-d6a6-4cd9-9206-e46716778215 - - - - -] api.auth_strategy = keystone log_opt_values /usr/lib/python3/dist-packages/oslo_config/cfg.py:2609
2025-08-28 00:41:56.847 122901 DEBUG nova.service [req-4b135977-1fec-4444-a764-88b9f9f21732 - - - - -] Creating RPC server for service scheduler start /usr/lib/python3/dist-packages/nova/service.py:182
2025-08-28 00:41:56.847 122298 DEBUG oslo_service.service [req-05688908-d6a6-4cd9-9206-e46716778215 - - - - -] api.compute_link_prefix = None log_opt_values /usr/lib/python3/dist-packages/oslo_config/cfg.py:2609
2025-08-28 00:41:56.847 122298 DEBUG oslo_service.service [req-05688908-d6a6-4cd9-9206-e46716778215 - - - - -] api.config_drive_skip_versions = 1.0 2007-01-19 2007-03-01 2007-08-29 2007-10-10 2007-12-15 2008-02-01 2008-09-01 log_opt_values /usr/lib/python3/dist-packages/oslo_config/cfg.py:2609
2025-08-28 00:41:56.848 122298 DEBUG oslo_service.service [req-05688908-d6a6-4cd9-9206-e46716778215 - - - - -] api.dhcp_domain = novalocal log_opt_values /usr/lib/python3/dist-packages/oslo_config/cfg.py:2609
2025-08-28 00:41:56.848 122298 DEBUG oslo_service.service [req-05688908-d6a6-4cd9-9206-e46716778215 - - - - -] api.enable_instance_password = True log_opt_values /usr/lib/python3/dist-packages/oslo_config/cfg.py:2609
2025-08-28 00:41:56.848 122298 DEBUG oslo_service.service [req-05688908-d6a6-4cd9-9206-e46716778215 - - - - -] api.glance_link_prefix = None log_opt_values /usr/lib/python3/dist-packages/oslo_config/cfg.py:2609
2025-08-28 00:41:56.849 122298 DEBUG oslo_service.service [req-05688908-d6a6-4cd9-9206-e46716778215 - - - - -] api.instance_list_cells_batch_fixed_size = 100 log_opt_values /usr/lib/python3/dist-packages/oslo_config/cfg.py:2609
2025-08-28 00:41:56.849 122298 DEBUG oslo_service.service [req-05688908-d6a6-4cd9-9206-e46716778215 - - - - -] api.instance_list_cells_batch_strategy = distributed log_opt_values /usr/lib/python3/dist-packages/oslo_config/cfg.py:2609
2025-08-28 00:41:56.849 122298 DEBUG oslo_service.service [req-05688908-d6a6-4cd9-9206-e46716778215 - - - - -] api.instance_list_per_project_cells = False log_opt_values /usr/lib/python3/dist-packages/oslo_config/cfg.py:2609
2025-08-28 00:41:56.849 122298 DEBUG oslo_service.service [req-05688908-d6a6-4cd9-9206-e46716778215 - - - - -] api.list_records_by_skipping_down_cells = True log_opt_values /usr/lib/python3/dist-packages/oslo_config/cfg.py:2609
2025-08-28 00:41:56.850 122298 DEBUG oslo_service.service [req-05688908-d6a6-4cd9-9206-e46716778215 - - - - -] api.local_metadata_per_cell = False log_opt_values /usr/lib/python3/dist-packages/oslo_config/cfg.py:2609
2025-08-28 00:41:56.850 122298 DEBUG oslo_service.service [req-05688908-d6a6-4cd9-9206-e46716778215 - - - - -] api.max_limit = 1000 log_opt_values /usr/lib/python3/dist-packages/oslo_config/cfg.py:2609
2025-08-28 00:41:56.850 122298 DEBUG oslo_service.service [req-05688908-d6a6-4cd9-9206-e46716778215 - - - - -] api.metadata_cache_expiration = 15 log_opt_values /usr/lib/python3/dist-packages/oslo_config/cfg.py:2609
2025-08-28 00:41:56.851 122298 DEBUG oslo_service.service [req-05688908-d6a6-4cd9-9206-e46716778215 - - - - -] api.neutron_default_tenant_id = default log_opt_values /usr/lib/python3/dist-packages/oslo_config/cfg.py:2609
2025-08-28 00:41:56.851 122298 DEBUG oslo_service.service [req-05688908-d6a6-4cd9-9206-e46716778215 - - - - -] api.use_forwarded_for = False log_opt_values /usr/lib/python3/dist-packages/oslo_config/cfg.py:2609
2025-08-28 00:41:56.851 122298 DEBUG oslo_service.service [req-05688908-d6a6-4cd9-9206-e46716778215 - - - - -] api.use_neutron_default_nets = False log_opt_values /usr/lib/python3/dist-packages/oslo_config/cfg.py:2609
2025-08-28 00:41:56.851 122298 DEBUG oslo_service.service [req-05688908-d6a6-4cd9-9206-e46716778215 - - - - -] api.vendordata_dynamic_connect_timeout = 5 log_opt_values /usr/lib/python3/dist-packages/oslo_config/cfg.py:2609
2025-08-28 00:41:56.851 122298 DEBUG oslo_service.service [req-05688908-d6a6-4cd9-9206-e46716778215 - - - - -] api.vendordata_dynamic_failure_fatal = False log_opt_values /usr/lib/python3/dist-packages/oslo_config/cfg.py:2609
2025-08-28 00:41:56.852 122298 DEBUG oslo_service.service [req-05688908-d6a6-4cd9-9206-e46716778215 - - - - -] api.vendordata_dynamic_read_timeout = 5 log_opt_values /usr/lib/python3/dist-packages/oslo_config/cfg.py:2609
2025-08-28 00:41:56.852 122298 DEBUG oslo_service.service [req-05688908-d6a6-4cd9-9206-e46716778215 - - - - -] api.vendordata_dynamic_ssl_certfile = log_opt_values /usr/lib/python3/dist-packages/oslo_config/cfg.py:2609
2025-08-28 00:41:56.852 122298 DEBUG oslo_service.service [req-05688908-d6a6-4cd9-9206-e46716778215 - - - - -] api.vendordata_dynamic_targets = [] log_opt_values /usr/lib/python3/dist-packages/oslo_config/cfg.py:2609
2025-08-28 00:41:56.852 122298 DEBUG oslo_service.service [req-05688908-d6a6-4cd9-9206-e46716778215 - - - - -] api.vendordata_jsonfile_path = None log_opt_values /usr/lib/python3/dist-packages/oslo_config/cfg.py:2609
2025-08-28 00:41:56.852 122298 DEBUG oslo_service.service [req-05688908-d6a6-4cd9-9206-e46716778215 - - - - -] api.vendordata_providers = ['StaticJSON'] log_opt_values /usr/lib/python3/dist-packages/oslo_config/cfg.py:2609
2025-08-28 00:41:56.852 122298 DEBUG oslo_service.service [req-05688908-d6a6-4cd9-9206-e46716778215 - - - - -] cache.backend = dogpile.cache.null log_opt_values /usr/lib/python3/dist-packages/oslo_config/cfg.py:2609
2025-08-28 00:41:56.853 122298 DEBUG oslo_service.service [req-05688908-d6a6-4cd9-9206-e46716778215 - - - - -] cache.backend_argument = **** log_opt_values /usr/lib/python3/dist-packages/oslo_config/cfg.py:2609
2025-08-28 00:41:56.853 122298 DEBUG oslo_service.service [req-05688908-d6a6-4cd9-9206-e46716778215 - - - - -] cache.config_prefix = cache.oslo log_opt_values /usr/lib/python3/dist-packages/oslo_config/cfg.py:2609
2025-08-28 00:41:56.853 122298 DEBUG oslo_service.service [req-05688908-d6a6-4cd9-9206-e46716778215 - - - - -] cache.debug_cache_backend = False log_opt_values /usr/lib/python3/dist-packages/oslo_config/cfg.py:2609
2025-08-28 00:41:56.853 122298 DEBUG oslo_service.service [req-05688908-d6a6-4cd9-9206-e46716778215 - - - - -] cache.enabled = False log_opt_values /usr/lib/python3/dist-packages/oslo_config/cfg.py:2609
2025-08-28 00:41:56.853 122298 DEBUG oslo_service.service [req-05688908-d6a6-4cd9-9206-e46716778215 - - - - -] cache.expiration_time = 600 log_opt_values /usr/lib/python3/dist-packages/oslo_config/cfg.py:2609
2025-08-28 00:41:56.854 122298 DEBUG oslo_service.service [req-05688908-d6a6-4cd9-9206-e46716778215 - - - - -] cache.memcache_dead_retry = 300 log_opt_values /usr/lib/python3/dist-packages/oslo_config/cfg.py:2609
2025-08-28 00:41:56.854 122298 DEBUG oslo_service.service [req-05688908-d6a6-4cd9-9206-e46716778215 - - - - -] cache.memcache_pool_connection_get_timeout = 10 log_opt_values /usr/lib/python3/dist-packages/oslo_config/cfg.py:2609
2025-08-28 00:41:56.854 122298 DEBUG oslo_service.service [req-05688908-d6a6-4cd9-9206-e46716778215 - - - - -] cache.memcache_pool_flush_on_reconnect = False log_opt_values /usr/lib/python3/dist-packages/oslo_config/cfg.py:2609
2025-08-28 00:41:56.854 122298 DEBUG oslo_service.service [req-05688908-d6a6-4cd9-9206-e46716778215 - - - - -] cache.memcache_pool_maxsize = 10 log_opt_values /usr/lib/python3/dist-packages/oslo_config/cfg.py:2609
2025-08-28 00:41:56.855 122298 DEBUG oslo_service.service [req-05688908-d6a6-4cd9-9206-e46716778215 - - - - -] cache.memcache_pool_unused_timeout = 60 log_opt_values /usr/lib/python3/dist-packages/oslo_config/cfg.py:2609
2025-08-28 00:41:56.855 122298 DEBUG oslo_service.service [req-05688908-d6a6-4cd9-9206-e46716778215 - - - - -] cache.memcache_servers = ['localhost:11211'] log_opt_values /usr/lib/python3/dist-packages/oslo_config/cfg.py:2609
2025-08-28 00:41:56.855 122902 DEBUG nova.service [req-6d39beb6-4e15-45e3-8069-bdccc9f5aaf4 - - - - -] Creating RPC server for service scheduler start /usr/lib/python3/dist-packages/nova/service.py:182
2025-08-28 00:41:56.855 122298 DEBUG oslo_service.service [req-05688908-d6a6-4cd9-9206-e46716778215 - - - - -] cache.memcache_socket_timeout = 1.0 log_opt_values /usr/lib/python3/dist-packages/oslo_config/cfg.py:2609
2025-08-28 00:41:56.856 122298 DEBUG oslo_service.service [req-05688908-d6a6-4cd9-9206-e46716778215 - - - - -] cache.proxies = [] log_opt_values /usr/lib/python3/dist-packages/oslo_config/cfg.py:2609
2025-08-28 00:41:56.856 122903 DEBUG nova.service [req-73f4dd62-1dc0-4ab1-b32d-0f7106c78e0a - - - - -] Creating RPC server for service scheduler start /usr/lib/python3/dist-packages/nova/service.py:182
2025-08-28 00:41:56.856 122298 DEBUG oslo_service.service [req-05688908-d6a6-4cd9-9206-e46716778215 - - - - -] cache.tls_allowed_ciphers = None log_opt_values /usr/lib/python3/dist-packages/oslo_config/cfg.py:2609
2025-08-28 00:41:56.856 122298 DEBUG oslo_service.service [req-05688908-d6a6-4cd9-9206-e46716778215 - - - - -] cache.tls_cafile = None log_opt_values /usr/lib/python3/dist-packages/oslo_config/cfg.py:2609
2025-08-28 00:41:56.856 122298 DEBUG oslo_service.service [req-05688908-d6a6-4cd9-9206-e46716778215 - - - - -] cache.tls_certfile = None log_opt_values /usr/lib/python3/dist-packages/oslo_config/cfg.py:2609
2025-08-28 00:41:56.857 122298 DEBUG oslo_service.service [req-05688908-d6a6-4cd9-9206-e46716778215 - - - - -] cache.tls_enabled = False log_opt_values /usr/lib/python3/dist-packages/oslo_config/cfg.py:2609
2025-08-28 00:41:56.857 122298 DEBUG oslo_service.service [req-05688908-d6a6-4cd9-9206-e46716778215 - - - - -] cache.tls_keyfile = None log_opt_values /usr/lib/python3/dist-packages/oslo_config/cfg.py:2609
2025-08-28 00:41:56.857 122298 DEBUG oslo_service.service [req-05688908-d6a6-4cd9-9206-e46716778215 - - - - -] cinder.auth_section = None log_opt_values /usr/lib/python3/dist-packages/oslo_config/cfg.py:2609
2025-08-28 00:41:56.857 122298 DEBUG oslo_service.service [req-05688908-d6a6-4cd9-9206-e46716778215 - - - - -] cinder.auth_type = None log_opt_values /usr/lib/python3/dist-packages/oslo_config/cfg.py:2609
2025-08-28 00:41:56.857 122298 DEBUG oslo_service.service [req-05688908-d6a6-4cd9-9206-e46716778215 - - - - -] cinder.cafile = None log_opt_values /usr/lib/python3/dist-packages/oslo_config/cfg.py:2609
2025-08-28 00:41:56.858 122298 DEBUG oslo_service.service [req-05688908-d6a6-4cd9-9206-e46716778215 - - - - -] cinder.catalog_info = volumev3::publicURL log_opt_values /usr/lib/python3/dist-packages/oslo_config/cfg.py:2609
2025-08-28 00:41:56.858 122298 DEBUG oslo_service.service [req-05688908-d6a6-4cd9-9206-e46716778215 - - - - -] cinder.certfile = None log_opt_values /usr/lib/python3/dist-packages/oslo_config/cfg.py:2609
2025-08-28 00:41:56.858 122298 DEBUG oslo_service.service [req-05688908-d6a6-4cd9-9206-e46716778215 - - - - -] cinder.collect_timing = False log_opt_values /usr/lib/python3/dist-packages/oslo_config/cfg.py:2609
2025-08-28 00:41:56.858 122298 DEBUG oslo_service.service [req-05688908-d6a6-4cd9-9206-e46716778215 - - - - -] cinder.cross_az_attach = True log_opt_values /usr/lib/python3/dist-packages/oslo_config/cfg.py:2609
2025-08-28 00:41:56.858 122298 DEBUG oslo_service.service [req-05688908-d6a6-4cd9-9206-e46716778215 - - - - -] cinder.debug = False log_opt_values /usr/lib/python3/dist-packages/oslo_config/cfg.py:2609
2025-08-28 00:41:56.859 122298 DEBUG oslo_service.service [req-05688908-d6a6-4cd9-9206-e46716778215 - - - - -] cinder.endpoint_template = None log_opt_values /usr/lib/python3/dist-packages/oslo_config/cfg.py:2609
2025-08-28 00:41:56.859 122298 DEBUG oslo_service.service [req-05688908-d6a6-4cd9-9206-e46716778215 - - - - -] cinder.http_retries = 3 log_opt_values /usr/lib/python3/dist-packages/oslo_config/cfg.py:2609
2025-08-28 00:41:56.859 122298 DEBUG oslo_service.service [req-05688908-d6a6-4cd9-9206-e46716778215 - - - - -] cinder.insecure = False log_opt_values /usr/lib/python3/dist-packages/oslo_config/cfg.py:2609
2025-08-28 00:41:56.860 122298 DEBUG oslo_service.service [req-05688908-d6a6-4cd9-9206-e46716778215 - - - - -] cinder.keyfile = None log_opt_values /usr/lib/python3/dist-packages/oslo_config/cfg.py:2609
2025-08-28 00:41:56.860 122298 DEBUG oslo_service.service [req-05688908-d6a6-4cd9-9206-e46716778215 - - - - -] cinder.os_region_name = None log_opt_values /usr/lib/python3/dist-packages/oslo_config/cfg.py:2609
2025-08-28 00:41:56.860 122298 DEBUG oslo_service.service [req-05688908-d6a6-4cd9-9206-e46716778215 - - - - -] cinder.split_loggers = False log_opt_values /usr/lib/python3/dist-packages/oslo_config/cfg.py:2609
2025-08-28 00:41:56.860 122298 DEBUG oslo_service.service [req-05688908-d6a6-4cd9-9206-e46716778215 - - - - -] cinder.timeout = None log_opt_values /usr/lib/python3/dist-packages/oslo_config/cfg.py:2609
2025-08-28 00:41:56.860 122904 DEBUG nova.service [req-7e7fc04f-8784-4c12-bf76-a5acc575e91e - - - - -] Creating RPC server for service scheduler start /usr/lib/python3/dist-packages/nova/service.py:182
2025-08-28 00:41:56.861 122298 DEBUG oslo_service.service [req-05688908-d6a6-4cd9-9206-e46716778215 - - - - -] compute.consecutive_build_service_disable_threshold = 10 log_opt_values /usr/lib/python3/dist-packages/oslo_config/cfg.py:2609
2025-08-28 00:41:56.861 122298 DEBUG oslo_service.service [req-05688908-d6a6-4cd9-9206-e46716778215 - - - - -] compute.cpu_dedicated_set = None log_opt_values /usr/lib/python3/dist-packages/oslo_config/cfg.py:2609
2025-08-28 00:41:56.861 122298 DEBUG oslo_service.service [req-05688908-d6a6-4cd9-9206-e46716778215 - - - - -] compute.cpu_shared_set = None log_opt_values /usr/lib/python3/dist-packages/oslo_config/cfg.py:2609
2025-08-28 00:41:56.861 122298 DEBUG oslo_service.service [req-05688908-d6a6-4cd9-9206-e46716778215 - - - - -] compute.image_type_exclude_list = [] log_opt_values /usr/lib/python3/dist-packages/oslo_config/cfg.py:2609
2025-08-28 00:41:56.862 122298 DEBUG oslo_service.service [req-05688908-d6a6-4cd9-9206-e46716778215 - - - - -] compute.live_migration_wait_for_vif_plug = True log_opt_values /usr/lib/python3/dist-packages/oslo_config/cfg.py:2609
2025-08-28 00:41:56.862 122298 DEBUG oslo_service.service [req-05688908-d6a6-4cd9-9206-e46716778215 - - - - -] compute.max_concurrent_disk_ops = 0 log_opt_values /usr/lib/python3/dist-packages/oslo_config/cfg.py:2609
2025-08-28 00:41:56.862 122298 DEBUG oslo_service.service [req-05688908-d6a6-4cd9-9206-e46716778215 - - - - -] compute.max_disk_devices_to_attach = -1 log_opt_values /usr/lib/python3/dist-packages/oslo_config/cfg.py:2609
2025-08-28 00:41:56.862 122298 DEBUG oslo_service.service [req-05688908-d6a6-4cd9-9206-e46716778215 - - - - -] compute.packing_host_numa_cells_allocation_strategy = True log_opt_values /usr/lib/python3/dist-packages/oslo_config/cfg.py:2609
2025-08-28 00:41:56.862 122298 DEBUG oslo_service.service [req-05688908-d6a6-4cd9-9206-e46716778215 - - - - -] compute.provider_config_location = /etc/nova/provider_config/ log_opt_values /usr/lib/python3/dist-packages/oslo_config/cfg.py:2609
2025-08-28 00:41:56.863 122298 DEBUG oslo_service.service [req-05688908-d6a6-4cd9-9206-e46716778215 - - - - -] compute.resource_provider_association_refresh = 300 log_opt_values /usr/lib/python3/dist-packages/oslo_config/cfg.py:2609
2025-08-28 00:41:56.863 122298 DEBUG oslo_service.service [req-05688908-d6a6-4cd9-9206-e46716778215 - - - - -] compute.shutdown_retry_interval = 10 log_opt_values /usr/lib/python3/dist-packages/oslo_config/cfg.py:2609
2025-08-28 00:41:56.863 122298 DEBUG oslo_service.service [req-05688908-d6a6-4cd9-9206-e46716778215 - - - - -] compute.vmdk_allowed_types = ['streamOptimized', 'monolithicSparse'] log_opt_values /usr/lib/python3/dist-packages/oslo_config/cfg.py:2609
2025-08-28 00:41:56.863 122298 DEBUG oslo_service.service [req-05688908-d6a6-4cd9-9206-e46716778215 - - - - -] conductor.workers = 4 log_opt_values /usr/lib/python3/dist-packages/oslo_config/cfg.py:2609
2025-08-28 00:41:56.863 122298 DEBUG oslo_service.service [req-05688908-d6a6-4cd9-9206-e46716778215 - - - - -] console.allowed_origins = [] log_opt_values /usr/lib/python3/dist-packages/oslo_config/cfg.py:2609
2025-08-28 00:41:56.864 122298 DEBUG oslo_service.service [req-05688908-d6a6-4cd9-9206-e46716778215 - - - - -] console.ssl_ciphers = None log_opt_values /usr/lib/python3/dist-packages/oslo_config/cfg.py:2609
2025-08-28 00:41:56.864 122298 DEBUG oslo_service.service [req-05688908-d6a6-4cd9-9206-e46716778215 - - - - -] console.ssl_minimum_version = default log_opt_values /usr/lib/python3/dist-packages/oslo_config/cfg.py:2609
2025-08-28 00:41:56.864 122298 DEBUG oslo_service.service [req-05688908-d6a6-4cd9-9206-e46716778215 - - - - -] consoleauth.token_ttl = 600 log_opt_values /usr/lib/python3/dist-packages/oslo_config/cfg.py:2609
2025-08-28 00:41:56.864 122298 DEBUG oslo_service.service [req-05688908-d6a6-4cd9-9206-e46716778215 - - - - -] cyborg.cafile = None log_opt_values /usr/lib/python3/dist-packages/oslo_config/cfg.py:2609
2025-08-28 00:41:56.864 122298 DEBUG oslo_service.service [req-05688908-d6a6-4cd9-9206-e46716778215 - - - - -] cyborg.certfile = None log_opt_values /usr/lib/python3/dist-packages/oslo_config/cfg.py:2609
2025-08-28 00:41:56.865 122298 DEBUG oslo_service.service [req-05688908-d6a6-4cd9-9206-e46716778215 - - - - -] cyborg.collect_timing = False log_opt_values /usr/lib/python3/dist-packages/oslo_config/cfg.py:2609
2025-08-28 00:41:56.865 122298 DEBUG oslo_service.service [req-05688908-d6a6-4cd9-9206-e46716778215 - - - - -] cyborg.connect_retries = None log_opt_values /usr/lib/python3/dist-packages/oslo_config/cfg.py:2609
2025-08-28 00:41:56.865 122298 DEBUG oslo_service.service [req-05688908-d6a6-4cd9-9206-e46716778215 - - - - -] cyborg.connect_retry_delay = None log_opt_values /usr/lib/python3/dist-packages/oslo_config/cfg.py:2609
2025-08-28 00:41:56.865 122298 DEBUG oslo_service.service [req-05688908-d6a6-4cd9-9206-e46716778215 - - - - -] cyborg.endpoint_override = None log_opt_values /usr/lib/python3/dist-packages/oslo_config/cfg.py:2609
2025-08-28 00:41:56.865 122298 DEBUG oslo_service.service [req-05688908-d6a6-4cd9-9206-e46716778215 - - - - -] cyborg.insecure = False log_opt_values /usr/lib/python3/dist-packages/oslo_config/cfg.py:2609
2025-08-28 00:41:56.866 122298 DEBUG oslo_service.service [req-05688908-d6a6-4cd9-9206-e46716778215 - - - - -] cyborg.keyfile = None log_opt_values /usr/lib/python3/dist-packages/oslo_config/cfg.py:2609
2025-08-28 00:41:56.866 122298 DEBUG oslo_service.service [req-05688908-d6a6-4cd9-9206-e46716778215 - - - - -] cyborg.max_version = None log_opt_values /usr/lib/python3/dist-packages/oslo_config/cfg.py:2609
2025-08-28 00:41:56.866 122298 DEBUG oslo_service.service [req-05688908-d6a6-4cd9-9206-e46716778215 - - - - -] cyborg.min_version = None log_opt_values /usr/lib/python3/dist-packages/oslo_config/cfg.py:2609
2025-08-28 00:41:56.866 122298 DEBUG oslo_service.service [req-05688908-d6a6-4cd9-9206-e46716778215 - - - - -] cyborg.region_name = None log_opt_values /usr/lib/python3/dist-packages/oslo_config/cfg.py:2609
2025-08-28 00:41:56.867 122298 DEBUG oslo_service.service [req-05688908-d6a6-4cd9-9206-e46716778215 - - - - -] cyborg.service_name = None log_opt_values /usr/lib/python3/dist-packages/oslo_config/cfg.py:2609
2025-08-28 00:41:56.867 122298 DEBUG oslo_service.service [req-05688908-d6a6-4cd9-9206-e46716778215 - - - - -] cyborg.service_type = accelerator log_opt_values /usr/lib/python3/dist-packages/oslo_config/cfg.py:2609
2025-08-28 00:41:56.867 122298 DEBUG oslo_service.service [req-05688908-d6a6-4cd9-9206-e46716778215 - - - - -] cyborg.split_loggers = False log_opt_values /usr/lib/python3/dist-packages/oslo_config/cfg.py:2609
2025-08-28 00:41:56.867 122298 DEBUG oslo_service.service [req-05688908-d6a6-4cd9-9206-e46716778215 - - - - -] cyborg.status_code_retries = None log_opt_values /usr/lib/python3/dist-packages/oslo_config/cfg.py:2609
2025-08-28 00:41:56.867 122298 DEBUG oslo_service.service [req-05688908-d6a6-4cd9-9206-e46716778215 - - - - -] cyborg.status_code_retry_delay = None log_opt_values /usr/lib/python3/dist-packages/oslo_config/cfg.py:2609
2025-08-28 00:41:56.868 122298 DEBUG oslo_service.service [req-05688908-d6a6-4cd9-9206-e46716778215 - - - - -] cyborg.timeout = None log_opt_values /usr/lib/python3/dist-packages/oslo_config/cfg.py:2609
2025-08-28 00:41:56.868 122298 DEBUG oslo_service.service [req-05688908-d6a6-4cd9-9206-e46716778215 - - - - -] cyborg.valid_interfaces = ['internal', 'public'] log_opt_values /usr/lib/python3/dist-packages/oslo_config/cfg.py:2609
2025-08-28 00:41:56.868 122298 DEBUG oslo_service.service [req-05688908-d6a6-4cd9-9206-e46716778215 - - - - -] cyborg.version = None log_opt_values /usr/lib/python3/dist-packages/oslo_config/cfg.py:2609
2025-08-28 00:41:56.868 122298 DEBUG oslo_service.service [req-05688908-d6a6-4cd9-9206-e46716778215 - - - - -] database.backend = sqlalchemy log_opt_values /usr/lib/python3/dist-packages/oslo_config/cfg.py:2609
2025-08-28 00:41:56.869 122298 DEBUG oslo_service.service [req-05688908-d6a6-4cd9-9206-e46716778215 - - - - -] database.connection = **** log_opt_values /usr/lib/python3/dist-packages/oslo_config/cfg.py:2609
2025-08-28 00:41:56.869 122298 DEBUG oslo_service.service [req-05688908-d6a6-4cd9-9206-e46716778215 - - - - -] database.connection_debug = 0 log_opt_values /usr/lib/python3/dist-packages/oslo_config/cfg.py:2609
2025-08-28 00:41:56.869 122298 DEBUG oslo_service.service [req-05688908-d6a6-4cd9-9206-e46716778215 - - - - -] database.connection_parameters = log_opt_values /usr/lib/python3/dist-packages/oslo_config/cfg.py:2609
2025-08-28 00:41:56.879 122902 DEBUG oslo_messaging._drivers.amqpdriver [-] Listener is running poll /usr/lib/python3/dist-packages/oslo_messaging/_drivers/amqpdriver.py:343
2025-08-28 00:41:56.879 122901 DEBUG oslo_messaging._drivers.amqpdriver [-] Listener is running poll /usr/lib/python3/dist-packages/oslo_messaging/_drivers/amqpdriver.py:343
2025-08-28 00:41:56.885 122904 DEBUG oslo_messaging._drivers.amqpdriver [-] Listener is running poll /usr/lib/python3/dist-packages/oslo_messaging/_drivers/amqpdriver.py:343
2025-08-28 00:41:56.897 122903 DEBUG oslo_messaging._drivers.amqpdriver [-] Listener is running poll /usr/lib/python3/dist-packages/oslo_messaging/_drivers/amqpdriver.py:343
2025-08-28 00:41:56.926 122902 DEBUG oslo_messaging._drivers.amqpdriver [-] AMQPListener connection consume poll /usr/lib/python3/dist-packages/oslo_messaging/_drivers/amqpdriver.py:357
2025-08-28 00:41:56.926 122901 DEBUG oslo_messaging._drivers.amqpdriver [-] AMQPListener connection consume poll /usr/lib/python3/dist-packages/oslo_messaging/_drivers/amqpdriver.py:357
2025-08-28 00:41:56.926 122904 DEBUG oslo_messaging._drivers.amqpdriver [-] AMQPListener connection consume poll /usr/lib/python3/dist-packages/oslo_messaging/_drivers/amqpdriver.py:357
2025-08-28 00:41:56.926 122298 DEBUG oslo_service.service [req-05688908-d6a6-4cd9-9206-e46716778215 - - - - -] database.connection_recycle_time = 3600 log_opt_values /usr/lib/python3/dist-packages/oslo_config/cfg.py:2609
2025-08-28 00:41:56.926 122903 DEBUG oslo_messaging._drivers.amqpdriver [-] AMQPListener connection consume poll /usr/lib/python3/dist-packages/oslo_messaging/_drivers/amqpdriver.py:357
2025-08-28 00:41:56.926 122298 DEBUG oslo_service.service [req-05688908-d6a6-4cd9-9206-e46716778215 - - - - -] database.connection_trace = False log_opt_values /usr/lib/python3/dist-packages/oslo_config/cfg.py:2609
2025-08-28 00:41:56.926 122298 DEBUG oslo_service.service [req-05688908-d6a6-4cd9-9206-e46716778215 - - - - -] database.db_inc_retry_interval = True log_opt_values /usr/lib/python3/dist-packages/oslo_config/cfg.py:2609
2025-08-28 00:41:56.926 122298 DEBUG oslo_service.service [req-05688908-d6a6-4cd9-9206-e46716778215 - - - - -] database.db_max_retries = 20 log_opt_values /usr/lib/python3/dist-packages/oslo_config/cfg.py:2609
2025-08-28 00:41:56.926 122903 DEBUG nova.service [req-73f4dd62-1dc0-4ab1-b32d-0f7106c78e0a - - - - -] Join ServiceGroup membership for this service scheduler start /usr/lib/python3/dist-packages/nova/service.py:199
2025-08-28 00:41:56.926 122901 DEBUG nova.service [req-4b135977-1fec-4444-a764-88b9f9f21732 - - - - -] Join ServiceGroup membership for this service scheduler start /usr/lib/python3/dist-packages/nova/service.py:199
2025-08-28 00:41:56.927 122298 DEBUG oslo_service.service [req-05688908-d6a6-4cd9-9206-e46716778215 - - - - -] database.db_max_retry_interval = 10 log_opt_values /usr/lib/python3/dist-packages/oslo_config/cfg.py:2609
2025-08-28 00:41:56.927 122298 DEBUG oslo_service.service [req-05688908-d6a6-4cd9-9206-e46716778215 - - - - -] database.db_retry_interval = 1 log_opt_values /usr/lib/python3/dist-packages/oslo_config/cfg.py:2609
2025-08-28 00:41:56.927 122902 DEBUG nova.service [req-6d39beb6-4e15-45e3-8069-bdccc9f5aaf4 - - - - -] Join ServiceGroup membership for this service scheduler start /usr/lib/python3/dist-packages/nova/service.py:199
2025-08-28 00:41:56.927 122903 DEBUG nova.servicegroup.drivers.db [req-73f4dd62-1dc0-4ab1-b32d-0f7106c78e0a - - - - -] DB_Driver: join new ServiceGroup member juju-285427-0-lxd-7 to the scheduler group, service = join /usr/lib/python3/dist-packages/nova/servicegroup/drivers/db.py:44
2025-08-28 00:41:56.927 122901 DEBUG nova.servicegroup.drivers.db [req-4b135977-1fec-4444-a764-88b9f9f21732 - - - - -] DB_Driver: join new ServiceGroup member juju-285427-0-lxd-7 to the scheduler group, service = join /usr/lib/python3/dist-packages/nova/servicegroup/drivers/db.py:44
2025-08-28 00:41:56.927 122298 DEBUG oslo_service.service [req-05688908-d6a6-4cd9-9206-e46716778215 - - - - -] database.max_overflow = 50 log_opt_values /usr/lib/python3/dist-packages/oslo_config/cfg.py:2609
2025-08-28 00:41:56.927 122902 DEBUG nova.servicegroup.drivers.db [req-6d39beb6-4e15-45e3-8069-bdccc9f5aaf4 - - - - -] DB_Driver: join new ServiceGroup member juju-285427-0-lxd-7 to the scheduler group, service = join /usr/lib/python3/dist-packages/nova/servicegroup/drivers/db.py:44
2025-08-28 00:41:56.927 122298 DEBUG oslo_service.service [req-05688908-d6a6-4cd9-9206-e46716778215 - - - - -] database.max_pool_size = 4 log_opt_values /usr/lib/python3/dist-packages/oslo_config/cfg.py:2609
2025-08-28 00:41:56.928 122298 DEBUG oslo_service.service [req-05688908-d6a6-4cd9-9206-e46716778215 - - - - -] database.max_retries = 10 log_opt_values /usr/lib/python3/dist-packages/oslo_config/cfg.py:2609
2025-08-28 00:41:56.928 122298 DEBUG oslo_service.service [req-05688908-d6a6-4cd9-9206-e46716778215 - - - - -] database.mysql_enable_ndb = False log_opt_values /usr/lib/python3/dist-packages/oslo_config/cfg.py:2609
2025-08-28 00:41:56.928 122298 DEBUG oslo_service.service [req-05688908-d6a6-4cd9-9206-e46716778215 - - - - -] database.mysql_sql_mode = TRADITIONAL log_opt_values /usr/lib/python3/dist-packages/oslo_config/cfg.py:2609
2025-08-28 00:41:56.928 122298 DEBUG oslo_service.service [req-05688908-d6a6-4cd9-9206-e46716778215 - - - - -] database.pool_timeout = None log_opt_values /usr/lib/python3/dist-packages/oslo_config/cfg.py:2609
2025-08-28 00:41:56.928 122298 DEBUG oslo_service.service [req-05688908-d6a6-4cd9-9206-e46716778215 - - - - -] database.retry_interval = 10 log_opt_values /usr/lib/python3/dist-packages/oslo_config/cfg.py:2609
2025-08-28 00:41:56.929 122298 DEBUG oslo_service.service [req-05688908-d6a6-4cd9-9206-e46716778215 - - - - -] database.slave_connection = **** log_opt_values /usr/lib/python3/dist-packages/oslo_config/cfg.py:2609
2025-08-28 00:41:56.928 122904 DEBUG nova.service [req-7e7fc04f-8784-4c12-bf76-a5acc575e91e - - - - -] Join ServiceGroup membership for this service scheduler start /usr/lib/python3/dist-packages/nova/service.py:199
2025-08-28 00:41:56.929 122298 DEBUG oslo_service.service [req-05688908-d6a6-4cd9-9206-e46716778215 - - - - -] database.sqlite_synchronous = True log_opt_values /usr/lib/python3/dist-packages/oslo_config/cfg.py:2609
2025-08-28 00:41:56.929 122904 DEBUG nova.servicegroup.drivers.db [req-7e7fc04f-8784-4c12-bf76-a5acc575e91e - - - - -] DB_Driver: join new ServiceGroup member juju-285427-0-lxd-7 to the scheduler group, service = join /usr/lib/python3/dist-packages/nova/servicegroup/drivers/db.py:44
2025-08-28 00:41:56.929 122298 DEBUG oslo_service.service [req-05688908-d6a6-4cd9-9206-e46716778215 - - - - -] database.use_db_reconnect = False log_opt_values /usr/lib/python3/dist-packages/oslo_config/cfg.py:2609
2025-08-28 00:41:56.929 122298 DEBUG oslo_service.service [req-05688908-d6a6-4cd9-9206-e46716778215 - - - - -] api_database.backend = sqlalchemy log_opt_values /usr/lib/python3/dist-packages/oslo_config/cfg.py:2609
2025-08-28 00:41:56.929 122904 DEBUG oslo_messaging._drivers.amqpdriver [-] AMQPListener connection timeout poll /usr/lib/python3/dist-packages/oslo_messaging/_drivers/amqpdriver.py:360
2025-08-28 00:41:56.929 122298 DEBUG oslo_service.service [req-05688908-d6a6-4cd9-9206-e46716778215 - - - - -] api_database.connection = **** log_opt_values /usr/lib/python3/dist-packages/oslo_config/cfg.py:2609
2025-08-28 00:41:56.930 122904 DEBUG oslo_messaging._drivers.amqpdriver [-] Listener is running poll /usr/lib/python3/dist-packages/oslo_messaging/_drivers/amqpdriver.py:343
2025-08-28 00:41:56.930 122298 DEBUG oslo_service.service [req-05688908-d6a6-4cd9-9206-e46716778215 - - - - -] api_database.connection_debug = 0 log_opt_values /usr/lib/python3/dist-packages/oslo_config/cfg.py:2609
2025-08-28 00:41:56.929 122901 DEBUG oslo_messaging._drivers.amqpdriver [-] AMQPListener connection timeout poll /usr/lib/python3/dist-packages/oslo_messaging/_drivers/amqpdriver.py:360
2025-08-28 00:41:56.930 122904 DEBUG oslo_messaging._drivers.amqpdriver [-] AMQPListener connection consume poll /usr/lib/python3/dist-packages/oslo_messaging/_drivers/amqpdriver.py:357
2025-08-28 00:41:56.930 122903 DEBUG oslo_messaging._drivers.amqpdriver [-] AMQPListener connection timeout poll /usr/lib/python3/dist-packages/oslo_messaging/_drivers/amqpdriver.py:360
2025-08-28 00:41:56.930 122901 DEBUG oslo_messaging._drivers.amqpdriver [-] Listener is running poll /usr/lib/python3/dist-packages/oslo_messaging/_drivers/amqpdriver.py:343
2025-08-28 00:41:56.930 122298 DEBUG oslo_service.service [req-05688908-d6a6-4cd9-9206-e46716778215 - - - - -] api_database.connection_parameters = log_opt_values /usr/lib/python3/dist-packages/oslo_config/cfg.py:2609
2025-08-28 00:41:56.930 122903 DEBUG oslo_messaging._drivers.amqpdriver [-] Listener is running poll /usr/lib/python3/dist-packages/oslo_messaging/_drivers/amqpdriver.py:343
2025-08-28 00:41:56.930 122901 DEBUG oslo_messaging._drivers.amqpdriver [-] AMQPListener connection consume poll /usr/lib/python3/dist-packages/oslo_messaging/_drivers/amqpdriver.py:357
2025-08-28 00:41:56.930 122903 DEBUG oslo_messaging._drivers.amqpdriver [-] AMQPListener connection consume poll /usr/lib/python3/dist-packages/oslo_messaging/_drivers/amqpdriver.py:357
2025-08-28 00:41:56.930 122298 DEBUG oslo_service.service [req-05688908-d6a6-4cd9-9206-e46716778215 - - - - -] api_database.connection_recycle_time = 3600 log_opt_values /usr/lib/python3/dist-packages/oslo_config/cfg.py:2609
2025-08-28 00:41:56.930 122298 DEBUG oslo_service.service [req-05688908-d6a6-4cd9-9206-e46716778215 - - - - -] api_database.connection_trace = False log_opt_values /usr/lib/python3/dist-packages/oslo_config/cfg.py:2609
2025-08-28 00:41:56.930 122902 DEBUG oslo_messaging._drivers.amqpdriver [-] AMQPListener connection timeout poll /usr/lib/python3/dist-packages/oslo_messaging/_drivers/amqpdriver.py:360
2025-08-28 00:41:56.930 122904 DEBUG oslo_service.periodic_task [req-16997a0e-ba20-460e-8e61-3528ab6ab914 - - - - -] Running periodic task SchedulerManager._discover_hosts_in_cells run_periodic_tasks /usr/lib/python3/dist-packages/oslo_service/periodic_task.py:210
2025-08-28 00:41:56.930 122902 DEBUG oslo_messaging._drivers.amqpdriver [-] Listener is running poll /usr/lib/python3/dist-packages/oslo_messaging/_drivers/amqpdriver.py:343
2025-08-28 00:41:56.930 122298 DEBUG oslo_service.service [req-05688908-d6a6-4cd9-9206-e46716778215 - - - - -] api_database.db_inc_retry_interval = True log_opt_values /usr/lib/python3/dist-packages/oslo_config/cfg.py:2609
2025-08-28 00:41:56.930 122902 DEBUG oslo_messaging._drivers.amqpdriver [-] AMQPListener connection consume poll /usr/lib/python3/dist-packages/oslo_messaging/_drivers/amqpdriver.py:357
2025-08-28 00:41:56.930 122298 DEBUG oslo_service.service [req-05688908-d6a6-4cd9-9206-e46716778215 - - - - -] api_database.db_max_retries = 20 log_opt_values /usr/lib/python3/dist-packages/oslo_config/cfg.py:2609
2025-08-28 00:41:56.931 122298 DEBUG oslo_service.service [req-05688908-d6a6-4cd9-9206-e46716778215 - - - - -] api_database.db_max_retry_interval = 10 log_opt_values /usr/lib/python3/dist-packages/oslo_config/cfg.py:2609
2025-08-28 00:41:56.931 122298 DEBUG oslo_service.service [req-05688908-d6a6-4cd9-9206-e46716778215 - - - - -] api_database.db_retry_interval = 1 log_opt_values /usr/lib/python3/dist-packages/oslo_config/cfg.py:2609
2025-08-28 00:41:56.931 122298 DEBUG oslo_service.service [req-05688908-d6a6-4cd9-9206-e46716778215 - - - - -] api_database.max_overflow = 50 log_opt_values /usr/lib/python3/dist-packages/oslo_config/cfg.py:2609
2025-08-28 00:41:56.931 122904 DEBUG oslo_db.sqlalchemy.engines [req-16997a0e-ba20-460e-8e61-3528ab6ab914 - - - - -] Parent process 122298 forked (122904) with an open database connection, which is being discarded and recreated. checkout /usr/lib/python3/dist-packages/oslo_db/sqlalchemy/engines.py:413
2025-08-28 00:41:56.931 122298 DEBUG oslo_service.service [req-05688908-d6a6-4cd9-9206-e46716778215 - - - - -] api_database.max_pool_size = 4 log_opt_values /usr/lib/python3/dist-packages/oslo_config/cfg.py:2609
2025-08-28 00:41:56.931 122298 DEBUG oslo_service.service [req-05688908-d6a6-4cd9-9206-e46716778215 - - - - -] api_database.max_retries = 10 log_opt_values /usr/lib/python3/dist-packages/oslo_config/cfg.py:2609
2025-08-28 00:41:56.932 122298 DEBUG oslo_service.service [req-05688908-d6a6-4cd9-9206-e46716778215 - - - - -] api_database.mysql_enable_ndb = False log_opt_values /usr/lib/python3/dist-packages/oslo_config/cfg.py:2609
2025-08-28 00:41:56.932 122298 DEBUG oslo_service.service [req-05688908-d6a6-4cd9-9206-e46716778215 - - - - -] api_database.mysql_sql_mode = TRADITIONAL log_opt_values /usr/lib/python3/dist-packages/oslo_config/cfg.py:2609
2025-08-28 00:41:56.932 122298 DEBUG oslo_service.service [req-05688908-d6a6-4cd9-9206-e46716778215 - - - - -] api_database.pool_timeout = None log_opt_values /usr/lib/python3/dist-packages/oslo_config/cfg.py:2609
2025-08-28 00:41:56.932 122298 DEBUG oslo_service.service [req-05688908-d6a6-4cd9-9206-e46716778215 - - - - -] api_database.retry_interval = 10 log_opt_values /usr/lib/python3/dist-packages/oslo_config/cfg.py:2609
2025-08-28 00:41:56.932 122298 DEBUG oslo_service.service [req-05688908-d6a6-4cd9-9206-e46716778215 - - - - -] api_database.slave_connection = **** log_opt_values /usr/lib/python3/dist-packages/oslo_config/cfg.py:2609
2025-08-28 00:41:56.933 122298 DEBUG oslo_service.service [req-05688908-d6a6-4cd9-9206-e46716778215 - - - - -] api_database.sqlite_synchronous = True log_opt_values /usr/lib/python3/dist-packages/oslo_config/cfg.py:2609
2025-08-28 00:41:56.933 122298 DEBUG oslo_service.service [req-05688908-d6a6-4cd9-9206-e46716778215 - - - - -] devices.enabled_mdev_types = [] log_opt_values /usr/lib/python3/dist-packages/oslo_config/cfg.py:2609
2025-08-28 00:41:56.933 122298 DEBUG oslo_service.service [req-05688908-d6a6-4cd9-9206-e46716778215 - - - - -] ephemeral_storage_encryption.cipher = aes-xts-plain64 log_opt_values /usr/lib/python3/dist-packages/oslo_config/cfg.py:2609
2025-08-28 00:41:56.933 122298 DEBUG oslo_service.service [req-05688908-d6a6-4cd9-9206-e46716778215 - - - - -] ephemeral_storage_encryption.enabled = False log_opt_values /usr/lib/python3/dist-packages/oslo_config/cfg.py:2609
2025-08-28 00:41:56.933 122298 DEBUG oslo_service.service [req-05688908-d6a6-4cd9-9206-e46716778215 - - - - -] ephemeral_storage_encryption.key_size = 512 log_opt_values /usr/lib/python3/dist-packages/oslo_config/cfg.py:2609
