2025-08-28 00:42:09.422 123131 DEBUG oslo_service.service [req-4e8d0aba-01b4-4e5c-9bc2-0cee8af4bc41 - - - - -] max_concurrent_builds = 10 log_opt_values /usr/lib/python3/dist-packages/oslo_config/cfg.py:2602
2025-08-28 00:42:09.422 123131 DEBUG oslo_service.service [req-4e8d0aba-01b4-4e5c-9bc2-0cee8af4bc41 - - - - -] max_concurrent_live_migrations = 1 log_opt_values /usr/lib/python3/dist-packages/oslo_config/cfg.py:2602
2025-08-28 00:42:09.423 123131 DEBUG oslo_service.service [req-4e8d0aba-01b4-4e5c-9bc2-0cee8af4bc41 - - - - -] max_concurrent_snapshots = 5 log_opt_values /usr/lib/python3/dist-packages/oslo_config/cfg.py:2602
2025-08-28 00:42:09.423 123131 DEBUG oslo_service.service [req-4e8d0aba-01b4-4e5c-9bc2-0cee8af4bc41 - - - - -] max_local_block_devices = 3 log_opt_values /usr/lib/python3/dist-packages/oslo_config/cfg.py:2602
2025-08-28 00:42:09.423 123131 DEBUG oslo_service.service [req-4e8d0aba-01b4-4e5c-9bc2-0cee8af4bc41 - - - - -] max_logfile_count = 30 log_opt_values /usr/lib/python3/dist-packages/oslo_config/cfg.py:2602
2025-08-28 00:42:09.423 123131 DEBUG oslo_service.service [req-4e8d0aba-01b4-4e5c-9bc2-0cee8af4bc41 - - - - -] max_logfile_size_mb = 200 log_opt_values /usr/lib/python3/dist-packages/oslo_config/cfg.py:2602
2025-08-28 00:42:09.424 123131 DEBUG oslo_service.service [req-4e8d0aba-01b4-4e5c-9bc2-0cee8af4bc41 - - - - -] maximum_instance_delete_attempts = 5 log_opt_values /usr/lib/python3/dist-packages/oslo_config/cfg.py:2602
2025-08-28 00:42:09.424 123131 DEBUG oslo_service.service [req-4e8d0aba-01b4-4e5c-9bc2-0cee8af4bc41 - - - - -] metadata_listen = 0.0.0.0 log_opt_values /usr/lib/python3/dist-packages/oslo_config/cfg.py:2602
2025-08-28 00:42:09.424 123131 DEBUG oslo_service.service [req-4e8d0aba-01b4-4e5c-9bc2-0cee8af4bc41 - - - - -] metadata_listen_port = 8765 log_opt_values /usr/lib/python3/dist-packages/oslo_config/cfg.py:2602
2025-08-28 00:42:09.424 123131 DEBUG oslo_service.service [req-4e8d0aba-01b4-4e5c-9bc2-0cee8af4bc41 - - - - -] metadata_workers = None log_opt_values /usr/lib/python3/dist-packages/oslo_config/cfg.py:2602
2025-08-28 00:42:09.425 123131 DEBUG oslo_service.service [req-4e8d0aba-01b4-4e5c-9bc2-0cee8af4bc41 - - - - -] migrate_max_retries = -1 log_opt_values /usr/lib/python3/dist-packages/oslo_config/cfg.py:2602
2025-08-28 00:42:09.425 123131 DEBUG oslo_service.service [req-4e8d0aba-01b4-4e5c-9bc2-0cee8af4bc41 - - - - -] mkisofs_cmd = genisoimage log_opt_values /usr/lib/python3/dist-packages/oslo_config/cfg.py:2602
2025-08-28 00:42:09.425 123131 DEBUG oslo_service.service [req-4e8d0aba-01b4-4e5c-9bc2-0cee8af4bc41 - - - - -] my_block_storage_ip = 252.129.212.239 log_opt_values /usr/lib/python3/dist-packages/oslo_config/cfg.py:2602
2025-08-28 00:42:09.426 123131 DEBUG oslo_service.service [req-4e8d0aba-01b4-4e5c-9bc2-0cee8af4bc41 - - - - -] my_ip = 252.129.212.239 log_opt_values /usr/lib/python3/dist-packages/oslo_config/cfg.py:2602
2025-08-28 00:42:09.426 123131 DEBUG oslo_service.service [req-4e8d0aba-01b4-4e5c-9bc2-0cee8af4bc41 - - - - -] network_allocate_retries = 0 log_opt_values /usr/lib/python3/dist-packages/oslo_config/cfg.py:2602
2025-08-28 00:42:09.426 123131 DEBUG oslo_service.service [req-4e8d0aba-01b4-4e5c-9bc2-0cee8af4bc41 - - - - -] non_inheritable_image_properties = ['cache_in_nova', 'bittorrent'] log_opt_values /usr/lib/python3/dist-packages/oslo_config/cfg.py:2602
2025-08-28 00:42:09.426 123131 DEBUG oslo_service.service [req-4e8d0aba-01b4-4e5c-9bc2-0cee8af4bc41 - - - - -] osapi_compute_listen = 0.0.0.0 log_opt_values /usr/lib/python3/dist-packages/oslo_config/cfg.py:2602
2025-08-28 00:42:09.426 123131 DEBUG oslo_service.service [req-4e8d0aba-01b4-4e5c-9bc2-0cee8af4bc41 - - - - -] osapi_compute_listen_port = 8764 log_opt_values /usr/lib/python3/dist-packages/oslo_config/cfg.py:2602
2025-08-28 00:42:09.427 123131 DEBUG oslo_service.service [req-4e8d0aba-01b4-4e5c-9bc2-0cee8af4bc41 - - - - -] osapi_compute_unique_server_name_scope = log_opt_values /usr/lib/python3/dist-packages/oslo_config/cfg.py:2602
2025-08-28 00:42:09.427 123131 DEBUG oslo_service.service [req-4e8d0aba-01b4-4e5c-9bc2-0cee8af4bc41 - - - - -] osapi_compute_workers = 4 log_opt_values /usr/lib/python3/dist-packages/oslo_config/cfg.py:2602
2025-08-28 00:42:09.427 123131 DEBUG oslo_service.service [req-4e8d0aba-01b4-4e5c-9bc2-0cee8af4bc41 - - - - -] password_length = 12 log_opt_values /usr/lib/python3/dist-packages/oslo_config/cfg.py:2602
2025-08-28 00:42:09.427 123899 DEBUG nova.service [req-0e3f45dc-d3b5-4496-88cc-ef92939cb165 - - - - -] Creating RPC server for service conductor start /usr/lib/python3/dist-packages/nova/service.py:182
2025-08-28 00:42:09.427 123900 DEBUG nova.service [req-5df26051-3dc3-4d86-b5b5-f1faf80f063c - - - - -] Creating RPC server for service conductor start /usr/lib/python3/dist-packages/nova/service.py:182
2025-08-28 00:42:09.428 123131 DEBUG oslo_service.service [req-4e8d0aba-01b4-4e5c-9bc2-0cee8af4bc41 - - - - -] periodic_enable = True log_opt_values /usr/lib/python3/dist-packages/oslo_config/cfg.py:2602
2025-08-28 00:42:09.428 123131 DEBUG oslo_service.service [req-4e8d0aba-01b4-4e5c-9bc2-0cee8af4bc41 - - - - -] periodic_fuzzy_delay = 60 log_opt_values /usr/lib/python3/dist-packages/oslo_config/cfg.py:2602
2025-08-28 00:42:09.428 123131 DEBUG oslo_service.service [req-4e8d0aba-01b4-4e5c-9bc2-0cee8af4bc41 - - - - -] pointer_model = usbtablet log_opt_values /usr/lib/python3/dist-packages/oslo_config/cfg.py:2602
2025-08-28 00:42:09.428 123131 DEBUG oslo_service.service [req-4e8d0aba-01b4-4e5c-9bc2-0cee8af4bc41 - - - - -] preallocate_images = none log_opt_values /usr/lib/python3/dist-packages/oslo_config/cfg.py:2602
2025-08-28 00:42:09.428 123131 DEBUG oslo_service.service [req-4e8d0aba-01b4-4e5c-9bc2-0cee8af4bc41 - - - - -] publish_errors = False log_opt_values /usr/lib/python3/dist-packages/oslo_config/cfg.py:2602
2025-08-28 00:42:09.429 123131 DEBUG oslo_service.service [req-4e8d0aba-01b4-4e5c-9bc2-0cee8af4bc41 - - - - -] pybasedir = /usr/lib/python3/dist-packages log_opt_values /usr/lib/python3/dist-packages/oslo_config/cfg.py:2602
2025-08-28 00:42:09.429 123131 DEBUG oslo_service.service [req-4e8d0aba-01b4-4e5c-9bc2-0cee8af4bc41 - - - - -] ram_allocation_ratio = 0.98 log_opt_values /usr/lib/python3/dist-packages/oslo_config/cfg.py:2602
2025-08-28 00:42:09.429 123131 DEBUG oslo_service.service [req-4e8d0aba-01b4-4e5c-9bc2-0cee8af4bc41 - - - - -] rate_limit_burst = 0 log_opt_values /usr/lib/python3/dist-packages/oslo_config/cfg.py:2602
2025-08-28 00:42:09.429 123131 DEBUG oslo_service.service [req-4e8d0aba-01b4-4e5c-9bc2-0cee8af4bc41 - - - - -] rate_limit_except_level = CRITICAL log_opt_values /usr/lib/python3/dist-packages/oslo_config/cfg.py:2602
2025-08-28 00:42:09.429 123131 DEBUG oslo_service.service [req-4e8d0aba-01b4-4e5c-9bc2-0cee8af4bc41 - - - - -] rate_limit_interval = 0 log_opt_values /usr/lib/python3/dist-packages/oslo_config/cfg.py:2602
2025-08-28 00:42:09.430 123131 DEBUG oslo_service.service [req-4e8d0aba-01b4-4e5c-9bc2-0cee8af4bc41 - - - - -] reboot_timeout = 0 log_opt_values /usr/lib/python3/dist-packages/oslo_config/cfg.py:2602
2025-08-28 00:42:09.430 123131 DEBUG oslo_service.service [req-4e8d0aba-01b4-4e5c-9bc2-0cee8af4bc41 - - - - -] reclaim_instance_interval = 0 log_opt_values /usr/lib/python3/dist-packages/oslo_config/cfg.py:2602
2025-08-28 00:42:09.430 123131 DEBUG oslo_service.service [req-4e8d0aba-01b4-4e5c-9bc2-0cee8af4bc41 - - - - -] record = None log_opt_values /usr/lib/python3/dist-packages/oslo_config/cfg.py:2602
2025-08-28 00:42:09.430 123131 DEBUG oslo_service.service [req-4e8d0aba-01b4-4e5c-9bc2-0cee8af4bc41 - - - - -] report_interval = 10 log_opt_values /usr/lib/python3/dist-packages/oslo_config/cfg.py:2602
2025-08-28 00:42:09.430 123131 DEBUG oslo_service.service [req-4e8d0aba-01b4-4e5c-9bc2-0cee8af4bc41 - - - - -] rescue_timeout = 0 log_opt_values /usr/lib/python3/dist-packages/oslo_config/cfg.py:2602
2025-08-28 00:42:09.431 123131 DEBUG oslo_service.service [req-4e8d0aba-01b4-4e5c-9bc2-0cee8af4bc41 - - - - -] reserved_host_cpus = 0 log_opt_values /usr/lib/python3/dist-packages/oslo_config/cfg.py:2602
2025-08-28 00:42:09.431 123131 DEBUG oslo_service.service [req-4e8d0aba-01b4-4e5c-9bc2-0cee8af4bc41 - - - - -] reserved_host_disk_mb = 0 log_opt_values /usr/lib/python3/dist-packages/oslo_config/cfg.py:2602
2025-08-28 00:42:09.431 123901 DEBUG nova.service [req-f6f57b21-0ae7-4690-9bf9-c9f1d98c97e3 - - - - -] Creating RPC server for service conductor start /usr/lib/python3/dist-packages/nova/service.py:182
2025-08-28 00:42:09.431 123131 DEBUG oslo_service.service [req-4e8d0aba-01b4-4e5c-9bc2-0cee8af4bc41 - - - - -] reserved_host_memory_mb = 512 log_opt_values /usr/lib/python3/dist-packages/oslo_config/cfg.py:2602
2025-08-28 00:42:09.431 123131 DEBUG oslo_service.service [req-4e8d0aba-01b4-4e5c-9bc2-0cee8af4bc41 - - - - -] reserved_huge_pages = None log_opt_values /usr/lib/python3/dist-packages/oslo_config/cfg.py:2602
2025-08-28 00:42:09.431 123131 DEBUG oslo_service.service [req-4e8d0aba-01b4-4e5c-9bc2-0cee8af4bc41 - - - - -] resize_confirm_window = 0 log_opt_values /usr/lib/python3/dist-packages/oslo_config/cfg.py:2602
2025-08-28 00:42:09.431 123131 DEBUG oslo_service.service [req-4e8d0aba-01b4-4e5c-9bc2-0cee8af4bc41 - - - - -] resize_fs_using_block_device = False log_opt_values /usr/lib/python3/dist-packages/oslo_config/cfg.py:2602
2025-08-28 00:42:09.432 123131 DEBUG oslo_service.service [req-4e8d0aba-01b4-4e5c-9bc2-0cee8af4bc41 - - - - -] resume_guests_state_on_host_boot = False log_opt_values /usr/lib/python3/dist-packages/oslo_config/cfg.py:2602
2025-08-28 00:42:09.432 123131 DEBUG oslo_service.service [req-4e8d0aba-01b4-4e5c-9bc2-0cee8af4bc41 - - - - -] rootwrap_config = /etc/nova/rootwrap.conf log_opt_values /usr/lib/python3/dist-packages/oslo_config/cfg.py:2602
2025-08-28 00:42:09.432 123131 DEBUG oslo_service.service [req-4e8d0aba-01b4-4e5c-9bc2-0cee8af4bc41 - - - - -] rpc_response_timeout = 60 log_opt_values /usr/lib/python3/dist-packages/oslo_config/cfg.py:2602
2025-08-28 00:42:09.432 123131 DEBUG oslo_service.service [req-4e8d0aba-01b4-4e5c-9bc2-0cee8af4bc41 - - - - -] run_external_periodic_tasks = True log_opt_values /usr/lib/python3/dist-packages/oslo_config/cfg.py:2602
2025-08-28 00:42:09.432 123131 DEBUG oslo_service.service [req-4e8d0aba-01b4-4e5c-9bc2-0cee8af4bc41 - - - - -] running_deleted_instance_action = reap log_opt_values /usr/lib/python3/dist-packages/oslo_config/cfg.py:2602
2025-08-28 00:42:09.433 123131 DEBUG oslo_service.service [req-4e8d0aba-01b4-4e5c-9bc2-0cee8af4bc41 - - - - -] running_deleted_instance_poll_interval = 1800 log_opt_values /usr/lib/python3/dist-packages/oslo_config/cfg.py:2602
2025-08-28 00:42:09.434 123131 DEBUG oslo_service.service [req-4e8d0aba-01b4-4e5c-9bc2-0cee8af4bc41 - - - - -] running_deleted_instance_timeout = 0 log_opt_values /usr/lib/python3/dist-packages/oslo_config/cfg.py:2602
2025-08-28 00:42:09.434 123131 DEBUG oslo_service.service [req-4e8d0aba-01b4-4e5c-9bc2-0cee8af4bc41 - - - - -] scheduler_instance_sync_interval = 120 log_opt_values /usr/lib/python3/dist-packages/oslo_config/cfg.py:2602
2025-08-28 00:42:09.436 123131 DEBUG oslo_service.service [req-4e8d0aba-01b4-4e5c-9bc2-0cee8af4bc41 - - - - -] service_down_time = 60 log_opt_values /usr/lib/python3/dist-packages/oslo_config/cfg.py:2602
2025-08-28 00:42:09.436 123131 DEBUG oslo_service.service [req-4e8d0aba-01b4-4e5c-9bc2-0cee8af4bc41 - - - - -] servicegroup_driver = db log_opt_values /usr/lib/python3/dist-packages/oslo_config/cfg.py:2602
2025-08-28 00:42:09.437 123131 DEBUG oslo_service.service [req-4e8d0aba-01b4-4e5c-9bc2-0cee8af4bc41 - - - - -] shelved_offload_time = 0 log_opt_values /usr/lib/python3/dist-packages/oslo_config/cfg.py:2602
2025-08-28 00:42:09.437 123131 DEBUG oslo_service.service [req-4e8d0aba-01b4-4e5c-9bc2-0cee8af4bc41 - - - - -] shelved_poll_interval = 3600 log_opt_values /usr/lib/python3/dist-packages/oslo_config/cfg.py:2602
2025-08-28 00:42:09.437 123131 DEBUG oslo_service.service [req-4e8d0aba-01b4-4e5c-9bc2-0cee8af4bc41 - - - - -] shutdown_timeout = 60 log_opt_values /usr/lib/python3/dist-packages/oslo_config/cfg.py:2602
2025-08-28 00:42:09.437 123131 DEBUG oslo_service.service [req-4e8d0aba-01b4-4e5c-9bc2-0cee8af4bc41 - - - - -] source_is_ipv6 = False log_opt_values /usr/lib/python3/dist-packages/oslo_config/cfg.py:2602
2025-08-28 00:42:09.438 123131 DEBUG oslo_service.service [req-4e8d0aba-01b4-4e5c-9bc2-0cee8af4bc41 - - - - -] ssl_only = False log_opt_values /usr/lib/python3/dist-packages/oslo_config/cfg.py:2602
2025-08-28 00:42:09.438 123131 DEBUG oslo_service.service [req-4e8d0aba-01b4-4e5c-9bc2-0cee8af4bc41 - - - - -] state_path = /var/lib/nova log_opt_values /usr/lib/python3/dist-packages/oslo_config/cfg.py:2602
2025-08-28 00:42:09.439 123131 DEBUG oslo_service.service [req-4e8d0aba-01b4-4e5c-9bc2-0cee8af4bc41 - - - - -] sync_power_state_interval = 600 log_opt_values /usr/lib/python3/dist-packages/oslo_config/cfg.py:2602
2025-08-28 00:42:09.439 123131 DEBUG oslo_service.service [req-4e8d0aba-01b4-4e5c-9bc2-0cee8af4bc41 - - - - -] sync_power_state_pool_size = 1000 log_opt_values /usr/lib/python3/dist-packages/oslo_config/cfg.py:2602
2025-08-28 00:42:09.440 123131 DEBUG oslo_service.service [req-4e8d0aba-01b4-4e5c-9bc2-0cee8af4bc41 - - - - -] syslog_log_facility = LOG_USER log_opt_values /usr/lib/python3/dist-packages/oslo_config/cfg.py:2602
2025-08-28 00:42:09.442 123131 DEBUG oslo_service.service [req-4e8d0aba-01b4-4e5c-9bc2-0cee8af4bc41 - - - - -] tempdir = None log_opt_values /usr/lib/python3/dist-packages/oslo_config/cfg.py:2602
2025-08-28 00:42:09.442 123131 DEBUG oslo_service.service [req-4e8d0aba-01b4-4e5c-9bc2-0cee8af4bc41 - - - - -] timeout_nbd = 10 log_opt_values /usr/lib/python3/dist-packages/oslo_config/cfg.py:2602
2025-08-28 00:42:09.442 123131 DEBUG oslo_service.service [req-4e8d0aba-01b4-4e5c-9bc2-0cee8af4bc41 - - - - -] transport_url = **** log_opt_values /usr/lib/python3/dist-packages/oslo_config/cfg.py:2602
2025-08-28 00:42:09.443 123131 DEBUG oslo_service.service [req-4e8d0aba-01b4-4e5c-9bc2-0cee8af4bc41 - - - - -] update_resources_interval = 0 log_opt_values /usr/lib/python3/dist-packages/oslo_config/cfg.py:2602
2025-08-28 00:42:09.443 123131 DEBUG oslo_service.service [req-4e8d0aba-01b4-4e5c-9bc2-0cee8af4bc41 - - - - -] use_cow_images = True log_opt_values /usr/lib/python3/dist-packages/oslo_config/cfg.py:2602
2025-08-28 00:42:09.443 123131 DEBUG oslo_service.service [req-4e8d0aba-01b4-4e5c-9bc2-0cee8af4bc41 - - - - -] use_eventlog = False log_opt_values /usr/lib/python3/dist-packages/oslo_config/cfg.py:2602
2025-08-28 00:42:09.443 123131 DEBUG oslo_service.service [req-4e8d0aba-01b4-4e5c-9bc2-0cee8af4bc41 - - - - -] use_journal = False log_opt_values /usr/lib/python3/dist-packages/oslo_config/cfg.py:2602
2025-08-28 00:42:09.444 123131 DEBUG oslo_service.service [req-4e8d0aba-01b4-4e5c-9bc2-0cee8af4bc41 - - - - -] use_json = False log_opt_values /usr/lib/python3/dist-packages/oslo_config/cfg.py:2602
2025-08-28 00:42:09.444 123131 DEBUG oslo_service.service [req-4e8d0aba-01b4-4e5c-9bc2-0cee8af4bc41 - - - - -] use_rootwrap_daemon = False log_opt_values /usr/lib/python3/dist-packages/oslo_config/cfg.py:2602
2025-08-28 00:42:09.444 123131 DEBUG oslo_service.service [req-4e8d0aba-01b4-4e5c-9bc2-0cee8af4bc41 - - - - -] use_stderr = False log_opt_values /usr/lib/python3/dist-packages/oslo_config/cfg.py:2602
2025-08-28 00:42:09.444 123131 DEBUG oslo_service.service [req-4e8d0aba-01b4-4e5c-9bc2-0cee8af4bc41 - - - - -] use_syslog = False log_opt_values /usr/lib/python3/dist-packages/oslo_config/cfg.py:2602
2025-08-28 00:42:09.444 123131 DEBUG oslo_service.service [req-4e8d0aba-01b4-4e5c-9bc2-0cee8af4bc41 - - - - -] vcpu_pin_set = None log_opt_values /usr/lib/python3/dist-packages/oslo_config/cfg.py:2602
2025-08-28 00:42:09.445 123131 DEBUG oslo_service.service [req-4e8d0aba-01b4-4e5c-9bc2-0cee8af4bc41 - - - - -] vif_plugging_is_fatal = True log_opt_values /usr/lib/python3/dist-packages/oslo_config/cfg.py:2602
2025-08-28 00:42:09.445 123131 DEBUG oslo_service.service [req-4e8d0aba-01b4-4e5c-9bc2-0cee8af4bc41 - - - - -] vif_plugging_timeout = 300 log_opt_values /usr/lib/python3/dist-packages/oslo_config/cfg.py:2602
2025-08-28 00:42:09.445 123131 DEBUG oslo_service.service [req-4e8d0aba-01b4-4e5c-9bc2-0cee8af4bc41 - - - - -] virt_mkfs = [] log_opt_values /usr/lib/python3/dist-packages/oslo_config/cfg.py:2602
2025-08-28 00:42:09.445 123131 DEBUG oslo_service.service [req-4e8d0aba-01b4-4e5c-9bc2-0cee8af4bc41 - - - - -] volume_usage_poll_interval = 0 log_opt_values /usr/lib/python3/dist-packages/oslo_config/cfg.py:2602
2025-08-28 00:42:09.445 123131 DEBUG oslo_service.service [req-4e8d0aba-01b4-4e5c-9bc2-0cee8af4bc41 - - - - -] watch_log_file = False log_opt_values /usr/lib/python3/dist-packages/oslo_config/cfg.py:2602
2025-08-28 00:42:09.446 123131 DEBUG oslo_service.service [req-4e8d0aba-01b4-4e5c-9bc2-0cee8af4bc41 - - - - -] web = /usr/share/spice-html5 log_opt_values /usr/lib/python3/dist-packages/oslo_config/cfg.py:2602
2025-08-28 00:42:09.446 123898 DEBUG oslo_messaging._drivers.amqpdriver [-] Listener is running poll /usr/lib/python3/dist-packages/oslo_messaging/_drivers/amqpdriver.py:343
2025-08-28 00:42:09.446 123131 DEBUG oslo_service.service [req-4e8d0aba-01b4-4e5c-9bc2-0cee8af4bc41 - - - - -] oslo_concurrency.disable_process_locking = False log_opt_values /usr/lib/python3/dist-packages/oslo_config/cfg.py:2609
2025-08-28 00:42:09.446 123898 DEBUG oslo_messaging._drivers.amqpdriver [-] AMQPListener connection consume poll /usr/lib/python3/dist-packages/oslo_messaging/_drivers/amqpdriver.py:357
2025-08-28 00:42:09.446 123131 DEBUG oslo_service.service [req-4e8d0aba-01b4-4e5c-9bc2-0cee8af4bc41 - - - - -] oslo_concurrency.lock_path = /var/lock/nova log_opt_values /usr/lib/python3/dist-packages/oslo_config/cfg.py:2609
2025-08-28 00:42:09.446 123131 DEBUG oslo_service.service [req-4e8d0aba-01b4-4e5c-9bc2-0cee8af4bc41 - - - - -] oslo_messaging_metrics.metrics_buffer_size = 1000 log_opt_values /usr/lib/python3/dist-packages/oslo_config/cfg.py:2609
2025-08-28 00:42:09.446 123898 DEBUG nova.service [req-b3fe69ec-f247-4ca1-a1a8-5aa3926a1adf - - - - -] Join ServiceGroup membership for this service conductor start /usr/lib/python3/dist-packages/nova/service.py:199
2025-08-28 00:42:09.447 123131 DEBUG oslo_service.service [req-4e8d0aba-01b4-4e5c-9bc2-0cee8af4bc41 - - - - -] oslo_messaging_metrics.metrics_enabled = False log_opt_values /usr/lib/python3/dist-packages/oslo_config/cfg.py:2609
2025-08-28 00:42:09.447 123131 DEBUG oslo_service.service [req-4e8d0aba-01b4-4e5c-9bc2-0cee8af4bc41 - - - - -] oslo_messaging_metrics.metrics_process_name = log_opt_values /usr/lib/python3/dist-packages/oslo_config/cfg.py:2609
2025-08-28 00:42:09.447 123898 DEBUG nova.servicegroup.drivers.db [req-b3fe69ec-f247-4ca1-a1a8-5aa3926a1adf - - - - -] DB_Driver: join new ServiceGroup member juju-285427-0-lxd-7 to the conductor group, service = join /usr/lib/python3/dist-packages/nova/servicegroup/drivers/db.py:44
2025-08-28 00:42:09.447 123131 DEBUG oslo_service.service [req-4e8d0aba-01b4-4e5c-9bc2-0cee8af4bc41 - - - - -] oslo_messaging_metrics.metrics_socket_file = /var/tmp/metrics_collector.sock log_opt_values /usr/lib/python3/dist-packages/oslo_config/cfg.py:2609
2025-08-28 00:42:09.447 123131 DEBUG oslo_service.service [req-4e8d0aba-01b4-4e5c-9bc2-0cee8af4bc41 - - - - -] oslo_messaging_metrics.metrics_thread_stop_timeout = 10 log_opt_values /usr/lib/python3/dist-packages/oslo_config/cfg.py:2609
2025-08-28 00:42:09.448 123131 WARNING oslo_config.cfg [req-4e8d0aba-01b4-4e5c-9bc2-0cee8af4bc41 - - - - -] Deprecated: Option "auth_strategy" from group "api" is deprecated for removal ( The only non-default choice, ``noauth2``, is for internal development and testing purposes only and should not be used in deployments. This option and its middleware, NoAuthMiddleware[V2_18], will be removed in a future release. ). Its value may be silently ignored in the future.
2025-08-28 00:42:09.448 123898 DEBUG oslo_messaging._drivers.amqpdriver [-] received message msg_id: 41ae24b470f041c3ab164b630f9c368e reply to reply_07f6c8136a2b4157aab503968eb438ff __call__ /usr/lib/python3/dist-packages/oslo_messaging/_drivers/amqpdriver.py:320
2025-08-28 00:42:09.448 123131 DEBUG oslo_service.service [req-4e8d0aba-01b4-4e5c-9bc2-0cee8af4bc41 - - - - -] api.auth_strategy = keystone log_opt_values /usr/lib/python3/dist-packages/oslo_config/cfg.py:2609
2025-08-28 00:42:09.448 123131 DEBUG oslo_service.service [req-4e8d0aba-01b4-4e5c-9bc2-0cee8af4bc41 - - - - -] api.compute_link_prefix = None log_opt_values /usr/lib/python3/dist-packages/oslo_config/cfg.py:2609
2025-08-28 00:42:09.448 123131 DEBUG oslo_service.service [req-4e8d0aba-01b4-4e5c-9bc2-0cee8af4bc41 - - - - -] api.config_drive_skip_versions = 1.0 2007-01-19 2007-03-01 2007-08-29 2007-10-10 2007-12-15 2008-02-01 2008-09-01 log_opt_values /usr/lib/python3/dist-packages/oslo_config/cfg.py:2609
2025-08-28 00:42:09.449 123131 DEBUG oslo_service.service [req-4e8d0aba-01b4-4e5c-9bc2-0cee8af4bc41 - - - - -] api.dhcp_domain = novalocal log_opt_values /usr/lib/python3/dist-packages/oslo_config/cfg.py:2609
2025-08-28 00:42:09.449 123131 DEBUG oslo_service.service [req-4e8d0aba-01b4-4e5c-9bc2-0cee8af4bc41 - - - - -] api.enable_instance_password = True log_opt_values /usr/lib/python3/dist-packages/oslo_config/cfg.py:2609
2025-08-28 00:42:09.449 123131 DEBUG oslo_service.service [req-4e8d0aba-01b4-4e5c-9bc2-0cee8af4bc41 - - - - -] api.glance_link_prefix = None log_opt_values /usr/lib/python3/dist-packages/oslo_config/cfg.py:2609
2025-08-28 00:42:09.449 123131 DEBUG oslo_service.service [req-4e8d0aba-01b4-4e5c-9bc2-0cee8af4bc41 - - - - -] api.instance_list_cells_batch_fixed_size = 100 log_opt_values /usr/lib/python3/dist-packages/oslo_config/cfg.py:2609
2025-08-28 00:42:09.450 123131 DEBUG oslo_service.service [req-4e8d0aba-01b4-4e5c-9bc2-0cee8af4bc41 - - - - -] api.instance_list_cells_batch_strategy = distributed log_opt_values /usr/lib/python3/dist-packages/oslo_config/cfg.py:2609
2025-08-28 00:42:09.450 123131 DEBUG oslo_service.service [req-4e8d0aba-01b4-4e5c-9bc2-0cee8af4bc41 - - - - -] api.instance_list_per_project_cells = False log_opt_values /usr/lib/python3/dist-packages/oslo_config/cfg.py:2609
2025-08-28 00:42:09.450 123898 DEBUG oslo_messaging._drivers.amqpdriver [-] AMQPListener connection timeout poll /usr/lib/python3/dist-packages/oslo_messaging/_drivers/amqpdriver.py:360
2025-08-28 00:42:09.450 123131 DEBUG oslo_service.service [req-4e8d0aba-01b4-4e5c-9bc2-0cee8af4bc41 - - - - -] api.list_records_by_skipping_down_cells = True log_opt_values /usr/lib/python3/dist-packages/oslo_config/cfg.py:2609
2025-08-28 00:42:09.450 123898 DEBUG oslo_messaging._drivers.amqpdriver [-] Listener is running poll /usr/lib/python3/dist-packages/oslo_messaging/_drivers/amqpdriver.py:343
2025-08-28 00:42:09.450 123131 DEBUG oslo_service.service [req-4e8d0aba-01b4-4e5c-9bc2-0cee8af4bc41 - - - - -] api.local_metadata_per_cell = False log_opt_values /usr/lib/python3/dist-packages/oslo_config/cfg.py:2609
2025-08-28 00:42:09.451 123899 DEBUG oslo_messaging._drivers.amqpdriver [-] Listener is running poll /usr/lib/python3/dist-packages/oslo_messaging/_drivers/amqpdriver.py:343
2025-08-28 00:42:09.452 123898 DEBUG oslo_messaging._drivers.amqpdriver [-] Poll the incoming message with unique_id: 01621c1d63a04d32ad36cb74c0a59001 poll /usr/lib/python3/dist-packages/oslo_messaging/_drivers/amqpdriver.py:346
2025-08-28 00:42:09.452 123131 DEBUG oslo_service.service [req-4e8d0aba-01b4-4e5c-9bc2-0cee8af4bc41 - - - - -] api.max_limit = 1000 log_opt_values /usr/lib/python3/dist-packages/oslo_config/cfg.py:2609
2025-08-28 00:42:09.452 123899 DEBUG oslo_messaging._drivers.amqpdriver [-] AMQPListener connection consume poll /usr/lib/python3/dist-packages/oslo_messaging/_drivers/amqpdriver.py:357
2025-08-28 00:42:09.452 123131 DEBUG oslo_service.service [req-4e8d0aba-01b4-4e5c-9bc2-0cee8af4bc41 - - - - -] api.metadata_cache_expiration = 15 log_opt_values /usr/lib/python3/dist-packages/oslo_config/cfg.py:2609
2025-08-28 00:42:09.452 123898 DEBUG oslo_messaging._drivers.amqpdriver [-] Listener is running poll /usr/lib/python3/dist-packages/oslo_messaging/_drivers/amqpdriver.py:343
2025-08-28 00:42:09.452 123898 DEBUG oslo_messaging._drivers.amqpdriver [-] AMQPListener connection consume poll /usr/lib/python3/dist-packages/oslo_messaging/_drivers/amqpdriver.py:357
2025-08-28 00:42:09.452 123131 DEBUG oslo_service.service [req-4e8d0aba-01b4-4e5c-9bc2-0cee8af4bc41 - - - - -] api.neutron_default_tenant_id = default log_opt_values /usr/lib/python3/dist-packages/oslo_config/cfg.py:2609
2025-08-28 00:42:09.452 123900 DEBUG oslo_messaging._drivers.amqpdriver [-] Listener is running poll /usr/lib/python3/dist-packages/oslo_messaging/_drivers/amqpdriver.py:343
2025-08-28 00:42:09.452 123900 DEBUG oslo_messaging._drivers.amqpdriver [-] AMQPListener connection consume poll /usr/lib/python3/dist-packages/oslo_messaging/_drivers/amqpdriver.py:357
2025-08-28 00:42:09.452 123899 DEBUG nova.service [req-0e3f45dc-d3b5-4496-88cc-ef92939cb165 - - - - -] Join ServiceGroup membership for this service conductor start /usr/lib/python3/dist-packages/nova/service.py:199
2025-08-28 00:42:09.452 123131 DEBUG oslo_service.service [req-4e8d0aba-01b4-4e5c-9bc2-0cee8af4bc41 - - - - -] api.use_forwarded_for = False log_opt_values /usr/lib/python3/dist-packages/oslo_config/cfg.py:2609
2025-08-28 00:42:09.453 123899 DEBUG nova.servicegroup.drivers.db [req-0e3f45dc-d3b5-4496-88cc-ef92939cb165 - - - - -] DB_Driver: join new ServiceGroup member juju-285427-0-lxd-7 to the conductor group, service = join /usr/lib/python3/dist-packages/nova/servicegroup/drivers/db.py:44
2025-08-28 00:42:09.453 123131 DEBUG oslo_service.service [req-4e8d0aba-01b4-4e5c-9bc2-0cee8af4bc41 - - - - -] api.use_neutron_default_nets = False log_opt_values /usr/lib/python3/dist-packages/oslo_config/cfg.py:2609
2025-08-28 00:42:09.453 123131 DEBUG oslo_service.service [req-4e8d0aba-01b4-4e5c-9bc2-0cee8af4bc41 - - - - -] api.vendordata_dynamic_connect_timeout = 5 log_opt_values /usr/lib/python3/dist-packages/oslo_config/cfg.py:2609
2025-08-28 00:42:09.453 123900 DEBUG nova.service [req-5df26051-3dc3-4d86-b5b5-f1faf80f063c - - - - -] Join ServiceGroup membership for this service conductor start /usr/lib/python3/dist-packages/nova/service.py:199
2025-08-28 00:42:09.453 123131 DEBUG oslo_service.service [req-4e8d0aba-01b4-4e5c-9bc2-0cee8af4bc41 - - - - -] api.vendordata_dynamic_failure_fatal = False log_opt_values /usr/lib/python3/dist-packages/oslo_config/cfg.py:2609
2025-08-28 00:42:09.453 123900 DEBUG nova.servicegroup.drivers.db [req-5df26051-3dc3-4d86-b5b5-f1faf80f063c - - - - -] DB_Driver: join new ServiceGroup member juju-285427-0-lxd-7 to the conductor group, service = join /usr/lib/python3/dist-packages/nova/servicegroup/drivers/db.py:44
2025-08-28 00:42:09.454 123131 DEBUG oslo_service.service [req-4e8d0aba-01b4-4e5c-9bc2-0cee8af4bc41 - - - - -] api.vendordata_dynamic_read_timeout = 5 log_opt_values /usr/lib/python3/dist-packages/oslo_config/cfg.py:2609
2025-08-28 00:42:09.454 123131 DEBUG oslo_service.service [req-4e8d0aba-01b4-4e5c-9bc2-0cee8af4bc41 - - - - -] api.vendordata_dynamic_ssl_certfile = log_opt_values /usr/lib/python3/dist-packages/oslo_config/cfg.py:2609
2025-08-28 00:42:09.454 123901 DEBUG oslo_messaging._drivers.amqpdriver [-] Listener is running poll /usr/lib/python3/dist-packages/oslo_messaging/_drivers/amqpdriver.py:343
2025-08-28 00:42:09.455 123131 DEBUG oslo_service.service [req-4e8d0aba-01b4-4e5c-9bc2-0cee8af4bc41 - - - - -] api.vendordata_dynamic_targets = [] log_opt_values /usr/lib/python3/dist-packages/oslo_config/cfg.py:2609
2025-08-28 00:42:09.455 123901 DEBUG oslo_messaging._drivers.amqpdriver [-] AMQPListener connection consume poll /usr/lib/python3/dist-packages/oslo_messaging/_drivers/amqpdriver.py:357
2025-08-28 00:42:09.455 123131 DEBUG oslo_service.service [req-4e8d0aba-01b4-4e5c-9bc2-0cee8af4bc41 - - - - -] api.vendordata_jsonfile_path = None log_opt_values /usr/lib/python3/dist-packages/oslo_config/cfg.py:2609
2025-08-28 00:42:09.455 123131 DEBUG oslo_service.service [req-4e8d0aba-01b4-4e5c-9bc2-0cee8af4bc41 - - - - -] api.vendordata_providers = ['StaticJSON'] log_opt_values /usr/lib/python3/dist-packages/oslo_config/cfg.py:2609
2025-08-28 00:42:09.455 123899 DEBUG oslo_messaging._drivers.amqpdriver [-] AMQPListener connection timeout poll /usr/lib/python3/dist-packages/oslo_messaging/_drivers/amqpdriver.py:360
2025-08-28 00:42:09.455 123131 DEBUG oslo_service.service [req-4e8d0aba-01b4-4e5c-9bc2-0cee8af4bc41 - - - - -] cache.backend = dogpile.cache.null log_opt_values /usr/lib/python3/dist-packages/oslo_config/cfg.py:2609
2025-08-28 00:42:09.456 123899 DEBUG oslo_messaging._drivers.amqpdriver [-] Listener is running poll /usr/lib/python3/dist-packages/oslo_messaging/_drivers/amqpdriver.py:343
2025-08-28 00:42:09.456 123899 DEBUG oslo_messaging._drivers.amqpdriver [-] AMQPListener connection consume poll /usr/lib/python3/dist-packages/oslo_messaging/_drivers/amqpdriver.py:357
2025-08-28 00:42:09.456 123131 DEBUG oslo_service.service [req-4e8d0aba-01b4-4e5c-9bc2-0cee8af4bc41 - - - - -] cache.backend_argument = **** log_opt_values /usr/lib/python3/dist-packages/oslo_config/cfg.py:2609
2025-08-28 00:42:09.456 123901 DEBUG nova.service [req-f6f57b21-0ae7-4690-9bf9-c9f1d98c97e3 - - - - -] Join ServiceGroup membership for this service conductor start /usr/lib/python3/dist-packages/nova/service.py:199
2025-08-28 00:42:09.456 123131 DEBUG oslo_service.service [req-4e8d0aba-01b4-4e5c-9bc2-0cee8af4bc41 - - - - -] cache.config_prefix = cache.oslo log_opt_values /usr/lib/python3/dist-packages/oslo_config/cfg.py:2609
2025-08-28 00:42:09.456 123900 DEBUG oslo_messaging._drivers.amqpdriver [-] AMQPListener connection timeout poll /usr/lib/python3/dist-packages/oslo_messaging/_drivers/amqpdriver.py:360
2025-08-28 00:42:09.456 123131 DEBUG oslo_service.service [req-4e8d0aba-01b4-4e5c-9bc2-0cee8af4bc41 - - - - -] cache.debug_cache_backend = False log_opt_values /usr/lib/python3/dist-packages/oslo_config/cfg.py:2609
2025-08-28 00:42:09.456 123900 DEBUG oslo_messaging._drivers.amqpdriver [-] Listener is running poll /usr/lib/python3/dist-packages/oslo_messaging/_drivers/amqpdriver.py:343
2025-08-28 00:42:09.456 123900 DEBUG oslo_messaging._drivers.amqpdriver [-] AMQPListener connection consume poll /usr/lib/python3/dist-packages/oslo_messaging/_drivers/amqpdriver.py:357
2025-08-28 00:42:09.456 123901 DEBUG nova.servicegroup.drivers.db [req-f6f57b21-0ae7-4690-9bf9-c9f1d98c97e3 - - - - -] DB_Driver: join new ServiceGroup member juju-285427-0-lxd-7 to the conductor group, service = join /usr/lib/python3/dist-packages/nova/servicegroup/drivers/db.py:44
2025-08-28 00:42:09.456 123131 DEBUG oslo_service.service [req-4e8d0aba-01b4-4e5c-9bc2-0cee8af4bc41 - - - - -] cache.enabled = False log_opt_values /usr/lib/python3/dist-packages/oslo_config/cfg.py:2609
2025-08-28 00:42:09.457 123131 DEBUG oslo_service.service [req-4e8d0aba-01b4-4e5c-9bc2-0cee8af4bc41 - - - - -] cache.expiration_time = 600 log_opt_values /usr/lib/python3/dist-packages/oslo_config/cfg.py:2609
2025-08-28 00:42:09.457 123131 DEBUG oslo_service.service [req-4e8d0aba-01b4-4e5c-9bc2-0cee8af4bc41 - - - - -] cache.memcache_dead_retry = 300 log_opt_values /usr/lib/python3/dist-packages/oslo_config/cfg.py:2609
2025-08-28 00:42:09.457 123131 DEBUG oslo_service.service [req-4e8d0aba-01b4-4e5c-9bc2-0cee8af4bc41 - - - - -] cache.memcache_pool_connection_get_timeout = 10 log_opt_values /usr/lib/python3/dist-packages/oslo_config/cfg.py:2609
2025-08-28 00:42:09.457 123131 DEBUG oslo_service.service [req-4e8d0aba-01b4-4e5c-9bc2-0cee8af4bc41 - - - - -] cache.memcache_pool_flush_on_reconnect = False log_opt_values /usr/lib/python3/dist-packages/oslo_config/cfg.py:2609
2025-08-28 00:42:09.458 123131 DEBUG oslo_service.service [req-4e8d0aba-01b4-4e5c-9bc2-0cee8af4bc41 - - - - -] cache.memcache_pool_maxsize = 10 log_opt_values /usr/lib/python3/dist-packages/oslo_config/cfg.py:2609
2025-08-28 00:42:09.458 123901 DEBUG oslo_messaging._drivers.amqpdriver [-] AMQPListener connection timeout poll /usr/lib/python3/dist-packages/oslo_messaging/_drivers/amqpdriver.py:360
2025-08-28 00:42:09.458 123131 DEBUG oslo_service.service [req-4e8d0aba-01b4-4e5c-9bc2-0cee8af4bc41 - - - - -] cache.memcache_pool_unused_timeout = 60 log_opt_values /usr/lib/python3/dist-packages/oslo_config/cfg.py:2609
2025-08-28 00:42:09.458 123901 DEBUG oslo_messaging._drivers.amqpdriver [-] Listener is running poll /usr/lib/python3/dist-packages/oslo_messaging/_drivers/amqpdriver.py:343
2025-08-28 00:42:09.459 123901 DEBUG oslo_messaging._drivers.amqpdriver [-] AMQPListener connection consume poll /usr/lib/python3/dist-packages/oslo_messaging/_drivers/amqpdriver.py:357
2025-08-28 00:42:09.458 123131 DEBUG oslo_service.service [req-4e8d0aba-01b4-4e5c-9bc2-0cee8af4bc41 - - - - -] cache.memcache_servers = ['localhost:11211'] log_opt_values /usr/lib/python3/dist-packages/oslo_config/cfg.py:2609
2025-08-28 00:42:09.459 123131 DEBUG oslo_service.service [req-4e8d0aba-01b4-4e5c-9bc2-0cee8af4bc41 - - - - -] cache.memcache_socket_timeout = 1.0 log_opt_values /usr/lib/python3/dist-packages/oslo_config/cfg.py:2609
2025-08-28 00:42:09.459 123131 DEBUG oslo_service.service [req-4e8d0aba-01b4-4e5c-9bc2-0cee8af4bc41 - - - - -] cache.proxies = [] log_opt_values /usr/lib/python3/dist-packages/oslo_config/cfg.py:2609
2025-08-28 00:42:09.459 123131 DEBUG oslo_service.service [req-4e8d0aba-01b4-4e5c-9bc2-0cee8af4bc41 - - - - -] cache.tls_allowed_ciphers = None log_opt_values /usr/lib/python3/dist-packages/oslo_config/cfg.py:2609
2025-08-28 00:42:09.459 123131 DEBUG oslo_service.service [req-4e8d0aba-01b4-4e5c-9bc2-0cee8af4bc41 - - - - -] cache.tls_cafile = None log_opt_values /usr/lib/python3/dist-packages/oslo_config/cfg.py:2609
2025-08-28 00:42:09.459 123131 DEBUG oslo_service.service [req-4e8d0aba-01b4-4e5c-9bc2-0cee8af4bc41 - - - - -] cache.tls_certfile = None log_opt_values /usr/lib/python3/dist-packages/oslo_config/cfg.py:2609
2025-08-28 00:42:09.460 123131 DEBUG oslo_service.service [req-4e8d0aba-01b4-4e5c-9bc2-0cee8af4bc41 - - - - -] cache.tls_enabled = False log_opt_values /usr/lib/python3/dist-packages/oslo_config/cfg.py:2609
2025-08-28 00:42:09.460 123131 DEBUG oslo_service.service [req-4e8d0aba-01b4-4e5c-9bc2-0cee8af4bc41 - - - - -] cache.tls_keyfile = None log_opt_values /usr/lib/python3/dist-packages/oslo_config/cfg.py:2609
2025-08-28 00:42:09.460 123131 DEBUG oslo_service.service [req-4e8d0aba-01b4-4e5c-9bc2-0cee8af4bc41 - - - - -] cinder.auth_section = None log_opt_values /usr/lib/python3/dist-packages/oslo_config/cfg.py:2609
2025-08-28 00:42:09.461 123131 DEBUG oslo_service.service [req-4e8d0aba-01b4-4e5c-9bc2-0cee8af4bc41 - - - - -] cinder.auth_type = None log_opt_values /usr/lib/python3/dist-packages/oslo_config/cfg.py:2609
2025-08-28 00:42:09.461 123131 DEBUG oslo_service.service [req-4e8d0aba-01b4-4e5c-9bc2-0cee8af4bc41 - - - - -] cinder.cafile = None log_opt_values /usr/lib/python3/dist-packages/oslo_config/cfg.py:2609
2025-08-28 00:42:09.462 123131 DEBUG oslo_service.service [req-4e8d0aba-01b4-4e5c-9bc2-0cee8af4bc41 - - - - -] cinder.catalog_info = volumev3::publicURL log_opt_values /usr/lib/python3/dist-packages/oslo_config/cfg.py:2609
2025-08-28 00:42:09.462 123131 DEBUG oslo_service.service [req-4e8d0aba-01b4-4e5c-9bc2-0cee8af4bc41 - - - - -] cinder.certfile = None log_opt_values /usr/lib/python3/dist-packages/oslo_config/cfg.py:2609
2025-08-28 00:42:09.462 123131 DEBUG oslo_service.service [req-4e8d0aba-01b4-4e5c-9bc2-0cee8af4bc41 - - - - -] cinder.collect_timing = False log_opt_values /usr/lib/python3/dist-packages/oslo_config/cfg.py:2609
2025-08-28 00:42:09.462 123131 DEBUG oslo_service.service [req-4e8d0aba-01b4-4e5c-9bc2-0cee8af4bc41 - - - - -] cinder.cross_az_attach = True log_opt_values /usr/lib/python3/dist-packages/oslo_config/cfg.py:2609
2025-08-28 00:42:09.463 123131 DEBUG oslo_service.service [req-4e8d0aba-01b4-4e5c-9bc2-0cee8af4bc41 - - - - -] cinder.debug = False log_opt_values /usr/lib/python3/dist-packages/oslo_config/cfg.py:2609
2025-08-28 00:42:09.463 123131 DEBUG oslo_service.service [req-4e8d0aba-01b4-4e5c-9bc2-0cee8af4bc41 - - - - -] cinder.endpoint_template = None log_opt_values /usr/lib/python3/dist-packages/oslo_config/cfg.py:2609
2025-08-28 00:42:09.464 123131 DEBUG oslo_service.service [req-4e8d0aba-01b4-4e5c-9bc2-0cee8af4bc41 - - - - -] cinder.http_retries = 3 log_opt_values /usr/lib/python3/dist-packages/oslo_config/cfg.py:2609
2025-08-28 00:42:09.464 123131 DEBUG oslo_service.service [req-4e8d0aba-01b4-4e5c-9bc2-0cee8af4bc41 - - - - -] cinder.insecure = False log_opt_values /usr/lib/python3/dist-packages/oslo_config/cfg.py:2609
2025-08-28 00:42:09.464 123131 DEBUG oslo_service.service [req-4e8d0aba-01b4-4e5c-9bc2-0cee8af4bc41 - - - - -] cinder.keyfile = None log_opt_values /usr/lib/python3/dist-packages/oslo_config/cfg.py:2609
2025-08-28 00:42:09.464 123131 DEBUG oslo_service.service [req-4e8d0aba-01b4-4e5c-9bc2-0cee8af4bc41 - - - - -] cinder.os_region_name = None log_opt_values /usr/lib/python3/dist-packages/oslo_config/cfg.py:2609
2025-08-28 00:42:09.464 123131 DEBUG oslo_service.service [req-4e8d0aba-01b4-4e5c-9bc2-0cee8af4bc41 - - - - -] cinder.split_loggers = False log_opt_values /usr/lib/python3/dist-packages/oslo_config/cfg.py:2609
2025-08-28 00:42:09.465 123131 DEBUG oslo_service.service [req-4e8d0aba-01b4-4e5c-9bc2-0cee8af4bc41 - - - - -] cinder.timeout = None log_opt_values /usr/lib/python3/dist-packages/oslo_config/cfg.py:2609
2025-08-28 00:42:09.465 123131 DEBUG oslo_service.service [req-4e8d0aba-01b4-4e5c-9bc2-0cee8af4bc41 - - - - -] compute.consecutive_build_service_disable_threshold = 10 log_opt_values /usr/lib/python3/dist-packages/oslo_config/cfg.py:2609
2025-08-28 00:42:09.465 123131 DEBUG oslo_service.service [req-4e8d0aba-01b4-4e5c-9bc2-0cee8af4bc41 - - - - -] compute.cpu_dedicated_set = None log_opt_values /usr/lib/python3/dist-packages/oslo_config/cfg.py:2609
2025-08-28 00:42:09.465 123131 DEBUG oslo_service.service [req-4e8d0aba-01b4-4e5c-9bc2-0cee8af4bc41 - - - - -] compute.cpu_shared_set = None log_opt_values /usr/lib/python3/dist-packages/oslo_config/cfg.py:2609
2025-08-28 00:42:09.466 123131 DEBUG oslo_service.service [req-4e8d0aba-01b4-4e5c-9bc2-0cee8af4bc41 - - - - -] compute.image_type_exclude_list = [] log_opt_values /usr/lib/python3/dist-packages/oslo_config/cfg.py:2609
2025-08-28 00:42:09.466 123131 DEBUG oslo_service.service [req-4e8d0aba-01b4-4e5c-9bc2-0cee8af4bc41 - - - - -] compute.live_migration_wait_for_vif_plug = True log_opt_values /usr/lib/python3/dist-packages/oslo_config/cfg.py:2609
2025-08-28 00:42:09.466 123131 DEBUG oslo_service.service [req-4e8d0aba-01b4-4e5c-9bc2-0cee8af4bc41 - - - - -] compute.max_concurrent_disk_ops = 0 log_opt_values /usr/lib/python3/dist-packages/oslo_config/cfg.py:2609
2025-08-28 00:42:09.467 123131 DEBUG oslo_service.service [req-4e8d0aba-01b4-4e5c-9bc2-0cee8af4bc41 - - - - -] compute.max_disk_devices_to_attach = -1 log_opt_values /usr/lib/python3/dist-packages/oslo_config/cfg.py:2609
2025-08-28 00:42:09.467 123131 DEBUG oslo_service.service [req-4e8d0aba-01b4-4e5c-9bc2-0cee8af4bc41 - - - - -] compute.packing_host_numa_cells_allocation_strategy = True log_opt_values /usr/lib/python3/dist-packages/oslo_config/cfg.py:2609
2025-08-28 00:42:09.467 123131 DEBUG oslo_service.service [req-4e8d0aba-01b4-4e5c-9bc2-0cee8af4bc41 - - - - -] compute.provider_config_location = /etc/nova/provider_config/ log_opt_values /usr/lib/python3/dist-packages/oslo_config/cfg.py:2609
2025-08-28 00:42:09.467 123131 DEBUG oslo_service.service [req-4e8d0aba-01b4-4e5c-9bc2-0cee8af4bc41 - - - - -] compute.resource_provider_association_refresh = 300 log_opt_values /usr/lib/python3/dist-packages/oslo_config/cfg.py:2609
2025-08-28 00:42:09.467 123131 DEBUG oslo_service.service [req-4e8d0aba-01b4-4e5c-9bc2-0cee8af4bc41 - - - - -] compute.shutdown_retry_interval = 10 log_opt_values /usr/lib/python3/dist-packages/oslo_config/cfg.py:2609
2025-08-28 00:42:09.467 123131 DEBUG oslo_service.service [req-4e8d0aba-01b4-4e5c-9bc2-0cee8af4bc41 - - - - -] compute.vmdk_allowed_types = ['streamOptimized', 'monolithicSparse'] log_opt_values /usr/lib/python3/dist-packages/oslo_config/cfg.py:2609
2025-08-28 00:42:09.468 123131 DEBUG oslo_service.service [req-4e8d0aba-01b4-4e5c-9bc2-0cee8af4bc41 - - - - -] conductor.workers = 4 log_opt_values /usr/lib/python3/dist-packages/oslo_config/cfg.py:2609
2025-08-28 00:42:09.469 123131 DEBUG oslo_service.service [req-4e8d0aba-01b4-4e5c-9bc2-0cee8af4bc41 - - - - -] console.allowed_origins = [] log_opt_values /usr/lib/python3/dist-packages/oslo_config/cfg.py:2609
2025-08-28 00:42:09.469 123131 DEBUG oslo_service.service [req-4e8d0aba-01b4-4e5c-9bc2-0cee8af4bc41 - - - - -] console.ssl_ciphers = None log_opt_values /usr/lib/python3/dist-packages/oslo_config/cfg.py:2609
2025-08-28 00:42:09.469 123131 DEBUG oslo_service.service [req-4e8d0aba-01b4-4e5c-9bc2-0cee8af4bc41 - - - - -] console.ssl_minimum_version = default log_opt_values /usr/lib/python3/dist-packages/oslo_config/cfg.py:2609
2025-08-28 00:42:09.469 123131 DEBUG oslo_service.service [req-4e8d0aba-01b4-4e5c-9bc2-0cee8af4bc41 - - - - -] consoleauth.token_ttl = 600 log_opt_values /usr/lib/python3/dist-packages/oslo_config/cfg.py:2609
2025-08-28 00:42:09.469 123131 DEBUG oslo_service.service [req-4e8d0aba-01b4-4e5c-9bc2-0cee8af4bc41 - - - - -] cyborg.cafile = None log_opt_values /usr/lib/python3/dist-packages/oslo_config/cfg.py:2609
2025-08-28 00:42:09.470 123131 DEBUG oslo_service.service [req-4e8d0aba-01b4-4e5c-9bc2-0cee8af4bc41 - - - - -] cyborg.certfile = None log_opt_values /usr/lib/python3/dist-packages/oslo_config/cfg.py:2609
2025-08-28 00:42:09.470 123131 DEBUG oslo_service.service [req-4e8d0aba-01b4-4e5c-9bc2-0cee8af4bc41 - - - - -] cyborg.collect_timing = False log_opt_values /usr/lib/python3/dist-packages/oslo_config/cfg.py:2609
2025-08-28 00:42:09.470 123131 DEBUG oslo_service.service [req-4e8d0aba-01b4-4e5c-9bc2-0cee8af4bc41 - - - - -] cyborg.connect_retries = None log_opt_values /usr/lib/python3/dist-packages/oslo_config/cfg.py:2609
2025-08-28 00:42:09.470 123131 DEBUG oslo_service.service [req-4e8d0aba-01b4-4e5c-9bc2-0cee8af4bc41 - - - - -] cyborg.connect_retry_delay = None log_opt_values /usr/lib/python3/dist-packages/oslo_config/cfg.py:2609
2025-08-28 00:42:09.471 123131 DEBUG oslo_service.service [req-4e8d0aba-01b4-4e5c-9bc2-0cee8af4bc41 - - - - -] cyborg.endpoint_override = None log_opt_values /usr/lib/python3/dist-packages/oslo_config/cfg.py:2609
2025-08-28 00:42:09.471 123131 DEBUG oslo_service.service [req-4e8d0aba-01b4-4e5c-9bc2-0cee8af4bc41 - - - - -] cyborg.insecure = False log_opt_values /usr/lib/python3/dist-packages/oslo_config/cfg.py:2609
2025-08-28 00:42:09.471 123131 DEBUG oslo_service.service [req-4e8d0aba-01b4-4e5c-9bc2-0cee8af4bc41 - - - - -] cyborg.keyfile = None log_opt_values /usr/lib/python3/dist-packages/oslo_config/cfg.py:2609
2025-08-28 00:42:09.471 123131 DEBUG oslo_service.service [req-4e8d0aba-01b4-4e5c-9bc2-0cee8af4bc41 - - - - -] cyborg.max_version = None log_opt_values /usr/lib/python3/dist-packages/oslo_config/cfg.py:2609
2025-08-28 00:42:09.472 123131 DEBUG oslo_service.service [req-4e8d0aba-01b4-4e5c-9bc2-0cee8af4bc41 - - - - -] cyborg.min_version = None log_opt_values /usr/lib/python3/dist-packages/oslo_config/cfg.py:2609
2025-08-28 00:42:09.472 123131 DEBUG oslo_service.service [req-4e8d0aba-01b4-4e5c-9bc2-0cee8af4bc41 - - - - -] cyborg.region_name = None log_opt_values /usr/lib/python3/dist-packages/oslo_config/cfg.py:2609
2025-08-28 00:42:09.472 123131 DEBUG oslo_service.service [req-4e8d0aba-01b4-4e5c-9bc2-0cee8af4bc41 - - - - -] cyborg.service_name = None log_opt_values /usr/lib/python3/dist-packages/oslo_config/cfg.py:2609
2025-08-28 00:42:09.472 123131 DEBUG oslo_service.service [req-4e8d0aba-01b4-4e5c-9bc2-0cee8af4bc41 - - - - -] cyborg.service_type = accelerator log_opt_values /usr/lib/python3/dist-packages/oslo_config/cfg.py:2609
2025-08-28 00:42:09.473 123131 DEBUG oslo_service.service [req-4e8d0aba-01b4-4e5c-9bc2-0cee8af4bc41 - - - - -] cyborg.split_loggers = False log_opt_values /usr/lib/python3/dist-packages/oslo_config/cfg.py:2609
2025-08-28 00:42:09.473 123131 DEBUG oslo_service.service [req-4e8d0aba-01b4-4e5c-9bc2-0cee8af4bc41 - - - - -] cyborg.status_code_retries = None log_opt_values /usr/lib/python3/dist-packages/oslo_config/cfg.py:2609
2025-08-28 00:42:09.473 123131 DEBUG oslo_service.service [req-4e8d0aba-01b4-4e5c-9bc2-0cee8af4bc41 - - - - -] cyborg.status_code_retry_delay = None log_opt_values /usr/lib/python3/dist-packages/oslo_config/cfg.py:2609
2025-08-28 00:42:09.473 123131 DEBUG oslo_service.service [req-4e8d0aba-01b4-4e5c-9bc2-0cee8af4bc41 - - - - -] cyborg.timeout = None log_opt_values /usr/lib/python3/dist-packages/oslo_config/cfg.py:2609
2025-08-28 00:42:09.474 123131 DEBUG oslo_service.service [req-4e8d0aba-01b4-4e5c-9bc2-0cee8af4bc41 - - - - -] cyborg.valid_interfaces = ['internal', 'public'] log_opt_values /usr/lib/python3/dist-packages/oslo_config/cfg.py:2609
2025-08-28 00:42:09.474 123131 DEBUG oslo_service.service [req-4e8d0aba-01b4-4e5c-9bc2-0cee8af4bc41 - - - - -] cyborg.version = None log_opt_values /usr/lib/python3/dist-packages/oslo_config/cfg.py:2609
2025-08-28 00:42:09.475 123131 DEBUG oslo_service.service [req-4e8d0aba-01b4-4e5c-9bc2-0cee8af4bc41 - - - - -] database.backend = sqlalchemy log_opt_values /usr/lib/python3/dist-packages/oslo_config/cfg.py:2609
2025-08-28 00:42:09.475 123131 DEBUG oslo_service.service [req-4e8d0aba-01b4-4e5c-9bc2-0cee8af4bc41 - - - - -] database.connection = **** log_opt_values /usr/lib/python3/dist-packages/oslo_config/cfg.py:2609
2025-08-28 00:42:09.475 123898 DEBUG oslo_messaging._drivers.amqpdriver [req-34a8f08c-b7e9-44d0-b91e-8b0a866ddce9 - - - - -] sending reply msg_id: 41ae24b470f041c3ab164b630f9c368e reply queue: reply_07f6c8136a2b4157aab503968eb438ff time elapsed: 0.02667031800001496s _send_reply /usr/lib/python3/dist-packages/oslo_messaging/_drivers/amqpdriver.py:118
2025-08-28 00:42:09.476 123131 DEBUG oslo_service.service [req-4e8d0aba-01b4-4e5c-9bc2-0cee8af4bc41 - - - - -] database.connection_debug = 0 log_opt_values /usr/lib/python3/dist-packages/oslo_config/cfg.py:2609
2025-08-28 00:42:09.476 123131 DEBUG oslo_service.service [req-4e8d0aba-01b4-4e5c-9bc2-0cee8af4bc41 - - - - -] database.connection_parameters = log_opt_values /usr/lib/python3/dist-packages/oslo_config/cfg.py:2609
2025-08-28 00:42:09.476 123131 DEBUG oslo_service.service [req-4e8d0aba-01b4-4e5c-9bc2-0cee8af4bc41 - - - - -] database.connection_recycle_time = 3600 log_opt_values /usr/lib/python3/dist-packages/oslo_config/cfg.py:2609
2025-08-28 00:42:09.476 123131 DEBUG oslo_service.service [req-4e8d0aba-01b4-4e5c-9bc2-0cee8af4bc41 - - - - -] database.connection_trace = False log_opt_values /usr/lib/python3/dist-packages/oslo_config/cfg.py:2609
2025-08-28 00:42:09.477 123131 DEBUG oslo_service.service [req-4e8d0aba-01b4-4e5c-9bc2-0cee8af4bc41 - - - - -] database.db_inc_retry_interval = True log_opt_values /usr/lib/python3/dist-packages/oslo_config/cfg.py:2609
2025-08-28 00:42:09.477 123131 DEBUG oslo_service.service [req-4e8d0aba-01b4-4e5c-9bc2-0cee8af4bc41 - - - - -] database.db_max_retries = 20 log_opt_values /usr/lib/python3/dist-packages/oslo_config/cfg.py:2609
2025-08-28 00:42:09.477 123131 DEBUG oslo_service.service [req-4e8d0aba-01b4-4e5c-9bc2-0cee8af4bc41 - - - - -] database.db_max_retry_interval = 10 log_opt_values /usr/lib/python3/dist-packages/oslo_config/cfg.py:2609
2025-08-28 00:42:09.477 123131 DEBUG oslo_service.service [req-4e8d0aba-01b4-4e5c-9bc2-0cee8af4bc41 - - - - -] database.db_retry_interval = 1 log_opt_values /usr/lib/python3/dist-packages/oslo_config/cfg.py:2609
2025-08-28 00:42:09.477 123131 DEBUG oslo_service.service [req-4e8d0aba-01b4-4e5c-9bc2-0cee8af4bc41 - - - - -] database.max_overflow = 50 log_opt_values /usr/lib/python3/dist-packages/oslo_config/cfg.py:2609
2025-08-28 00:42:09.478 123131 DEBUG oslo_service.service [req-4e8d0aba-01b4-4e5c-9bc2-0cee8af4bc41 - - - - -] database.max_pool_size = 4 log_opt_values /usr/lib/python3/dist-packages/oslo_config/cfg.py:2609
2025-08-28 00:42:09.478 123131 DEBUG oslo_service.service [req-4e8d0aba-01b4-4e5c-9bc2-0cee8af4bc41 - - - - -] database.max_retries = 10 log_opt_values /usr/lib/python3/dist-packages/oslo_config/cfg.py:2609
2025-08-28 00:42:09.478 123131 DEBUG oslo_service.service [req-4e8d0aba-01b4-4e5c-9bc2-0cee8af4bc41 - - - - -] database.mysql_enable_ndb = False log_opt_values /usr/lib/python3/dist-packages/oslo_config/cfg.py:2609
2025-08-28 00:42:09.478 123131 DEBUG oslo_service.service [req-4e8d0aba-01b4-4e5c-9bc2-0cee8af4bc41 - - - - -] database.mysql_sql_mode = TRADITIONAL log_opt_values /usr/lib/python3/dist-packages/oslo_config/cfg.py:2609
2025-08-28 00:42:09.478 123131 DEBUG oslo_service.service [req-4e8d0aba-01b4-4e5c-9bc2-0cee8af4bc41 - - - - -] database.pool_timeout = None log_opt_values /usr/lib/python3/dist-packages/oslo_config/cfg.py:2609
2025-08-28 00:42:09.479 123131 DEBUG oslo_service.service [req-4e8d0aba-01b4-4e5c-9bc2-0cee8af4bc41 - - - - -] database.retry_interval = 10 log_opt_values /usr/lib/python3/dist-packages/oslo_config/cfg.py:2609
2025-08-28 00:42:09.479 123131 DEBUG oslo_service.service [req-4e8d0aba-01b4-4e5c-9bc2-0cee8af4bc41 - - - - -] database.slave_connection = **** log_opt_values /usr/lib/python3/dist-packages/oslo_config/cfg.py:2609
2025-08-28 00:42:09.479 123131 DEBUG oslo_service.service [req-4e8d0aba-01b4-4e5c-9bc2-0cee8af4bc41 - - - - -] database.sqlite_synchronous = True log_opt_values /usr/lib/python3/dist-packages/oslo_config/cfg.py:2609
