2025-08-28 00:41:56.330 122042 DEBUG oslo_service.service [req-24e6a2cc-d3be-432c-8570-78740a98cb48 - - - - -] shelved_offload_time = 0 log_opt_values /usr/lib/python3/dist-packages/oslo_config/cfg.py:2602
2025-08-28 00:41:56.331 122042 DEBUG oslo_service.service [req-24e6a2cc-d3be-432c-8570-78740a98cb48 - - - - -] shelved_poll_interval = 3600 log_opt_values /usr/lib/python3/dist-packages/oslo_config/cfg.py:2602
2025-08-28 00:41:56.331 122042 DEBUG oslo_service.service [req-24e6a2cc-d3be-432c-8570-78740a98cb48 - - - - -] shutdown_timeout = 60 log_opt_values /usr/lib/python3/dist-packages/oslo_config/cfg.py:2602
2025-08-28 00:41:56.331 122042 DEBUG oslo_service.service [req-24e6a2cc-d3be-432c-8570-78740a98cb48 - - - - -] source_is_ipv6 = False log_opt_values /usr/lib/python3/dist-packages/oslo_config/cfg.py:2602
2025-08-28 00:41:56.332 122042 DEBUG oslo_service.service [req-24e6a2cc-d3be-432c-8570-78740a98cb48 - - - - -] ssl_only = False log_opt_values /usr/lib/python3/dist-packages/oslo_config/cfg.py:2602
2025-08-28 00:41:56.332 122042 DEBUG oslo_service.service [req-24e6a2cc-d3be-432c-8570-78740a98cb48 - - - - -] state_path = /var/lib/nova log_opt_values /usr/lib/python3/dist-packages/oslo_config/cfg.py:2602
2025-08-28 00:41:56.332 122042 DEBUG oslo_service.service [req-24e6a2cc-d3be-432c-8570-78740a98cb48 - - - - -] sync_power_state_interval = 600 log_opt_values /usr/lib/python3/dist-packages/oslo_config/cfg.py:2602
2025-08-28 00:41:56.332 122042 DEBUG oslo_service.service [req-24e6a2cc-d3be-432c-8570-78740a98cb48 - - - - -] sync_power_state_pool_size = 1000 log_opt_values /usr/lib/python3/dist-packages/oslo_config/cfg.py:2602
2025-08-28 00:41:56.333 122042 DEBUG oslo_service.service [req-24e6a2cc-d3be-432c-8570-78740a98cb48 - - - - -] syslog_log_facility = LOG_USER log_opt_values /usr/lib/python3/dist-packages/oslo_config/cfg.py:2602
2025-08-28 00:41:56.333 122042 DEBUG oslo_service.service [req-24e6a2cc-d3be-432c-8570-78740a98cb48 - - - - -] tempdir = None log_opt_values /usr/lib/python3/dist-packages/oslo_config/cfg.py:2602
2025-08-28 00:41:56.335 122042 DEBUG oslo_service.service [req-24e6a2cc-d3be-432c-8570-78740a98cb48 - - - - -] timeout_nbd = 10 log_opt_values /usr/lib/python3/dist-packages/oslo_config/cfg.py:2602
2025-08-28 00:41:56.335 122898 DEBUG nova.service [req-8ba0c431-aabf-41d1-89df-4258294c3dd7 - - - - -] Creating RPC server for service conductor start /usr/lib/python3/dist-packages/nova/service.py:182
2025-08-28 00:41:56.336 122042 DEBUG oslo_service.service [req-24e6a2cc-d3be-432c-8570-78740a98cb48 - - - - -] transport_url = **** log_opt_values /usr/lib/python3/dist-packages/oslo_config/cfg.py:2602
2025-08-28 00:41:56.336 122042 DEBUG oslo_service.service [req-24e6a2cc-d3be-432c-8570-78740a98cb48 - - - - -] update_resources_interval = 0 log_opt_values /usr/lib/python3/dist-packages/oslo_config/cfg.py:2602
2025-08-28 00:41:56.336 122042 DEBUG oslo_service.service [req-24e6a2cc-d3be-432c-8570-78740a98cb48 - - - - -] use_cow_images = True log_opt_values /usr/lib/python3/dist-packages/oslo_config/cfg.py:2602
2025-08-28 00:41:56.336 122042 DEBUG oslo_service.service [req-24e6a2cc-d3be-432c-8570-78740a98cb48 - - - - -] use_eventlog = False log_opt_values /usr/lib/python3/dist-packages/oslo_config/cfg.py:2602
2025-08-28 00:41:56.337 122042 DEBUG oslo_service.service [req-24e6a2cc-d3be-432c-8570-78740a98cb48 - - - - -] use_journal = False log_opt_values /usr/lib/python3/dist-packages/oslo_config/cfg.py:2602
2025-08-28 00:41:56.337 122042 DEBUG oslo_service.service [req-24e6a2cc-d3be-432c-8570-78740a98cb48 - - - - -] use_json = False log_opt_values /usr/lib/python3/dist-packages/oslo_config/cfg.py:2602
2025-08-28 00:41:56.337 122042 DEBUG oslo_service.service [req-24e6a2cc-d3be-432c-8570-78740a98cb48 - - - - -] use_rootwrap_daemon = False log_opt_values /usr/lib/python3/dist-packages/oslo_config/cfg.py:2602
2025-08-28 00:41:56.338 122042 DEBUG oslo_service.service [req-24e6a2cc-d3be-432c-8570-78740a98cb48 - - - - -] use_stderr = False log_opt_values /usr/lib/python3/dist-packages/oslo_config/cfg.py:2602
2025-08-28 00:41:56.338 122042 DEBUG oslo_service.service [req-24e6a2cc-d3be-432c-8570-78740a98cb48 - - - - -] use_syslog = False log_opt_values /usr/lib/python3/dist-packages/oslo_config/cfg.py:2602
2025-08-28 00:41:56.339 122042 DEBUG oslo_service.service [req-24e6a2cc-d3be-432c-8570-78740a98cb48 - - - - -] vcpu_pin_set = None log_opt_values /usr/lib/python3/dist-packages/oslo_config/cfg.py:2602
2025-08-28 00:41:56.339 122042 DEBUG oslo_service.service [req-24e6a2cc-d3be-432c-8570-78740a98cb48 - - - - -] vif_plugging_is_fatal = True log_opt_values /usr/lib/python3/dist-packages/oslo_config/cfg.py:2602
2025-08-28 00:41:56.340 122042 DEBUG oslo_service.service [req-24e6a2cc-d3be-432c-8570-78740a98cb48 - - - - -] vif_plugging_timeout = 300 log_opt_values /usr/lib/python3/dist-packages/oslo_config/cfg.py:2602
2025-08-28 00:41:56.340 122042 DEBUG oslo_service.service [req-24e6a2cc-d3be-432c-8570-78740a98cb48 - - - - -] virt_mkfs = [] log_opt_values /usr/lib/python3/dist-packages/oslo_config/cfg.py:2602
2025-08-28 00:41:56.340 122042 DEBUG oslo_service.service [req-24e6a2cc-d3be-432c-8570-78740a98cb48 - - - - -] volume_usage_poll_interval = 0 log_opt_values /usr/lib/python3/dist-packages/oslo_config/cfg.py:2602
2025-08-28 00:41:56.341 122042 DEBUG oslo_service.service [req-24e6a2cc-d3be-432c-8570-78740a98cb48 - - - - -] watch_log_file = False log_opt_values /usr/lib/python3/dist-packages/oslo_config/cfg.py:2602
2025-08-28 00:41:56.341 122042 DEBUG oslo_service.service [req-24e6a2cc-d3be-432c-8570-78740a98cb48 - - - - -] web = /usr/share/spice-html5 log_opt_values /usr/lib/python3/dist-packages/oslo_config/cfg.py:2602
2025-08-28 00:41:56.341 122042 DEBUG oslo_service.service [req-24e6a2cc-d3be-432c-8570-78740a98cb48 - - - - -] oslo_concurrency.disable_process_locking = False log_opt_values /usr/lib/python3/dist-packages/oslo_config/cfg.py:2609
2025-08-28 00:41:56.342 122042 DEBUG oslo_service.service [req-24e6a2cc-d3be-432c-8570-78740a98cb48 - - - - -] oslo_concurrency.lock_path = /var/lock/nova log_opt_values /usr/lib/python3/dist-packages/oslo_config/cfg.py:2609
2025-08-28 00:41:56.342 122042 DEBUG oslo_service.service [req-24e6a2cc-d3be-432c-8570-78740a98cb48 - - - - -] oslo_messaging_metrics.metrics_buffer_size = 1000 log_opt_values /usr/lib/python3/dist-packages/oslo_config/cfg.py:2609
2025-08-28 00:41:56.343 122042 DEBUG oslo_service.service [req-24e6a2cc-d3be-432c-8570-78740a98cb48 - - - - -] oslo_messaging_metrics.metrics_enabled = False log_opt_values /usr/lib/python3/dist-packages/oslo_config/cfg.py:2609
2025-08-28 00:41:56.344 122042 DEBUG oslo_service.service [req-24e6a2cc-d3be-432c-8570-78740a98cb48 - - - - -] oslo_messaging_metrics.metrics_process_name = log_opt_values /usr/lib/python3/dist-packages/oslo_config/cfg.py:2609
2025-08-28 00:41:56.344 122042 DEBUG oslo_service.service [req-24e6a2cc-d3be-432c-8570-78740a98cb48 - - - - -] oslo_messaging_metrics.metrics_socket_file = /var/tmp/metrics_collector.sock log_opt_values /usr/lib/python3/dist-packages/oslo_config/cfg.py:2609
2025-08-28 00:41:56.344 122042 DEBUG oslo_service.service [req-24e6a2cc-d3be-432c-8570-78740a98cb48 - - - - -] oslo_messaging_metrics.metrics_thread_stop_timeout = 10 log_opt_values /usr/lib/python3/dist-packages/oslo_config/cfg.py:2609
2025-08-28 00:41:56.345 122042 WARNING oslo_config.cfg [req-24e6a2cc-d3be-432c-8570-78740a98cb48 - - - - -] Deprecated: Option "auth_strategy" from group "api" is deprecated for removal ( The only non-default choice, ``noauth2``, is for internal development and testing purposes only and should not be used in deployments. This option and its middleware, NoAuthMiddleware[V2_18], will be removed in a future release. ). Its value may be silently ignored in the future.
2025-08-28 00:41:56.346 122042 DEBUG oslo_service.service [req-24e6a2cc-d3be-432c-8570-78740a98cb48 - - - - -] api.auth_strategy = keystone log_opt_values /usr/lib/python3/dist-packages/oslo_config/cfg.py:2609
2025-08-28 00:41:56.346 122042 DEBUG oslo_service.service [req-24e6a2cc-d3be-432c-8570-78740a98cb48 - - - - -] api.compute_link_prefix = None log_opt_values /usr/lib/python3/dist-packages/oslo_config/cfg.py:2609
2025-08-28 00:41:56.346 122042 DEBUG oslo_service.service [req-24e6a2cc-d3be-432c-8570-78740a98cb48 - - - - -] api.config_drive_skip_versions = 1.0 2007-01-19 2007-03-01 2007-08-29 2007-10-10 2007-12-15 2008-02-01 2008-09-01 log_opt_values /usr/lib/python3/dist-packages/oslo_config/cfg.py:2609
2025-08-28 00:41:56.347 122042 DEBUG oslo_service.service [req-24e6a2cc-d3be-432c-8570-78740a98cb48 - - - - -] api.dhcp_domain = novalocal log_opt_values /usr/lib/python3/dist-packages/oslo_config/cfg.py:2609
2025-08-28 00:41:56.347 122042 DEBUG oslo_service.service [req-24e6a2cc-d3be-432c-8570-78740a98cb48 - - - - -] api.enable_instance_password = True log_opt_values /usr/lib/python3/dist-packages/oslo_config/cfg.py:2609
2025-08-28 00:41:56.347 122897 DEBUG nova.service [req-0c0d5054-9185-499c-ab34-85a80c3c0eed - - - - -] Creating RPC server for service conductor start /usr/lib/python3/dist-packages/nova/service.py:182
2025-08-28 00:41:56.347 122042 DEBUG oslo_service.service [req-24e6a2cc-d3be-432c-8570-78740a98cb48 - - - - -] api.glance_link_prefix = None log_opt_values /usr/lib/python3/dist-packages/oslo_config/cfg.py:2609
2025-08-28 00:41:56.348 122900 DEBUG nova.service [req-2f9b6d9e-c148-4656-9b49-94fe14ab04e5 - - - - -] Creating RPC server for service conductor start /usr/lib/python3/dist-packages/nova/service.py:182
2025-08-28 00:41:56.348 122042 DEBUG oslo_service.service [req-24e6a2cc-d3be-432c-8570-78740a98cb48 - - - - -] api.instance_list_cells_batch_fixed_size = 100 log_opt_values /usr/lib/python3/dist-packages/oslo_config/cfg.py:2609
2025-08-28 00:41:56.349 122042 DEBUG oslo_service.service [req-24e6a2cc-d3be-432c-8570-78740a98cb48 - - - - -] api.instance_list_cells_batch_strategy = distributed log_opt_values /usr/lib/python3/dist-packages/oslo_config/cfg.py:2609
2025-08-28 00:41:56.349 122042 DEBUG oslo_service.service [req-24e6a2cc-d3be-432c-8570-78740a98cb48 - - - - -] api.instance_list_per_project_cells = False log_opt_values /usr/lib/python3/dist-packages/oslo_config/cfg.py:2609
2025-08-28 00:41:56.349 122042 DEBUG oslo_service.service [req-24e6a2cc-d3be-432c-8570-78740a98cb48 - - - - -] api.list_records_by_skipping_down_cells = True log_opt_values /usr/lib/python3/dist-packages/oslo_config/cfg.py:2609
2025-08-28 00:41:56.350 122042 DEBUG oslo_service.service [req-24e6a2cc-d3be-432c-8570-78740a98cb48 - - - - -] api.local_metadata_per_cell = False log_opt_values /usr/lib/python3/dist-packages/oslo_config/cfg.py:2609
2025-08-28 00:41:56.350 122042 DEBUG oslo_service.service [req-24e6a2cc-d3be-432c-8570-78740a98cb48 - - - - -] api.max_limit = 1000 log_opt_values /usr/lib/python3/dist-packages/oslo_config/cfg.py:2609
2025-08-28 00:41:56.350 122042 DEBUG oslo_service.service [req-24e6a2cc-d3be-432c-8570-78740a98cb48 - - - - -] api.metadata_cache_expiration = 15 log_opt_values /usr/lib/python3/dist-packages/oslo_config/cfg.py:2609
2025-08-28 00:41:56.351 122042 DEBUG oslo_service.service [req-24e6a2cc-d3be-432c-8570-78740a98cb48 - - - - -] api.neutron_default_tenant_id = default log_opt_values /usr/lib/python3/dist-packages/oslo_config/cfg.py:2609
2025-08-28 00:41:56.354 122899 DEBUG nova.service [req-36f6b27b-a171-423a-a690-1f8a37bce753 - - - - -] Creating RPC server for service conductor start /usr/lib/python3/dist-packages/nova/service.py:182
2025-08-28 00:41:56.356 122042 DEBUG oslo_service.service [req-24e6a2cc-d3be-432c-8570-78740a98cb48 - - - - -] api.use_forwarded_for = False log_opt_values /usr/lib/python3/dist-packages/oslo_config/cfg.py:2609
2025-08-28 00:41:56.356 122042 DEBUG oslo_service.service [req-24e6a2cc-d3be-432c-8570-78740a98cb48 - - - - -] api.use_neutron_default_nets = False log_opt_values /usr/lib/python3/dist-packages/oslo_config/cfg.py:2609
2025-08-28 00:41:56.357 122042 DEBUG oslo_service.service [req-24e6a2cc-d3be-432c-8570-78740a98cb48 - - - - -] api.vendordata_dynamic_connect_timeout = 5 log_opt_values /usr/lib/python3/dist-packages/oslo_config/cfg.py:2609
2025-08-28 00:41:56.357 122042 DEBUG oslo_service.service [req-24e6a2cc-d3be-432c-8570-78740a98cb48 - - - - -] api.vendordata_dynamic_failure_fatal = False log_opt_values /usr/lib/python3/dist-packages/oslo_config/cfg.py:2609
2025-08-28 00:41:56.358 122042 DEBUG oslo_service.service [req-24e6a2cc-d3be-432c-8570-78740a98cb48 - - - - -] api.vendordata_dynamic_read_timeout = 5 log_opt_values /usr/lib/python3/dist-packages/oslo_config/cfg.py:2609
2025-08-28 00:41:56.358 122042 DEBUG oslo_service.service [req-24e6a2cc-d3be-432c-8570-78740a98cb48 - - - - -] api.vendordata_dynamic_ssl_certfile = log_opt_values /usr/lib/python3/dist-packages/oslo_config/cfg.py:2609
2025-08-28 00:41:56.358 122042 DEBUG oslo_service.service [req-24e6a2cc-d3be-432c-8570-78740a98cb48 - - - - -] api.vendordata_dynamic_targets = [] log_opt_values /usr/lib/python3/dist-packages/oslo_config/cfg.py:2609
2025-08-28 00:41:56.364 122042 DEBUG oslo_service.service [req-24e6a2cc-d3be-432c-8570-78740a98cb48 - - - - -] api.vendordata_jsonfile_path = None log_opt_values /usr/lib/python3/dist-packages/oslo_config/cfg.py:2609
2025-08-28 00:41:56.373 122042 DEBUG oslo_service.service [req-24e6a2cc-d3be-432c-8570-78740a98cb48 - - - - -] api.vendordata_providers = ['StaticJSON'] log_opt_values /usr/lib/python3/dist-packages/oslo_config/cfg.py:2609
2025-08-28 00:41:56.374 122042 DEBUG oslo_service.service [req-24e6a2cc-d3be-432c-8570-78740a98cb48 - - - - -] cache.backend = dogpile.cache.null log_opt_values /usr/lib/python3/dist-packages/oslo_config/cfg.py:2609
2025-08-28 00:41:56.374 122042 DEBUG oslo_service.service [req-24e6a2cc-d3be-432c-8570-78740a98cb48 - - - - -] cache.backend_argument = **** log_opt_values /usr/lib/python3/dist-packages/oslo_config/cfg.py:2609
2025-08-28 00:41:56.375 122042 DEBUG oslo_service.service [req-24e6a2cc-d3be-432c-8570-78740a98cb48 - - - - -] cache.config_prefix = cache.oslo log_opt_values /usr/lib/python3/dist-packages/oslo_config/cfg.py:2609
2025-08-28 00:41:56.375 122042 DEBUG oslo_service.service [req-24e6a2cc-d3be-432c-8570-78740a98cb48 - - - - -] cache.debug_cache_backend = False log_opt_values /usr/lib/python3/dist-packages/oslo_config/cfg.py:2609
2025-08-28 00:41:56.375 122042 DEBUG oslo_service.service [req-24e6a2cc-d3be-432c-8570-78740a98cb48 - - - - -] cache.enabled = False log_opt_values /usr/lib/python3/dist-packages/oslo_config/cfg.py:2609
2025-08-28 00:41:56.375 122042 DEBUG oslo_service.service [req-24e6a2cc-d3be-432c-8570-78740a98cb48 - - - - -] cache.expiration_time = 600 log_opt_values /usr/lib/python3/dist-packages/oslo_config/cfg.py:2609
2025-08-28 00:41:56.376 122042 DEBUG oslo_service.service [req-24e6a2cc-d3be-432c-8570-78740a98cb48 - - - - -] cache.memcache_dead_retry = 300 log_opt_values /usr/lib/python3/dist-packages/oslo_config/cfg.py:2609
2025-08-28 00:41:56.376 122042 DEBUG oslo_service.service [req-24e6a2cc-d3be-432c-8570-78740a98cb48 - - - - -] cache.memcache_pool_connection_get_timeout = 10 log_opt_values /usr/lib/python3/dist-packages/oslo_config/cfg.py:2609
2025-08-28 00:41:56.376 122042 DEBUG oslo_service.service [req-24e6a2cc-d3be-432c-8570-78740a98cb48 - - - - -] cache.memcache_pool_flush_on_reconnect = False log_opt_values /usr/lib/python3/dist-packages/oslo_config/cfg.py:2609
2025-08-28 00:41:56.376 122042 DEBUG oslo_service.service [req-24e6a2cc-d3be-432c-8570-78740a98cb48 - - - - -] cache.memcache_pool_maxsize = 10 log_opt_values /usr/lib/python3/dist-packages/oslo_config/cfg.py:2609
2025-08-28 00:41:56.378 122042 DEBUG oslo_service.service [req-24e6a2cc-d3be-432c-8570-78740a98cb48 - - - - -] cache.memcache_pool_unused_timeout = 60 log_opt_values /usr/lib/python3/dist-packages/oslo_config/cfg.py:2609
2025-08-28 00:41:56.379 122042 DEBUG oslo_service.service [req-24e6a2cc-d3be-432c-8570-78740a98cb48 - - - - -] cache.memcache_servers = ['localhost:11211'] log_opt_values /usr/lib/python3/dist-packages/oslo_config/cfg.py:2609
2025-08-28 00:41:56.379 122042 DEBUG oslo_service.service [req-24e6a2cc-d3be-432c-8570-78740a98cb48 - - - - -] cache.memcache_socket_timeout = 1.0 log_opt_values /usr/lib/python3/dist-packages/oslo_config/cfg.py:2609
2025-08-28 00:41:56.379 122042 DEBUG oslo_service.service [req-24e6a2cc-d3be-432c-8570-78740a98cb48 - - - - -] cache.proxies = [] log_opt_values /usr/lib/python3/dist-packages/oslo_config/cfg.py:2609
2025-08-28 00:41:56.380 122042 DEBUG oslo_service.service [req-24e6a2cc-d3be-432c-8570-78740a98cb48 - - - - -] cache.tls_allowed_ciphers = None log_opt_values /usr/lib/python3/dist-packages/oslo_config/cfg.py:2609
2025-08-28 00:41:56.380 122042 DEBUG oslo_service.service [req-24e6a2cc-d3be-432c-8570-78740a98cb48 - - - - -] cache.tls_cafile = None log_opt_values /usr/lib/python3/dist-packages/oslo_config/cfg.py:2609
2025-08-28 00:41:56.380 122042 DEBUG oslo_service.service [req-24e6a2cc-d3be-432c-8570-78740a98cb48 - - - - -] cache.tls_certfile = None log_opt_values /usr/lib/python3/dist-packages/oslo_config/cfg.py:2609
2025-08-28 00:41:56.380 122042 DEBUG oslo_service.service [req-24e6a2cc-d3be-432c-8570-78740a98cb48 - - - - -] cache.tls_enabled = False log_opt_values /usr/lib/python3/dist-packages/oslo_config/cfg.py:2609
2025-08-28 00:41:56.380 122042 DEBUG oslo_service.service [req-24e6a2cc-d3be-432c-8570-78740a98cb48 - - - - -] cache.tls_keyfile = None log_opt_values /usr/lib/python3/dist-packages/oslo_config/cfg.py:2609
2025-08-28 00:41:56.381 122042 DEBUG oslo_service.service [req-24e6a2cc-d3be-432c-8570-78740a98cb48 - - - - -] cinder.auth_section = None log_opt_values /usr/lib/python3/dist-packages/oslo_config/cfg.py:2609
2025-08-28 00:41:56.382 122042 DEBUG oslo_service.service [req-24e6a2cc-d3be-432c-8570-78740a98cb48 - - - - -] cinder.auth_type = None log_opt_values /usr/lib/python3/dist-packages/oslo_config/cfg.py:2609
2025-08-28 00:41:56.382 122042 DEBUG oslo_service.service [req-24e6a2cc-d3be-432c-8570-78740a98cb48 - - - - -] cinder.cafile = None log_opt_values /usr/lib/python3/dist-packages/oslo_config/cfg.py:2609
2025-08-28 00:41:56.384 122899 DEBUG oslo_messaging._drivers.amqpdriver [-] Listener is running poll /usr/lib/python3/dist-packages/oslo_messaging/_drivers/amqpdriver.py:343
2025-08-28 00:41:56.384 122899 DEBUG oslo_messaging._drivers.amqpdriver [-] AMQPListener connection consume poll /usr/lib/python3/dist-packages/oslo_messaging/_drivers/amqpdriver.py:357
2025-08-28 00:41:56.384 122042 DEBUG oslo_service.service [req-24e6a2cc-d3be-432c-8570-78740a98cb48 - - - - -] cinder.catalog_info = volumev3::publicURL log_opt_values /usr/lib/python3/dist-packages/oslo_config/cfg.py:2609
2025-08-28 00:41:56.385 122042 DEBUG oslo_service.service [req-24e6a2cc-d3be-432c-8570-78740a98cb48 - - - - -] cinder.certfile = None log_opt_values /usr/lib/python3/dist-packages/oslo_config/cfg.py:2609
2025-08-28 00:41:56.385 122042 DEBUG oslo_service.service [req-24e6a2cc-d3be-432c-8570-78740a98cb48 - - - - -] cinder.collect_timing = False log_opt_values /usr/lib/python3/dist-packages/oslo_config/cfg.py:2609
2025-08-28 00:41:56.385 122899 DEBUG nova.service [req-36f6b27b-a171-423a-a690-1f8a37bce753 - - - - -] Join ServiceGroup membership for this service conductor start /usr/lib/python3/dist-packages/nova/service.py:199
2025-08-28 00:41:56.385 122042 DEBUG oslo_service.service [req-24e6a2cc-d3be-432c-8570-78740a98cb48 - - - - -] cinder.cross_az_attach = True log_opt_values /usr/lib/python3/dist-packages/oslo_config/cfg.py:2609
2025-08-28 00:41:56.385 122899 DEBUG nova.servicegroup.drivers.db [req-36f6b27b-a171-423a-a690-1f8a37bce753 - - - - -] DB_Driver: join new ServiceGroup member juju-285427-0-lxd-7 to the conductor group, service = join /usr/lib/python3/dist-packages/nova/servicegroup/drivers/db.py:44
2025-08-28 00:41:56.385 122042 DEBUG oslo_service.service [req-24e6a2cc-d3be-432c-8570-78740a98cb48 - - - - -] cinder.debug = False log_opt_values /usr/lib/python3/dist-packages/oslo_config/cfg.py:2609
2025-08-28 00:41:56.385 122042 DEBUG oslo_service.service [req-24e6a2cc-d3be-432c-8570-78740a98cb48 - - - - -] cinder.endpoint_template = None log_opt_values /usr/lib/python3/dist-packages/oslo_config/cfg.py:2609
2025-08-28 00:41:56.386 122042 DEBUG oslo_service.service [req-24e6a2cc-d3be-432c-8570-78740a98cb48 - - - - -] cinder.http_retries = 3 log_opt_values /usr/lib/python3/dist-packages/oslo_config/cfg.py:2609
2025-08-28 00:41:56.386 122042 DEBUG oslo_service.service [req-24e6a2cc-d3be-432c-8570-78740a98cb48 - - - - -] cinder.insecure = False log_opt_values /usr/lib/python3/dist-packages/oslo_config/cfg.py:2609
2025-08-28 00:41:56.386 122042 DEBUG oslo_service.service [req-24e6a2cc-d3be-432c-8570-78740a98cb48 - - - - -] cinder.keyfile = None log_opt_values /usr/lib/python3/dist-packages/oslo_config/cfg.py:2609
2025-08-28 00:41:56.386 122042 DEBUG oslo_service.service [req-24e6a2cc-d3be-432c-8570-78740a98cb48 - - - - -] cinder.os_region_name = None log_opt_values /usr/lib/python3/dist-packages/oslo_config/cfg.py:2609
2025-08-28 00:41:56.386 122042 DEBUG oslo_service.service [req-24e6a2cc-d3be-432c-8570-78740a98cb48 - - - - -] cinder.split_loggers = False log_opt_values /usr/lib/python3/dist-packages/oslo_config/cfg.py:2609
2025-08-28 00:41:56.387 122042 DEBUG oslo_service.service [req-24e6a2cc-d3be-432c-8570-78740a98cb48 - - - - -] cinder.timeout = None log_opt_values /usr/lib/python3/dist-packages/oslo_config/cfg.py:2609
2025-08-28 00:41:56.387 122899 DEBUG oslo_messaging._drivers.amqpdriver [-] AMQPListener connection timeout poll /usr/lib/python3/dist-packages/oslo_messaging/_drivers/amqpdriver.py:360
2025-08-28 00:41:56.388 122899 DEBUG oslo_messaging._drivers.amqpdriver [-] Listener is running poll /usr/lib/python3/dist-packages/oslo_messaging/_drivers/amqpdriver.py:343
2025-08-28 00:41:56.388 122899 DEBUG oslo_messaging._drivers.amqpdriver [-] AMQPListener connection consume poll /usr/lib/python3/dist-packages/oslo_messaging/_drivers/amqpdriver.py:357
2025-08-28 00:41:56.387 122042 DEBUG oslo_service.service [req-24e6a2cc-d3be-432c-8570-78740a98cb48 - - - - -] compute.consecutive_build_service_disable_threshold = 10 log_opt_values /usr/lib/python3/dist-packages/oslo_config/cfg.py:2609
2025-08-28 00:41:56.388 122042 DEBUG oslo_service.service [req-24e6a2cc-d3be-432c-8570-78740a98cb48 - - - - -] compute.cpu_dedicated_set = None log_opt_values /usr/lib/python3/dist-packages/oslo_config/cfg.py:2609
2025-08-28 00:41:56.388 122042 DEBUG oslo_service.service [req-24e6a2cc-d3be-432c-8570-78740a98cb48 - - - - -] compute.cpu_shared_set = None log_opt_values /usr/lib/python3/dist-packages/oslo_config/cfg.py:2609
2025-08-28 00:41:56.389 122042 DEBUG oslo_service.service [req-24e6a2cc-d3be-432c-8570-78740a98cb48 - - - - -] compute.image_type_exclude_list = [] log_opt_values /usr/lib/python3/dist-packages/oslo_config/cfg.py:2609
2025-08-28 00:41:56.389 122042 DEBUG oslo_service.service [req-24e6a2cc-d3be-432c-8570-78740a98cb48 - - - - -] compute.live_migration_wait_for_vif_plug = True log_opt_values /usr/lib/python3/dist-packages/oslo_config/cfg.py:2609
2025-08-28 00:41:56.389 122042 DEBUG oslo_service.service [req-24e6a2cc-d3be-432c-8570-78740a98cb48 - - - - -] compute.max_concurrent_disk_ops = 0 log_opt_values /usr/lib/python3/dist-packages/oslo_config/cfg.py:2609
2025-08-28 00:41:56.389 122042 DEBUG oslo_service.service [req-24e6a2cc-d3be-432c-8570-78740a98cb48 - - - - -] compute.max_disk_devices_to_attach = -1 log_opt_values /usr/lib/python3/dist-packages/oslo_config/cfg.py:2609
2025-08-28 00:41:56.389 122042 DEBUG oslo_service.service [req-24e6a2cc-d3be-432c-8570-78740a98cb48 - - - - -] compute.packing_host_numa_cells_allocation_strategy = True log_opt_values /usr/lib/python3/dist-packages/oslo_config/cfg.py:2609
2025-08-28 00:41:56.390 122042 DEBUG oslo_service.service [req-24e6a2cc-d3be-432c-8570-78740a98cb48 - - - - -] compute.provider_config_location = /etc/nova/provider_config/ log_opt_values /usr/lib/python3/dist-packages/oslo_config/cfg.py:2609
2025-08-28 00:41:56.390 122042 DEBUG oslo_service.service [req-24e6a2cc-d3be-432c-8570-78740a98cb48 - - - - -] compute.resource_provider_association_refresh = 300 log_opt_values /usr/lib/python3/dist-packages/oslo_config/cfg.py:2609
2025-08-28 00:41:56.390 122042 DEBUG oslo_service.service [req-24e6a2cc-d3be-432c-8570-78740a98cb48 - - - - -] compute.shutdown_retry_interval = 10 log_opt_values /usr/lib/python3/dist-packages/oslo_config/cfg.py:2609
2025-08-28 00:41:56.390 122042 DEBUG oslo_service.service [req-24e6a2cc-d3be-432c-8570-78740a98cb48 - - - - -] compute.vmdk_allowed_types = ['streamOptimized', 'monolithicSparse'] log_opt_values /usr/lib/python3/dist-packages/oslo_config/cfg.py:2609
2025-08-28 00:41:56.390 122042 DEBUG oslo_service.service [req-24e6a2cc-d3be-432c-8570-78740a98cb48 - - - - -] conductor.workers = 4 log_opt_values /usr/lib/python3/dist-packages/oslo_config/cfg.py:2609
2025-08-28 00:41:56.391 122042 DEBUG oslo_service.service [req-24e6a2cc-d3be-432c-8570-78740a98cb48 - - - - -] console.allowed_origins = [] log_opt_values /usr/lib/python3/dist-packages/oslo_config/cfg.py:2609
2025-08-28 00:41:56.391 122042 DEBUG oslo_service.service [req-24e6a2cc-d3be-432c-8570-78740a98cb48 - - - - -] console.ssl_ciphers = None log_opt_values /usr/lib/python3/dist-packages/oslo_config/cfg.py:2609
2025-08-28 00:41:56.391 122897 DEBUG oslo_messaging._drivers.amqpdriver [-] Listener is running poll /usr/lib/python3/dist-packages/oslo_messaging/_drivers/amqpdriver.py:343
2025-08-28 00:41:56.392 122897 DEBUG oslo_messaging._drivers.amqpdriver [-] AMQPListener connection consume poll /usr/lib/python3/dist-packages/oslo_messaging/_drivers/amqpdriver.py:357
2025-08-28 00:41:56.392 122898 DEBUG oslo_messaging._drivers.amqpdriver [-] Listener is running poll /usr/lib/python3/dist-packages/oslo_messaging/_drivers/amqpdriver.py:343
2025-08-28 00:41:56.392 122042 DEBUG oslo_service.service [req-24e6a2cc-d3be-432c-8570-78740a98cb48 - - - - -] console.ssl_minimum_version = default log_opt_values /usr/lib/python3/dist-packages/oslo_config/cfg.py:2609
2025-08-28 00:41:56.393 122898 DEBUG oslo_messaging._drivers.amqpdriver [-] AMQPListener connection consume poll /usr/lib/python3/dist-packages/oslo_messaging/_drivers/amqpdriver.py:357
2025-08-28 00:41:56.393 122042 DEBUG oslo_service.service [req-24e6a2cc-d3be-432c-8570-78740a98cb48 - - - - -] consoleauth.token_ttl = 600 log_opt_values /usr/lib/python3/dist-packages/oslo_config/cfg.py:2609
2025-08-28 00:41:56.393 122897 DEBUG nova.service [req-0c0d5054-9185-499c-ab34-85a80c3c0eed - - - - -] Join ServiceGroup membership for this service conductor start /usr/lib/python3/dist-packages/nova/service.py:199
2025-08-28 00:41:56.393 122898 DEBUG nova.service [req-8ba0c431-aabf-41d1-89df-4258294c3dd7 - - - - -] Join ServiceGroup membership for this service conductor start /usr/lib/python3/dist-packages/nova/service.py:199
2025-08-28 00:41:56.393 122042 DEBUG oslo_service.service [req-24e6a2cc-d3be-432c-8570-78740a98cb48 - - - - -] cyborg.cafile = None log_opt_values /usr/lib/python3/dist-packages/oslo_config/cfg.py:2609
2025-08-28 00:41:56.393 122897 DEBUG nova.servicegroup.drivers.db [req-0c0d5054-9185-499c-ab34-85a80c3c0eed - - - - -] DB_Driver: join new ServiceGroup member juju-285427-0-lxd-7 to the conductor group, service = join /usr/lib/python3/dist-packages/nova/servicegroup/drivers/db.py:44
2025-08-28 00:41:56.394 122898 DEBUG nova.servicegroup.drivers.db [req-8ba0c431-aabf-41d1-89df-4258294c3dd7 - - - - -] DB_Driver: join new ServiceGroup member juju-285427-0-lxd-7 to the conductor group, service = join /usr/lib/python3/dist-packages/nova/servicegroup/drivers/db.py:44
2025-08-28 00:41:56.394 122042 DEBUG oslo_service.service [req-24e6a2cc-d3be-432c-8570-78740a98cb48 - - - - -] cyborg.certfile = None log_opt_values /usr/lib/python3/dist-packages/oslo_config/cfg.py:2609
2025-08-28 00:41:56.394 122042 DEBUG oslo_service.service [req-24e6a2cc-d3be-432c-8570-78740a98cb48 - - - - -] cyborg.collect_timing = False log_opt_values /usr/lib/python3/dist-packages/oslo_config/cfg.py:2609
2025-08-28 00:41:56.394 122042 DEBUG oslo_service.service [req-24e6a2cc-d3be-432c-8570-78740a98cb48 - - - - -] cyborg.connect_retries = None log_opt_values /usr/lib/python3/dist-packages/oslo_config/cfg.py:2609
2025-08-28 00:41:56.396 122042 DEBUG oslo_service.service [req-24e6a2cc-d3be-432c-8570-78740a98cb48 - - - - -] cyborg.connect_retry_delay = None log_opt_values /usr/lib/python3/dist-packages/oslo_config/cfg.py:2609
2025-08-28 00:41:56.397 122042 DEBUG oslo_service.service [req-24e6a2cc-d3be-432c-8570-78740a98cb48 - - - - -] cyborg.endpoint_override = None log_opt_values /usr/lib/python3/dist-packages/oslo_config/cfg.py:2609
2025-08-28 00:41:56.397 122042 DEBUG oslo_service.service [req-24e6a2cc-d3be-432c-8570-78740a98cb48 - - - - -] cyborg.insecure = False log_opt_values /usr/lib/python3/dist-packages/oslo_config/cfg.py:2609
2025-08-28 00:41:56.397 122042 DEBUG oslo_service.service [req-24e6a2cc-d3be-432c-8570-78740a98cb48 - - - - -] cyborg.keyfile = None log_opt_values /usr/lib/python3/dist-packages/oslo_config/cfg.py:2609
2025-08-28 00:41:56.398 122897 DEBUG oslo_messaging._drivers.amqpdriver [-] AMQPListener connection timeout poll /usr/lib/python3/dist-packages/oslo_messaging/_drivers/amqpdriver.py:360
2025-08-28 00:41:56.398 122897 DEBUG oslo_messaging._drivers.amqpdriver [-] Listener is running poll /usr/lib/python3/dist-packages/oslo_messaging/_drivers/amqpdriver.py:343
2025-08-28 00:41:56.398 122042 DEBUG oslo_service.service [req-24e6a2cc-d3be-432c-8570-78740a98cb48 - - - - -] cyborg.max_version = None log_opt_values /usr/lib/python3/dist-packages/oslo_config/cfg.py:2609
2025-08-28 00:41:56.398 122897 DEBUG oslo_messaging._drivers.amqpdriver [-] AMQPListener connection consume poll /usr/lib/python3/dist-packages/oslo_messaging/_drivers/amqpdriver.py:357
2025-08-28 00:41:56.398 122898 DEBUG oslo_messaging._drivers.amqpdriver [-] AMQPListener connection timeout poll /usr/lib/python3/dist-packages/oslo_messaging/_drivers/amqpdriver.py:360
2025-08-28 00:41:56.398 122042 DEBUG oslo_service.service [req-24e6a2cc-d3be-432c-8570-78740a98cb48 - - - - -] cyborg.min_version = None log_opt_values /usr/lib/python3/dist-packages/oslo_config/cfg.py:2609
2025-08-28 00:41:56.398 122898 DEBUG oslo_messaging._drivers.amqpdriver [-] Listener is running poll /usr/lib/python3/dist-packages/oslo_messaging/_drivers/amqpdriver.py:343
2025-08-28 00:41:56.398 122898 DEBUG oslo_messaging._drivers.amqpdriver [-] AMQPListener connection consume poll /usr/lib/python3/dist-packages/oslo_messaging/_drivers/amqpdriver.py:357
2025-08-28 00:41:56.398 122042 DEBUG oslo_service.service [req-24e6a2cc-d3be-432c-8570-78740a98cb48 - - - - -] cyborg.region_name = None log_opt_values /usr/lib/python3/dist-packages/oslo_config/cfg.py:2609
2025-08-28 00:41:56.399 122042 DEBUG oslo_service.service [req-24e6a2cc-d3be-432c-8570-78740a98cb48 - - - - -] cyborg.service_name = None log_opt_values /usr/lib/python3/dist-packages/oslo_config/cfg.py:2609
2025-08-28 00:41:56.399 122900 DEBUG oslo_messaging._drivers.amqpdriver [-] Listener is running poll /usr/lib/python3/dist-packages/oslo_messaging/_drivers/amqpdriver.py:343
2025-08-28 00:41:56.399 122042 DEBUG oslo_service.service [req-24e6a2cc-d3be-432c-8570-78740a98cb48 - - - - -] cyborg.service_type = accelerator log_opt_values /usr/lib/python3/dist-packages/oslo_config/cfg.py:2609
2025-08-28 00:41:56.399 122042 DEBUG oslo_service.service [req-24e6a2cc-d3be-432c-8570-78740a98cb48 - - - - -] cyborg.split_loggers = False log_opt_values /usr/lib/python3/dist-packages/oslo_config/cfg.py:2609
2025-08-28 00:41:56.399 122900 DEBUG oslo_messaging._drivers.amqpdriver [-] AMQPListener connection consume poll /usr/lib/python3/dist-packages/oslo_messaging/_drivers/amqpdriver.py:357
2025-08-28 00:41:56.400 122042 DEBUG oslo_service.service [req-24e6a2cc-d3be-432c-8570-78740a98cb48 - - - - -] cyborg.status_code_retries = None log_opt_values /usr/lib/python3/dist-packages/oslo_config/cfg.py:2609
2025-08-28 00:41:56.400 122900 DEBUG nova.service [req-2f9b6d9e-c148-4656-9b49-94fe14ab04e5 - - - - -] Join ServiceGroup membership for this service conductor start /usr/lib/python3/dist-packages/nova/service.py:199
2025-08-28 00:41:56.401 122042 DEBUG oslo_service.service [req-24e6a2cc-d3be-432c-8570-78740a98cb48 - - - - -] cyborg.status_code_retry_delay = None log_opt_values /usr/lib/python3/dist-packages/oslo_config/cfg.py:2609
2025-08-28 00:41:56.401 122900 DEBUG nova.servicegroup.drivers.db [req-2f9b6d9e-c148-4656-9b49-94fe14ab04e5 - - - - -] DB_Driver: join new ServiceGroup member juju-285427-0-lxd-7 to the conductor group, service = join /usr/lib/python3/dist-packages/nova/servicegroup/drivers/db.py:44
2025-08-28 00:41:56.401 122042 DEBUG oslo_service.service [req-24e6a2cc-d3be-432c-8570-78740a98cb48 - - - - -] cyborg.timeout = None log_opt_values /usr/lib/python3/dist-packages/oslo_config/cfg.py:2609
2025-08-28 00:41:56.401 122042 DEBUG oslo_service.service [req-24e6a2cc-d3be-432c-8570-78740a98cb48 - - - - -] cyborg.valid_interfaces = ['internal', 'public'] log_opt_values /usr/lib/python3/dist-packages/oslo_config/cfg.py:2609
2025-08-28 00:41:56.402 122042 DEBUG oslo_service.service [req-24e6a2cc-d3be-432c-8570-78740a98cb48 - - - - -] cyborg.version = None log_opt_values /usr/lib/python3/dist-packages/oslo_config/cfg.py:2609
2025-08-28 00:41:56.403 122042 DEBUG oslo_service.service [req-24e6a2cc-d3be-432c-8570-78740a98cb48 - - - - -] database.backend = sqlalchemy log_opt_values /usr/lib/python3/dist-packages/oslo_config/cfg.py:2609
2025-08-28 00:41:56.403 122042 DEBUG oslo_service.service [req-24e6a2cc-d3be-432c-8570-78740a98cb48 - - - - -] database.connection = **** log_opt_values /usr/lib/python3/dist-packages/oslo_config/cfg.py:2609
2025-08-28 00:41:56.403 122042 DEBUG oslo_service.service [req-24e6a2cc-d3be-432c-8570-78740a98cb48 - - - - -] database.connection_debug = 0 log_opt_values /usr/lib/python3/dist-packages/oslo_config/cfg.py:2609
2025-08-28 00:41:56.403 122900 DEBUG oslo_messaging._drivers.amqpdriver [-] AMQPListener connection timeout poll /usr/lib/python3/dist-packages/oslo_messaging/_drivers/amqpdriver.py:360
2025-08-28 00:41:56.403 122042 DEBUG oslo_service.service [req-24e6a2cc-d3be-432c-8570-78740a98cb48 - - - - -] database.connection_parameters = log_opt_values /usr/lib/python3/dist-packages/oslo_config/cfg.py:2609
2025-08-28 00:41:56.403 122900 DEBUG oslo_messaging._drivers.amqpdriver [-] Listener is running poll /usr/lib/python3/dist-packages/oslo_messaging/_drivers/amqpdriver.py:343
2025-08-28 00:41:56.403 122900 DEBUG oslo_messaging._drivers.amqpdriver [-] AMQPListener connection consume poll /usr/lib/python3/dist-packages/oslo_messaging/_drivers/amqpdriver.py:357
2025-08-28 00:41:56.403 122042 DEBUG oslo_service.service [req-24e6a2cc-d3be-432c-8570-78740a98cb48 - - - - -] database.connection_recycle_time = 3600 log_opt_values /usr/lib/python3/dist-packages/oslo_config/cfg.py:2609
2025-08-28 00:41:56.404 122042 DEBUG oslo_service.service [req-24e6a2cc-d3be-432c-8570-78740a98cb48 - - - - -] database.connection_trace = False log_opt_values /usr/lib/python3/dist-packages/oslo_config/cfg.py:2609
2025-08-28 00:41:56.404 122042 DEBUG oslo_service.service [req-24e6a2cc-d3be-432c-8570-78740a98cb48 - - - - -] database.db_inc_retry_interval = True log_opt_values /usr/lib/python3/dist-packages/oslo_config/cfg.py:2609
2025-08-28 00:41:56.405 122042 DEBUG oslo_service.service [req-24e6a2cc-d3be-432c-8570-78740a98cb48 - - - - -] database.db_max_retries = 20 log_opt_values /usr/lib/python3/dist-packages/oslo_config/cfg.py:2609
2025-08-28 00:41:56.405 122042 DEBUG oslo_service.service [req-24e6a2cc-d3be-432c-8570-78740a98cb48 - - - - -] database.db_max_retry_interval = 10 log_opt_values /usr/lib/python3/dist-packages/oslo_config/cfg.py:2609
2025-08-28 00:41:56.405 122042 DEBUG oslo_service.service [req-24e6a2cc-d3be-432c-8570-78740a98cb48 - - - - -] database.db_retry_interval = 1 log_opt_values /usr/lib/python3/dist-packages/oslo_config/cfg.py:2609
2025-08-28 00:41:56.406 122042 DEBUG oslo_service.service [req-24e6a2cc-d3be-432c-8570-78740a98cb48 - - - - -] database.max_overflow = 50 log_opt_values /usr/lib/python3/dist-packages/oslo_config/cfg.py:2609
2025-08-28 00:41:56.406 122042 DEBUG oslo_service.service [req-24e6a2cc-d3be-432c-8570-78740a98cb48 - - - - -] database.max_pool_size = 4 log_opt_values /usr/lib/python3/dist-packages/oslo_config/cfg.py:2609
2025-08-28 00:41:56.406 122042 DEBUG oslo_service.service [req-24e6a2cc-d3be-432c-8570-78740a98cb48 - - - - -] database.max_retries = 10 log_opt_values /usr/lib/python3/dist-packages/oslo_config/cfg.py:2609
2025-08-28 00:41:56.406 122042 DEBUG oslo_service.service [req-24e6a2cc-d3be-432c-8570-78740a98cb48 - - - - -] database.mysql_enable_ndb = False log_opt_values /usr/lib/python3/dist-packages/oslo_config/cfg.py:2609
2025-08-28 00:41:56.407 122042 DEBUG oslo_service.service [req-24e6a2cc-d3be-432c-8570-78740a98cb48 - - - - -] database.mysql_sql_mode = TRADITIONAL log_opt_values /usr/lib/python3/dist-packages/oslo_config/cfg.py:2609
2025-08-28 00:41:56.407 122042 DEBUG oslo_service.service [req-24e6a2cc-d3be-432c-8570-78740a98cb48 - - - - -] database.pool_timeout = None log_opt_values /usr/lib/python3/dist-packages/oslo_config/cfg.py:2609
2025-08-28 00:41:56.407 122042 DEBUG oslo_service.service [req-24e6a2cc-d3be-432c-8570-78740a98cb48 - - - - -] database.retry_interval = 10 log_opt_values /usr/lib/python3/dist-packages/oslo_config/cfg.py:2609
2025-08-28 00:41:56.408 122042 DEBUG oslo_service.service [req-24e6a2cc-d3be-432c-8570-78740a98cb48 - - - - -] database.slave_connection = **** log_opt_values /usr/lib/python3/dist-packages/oslo_config/cfg.py:2609
2025-08-28 00:41:56.408 122042 DEBUG oslo_service.service [req-24e6a2cc-d3be-432c-8570-78740a98cb48 - - - - -] database.sqlite_synchronous = True log_opt_values /usr/lib/python3/dist-packages/oslo_config/cfg.py:2609
2025-08-28 00:41:56.411 122042 DEBUG oslo_service.service [req-24e6a2cc-d3be-432c-8570-78740a98cb48 - - - - -] database.use_db_reconnect = False log_opt_values /usr/lib/python3/dist-packages/oslo_config/cfg.py:2609
2025-08-28 00:41:56.412 122042 DEBUG oslo_service.service [req-24e6a2cc-d3be-432c-8570-78740a98cb48 - - - - -] api_database.backend = sqlalchemy log_opt_values /usr/lib/python3/dist-packages/oslo_config/cfg.py:2609
2025-08-28 00:41:56.412 122042 DEBUG oslo_service.service [req-24e6a2cc-d3be-432c-8570-78740a98cb48 - - - - -] api_database.connection = **** log_opt_values /usr/lib/python3/dist-packages/oslo_config/cfg.py:2609
2025-08-28 00:41:56.412 122042 DEBUG oslo_service.service [req-24e6a2cc-d3be-432c-8570-78740a98cb48 - - - - -] api_database.connection_debug = 0 log_opt_values /usr/lib/python3/dist-packages/oslo_config/cfg.py:2609
2025-08-28 00:41:56.413 122042 DEBUG oslo_service.service [req-24e6a2cc-d3be-432c-8570-78740a98cb48 - - - - -] api_database.connection_parameters = log_opt_values /usr/lib/python3/dist-packages/oslo_config/cfg.py:2609
2025-08-28 00:41:56.413 122042 DEBUG oslo_service.service [req-24e6a2cc-d3be-432c-8570-78740a98cb48 - - - - -] api_database.connection_recycle_time = 3600 log_opt_values /usr/lib/python3/dist-packages/oslo_config/cfg.py:2609
2025-08-28 00:41:56.413 122042 DEBUG oslo_service.service [req-24e6a2cc-d3be-432c-8570-78740a98cb48 - - - - -] api_database.connection_trace = False log_opt_values /usr/lib/python3/dist-packages/oslo_config/cfg.py:2609
2025-08-28 00:41:56.413 122042 DEBUG oslo_service.service [req-24e6a2cc-d3be-432c-8570-78740a98cb48 - - - - -] api_database.db_inc_retry_interval = True log_opt_values /usr/lib/python3/dist-packages/oslo_config/cfg.py:2609
2025-08-28 00:41:56.414 122042 DEBUG oslo_service.service [req-24e6a2cc-d3be-432c-8570-78740a98cb48 - - - - -] api_database.db_max_retries = 20 log_opt_values /usr/lib/python3/dist-packages/oslo_config/cfg.py:2609
2025-08-28 00:41:56.414 122042 DEBUG oslo_service.service [req-24e6a2cc-d3be-432c-8570-78740a98cb48 - - - - -] api_database.db_max_retry_interval = 10 log_opt_values /usr/lib/python3/dist-packages/oslo_config/cfg.py:2609
2025-08-28 00:41:56.417 122042 DEBUG oslo_service.service [req-24e6a2cc-d3be-432c-8570-78740a98cb48 - - - - -] api_database.db_retry_interval = 1 log_opt_values /usr/lib/python3/dist-packages/oslo_config/cfg.py:2609
2025-08-28 00:41:56.417 122042 DEBUG oslo_service.service [req-24e6a2cc-d3be-432c-8570-78740a98cb48 - - - - -] api_database.max_overflow = 50 log_opt_values /usr/lib/python3/dist-packages/oslo_config/cfg.py:2609
2025-08-28 00:41:56.417 122042 DEBUG oslo_service.service [req-24e6a2cc-d3be-432c-8570-78740a98cb48 - - - - -] api_database.max_pool_size = 4 log_opt_values /usr/lib/python3/dist-packages/oslo_config/cfg.py:2609
2025-08-28 00:41:56.418 122042 DEBUG oslo_service.service [req-24e6a2cc-d3be-432c-8570-78740a98cb48 - - - - -] api_database.max_retries = 10 log_opt_values /usr/lib/python3/dist-packages/oslo_config/cfg.py:2609
2025-08-28 00:41:56.418 122042 DEBUG oslo_service.service [req-24e6a2cc-d3be-432c-8570-78740a98cb48 - - - - -] api_database.mysql_enable_ndb = False log_opt_values /usr/lib/python3/dist-packages/oslo_config/cfg.py:2609
2025-08-28 00:41:56.418 122042 DEBUG oslo_service.service [req-24e6a2cc-d3be-432c-8570-78740a98cb48 - - - - -] api_database.mysql_sql_mode = TRADITIONAL log_opt_values /usr/lib/python3/dist-packages/oslo_config/cfg.py:2609
2025-08-28 00:41:56.419 122042 DEBUG oslo_service.service [req-24e6a2cc-d3be-432c-8570-78740a98cb48 - - - - -] api_database.pool_timeout = None log_opt_values /usr/lib/python3/dist-packages/oslo_config/cfg.py:2609
2025-08-28 00:41:56.419 122042 DEBUG oslo_service.service [req-24e6a2cc-d3be-432c-8570-78740a98cb48 - - - - -] api_database.retry_interval = 10 log_opt_values /usr/lib/python3/dist-packages/oslo_config/cfg.py:2609
2025-08-28 00:41:56.419 122042 DEBUG oslo_service.service [req-24e6a2cc-d3be-432c-8570-78740a98cb48 - - - - -] api_database.slave_connection = **** log_opt_values /usr/lib/python3/dist-packages/oslo_config/cfg.py:2609
2025-08-28 00:41:56.420 122042 DEBUG oslo_service.service [req-24e6a2cc-d3be-432c-8570-78740a98cb48 - - - - -] api_database.sqlite_synchronous = True log_opt_values /usr/lib/python3/dist-packages/oslo_config/cfg.py:2609
2025-08-28 00:41:56.420 122042 DEBUG oslo_service.service [req-24e6a2cc-d3be-432c-8570-78740a98cb48 - - - - -] devices.enabled_mdev_types = [] log_opt_values /usr/lib/python3/dist-packages/oslo_config/cfg.py:2609
2025-08-28 00:41:56.421 122042 DEBUG oslo_service.service [req-24e6a2cc-d3be-432c-8570-78740a98cb48 - - - - -] ephemeral_storage_encryption.cipher = aes-xts-plain64 log_opt_values /usr/lib/python3/dist-packages/oslo_config/cfg.py:2609
2025-08-28 00:41:56.421 122042 DEBUG oslo_service.service [req-24e6a2cc-d3be-432c-8570-78740a98cb48 - - - - -] ephemeral_storage_encryption.enabled = False log_opt_values /usr/lib/python3/dist-packages/oslo_config/cfg.py:2609
2025-08-28 00:41:56.422 122042 DEBUG oslo_service.service [req-24e6a2cc-d3be-432c-8570-78740a98cb48 - - - - -] ephemeral_storage_encryption.key_size = 512 log_opt_values /usr/lib/python3/dist-packages/oslo_config/cfg.py:2609
2025-08-28 00:41:56.422 122042 WARNING oslo_config.cfg [req-24e6a2cc-d3be-432c-8570-78740a98cb48 - - - - -] Deprecated: Option "api_servers" from group "glance" is deprecated for removal ( Support for image service configuration via standard keystoneauth1 Adapter options was added in the 17.0.0 Queens release. The api_servers option was retained temporarily to allow consumers time to cut over to a real load balancing solution. ). Its value may be silently ignored in the future.
2025-08-28 00:41:56.422 122042 DEBUG oslo_service.service [req-24e6a2cc-d3be-432c-8570-78740a98cb48 - - - - -] glance.api_servers = ['http://252.129.153.8:9292'] log_opt_values /usr/lib/python3/dist-packages/oslo_config/cfg.py:2609
2025-08-28 00:41:56.423 122042 DEBUG oslo_service.service [req-24e6a2cc-d3be-432c-8570-78740a98cb48 - - - - -] glance.cafile = None log_opt_values /usr/lib/python3/dist-packages/oslo_config/cfg.py:2609
2025-08-28 00:41:56.423 122042 DEBUG oslo_service.service [req-24e6a2cc-d3be-432c-8570-78740a98cb48 - - - - -] glance.certfile = None log_opt_values /usr/lib/python3/dist-packages/oslo_config/cfg.py:2609
2025-08-28 00:41:56.424 122042 DEBUG oslo_service.service [req-24e6a2cc-d3be-432c-8570-78740a98cb48 - - - - -] glance.collect_timing = False log_opt_values /usr/lib/python3/dist-packages/oslo_config/cfg.py:2609
2025-08-28 00:41:56.424 122042 DEBUG oslo_service.service [req-24e6a2cc-d3be-432c-8570-78740a98cb48 - - - - -] glance.connect_retries = None log_opt_values /usr/lib/python3/dist-packages/oslo_config/cfg.py:2609
2025-08-28 00:41:56.425 122042 DEBUG oslo_service.service [req-24e6a2cc-d3be-432c-8570-78740a98cb48 - - - - -] glance.connect_retry_delay = None log_opt_values /usr/lib/python3/dist-packages/oslo_config/cfg.py:2609
2025-08-28 00:41:56.425 122042 DEBUG oslo_service.service [req-24e6a2cc-d3be-432c-8570-78740a98cb48 - - - - -] glance.debug = False log_opt_values /usr/lib/python3/dist-packages/oslo_config/cfg.py:2609
2025-08-28 00:41:56.425 122042 DEBUG oslo_service.service [req-24e6a2cc-d3be-432c-8570-78740a98cb48 - - - - -] glance.default_trusted_certificate_ids = [] log_opt_values /usr/lib/python3/dist-packages/oslo_config/cfg.py:2609
2025-08-28 00:41:56.426 122042 DEBUG oslo_service.service [req-24e6a2cc-d3be-432c-8570-78740a98cb48 - - - - -] glance.enable_certificate_validation = False log_opt_values /usr/lib/python3/dist-packages/oslo_config/cfg.py:2609
2025-08-28 00:41:56.428 122042 DEBUG oslo_service.service [req-24e6a2cc-d3be-432c-8570-78740a98cb48 - - - - -] glance.enable_rbd_download = False log_opt_values /usr/lib/python3/dist-packages/oslo_config/cfg.py:2609
2025-08-28 00:41:56.428 122042 DEBUG oslo_service.service [req-24e6a2cc-d3be-432c-8570-78740a98cb48 - - - - -] glance.endpoint_override = None log_opt_values /usr/lib/python3/dist-packages/oslo_config/cfg.py:2609
2025-08-28 00:41:56.428 122042 DEBUG oslo_service.service [req-24e6a2cc-d3be-432c-8570-78740a98cb48 - - - - -] glance.insecure = False log_opt_values /usr/lib/python3/dist-packages/oslo_config/cfg.py:2609
2025-08-28 00:41:56.428 122042 DEBUG oslo_service.service [req-24e6a2cc-d3be-432c-8570-78740a98cb48 - - - - -] glance.keyfile = None log_opt_values /usr/lib/python3/dist-packages/oslo_config/cfg.py:2609
2025-08-28 00:41:56.429 122042 DEBUG oslo_service.service [req-24e6a2cc-d3be-432c-8570-78740a98cb48 - - - - -] glance.max_version = None log_opt_values /usr/lib/python3/dist-packages/oslo_config/cfg.py:2609
2025-08-28 00:41:56.429 122042 DEBUG oslo_service.service [req-24e6a2cc-d3be-432c-8570-78740a98cb48 - - - - -] glance.min_version = None log_opt_values /usr/lib/python3/dist-packages/oslo_config/cfg.py:2609
2025-08-28 00:41:56.429 122042 DEBUG oslo_service.service [req-24e6a2cc-d3be-432c-8570-78740a98cb48 - - - - -] glance.num_retries = 3 log_opt_values /usr/lib/python3/dist-packages/oslo_config/cfg.py:2609
2025-08-28 00:41:56.430 122042 DEBUG oslo_service.service [req-24e6a2cc-d3be-432c-8570-78740a98cb48 - - - - -] glance.rbd_ceph_conf = log_opt_values /usr/lib/python3/dist-packages/oslo_config/cfg.py:2609
2025-08-28 00:41:56.430 122042 DEBUG oslo_service.service [req-24e6a2cc-d3be-432c-8570-78740a98cb48 - - - - -] glance.rbd_connect_timeout = 5 log_opt_values /usr/lib/python3/dist-packages/oslo_config/cfg.py:2609
2025-08-28 00:41:56.431 122042 DEBUG oslo_service.service [req-24e6a2cc-d3be-432c-8570-78740a98cb48 - - - - -] glance.rbd_pool = log_opt_values /usr/lib/python3/dist-packages/oslo_config/cfg.py:2609
2025-08-28 00:41:56.431 122042 DEBUG oslo_service.service [req-24e6a2cc-d3be-432c-8570-78740a98cb48 - - - - -] glance.rbd_user = log_opt_values /usr/lib/python3/dist-packages/oslo_config/cfg.py:2609
2025-08-28 00:41:56.432 122042 DEBUG oslo_service.service [req-24e6a2cc-d3be-432c-8570-78740a98cb48 - - - - -] glance.region_name = None log_opt_values /usr/lib/python3/dist-packages/oslo_config/cfg.py:2609
2025-08-28 00:41:56.432 122042 DEBUG oslo_service.service [req-24e6a2cc-d3be-432c-8570-78740a98cb48 - - - - -] glance.service_name = None log_opt_values /usr/lib/python3/dist-packages/oslo_config/cfg.py:2609
2025-08-28 00:41:56.432 122042 DEBUG oslo_service.service [req-24e6a2cc-d3be-432c-8570-78740a98cb48 - - - - -] glance.service_type = image log_opt_values /usr/lib/python3/dist-packages/oslo_config/cfg.py:2609
2025-08-28 00:41:56.432 122042 DEBUG oslo_service.service [req-24e6a2cc-d3be-432c-8570-78740a98cb48 - - - - -] glance.split_loggers = False log_opt_values /usr/lib/python3/dist-packages/oslo_config/cfg.py:2609
2025-08-28 00:41:56.433 122042 DEBUG oslo_service.service [req-24e6a2cc-d3be-432c-8570-78740a98cb48 - - - - -] glance.status_code_retries = None log_opt_values /usr/lib/python3/dist-packages/oslo_config/cfg.py:2609
2025-08-28 00:41:56.433 122042 DEBUG oslo_service.service [req-24e6a2cc-d3be-432c-8570-78740a98cb48 - - - - -] glance.status_code_retry_delay = None log_opt_values /usr/lib/python3/dist-packages/oslo_config/cfg.py:2609
2025-08-28 00:41:56.433 122042 DEBUG oslo_service.service [req-24e6a2cc-d3be-432c-8570-78740a98cb48 - - - - -] glance.timeout = None log_opt_values /usr/lib/python3/dist-packages/oslo_config/cfg.py:2609
2025-08-28 00:41:56.434 122042 DEBUG oslo_service.service [req-24e6a2cc-d3be-432c-8570-78740a98cb48 - - - - -] glance.valid_interfaces = ['internal', 'public'] log_opt_values /usr/lib/python3/dist-packages/oslo_config/cfg.py:2609
2025-08-28 00:41:56.434 122042 DEBUG oslo_service.service [req-24e6a2cc-d3be-432c-8570-78740a98cb48 - - - - -] glance.verify_glance_signatures = False log_opt_values /usr/lib/python3/dist-packages/oslo_config/cfg.py:2609
