2025-08-28 02:25:09.235 7 DEBUG oslo_service.service [-] ml2_type_gre.tunnel_id_ranges = [] log_opt_values /var/lib/kolla/venv/lib/python3.6/site-packages/oslo_config/cfg.py:2611
2025-08-28 02:25:09.235 7 DEBUG oslo_service.service [-] ml2_type_vlan.network_vlan_ranges = [] log_opt_values /var/lib/kolla/venv/lib/python3.6/site-packages/oslo_config/cfg.py:2611
2025-08-28 02:25:09.236 7 DEBUG oslo_service.service [-] ml2_type_vxlan.vni_ranges = [] log_opt_values /var/lib/kolla/venv/lib/python3.6/site-packages/oslo_config/cfg.py:2611
2025-08-28 02:25:09.236 7 DEBUG oslo_service.service [-] ml2_type_vxlan.vxlan_group = None log_opt_values /var/lib/kolla/venv/lib/python3.6/site-packages/oslo_config/cfg.py:2611
2025-08-28 02:25:09.236 7 DEBUG oslo_service.service [-] database.backend = sqlalchemy log_opt_values /var/lib/kolla/venv/lib/python3.6/site-packages/oslo_config/cfg.py:2611
2025-08-28 02:25:09.236 7 DEBUG oslo_service.service [-] database.connection = **** log_opt_values /var/lib/kolla/venv/lib/python3.6/site-packages/oslo_config/cfg.py:2611
2025-08-28 02:25:09.236 7 DEBUG oslo_service.service [-] database.connection_debug = 0 log_opt_values /var/lib/kolla/venv/lib/python3.6/site-packages/oslo_config/cfg.py:2611
2025-08-28 02:25:09.236 7 DEBUG oslo_service.service [-] database.connection_parameters = log_opt_values /var/lib/kolla/venv/lib/python3.6/site-packages/oslo_config/cfg.py:2611
2025-08-28 02:25:09.236 7 DEBUG oslo_service.service [-] database.connection_recycle_time = 10 log_opt_values /var/lib/kolla/venv/lib/python3.6/site-packages/oslo_config/cfg.py:2611
2025-08-28 02:25:09.236 7 DEBUG oslo_service.service [-] database.connection_trace = False log_opt_values /var/lib/kolla/venv/lib/python3.6/site-packages/oslo_config/cfg.py:2611
2025-08-28 02:25:09.236 7 DEBUG oslo_service.service [-] database.db_inc_retry_interval = True log_opt_values /var/lib/kolla/venv/lib/python3.6/site-packages/oslo_config/cfg.py:2611
2025-08-28 02:25:09.236 7 DEBUG oslo_service.service [-] database.db_max_retries = 20 log_opt_values /var/lib/kolla/venv/lib/python3.6/site-packages/oslo_config/cfg.py:2611
2025-08-28 02:25:09.236 7 DEBUG oslo_service.service [-] database.db_max_retry_interval = 10 log_opt_values /var/lib/kolla/venv/lib/python3.6/site-packages/oslo_config/cfg.py:2611
2025-08-28 02:25:09.236 7 DEBUG oslo_service.service [-] database.db_retry_interval = 1 log_opt_values /var/lib/kolla/venv/lib/python3.6/site-packages/oslo_config/cfg.py:2611
2025-08-28 02:25:09.236 7 DEBUG oslo_service.service [-] database.max_overflow = 50 log_opt_values /var/lib/kolla/venv/lib/python3.6/site-packages/oslo_config/cfg.py:2611
2025-08-28 02:25:09.236 7 DEBUG oslo_service.service [-] database.max_pool_size = 1 log_opt_values /var/lib/kolla/venv/lib/python3.6/site-packages/oslo_config/cfg.py:2611
2025-08-28 02:25:09.237 7 DEBUG oslo_service.service [-] database.max_retries = -1 log_opt_values /var/lib/kolla/venv/lib/python3.6/site-packages/oslo_config/cfg.py:2611
2025-08-28 02:25:09.237 7 DEBUG oslo_service.service [-] database.mysql_enable_ndb = False log_opt_values /var/lib/kolla/venv/lib/python3.6/site-packages/oslo_config/cfg.py:2611
2025-08-28 02:25:09.237 7 DEBUG oslo_service.service [-] database.mysql_sql_mode = TRADITIONAL log_opt_values /var/lib/kolla/venv/lib/python3.6/site-packages/oslo_config/cfg.py:2611
2025-08-28 02:25:09.237 7 DEBUG oslo_service.service [-] database.pool_timeout = None log_opt_values /var/lib/kolla/venv/lib/python3.6/site-packages/oslo_config/cfg.py:2611
2025-08-28 02:25:09.237 7 DEBUG oslo_service.service [-] database.retry_interval = 10 log_opt_values /var/lib/kolla/venv/lib/python3.6/site-packages/oslo_config/cfg.py:2611
2025-08-28 02:25:09.237 7 DEBUG oslo_service.service [-] database.slave_connection = **** log_opt_values /var/lib/kolla/venv/lib/python3.6/site-packages/oslo_config/cfg.py:2611
2025-08-28 02:25:09.237 7 DEBUG oslo_service.service [-] database.sqlite_synchronous = True log_opt_values /var/lib/kolla/venv/lib/python3.6/site-packages/oslo_config/cfg.py:2611
2025-08-28 02:25:09.237 7 DEBUG oslo_service.service [-] database.use_db_reconnect = False log_opt_values /var/lib/kolla/venv/lib/python3.6/site-packages/oslo_config/cfg.py:2611
2025-08-28 02:25:09.237 7 DEBUG oslo_service.service [-] ******************************************************************************** log_opt_values /var/lib/kolla/venv/lib/python3.6/site-packages/oslo_config/cfg.py:2613
2025-08-28 02:25:10.371 22 DEBUG neutron.wsgi [-] (22) accepted ('10.0.0.249', 37184) server /var/lib/kolla/venv/lib/python3.6/site-packages/eventlet/wsgi.py:1004
2025-08-28 02:25:10.379 22 INFO neutron.wsgi [-] 10.0.0.249 "GET / HTTP/1.1" status: 200 len: 228 time: 0.0059624
2025-08-28 02:25:13.155 23 DEBUG neutron.api.rpc.handlers.dhcp_rpc [req-92afa65f-7aad-488b-b90d-5747a85c31a1 - - - - -] get_active_networks_info from cn-jenkins-deploy-platform-ansible-os-3955-1 get_active_networks_info /var/lib/kolla/venv/lib/python3.6/site-packages/neutron/api/rpc/handlers/dhcp_rpc.py:159
2025-08-28 02:25:13.163 27 DEBUG neutron_lib.callbacks.manager [req-08b640b0-54d2-436e-b48d-7a59668e2bf8 - - - - -] Publish callbacks ['neutron.services.segments.db._update_segment_host_mapping_for_agent-8783068046144', 'neutron.services.l3_router.l3_router_plugin.DVRResourceOperationHandler.create_fip_agent_gw_ports-3914429'] for agent (d9e822c7-e6bd-41c0-aa20-6e56911159ed), after_create _notify_loop /var/lib/kolla/venv/lib/python3.6/site-packages/neutron_lib/callbacks/manager.py:177
2025-08-28 02:25:13.201 23 DEBUG neutron.scheduler.dhcp_agent_scheduler [req-92afa65f-7aad-488b-b90d-5747a85c31a1 - - - - -] No non-hosted networks auto_schedule_networks /var/lib/kolla/venv/lib/python3.6/site-packages/neutron/scheduler/dhcp_agent_scheduler.py:60
2025-08-28 02:25:31.208 26 DEBUG neutron_lib.callbacks.manager [req-27e0db95-e79e-474b-814e-23fb3a71c94b - - - - -] Publish callbacks ['neutron.services.segments.db._update_segment_host_mapping_for_agent-8783068046144', 'neutron.services.l3_router.l3_router_plugin.DVRResourceOperationHandler.create_fip_agent_gw_ports-3914429'] for agent (7fa59211-a484-4741-b505-1936ee76faf5), after_create _notify_loop /var/lib/kolla/venv/lib/python3.6/site-packages/neutron_lib/callbacks/manager.py:177
2025-08-28 02:25:40.431 22 DEBUG neutron.wsgi [-] (22) accepted ('10.0.0.249', 46544) server /var/lib/kolla/venv/lib/python3.6/site-packages/eventlet/wsgi.py:1004
2025-08-28 02:25:40.436 22 INFO neutron.wsgi [-] 10.0.0.249 "GET / HTTP/1.1" status: 200 len: 228 time: 0.0040138
2025-08-28 02:25:43.159 28 DEBUG neutron_lib.callbacks.manager [req-3382afe5-dfd0-49b0-bf7c-90e0a73f939c - - - - -] Publish callbacks ['neutron.services.segments.db._update_segment_host_mapping_for_agent-8783068046144', 'neutron.plugins.ml2.plugin.Ml2Plugin._retry_binding_revived_agents-1333458'] for agent (d9e822c7-e6bd-41c0-aa20-6e56911159ed), after_update _notify_loop /var/lib/kolla/venv/lib/python3.6/site-packages/neutron_lib/callbacks/manager.py:177
2025-08-28 02:25:47.196 29 DEBUG neutron.db.agents_db [req-e40e41d9-424a-4327-b8d8-f0ad3708295f - - - - -] Agent healthcheck: found 2 active agents agent_health_check /var/lib/kolla/venv/lib/python3.6/site-packages/neutron/db/agents_db.py:318
2025-08-28 02:26:01.196 25 DEBUG neutron_lib.callbacks.manager [req-27e0db95-e79e-474b-814e-23fb3a71c94b - - - - -] Publish callbacks ['neutron.services.segments.db._update_segment_host_mapping_for_agent-8783068046144', 'neutron.plugins.ml2.plugin.Ml2Plugin._retry_binding_revived_agents-1333458'] for agent (7fa59211-a484-4741-b505-1936ee76faf5), after_update _notify_loop /var/lib/kolla/venv/lib/python3.6/site-packages/neutron_lib/callbacks/manager.py:177
2025-08-28 02:26:10.485 22 DEBUG neutron.wsgi [-] (22) accepted ('10.0.0.249', 37778) server /var/lib/kolla/venv/lib/python3.6/site-packages/eventlet/wsgi.py:1004
2025-08-28 02:26:10.490 22 INFO neutron.wsgi [-] 10.0.0.249 "GET / HTTP/1.1" status: 200 len: 228 time: 0.0037646
2025-08-28 02:26:13.136 23 DEBUG neutron_lib.callbacks.manager [req-4c29618a-0574-4fd0-85a5-7f0e715afef2 - - - - -] Publish callbacks ['neutron.services.segments.db._update_segment_host_mapping_for_agent-8783068046144', 'neutron.plugins.ml2.plugin.Ml2Plugin._retry_binding_revived_agents-1333458'] for agent (d9e822c7-e6bd-41c0-aa20-6e56911159ed), after_update _notify_loop /var/lib/kolla/venv/lib/python3.6/site-packages/neutron_lib/callbacks/manager.py:177
2025-08-28 02:26:24.187 29 DEBUG neutron.db.agents_db [req-e40e41d9-424a-4327-b8d8-f0ad3708295f - - - - -] Agent healthcheck: found 2 active agents agent_health_check /var/lib/kolla/venv/lib/python3.6/site-packages/neutron/db/agents_db.py:318
2025-08-28 02:26:31.188 24 DEBUG neutron_lib.callbacks.manager [req-27e0db95-e79e-474b-814e-23fb3a71c94b - - - - -] Publish callbacks ['neutron.services.segments.db._update_segment_host_mapping_for_agent-8783068046144', 'neutron.plugins.ml2.plugin.Ml2Plugin._retry_binding_revived_agents-1333458'] for agent (7fa59211-a484-4741-b505-1936ee76faf5), after_update _notify_loop /var/lib/kolla/venv/lib/python3.6/site-packages/neutron_lib/callbacks/manager.py:177
2025-08-28 02:26:40.540 22 DEBUG neutron.wsgi [-] (22) accepted ('10.0.0.249', 35968) server /var/lib/kolla/venv/lib/python3.6/site-packages/eventlet/wsgi.py:1004
2025-08-28 02:26:40.544 22 INFO neutron.wsgi [-] 10.0.0.249 "GET / HTTP/1.1" status: 200 len: 228 time: 0.0033343
2025-08-28 02:26:43.130 27 DEBUG neutron_lib.callbacks.manager [req-dab32f3b-f4ed-4250-b9b1-4c5bc3523533 - - - - -] Publish callbacks ['neutron.services.segments.db._update_segment_host_mapping_for_agent-8783068046144', 'neutron.plugins.ml2.plugin.Ml2Plugin._retry_binding_revived_agents-1333458'] for agent (d9e822c7-e6bd-41c0-aa20-6e56911159ed), after_update _notify_loop /var/lib/kolla/venv/lib/python3.6/site-packages/neutron_lib/callbacks/manager.py:177
2025-08-28 02:27:01.176 26 DEBUG neutron_lib.callbacks.manager [req-27e0db95-e79e-474b-814e-23fb3a71c94b - - - - -] Publish callbacks ['neutron.services.segments.db._update_segment_host_mapping_for_agent-8783068046144', 'neutron.plugins.ml2.plugin.Ml2Plugin._retry_binding_revived_agents-1333458'] for agent (7fa59211-a484-4741-b505-1936ee76faf5), after_update _notify_loop /var/lib/kolla/venv/lib/python3.6/site-packages/neutron_lib/callbacks/manager.py:177
2025-08-28 02:27:01.187 29 DEBUG neutron.db.agents_db [req-e40e41d9-424a-4327-b8d8-f0ad3708295f - - - - -] Agent healthcheck: found 2 active agents agent_health_check /var/lib/kolla/venv/lib/python3.6/site-packages/neutron/db/agents_db.py:318
2025-08-28 02:27:10.600 22 DEBUG neutron.wsgi [-] (22) accepted ('10.0.0.249', 38742) server /var/lib/kolla/venv/lib/python3.6/site-packages/eventlet/wsgi.py:1004
2025-08-28 02:27:10.604 22 INFO neutron.wsgi [-] 10.0.0.249 "GET / HTTP/1.1" status: 200 len: 228 time: 0.0032310
2025-08-28 02:27:13.131 28 DEBUG neutron_lib.callbacks.manager [req-f5e43d5b-3a96-4b46-91c9-5e73f51d8c72 - - - - -] Publish callbacks ['neutron.services.segments.db._update_segment_host_mapping_for_agent-8783068046144', 'neutron.plugins.ml2.plugin.Ml2Plugin._retry_binding_revived_agents-1333458'] for agent (d9e822c7-e6bd-41c0-aa20-6e56911159ed), after_update _notify_loop /var/lib/kolla/venv/lib/python3.6/site-packages/neutron_lib/callbacks/manager.py:177
2025-08-28 02:27:31.175 25 DEBUG neutron_lib.callbacks.manager [req-27e0db95-e79e-474b-814e-23fb3a71c94b - - - - -] Publish callbacks ['neutron.services.segments.db._update_segment_host_mapping_for_agent-8783068046144', 'neutron.plugins.ml2.plugin.Ml2Plugin._retry_binding_revived_agents-1333458'] for agent (7fa59211-a484-4741-b505-1936ee76faf5), after_update _notify_loop /var/lib/kolla/venv/lib/python3.6/site-packages/neutron_lib/callbacks/manager.py:177
2025-08-28 02:27:38.186 29 DEBUG neutron.db.agents_db [req-e40e41d9-424a-4327-b8d8-f0ad3708295f - - - - -] Agent healthcheck: found 2 active agents agent_health_check /var/lib/kolla/venv/lib/python3.6/site-packages/neutron/db/agents_db.py:318
2025-08-28 02:27:40.659 22 DEBUG neutron.wsgi [-] (22) accepted ('10.0.0.249', 44930) server /var/lib/kolla/venv/lib/python3.6/site-packages/eventlet/wsgi.py:1004
2025-08-28 02:27:40.667 22 INFO neutron.wsgi [-] 10.0.0.249 "GET / HTTP/1.1" status: 200 len: 228 time: 0.0066183
2025-08-28 02:27:43.134 23 DEBUG neutron_lib.callbacks.manager [req-c80cec06-a251-4ec4-96a0-360f1e3dbc3a - - - - -] Publish callbacks ['neutron.services.segments.db._update_segment_host_mapping_for_agent-8783068046144', 'neutron.plugins.ml2.plugin.Ml2Plugin._retry_binding_revived_agents-1333458'] for agent (d9e822c7-e6bd-41c0-aa20-6e56911159ed), after_update _notify_loop /var/lib/kolla/venv/lib/python3.6/site-packages/neutron_lib/callbacks/manager.py:177
2025-08-28 02:28:01.178 24 DEBUG neutron_lib.callbacks.manager [req-27e0db95-e79e-474b-814e-23fb3a71c94b - - - - -] Publish callbacks ['neutron.services.segments.db._update_segment_host_mapping_for_agent-8783068046144', 'neutron.plugins.ml2.plugin.Ml2Plugin._retry_binding_revived_agents-1333458'] for agent (7fa59211-a484-4741-b505-1936ee76faf5), after_update _notify_loop /var/lib/kolla/venv/lib/python3.6/site-packages/neutron_lib/callbacks/manager.py:177
2025-08-28 02:28:10.719 22 DEBUG neutron.wsgi [-] (22) accepted ('10.0.0.249', 34154) server /var/lib/kolla/venv/lib/python3.6/site-packages/eventlet/wsgi.py:1004
2025-08-28 02:28:10.725 22 INFO neutron.wsgi [-] 10.0.0.249 "GET / HTTP/1.1" status: 200 len: 228 time: 0.0037031
2025-08-28 02:28:13.164 27 DEBUG neutron_lib.callbacks.manager [req-654a8d86-76df-4b09-826e-31dbc39cd145 - - - - -] Publish callbacks ['neutron.services.segments.db._update_segment_host_mapping_for_agent-8783068046144', 'neutron.plugins.ml2.plugin.Ml2Plugin._retry_binding_revived_agents-1333458'] for agent (d9e822c7-e6bd-41c0-aa20-6e56911159ed), after_update _notify_loop /var/lib/kolla/venv/lib/python3.6/site-packages/neutron_lib/callbacks/manager.py:177
2025-08-28 02:28:15.184 29 DEBUG neutron.db.agents_db [req-e40e41d9-424a-4327-b8d8-f0ad3708295f - - - - -] Agent healthcheck: found 2 active agents agent_health_check /var/lib/kolla/venv/lib/python3.6/site-packages/neutron/db/agents_db.py:318
2025-08-28 02:28:31.180 26 DEBUG neutron_lib.callbacks.manager [req-27e0db95-e79e-474b-814e-23fb3a71c94b - - - - -] Publish callbacks ['neutron.services.segments.db._update_segment_host_mapping_for_agent-8783068046144', 'neutron.plugins.ml2.plugin.Ml2Plugin._retry_binding_revived_agents-1333458'] for agent (7fa59211-a484-4741-b505-1936ee76faf5), after_update _notify_loop /var/lib/kolla/venv/lib/python3.6/site-packages/neutron_lib/callbacks/manager.py:177
2025-08-28 02:28:40.777 22 DEBUG neutron.wsgi [-] (22) accepted ('10.0.0.249', 53558) server /var/lib/kolla/venv/lib/python3.6/site-packages/eventlet/wsgi.py:1004
2025-08-28 02:28:40.781 22 INFO neutron.wsgi [-] 10.0.0.249 "GET / HTTP/1.1" status: 200 len: 228 time: 0.0030441
2025-08-28 02:28:43.164 28 DEBUG neutron_lib.callbacks.manager [req-3c8bd0ac-8ab1-485c-ac96-d06b1b8d04d6 - - - - -] Publish callbacks ['neutron.services.segments.db._update_segment_host_mapping_for_agent-8783068046144', 'neutron.plugins.ml2.plugin.Ml2Plugin._retry_binding_revived_agents-1333458'] for agent (d9e822c7-e6bd-41c0-aa20-6e56911159ed), after_update _notify_loop /var/lib/kolla/venv/lib/python3.6/site-packages/neutron_lib/callbacks/manager.py:177
2025-08-28 02:28:52.183 29 DEBUG neutron.db.agents_db [req-e40e41d9-424a-4327-b8d8-f0ad3708295f - - - - -] Agent healthcheck: found 2 active agents agent_health_check /var/lib/kolla/venv/lib/python3.6/site-packages/neutron/db/agents_db.py:318
2025-08-28 02:29:01.183 25 DEBUG neutron_lib.callbacks.manager [req-27e0db95-e79e-474b-814e-23fb3a71c94b - - - - -] Publish callbacks ['neutron.services.segments.db._update_segment_host_mapping_for_agent-8783068046144', 'neutron.plugins.ml2.plugin.Ml2Plugin._retry_binding_revived_agents-1333458'] for agent (7fa59211-a484-4741-b505-1936ee76faf5), after_update _notify_loop /var/lib/kolla/venv/lib/python3.6/site-packages/neutron_lib/callbacks/manager.py:177
2025-08-28 02:29:10.835 22 DEBUG neutron.wsgi [-] (22) accepted ('10.0.0.249', 33470) server /var/lib/kolla/venv/lib/python3.6/site-packages/eventlet/wsgi.py:1004
2025-08-28 02:29:10.838 22 INFO neutron.wsgi [-] 10.0.0.249 "GET / HTTP/1.1" status: 200 len: 228 time: 0.0028701
2025-08-28 02:29:13.163 23 DEBUG neutron_lib.callbacks.manager [req-918eee7f-69e7-4844-a02f-193811fe199b - - - - -] Publish callbacks ['neutron.services.segments.db._update_segment_host_mapping_for_agent-8783068046144', 'neutron.plugins.ml2.plugin.Ml2Plugin._retry_binding_revived_agents-1333458'] for agent (d9e822c7-e6bd-41c0-aa20-6e56911159ed), after_update _notify_loop /var/lib/kolla/venv/lib/python3.6/site-packages/neutron_lib/callbacks/manager.py:177
2025-08-28 02:29:29.184 29 DEBUG neutron.db.agents_db [req-e40e41d9-424a-4327-b8d8-f0ad3708295f - - - - -] Agent healthcheck: found 2 active agents agent_health_check /var/lib/kolla/venv/lib/python3.6/site-packages/neutron/db/agents_db.py:318
2025-08-28 02:29:31.188 24 DEBUG neutron_lib.callbacks.manager [req-27e0db95-e79e-474b-814e-23fb3a71c94b - - - - -] Publish callbacks ['neutron.services.segments.db._update_segment_host_mapping_for_agent-8783068046144', 'neutron.plugins.ml2.plugin.Ml2Plugin._retry_binding_revived_agents-1333458'] for agent (7fa59211-a484-4741-b505-1936ee76faf5), after_update _notify_loop /var/lib/kolla/venv/lib/python3.6/site-packages/neutron_lib/callbacks/manager.py:177
2025-08-28 02:29:40.892 22 DEBUG neutron.wsgi [-] (22) accepted ('10.0.0.249', 54674) server /var/lib/kolla/venv/lib/python3.6/site-packages/eventlet/wsgi.py:1004
2025-08-28 02:29:40.896 22 INFO neutron.wsgi [-] 10.0.0.249 "GET / HTTP/1.1" status: 200 len: 228 time: 0.0032234
2025-08-28 02:29:43.163 27 DEBUG neutron_lib.callbacks.manager [req-6dcde574-cd2c-4763-83bf-5e8cb0d2cef5 - - - - -] Publish callbacks ['neutron.services.segments.db._update_segment_host_mapping_for_agent-8783068046144', 'neutron.plugins.ml2.plugin.Ml2Plugin._retry_binding_revived_agents-1333458'] for agent (d9e822c7-e6bd-41c0-aa20-6e56911159ed), after_update _notify_loop /var/lib/kolla/venv/lib/python3.6/site-packages/neutron_lib/callbacks/manager.py:177
2025-08-28 02:30:01.193 26 DEBUG neutron_lib.callbacks.manager [req-27e0db95-e79e-474b-814e-23fb3a71c94b - - - - -] Publish callbacks ['neutron.services.segments.db._update_segment_host_mapping_for_agent-8783068046144', 'neutron.plugins.ml2.plugin.Ml2Plugin._retry_binding_revived_agents-1333458'] for agent (7fa59211-a484-4741-b505-1936ee76faf5), after_update _notify_loop /var/lib/kolla/venv/lib/python3.6/site-packages/neutron_lib/callbacks/manager.py:177
2025-08-28 02:30:06.182 29 DEBUG neutron.db.agents_db [req-e40e41d9-424a-4327-b8d8-f0ad3708295f - - - - -] Agent healthcheck: found 2 active agents agent_health_check /var/lib/kolla/venv/lib/python3.6/site-packages/neutron/db/agents_db.py:318
2025-08-28 02:30:10.980 22 DEBUG neutron.wsgi [-] (22) accepted ('10.0.0.249', 57602) server /var/lib/kolla/venv/lib/python3.6/site-packages/eventlet/wsgi.py:1004
2025-08-28 02:30:10.985 22 INFO neutron.wsgi [-] 10.0.0.249 "GET / HTTP/1.1" status: 200 len: 228 time: 0.0036581
2025-08-28 02:30:13.163 28 DEBUG neutron_lib.callbacks.manager [req-aefebcf2-a141-4b49-92e3-63cf21814ac8 - - - - -] Publish callbacks ['neutron.services.segments.db._update_segment_host_mapping_for_agent-8783068046144', 'neutron.plugins.ml2.plugin.Ml2Plugin._retry_binding_revived_agents-1333458'] for agent (d9e822c7-e6bd-41c0-aa20-6e56911159ed), after_update _notify_loop /var/lib/kolla/venv/lib/python3.6/site-packages/neutron_lib/callbacks/manager.py:177
2025-08-28 02:30:31.317 25 DEBUG neutron_lib.callbacks.manager [req-27e0db95-e79e-474b-814e-23fb3a71c94b - - - - -] Publish callbacks ['neutron.services.segments.db._update_segment_host_mapping_for_agent-8783068046144', 'neutron.plugins.ml2.plugin.Ml2Plugin._retry_binding_revived_agents-1333458'] for agent (7fa59211-a484-4741-b505-1936ee76faf5), after_update _notify_loop /var/lib/kolla/venv/lib/python3.6/site-packages/neutron_lib/callbacks/manager.py:177
2025-08-28 02:30:41.036 22 DEBUG neutron.wsgi [-] (22) accepted ('10.0.0.249', 46690) server /var/lib/kolla/venv/lib/python3.6/site-packages/eventlet/wsgi.py:1004
2025-08-28 02:30:41.040 22 INFO neutron.wsgi [-] 10.0.0.249 "GET / HTTP/1.1" status: 200 len: 228 time: 0.0029747
2025-08-28 02:30:43.164 23 DEBUG neutron_lib.callbacks.manager [req-55f95aec-e5e3-41b1-9f66-4ad00a309ea8 - - - - -] Publish callbacks ['neutron.services.segments.db._update_segment_host_mapping_for_agent-8783068046144', 'neutron.plugins.ml2.plugin.Ml2Plugin._retry_binding_revived_agents-1333458'] for agent (d9e822c7-e6bd-41c0-aa20-6e56911159ed), after_update _notify_loop /var/lib/kolla/venv/lib/python3.6/site-packages/neutron_lib/callbacks/manager.py:177
2025-08-28 02:30:43.181 29 DEBUG neutron.db.agents_db [req-e40e41d9-424a-4327-b8d8-f0ad3708295f - - - - -] Agent healthcheck: found 2 active agents agent_health_check /var/lib/kolla/venv/lib/python3.6/site-packages/neutron/db/agents_db.py:318
2025-08-28 02:31:01.196 24 DEBUG neutron_lib.callbacks.manager [req-27e0db95-e79e-474b-814e-23fb3a71c94b - - - - -] Publish callbacks ['neutron.services.segments.db._update_segment_host_mapping_for_agent-8783068046144', 'neutron.plugins.ml2.plugin.Ml2Plugin._retry_binding_revived_agents-1333458'] for agent (7fa59211-a484-4741-b505-1936ee76faf5), after_update _notify_loop /var/lib/kolla/venv/lib/python3.6/site-packages/neutron_lib/callbacks/manager.py:177
2025-08-28 02:31:11.092 22 DEBUG neutron.wsgi [-] (22) accepted ('10.0.0.249', 48472) server /var/lib/kolla/venv/lib/python3.6/site-packages/eventlet/wsgi.py:1004
2025-08-28 02:31:11.100 22 INFO neutron.wsgi [-] 10.0.0.249 "GET / HTTP/1.1" status: 200 len: 228 time: 0.0066969
2025-08-28 02:31:13.169 27 DEBUG neutron_lib.callbacks.manager [req-f086dd9e-98d4-4317-a277-a6a1477d6957 - - - - -] Publish callbacks ['neutron.services.segments.db._update_segment_host_mapping_for_agent-8783068046144', 'neutron.plugins.ml2.plugin.Ml2Plugin._retry_binding_revived_agents-1333458'] for agent (d9e822c7-e6bd-41c0-aa20-6e56911159ed), after_update _notify_loop /var/lib/kolla/venv/lib/python3.6/site-packages/neutron_lib/callbacks/manager.py:177
2025-08-28 02:31:20.181 29 DEBUG neutron.db.agents_db [req-e40e41d9-424a-4327-b8d8-f0ad3708295f - - - - -] Agent healthcheck: found 2 active agents agent_health_check /var/lib/kolla/venv/lib/python3.6/site-packages/neutron/db/agents_db.py:318
2025-08-28 02:31:31.199 26 DEBUG neutron_lib.callbacks.manager [req-27e0db95-e79e-474b-814e-23fb3a71c94b - - - - -] Publish callbacks ['neutron.services.segments.db._update_segment_host_mapping_for_agent-8783068046144', 'neutron.plugins.ml2.plugin.Ml2Plugin._retry_binding_revived_agents-1333458'] for agent (7fa59211-a484-4741-b505-1936ee76faf5), after_update _notify_loop /var/lib/kolla/venv/lib/python3.6/site-packages/neutron_lib/callbacks/manager.py:177
2025-08-28 02:31:41.157 22 DEBUG neutron.wsgi [-] (22) accepted ('10.0.0.249', 54316) server /var/lib/kolla/venv/lib/python3.6/site-packages/eventlet/wsgi.py:1004
2025-08-28 02:31:41.162 22 INFO neutron.wsgi [-] 10.0.0.249 "GET / HTTP/1.1" status: 200 len: 228 time: 0.0028603
2025-08-28 02:31:43.158 28 DEBUG neutron_lib.callbacks.manager [req-9d8b6e59-b2b5-47ef-8341-aa32f22fff44 - - - - -] Publish callbacks ['neutron.services.segments.db._update_segment_host_mapping_for_agent-8783068046144', 'neutron.plugins.ml2.plugin.Ml2Plugin._retry_binding_revived_agents-1333458'] for agent (d9e822c7-e6bd-41c0-aa20-6e56911159ed), after_update _notify_loop /var/lib/kolla/venv/lib/python3.6/site-packages/neutron_lib/callbacks/manager.py:177
2025-08-28 02:31:57.180 29 DEBUG neutron.db.agents_db [req-e40e41d9-424a-4327-b8d8-f0ad3708295f - - - - -] Agent healthcheck: found 2 active agents agent_health_check /var/lib/kolla/venv/lib/python3.6/site-packages/neutron/db/agents_db.py:318
2025-08-28 02:32:01.202 25 DEBUG neutron_lib.callbacks.manager [req-27e0db95-e79e-474b-814e-23fb3a71c94b - - - - -] Publish callbacks ['neutron.services.segments.db._update_segment_host_mapping_for_agent-8783068046144', 'neutron.plugins.ml2.plugin.Ml2Plugin._retry_binding_revived_agents-1333458'] for agent (7fa59211-a484-4741-b505-1936ee76faf5), after_update _notify_loop /var/lib/kolla/venv/lib/python3.6/site-packages/neutron_lib/callbacks/manager.py:177
2025-08-28 02:32:11.223 22 DEBUG neutron.wsgi [-] (22) accepted ('10.0.0.249', 60754) server /var/lib/kolla/venv/lib/python3.6/site-packages/eventlet/wsgi.py:1004
2025-08-28 02:32:11.227 22 INFO neutron.wsgi [-] 10.0.0.249 "GET / HTTP/1.1" status: 200 len: 228 time: 0.0032232
2025-08-28 02:32:13.157 23 DEBUG neutron_lib.callbacks.manager [req-904abd68-1736-4c6b-89c8-d8a9a9c3ece1 - - - - -] Publish callbacks ['neutron.services.segments.db._update_segment_host_mapping_for_agent-8783068046144', 'neutron.plugins.ml2.plugin.Ml2Plugin._retry_binding_revived_agents-1333458'] for agent (d9e822c7-e6bd-41c0-aa20-6e56911159ed), after_update _notify_loop /var/lib/kolla/venv/lib/python3.6/site-packages/neutron_lib/callbacks/manager.py:177
2025-08-28 02:32:31.205 24 DEBUG neutron_lib.callbacks.manager [req-27e0db95-e79e-474b-814e-23fb3a71c94b - - - - -] Publish callbacks ['neutron.services.segments.db._update_segment_host_mapping_for_agent-8783068046144', 'neutron.plugins.ml2.plugin.Ml2Plugin._retry_binding_revived_agents-1333458'] for agent (7fa59211-a484-4741-b505-1936ee76faf5), after_update _notify_loop /var/lib/kolla/venv/lib/python3.6/site-packages/neutron_lib/callbacks/manager.py:177
2025-08-28 02:32:34.178 29 DEBUG neutron.db.agents_db [req-e40e41d9-424a-4327-b8d8-f0ad3708295f - - - - -] Agent healthcheck: found 2 active agents agent_health_check /var/lib/kolla/venv/lib/python3.6/site-packages/neutron/db/agents_db.py:318
2025-08-28 02:32:41.280 22 DEBUG neutron.wsgi [-] (22) accepted ('10.0.0.249', 48394) server /var/lib/kolla/venv/lib/python3.6/site-packages/eventlet/wsgi.py:1004
2025-08-28 02:32:41.285 22 INFO neutron.wsgi [-] 10.0.0.249 "GET / HTTP/1.1" status: 200 len: 228 time: 0.0042109
2025-08-28 02:32:43.157 27 DEBUG neutron_lib.callbacks.manager [req-d5f2864e-355b-4eba-bec5-5702405fa5bc - - - - -] Publish callbacks ['neutron.services.segments.db._update_segment_host_mapping_for_agent-8783068046144', 'neutron.plugins.ml2.plugin.Ml2Plugin._retry_binding_revived_agents-1333458'] for agent (d9e822c7-e6bd-41c0-aa20-6e56911159ed), after_update _notify_loop /var/lib/kolla/venv/lib/python3.6/site-packages/neutron_lib/callbacks/manager.py:177
2025-08-28 02:33:01.206 26 DEBUG neutron_lib.callbacks.manager [req-27e0db95-e79e-474b-814e-23fb3a71c94b - - - - -] Publish callbacks ['neutron.services.segments.db._update_segment_host_mapping_for_agent-8783068046144', 'neutron.plugins.ml2.plugin.Ml2Plugin._retry_binding_revived_agents-1333458'] for agent (7fa59211-a484-4741-b505-1936ee76faf5), after_update _notify_loop /var/lib/kolla/venv/lib/python3.6/site-packages/neutron_lib/callbacks/manager.py:177
2025-08-28 02:33:11.175 29 DEBUG neutron.db.agents_db [req-e40e41d9-424a-4327-b8d8-f0ad3708295f - - - - -] Agent healthcheck: found 2 active agents agent_health_check /var/lib/kolla/venv/lib/python3.6/site-packages/neutron/db/agents_db.py:318
2025-08-28 02:33:11.342 22 DEBUG neutron.wsgi [-] (22) accepted ('10.0.0.249', 44358) server /var/lib/kolla/venv/lib/python3.6/site-packages/eventlet/wsgi.py:1004
2025-08-28 02:33:11.347 22 INFO neutron.wsgi [-] 10.0.0.249 "GET / HTTP/1.1" status: 200 len: 228 time: 0.0031638
2025-08-28 02:33:13.155 28 DEBUG neutron_lib.callbacks.manager [req-bac18be5-165b-4850-bd4c-15cdafefd737 - - - - -] Publish callbacks ['neutron.services.segments.db._update_segment_host_mapping_for_agent-8783068046144', 'neutron.plugins.ml2.plugin.Ml2Plugin._retry_binding_revived_agents-1333458'] for agent (d9e822c7-e6bd-41c0-aa20-6e56911159ed), after_update _notify_loop /var/lib/kolla/venv/lib/python3.6/site-packages/neutron_lib/callbacks/manager.py:177
2025-08-28 02:33:31.211 25 DEBUG neutron_lib.callbacks.manager [req-27e0db95-e79e-474b-814e-23fb3a71c94b - - - - -] Publish callbacks ['neutron.services.segments.db._update_segment_host_mapping_for_agent-8783068046144', 'neutron.plugins.ml2.plugin.Ml2Plugin._retry_binding_revived_agents-1333458'] for agent (7fa59211-a484-4741-b505-1936ee76faf5), after_update _notify_loop /var/lib/kolla/venv/lib/python3.6/site-packages/neutron_lib/callbacks/manager.py:177
2025-08-28 02:33:41.401 22 DEBUG neutron.wsgi [-] (22) accepted ('10.0.0.249', 59340) server /var/lib/kolla/venv/lib/python3.6/site-packages/eventlet/wsgi.py:1004
2025-08-28 02:33:41.406 22 INFO neutron.wsgi [-] 10.0.0.249 "GET / HTTP/1.1" status: 200 len: 228 time: 0.0031834
2025-08-28 02:33:43.153 23 DEBUG neutron_lib.callbacks.manager [req-6d2f1eea-a920-40a0-acbb-b0c7369f3478 - - - - -] Publish callbacks ['neutron.services.segments.db._update_segment_host_mapping_for_agent-8783068046144', 'neutron.plugins.ml2.plugin.Ml2Plugin._retry_binding_revived_agents-1333458'] for agent (d9e822c7-e6bd-41c0-aa20-6e56911159ed), after_update _notify_loop /var/lib/kolla/venv/lib/python3.6/site-packages/neutron_lib/callbacks/manager.py:177
2025-08-28 02:33:48.176 29 DEBUG neutron.db.agents_db [req-e40e41d9-424a-4327-b8d8-f0ad3708295f - - - - -] Agent healthcheck: found 2 active agents agent_health_check /var/lib/kolla/venv/lib/python3.6/site-packages/neutron/db/agents_db.py:318
2025-08-28 02:34:01.218 24 DEBUG neutron_lib.callbacks.manager [req-27e0db95-e79e-474b-814e-23fb3a71c94b - - - - -] Publish callbacks ['neutron.services.segments.db._update_segment_host_mapping_for_agent-8783068046144', 'neutron.plugins.ml2.plugin.Ml2Plugin._retry_binding_revived_agents-1333458'] for agent (7fa59211-a484-4741-b505-1936ee76faf5), after_update _notify_loop /var/lib/kolla/venv/lib/python3.6/site-packages/neutron_lib/callbacks/manager.py:177
2025-08-28 02:34:11.459 22 DEBUG neutron.wsgi [-] (22) accepted ('10.0.0.249', 38168) server /var/lib/kolla/venv/lib/python3.6/site-packages/eventlet/wsgi.py:1004
2025-08-28 02:34:11.465 22 INFO neutron.wsgi [-] 10.0.0.249 "GET / HTTP/1.1" status: 200 len: 228 time: 0.0042813
2025-08-28 02:34:13.153 27 DEBUG neutron_lib.callbacks.manager [req-b91bea7c-b1a5-4541-9bda-0dc3222d1071 - - - - -] Publish callbacks ['neutron.services.segments.db._update_segment_host_mapping_for_agent-8783068046144', 'neutron.plugins.ml2.plugin.Ml2Plugin._retry_binding_revived_agents-1333458'] for agent (d9e822c7-e6bd-41c0-aa20-6e56911159ed), after_update _notify_loop /var/lib/kolla/venv/lib/python3.6/site-packages/neutron_lib/callbacks/manager.py:177
2025-08-28 02:34:25.172 29 DEBUG neutron.db.agents_db [req-e40e41d9-424a-4327-b8d8-f0ad3708295f - - - - -] Agent healthcheck: found 2 active agents agent_health_check /var/lib/kolla/venv/lib/python3.6/site-packages/neutron/db/agents_db.py:318
2025-08-28 02:34:31.263 26 DEBUG neutron_lib.callbacks.manager [req-27e0db95-e79e-474b-814e-23fb3a71c94b - - - - -] Publish callbacks ['neutron.services.segments.db._update_segment_host_mapping_for_agent-8783068046144', 'neutron.plugins.ml2.plugin.Ml2Plugin._retry_binding_revived_agents-1333458'] for agent (7fa59211-a484-4741-b505-1936ee76faf5), after_update _notify_loop /var/lib/kolla/venv/lib/python3.6/site-packages/neutron_lib/callbacks/manager.py:177
2025-08-28 02:34:41.535 22 DEBUG neutron.wsgi [-] (22) accepted ('10.0.0.249', 50398) server /var/lib/kolla/venv/lib/python3.6/site-packages/eventlet/wsgi.py:1004
2025-08-28 02:34:41.539 22 INFO neutron.wsgi [-] 10.0.0.249 "GET / HTTP/1.1" status: 200 len: 228 time: 0.0028565
2025-08-28 02:34:43.157 28 DEBUG neutron_lib.callbacks.manager [req-d688426b-d30e-4666-ad8d-20baef5993f3 - - - - -] Publish callbacks ['neutron.services.segments.db._update_segment_host_mapping_for_agent-8783068046144', 'neutron.plugins.ml2.plugin.Ml2Plugin._retry_binding_revived_agents-1333458'] for agent (d9e822c7-e6bd-41c0-aa20-6e56911159ed), after_update _notify_loop /var/lib/kolla/venv/lib/python3.6/site-packages/neutron_lib/callbacks/manager.py:177
2025-08-28 02:34:52.484 7 INFO oslo_service.service [-] Caught SIGTERM, stopping children
2025-08-28 02:34:52.485 7 DEBUG oslo_concurrency.lockutils [-] Acquired lock "singleton_lock" lock /var/lib/kolla/venv/lib/python3.6/site-packages/oslo_concurrency/lockutils.py:294
2025-08-28 02:34:52.485 7 DEBUG oslo_concurrency.lockutils [-] Releasing lock "singleton_lock" lock /var/lib/kolla/venv/lib/python3.6/site-packages/oslo_concurrency/lockutils.py:312
2025-08-28 02:34:52.485 7 DEBUG oslo_service.service [-] Stop services. stop /var/lib/kolla/venv/lib/python3.6/site-packages/oslo_service/service.py:695
2025-08-28 02:34:52.485 7 DEBUG neutron.service [-] calling RpcWorker stop() stop /var/lib/kolla/venv/lib/python3.6/site-packages/neutron/service.py:138
2025-08-28 02:34:52.485 7 DEBUG neutron.service [-] calling RpcWorker stop() stop /var/lib/kolla/venv/lib/python3.6/site-packages/neutron/service.py:138
2025-08-28 02:34:52.485 7 DEBUG oslo_service.service [-] Killing children. stop /var/lib/kolla/venv/lib/python3.6/site-packages/oslo_service/service.py:700
2025-08-28 02:34:52.485 7 INFO oslo_service.service [-] Waiting on 8 children to exit
2025-08-28 02:34:52.486 22 INFO neutron.wsgi [-] (22) wsgi exited, is_accepting=True
2025-08-28 02:34:52.487 22 DEBUG oslo_concurrency.lockutils [req-f2e03a6b-4ee3-46b8-b9e1-40e05b1038bb - - - - -] Acquired lock "singleton_lock" lock /var/lib/kolla/venv/lib/python3.6/site-packages/oslo_concurrency/lockutils.py:294
2025-08-28 02:34:52.487 22 DEBUG oslo_concurrency.lockutils [req-f2e03a6b-4ee3-46b8-b9e1-40e05b1038bb - - - - -] Releasing lock "singleton_lock" lock /var/lib/kolla/venv/lib/python3.6/site-packages/oslo_concurrency/lockutils.py:312
2025-08-28 02:34:52.489 25 DEBUG neutron.service [-] calling RpcWorker stop() stop /var/lib/kolla/venv/lib/python3.6/site-packages/neutron/service.py:138
2025-08-28 02:34:52.489 25 DEBUG neutron.service [-] calling stop on stop /var/lib/kolla/venv/lib/python3.6/site-packages/neutron/service.py:141
2025-08-28 02:34:52.492 24 DEBUG neutron.service [-] calling RpcWorker stop() stop /var/lib/kolla/venv/lib/python3.6/site-packages/neutron/service.py:138
2025-08-28 02:34:52.495 27 DEBUG neutron.service [-] calling RpcWorker stop() stop /var/lib/kolla/venv/lib/python3.6/site-packages/neutron/service.py:138
2025-08-28 02:34:52.493 24 DEBUG neutron.service [-] calling stop on stop /var/lib/kolla/venv/lib/python3.6/site-packages/neutron/service.py:141
2025-08-28 02:34:52.496 7 INFO oslo_service.service [-] Child 22 exited with status 0
2025-08-28 02:34:52.496 28 DEBUG neutron.service [-] calling RpcWorker stop() stop /var/lib/kolla/venv/lib/python3.6/site-packages/neutron/service.py:138
2025-08-28 02:34:52.496 23 DEBUG neutron.service [-] calling RpcWorker stop() stop /var/lib/kolla/venv/lib/python3.6/site-packages/neutron/service.py:138
2025-08-28 02:34:52.498 26 DEBUG neutron.service [-] calling RpcWorker stop() stop /var/lib/kolla/venv/lib/python3.6/site-packages/neutron/service.py:138
2025-08-28 02:34:52.497 23 DEBUG neutron.service [-] calling stop on stop /var/lib/kolla/venv/lib/python3.6/site-packages/neutron/service.py:141
2025-08-28 02:34:52.501 29 DEBUG neutron.service [-] calling RpcWorker stop() stop /var/lib/kolla/venv/lib/python3.6/site-packages/neutron/service.py:138
2025-08-28 02:34:52.498 26 DEBUG neutron.service [-] calling stop on stop /var/lib/kolla/venv/lib/python3.6/site-packages/neutron/service.py:141
2025-08-28 02:34:52.498 27 DEBUG neutron.service [-] calling stop on stop /var/lib/kolla/venv/lib/python3.6/site-packages/neutron/service.py:141
2025-08-28 02:34:52.502 29 DEBUG neutron.service [-] calling stop on stop /var/lib/kolla/venv/lib/python3.6/site-packages/neutron/service.py:141
2025-08-28 02:34:52.498 28 DEBUG neutron.service [-] calling stop on stop /var/lib/kolla/venv/lib/python3.6/site-packages/neutron/service.py:141
2025-08-28 02:34:54.168 23 DEBUG neutron.service [-] calling stop on stop /var/lib/kolla/venv/lib/python3.6/site-packages/neutron/service.py:141
2025-08-28 02:34:54.186 25 DEBUG neutron.service [-] calling stop on stop /var/lib/kolla/venv/lib/python3.6/site-packages/neutron/service.py:141
2025-08-28 02:34:54.191 23 DEBUG neutron.service [-] calling stop on stop /var/lib/kolla/venv/lib/python3.6/site-packages/neutron/service.py:141
2025-08-28 02:34:54.192 24 DEBUG neutron.service [-] calling stop on stop /var/lib/kolla/venv/lib/python3.6/site-packages/neutron/service.py:141
2025-08-28 02:34:54.200 25 DEBUG neutron.service [-] calling stop on stop /var/lib/kolla/venv/lib/python3.6/site-packages/neutron/service.py:141
2025-08-28 02:34:54.208 29 DEBUG oslo_concurrency.lockutils [req-f2e03a6b-4ee3-46b8-b9e1-40e05b1038bb - - - - -] Acquired lock "singleton_lock" lock /var/lib/kolla/venv/lib/python3.6/site-packages/oslo_concurrency/lockutils.py:294
2025-08-28 02:34:54.208 29 DEBUG oslo_concurrency.lockutils [req-f2e03a6b-4ee3-46b8-b9e1-40e05b1038bb - - - - -] Releasing lock "singleton_lock" lock /var/lib/kolla/venv/lib/python3.6/site-packages/oslo_concurrency/lockutils.py:312
2025-08-28 02:34:54.208 29 DEBUG neutron.service [req-f2e03a6b-4ee3-46b8-b9e1-40e05b1038bb - - - - -] calling RpcWorker wait() _wait /var/lib/kolla/venv/lib/python3.6/site-packages/neutron/service.py:128
2025-08-28 02:34:54.209 29 DEBUG neutron.service [req-f2e03a6b-4ee3-46b8-b9e1-40e05b1038bb - - - - -] calling wait on _wait /var/lib/kolla/venv/lib/python3.6/site-packages/neutron/service.py:131
2025-08-28 02:34:54.215 24 DEBUG neutron.service [-] calling stop on stop /var/lib/kolla/venv/lib/python3.6/site-packages/neutron/service.py:141
2025-08-28 02:34:54.217 29 WARNING amqp [req-f2e03a6b-4ee3-46b8-b9e1-40e05b1038bb - - - - -] Received method (60, 30) during closing channel 1. This method will be ignored
2025-08-28 02:34:54.219 29 DEBUG neutron.service [req-f2e03a6b-4ee3-46b8-b9e1-40e05b1038bb - - - - -] returning from RpcWorker wait() _wait /var/lib/kolla/venv/lib/python3.6/site-packages/neutron/service.py:135
2025-08-28 02:34:54.221 25 DEBUG neutron.service [-] calling stop on stop /var/lib/kolla/venv/lib/python3.6/site-packages/neutron/service.py:141
2025-08-28 02:34:54.222 23 DEBUG neutron.service [-] calling stop on stop /var/lib/kolla/venv/lib/python3.6/site-packages/neutron/service.py:141
2025-08-28 02:34:54.229 7 INFO oslo_service.service [-] Child 29 exited with status 0
2025-08-28 02:34:54.237 24 DEBUG neutron.service [-] calling stop on stop /var/lib/kolla/venv/lib/python3.6/site-packages/neutron/service.py:141
2025-08-28 02:34:54.238 25 DEBUG oslo_concurrency.lockutils [req-f2e03a6b-4ee3-46b8-b9e1-40e05b1038bb - - - - -] Acquired lock "singleton_lock" lock /var/lib/kolla/venv/lib/python3.6/site-packages/oslo_concurrency/lockutils.py:294
2025-08-28 02:34:54.238 25 DEBUG oslo_concurrency.lockutils [req-f2e03a6b-4ee3-46b8-b9e1-40e05b1038bb - - - - -] Releasing lock "singleton_lock" lock /var/lib/kolla/venv/lib/python3.6/site-packages/oslo_concurrency/lockutils.py:312
2025-08-28 02:34:54.238 25 DEBUG neutron.service [req-f2e03a6b-4ee3-46b8-b9e1-40e05b1038bb - - - - -] calling RpcWorker wait() _wait /var/lib/kolla/venv/lib/python3.6/site-packages/neutron/service.py:128
2025-08-28 02:34:54.239 25 DEBUG neutron.service [req-f2e03a6b-4ee3-46b8-b9e1-40e05b1038bb - - - - -] calling wait on _wait /var/lib/kolla/venv/lib/python3.6/site-packages/neutron/service.py:131
2025-08-28 02:34:54.240 23 DEBUG oslo_concurrency.lockutils [req-f2e03a6b-4ee3-46b8-b9e1-40e05b1038bb - - - - -] Acquired lock "singleton_lock" lock /var/lib/kolla/venv/lib/python3.6/site-packages/oslo_concurrency/lockutils.py:294
2025-08-28 02:34:54.241 23 DEBUG oslo_concurrency.lockutils [req-f2e03a6b-4ee3-46b8-b9e1-40e05b1038bb - - - - -] Releasing lock "singleton_lock" lock /var/lib/kolla/venv/lib/python3.6/site-packages/oslo_concurrency/lockutils.py:312
2025-08-28 02:34:54.242 23 DEBUG neutron.service [req-f2e03a6b-4ee3-46b8-b9e1-40e05b1038bb - - - - -] calling RpcWorker wait() _wait /var/lib/kolla/venv/lib/python3.6/site-packages/neutron/service.py:128
2025-08-28 02:34:54.244 23 DEBUG neutron.service [req-f2e03a6b-4ee3-46b8-b9e1-40e05b1038bb - - - - -] calling wait on _wait /var/lib/kolla/venv/lib/python3.6/site-packages/neutron/service.py:131
2025-08-28 02:34:54.245 25 WARNING amqp [req-f2e03a6b-4ee3-46b8-b9e1-40e05b1038bb - - - - -] Received method (60, 30) during closing channel 1. This method will be ignored
2025-08-28 02:34:54.246 25 DEBUG neutron.service [req-f2e03a6b-4ee3-46b8-b9e1-40e05b1038bb - - - - -] calling wait on _wait /var/lib/kolla/venv/lib/python3.6/site-packages/neutron/service.py:131
2025-08-28 02:34:54.251 23 WARNING amqp [req-f2e03a6b-4ee3-46b8-b9e1-40e05b1038bb - - - - -] Received method (60, 30) during closing channel 1. This method will be ignored
2025-08-28 02:34:54.253 25 WARNING amqp [req-f2e03a6b-4ee3-46b8-b9e1-40e05b1038bb - - - - -] Received method (60, 30) during closing channel 1. This method will be ignored
2025-08-28 02:34:54.254 24 DEBUG oslo_concurrency.lockutils [req-f2e03a6b-4ee3-46b8-b9e1-40e05b1038bb - - - - -] Acquired lock "singleton_lock" lock /var/lib/kolla/venv/lib/python3.6/site-packages/oslo_concurrency/lockutils.py:294
2025-08-28 02:34:54.254 23 DEBUG neutron.service [req-f2e03a6b-4ee3-46b8-b9e1-40e05b1038bb - - - - -] calling wait on _wait /var/lib/kolla/venv/lib/python3.6/site-packages/neutron/service.py:131
2025-08-28 02:34:54.254 24 DEBUG oslo_concurrency.lockutils [req-f2e03a6b-4ee3-46b8-b9e1-40e05b1038bb - - - - -] Releasing lock "singleton_lock" lock /var/lib/kolla/venv/lib/python3.6/site-packages/oslo_concurrency/lockutils.py:312
2025-08-28 02:34:54.255 24 DEBUG neutron.service [req-f2e03a6b-4ee3-46b8-b9e1-40e05b1038bb - - - - -] calling RpcWorker wait() _wait /var/lib/kolla/venv/lib/python3.6/site-packages/neutron/service.py:128
2025-08-28 02:34:54.255 24 DEBUG neutron.service [req-f2e03a6b-4ee3-46b8-b9e1-40e05b1038bb - - - - -] calling wait on _wait /var/lib/kolla/venv/lib/python3.6/site-packages/neutron/service.py:131
2025-08-28 02:34:54.254 25 DEBUG neutron.service [req-f2e03a6b-4ee3-46b8-b9e1-40e05b1038bb - - - - -] calling wait on _wait /var/lib/kolla/venv/lib/python3.6/site-packages/neutron/service.py:131
2025-08-28 02:34:54.260 23 WARNING amqp [req-f2e03a6b-4ee3-46b8-b9e1-40e05b1038bb - - - - -] Received method (60, 30) during closing channel 1. This method will be ignored
2025-08-28 02:34:54.261 24 WARNING amqp [req-f2e03a6b-4ee3-46b8-b9e1-40e05b1038bb - - - - -] Received method (60, 30) during closing channel 1. This method will be ignored
2025-08-28 02:34:54.261 25 WARNING amqp [req-f2e03a6b-4ee3-46b8-b9e1-40e05b1038bb - - - - -] Received method (60, 30) during closing channel 1. This method will be ignored
2025-08-28 02:34:54.263 24 DEBUG neutron.service [req-f2e03a6b-4ee3-46b8-b9e1-40e05b1038bb - - - - -] calling wait on _wait /var/lib/kolla/venv/lib/python3.6/site-packages/neutron/service.py:131
2025-08-28 02:34:54.263 25 DEBUG neutron.service [req-f2e03a6b-4ee3-46b8-b9e1-40e05b1038bb - - - - -] calling wait on _wait /var/lib/kolla/venv/lib/python3.6/site-packages/neutron/service.py:131
2025-08-28 02:34:54.262 23 DEBUG neutron.service [req-f2e03a6b-4ee3-46b8-b9e1-40e05b1038bb - - - - -] calling wait on _wait /var/lib/kolla/venv/lib/python3.6/site-packages/neutron/service.py:131
2025-08-28 02:34:54.269 24 WARNING amqp [req-f2e03a6b-4ee3-46b8-b9e1-40e05b1038bb - - - - -] Received method (60, 30) during closing channel 1. This method will be ignored
2025-08-28 02:34:54.269 24 DEBUG neutron.service [req-f2e03a6b-4ee3-46b8-b9e1-40e05b1038bb - - - - -] calling wait on _wait /var/lib/kolla/venv/lib/python3.6/site-packages/neutron/service.py:131
2025-08-28 02:34:54.271 25 WARNING amqp [req-f2e03a6b-4ee3-46b8-b9e1-40e05b1038bb - - - - -] Received method (60, 30) during closing channel 1. This method will be ignored
2025-08-28 02:34:54.273 25 DEBUG neutron.service [req-f2e03a6b-4ee3-46b8-b9e1-40e05b1038bb - - - - -] returning from RpcWorker wait() _wait /var/lib/kolla/venv/lib/python3.6/site-packages/neutron/service.py:135
2025-08-28 02:34:54.272 23 WARNING amqp [req-f2e03a6b-4ee3-46b8-b9e1-40e05b1038bb - - - - -] Received method (60, 30) during closing channel 1. This method will be ignored
2025-08-28 02:34:54.275 23 DEBUG neutron.service [req-f2e03a6b-4ee3-46b8-b9e1-40e05b1038bb - - - - -] calling wait on _wait /var/lib/kolla/venv/lib/python3.6/site-packages/neutron/service.py:131
2025-08-28 02:34:54.275 24 WARNING amqp [req-f2e03a6b-4ee3-46b8-b9e1-40e05b1038bb - - - - -] Received method (60, 30) during closing channel 1. This method will be ignored
2025-08-28 02:34:54.280 7 INFO oslo_service.service [-] Child 25 exited with status 0
2025-08-28 02:34:54.282 24 DEBUG neutron.service [req-f2e03a6b-4ee3-46b8-b9e1-40e05b1038bb - - - - -] calling wait on _wait /var/lib/kolla/venv/lib/python3.6/site-packages/neutron/service.py:131
2025-08-28 02:34:54.285 23 WARNING amqp [req-f2e03a6b-4ee3-46b8-b9e1-40e05b1038bb - - - - -] Received method (60, 30) during closing channel 1. This method will be ignored
2025-08-28 02:34:54.287 23 DEBUG neutron.service [req-f2e03a6b-4ee3-46b8-b9e1-40e05b1038bb - - - - -] returning from RpcWorker wait() _wait /var/lib/kolla/venv/lib/python3.6/site-packages/neutron/service.py:135
2025-08-28 02:34:54.288 24 WARNING amqp [req-f2e03a6b-4ee3-46b8-b9e1-40e05b1038bb - - - - -] Received method (60, 30) during closing channel 1. This method will be ignored
2025-08-28 02:34:54.291 24 DEBUG neutron.service [req-f2e03a6b-4ee3-46b8-b9e1-40e05b1038bb - - - - -] returning from RpcWorker wait() _wait /var/lib/kolla/venv/lib/python3.6/site-packages/neutron/service.py:135
2025-08-28 02:34:54.296 7 INFO oslo_service.service [-] Child 23 exited with status 0
2025-08-28 02:34:54.297 7 INFO oslo_service.service [-] Child 24 exited with status 0
2025-08-28 02:34:54.417 26 DEBUG oslo_concurrency.lockutils [req-f2e03a6b-4ee3-46b8-b9e1-40e05b1038bb - - - - -] Acquired lock "singleton_lock" lock /var/lib/kolla/venv/lib/python3.6/site-packages/oslo_concurrency/lockutils.py:294
2025-08-28 02:34:54.418 26 DEBUG oslo_concurrency.lockutils [req-f2e03a6b-4ee3-46b8-b9e1-40e05b1038bb - - - - -] Releasing lock "singleton_lock" lock /var/lib/kolla/venv/lib/python3.6/site-packages/oslo_concurrency/lockutils.py:312
2025-08-28 02:34:54.419 26 DEBUG neutron.service [req-f2e03a6b-4ee3-46b8-b9e1-40e05b1038bb - - - - -] calling RpcWorker wait() _wait /var/lib/kolla/venv/lib/python3.6/site-packages/neutron/service.py:128
2025-08-28 02:34:54.420 26 DEBUG neutron.service [req-f2e03a6b-4ee3-46b8-b9e1-40e05b1038bb - - - - -] calling wait on _wait /var/lib/kolla/venv/lib/python3.6/site-packages/neutron/service.py:131
2025-08-28 02:34:54.428 26 WARNING amqp [req-f2e03a6b-4ee3-46b8-b9e1-40e05b1038bb - - - - -] Received method (60, 30) during closing channel 1. This method will be ignored
2025-08-28 02:34:54.430 26 DEBUG neutron.service [req-f2e03a6b-4ee3-46b8-b9e1-40e05b1038bb - - - - -] returning from RpcWorker wait() _wait /var/lib/kolla/venv/lib/python3.6/site-packages/neutron/service.py:135
2025-08-28 02:34:54.438 7 INFO oslo_service.service [-] Child 26 exited with status 0
2025-08-28 02:34:56.349 28 DEBUG oslo_concurrency.lockutils [req-f2e03a6b-4ee3-46b8-b9e1-40e05b1038bb - - - - -] Acquired lock "singleton_lock" lock /var/lib/kolla/venv/lib/python3.6/site-packages/oslo_concurrency/lockutils.py:294
2025-08-28 02:34:56.349 28 DEBUG oslo_concurrency.lockutils [req-f2e03a6b-4ee3-46b8-b9e1-40e05b1038bb - - - - -] Releasing lock "singleton_lock" lock /var/lib/kolla/venv/lib/python3.6/site-packages/oslo_concurrency/lockutils.py:312
2025-08-28 02:34:56.350 28 DEBUG neutron.service [req-f2e03a6b-4ee3-46b8-b9e1-40e05b1038bb - - - - -] calling RpcWorker wait() _wait /var/lib/kolla/venv/lib/python3.6/site-packages/neutron/service.py:128
2025-08-28 02:34:56.350 28 DEBUG neutron.service [req-f2e03a6b-4ee3-46b8-b9e1-40e05b1038bb - - - - -] calling wait on _wait /var/lib/kolla/venv/lib/python3.6/site-packages/neutron/service.py:131
2025-08-28 02:34:56.355 27 DEBUG oslo_concurrency.lockutils [req-f2e03a6b-4ee3-46b8-b9e1-40e05b1038bb - - - - -] Acquired lock "singleton_lock" lock /var/lib/kolla/venv/lib/python3.6/site-packages/oslo_concurrency/lockutils.py:294
2025-08-28 02:34:56.356 27 DEBUG oslo_concurrency.lockutils [req-f2e03a6b-4ee3-46b8-b9e1-40e05b1038bb - - - - -] Releasing lock "singleton_lock" lock /var/lib/kolla/venv/lib/python3.6/site-packages/oslo_concurrency/lockutils.py:312
2025-08-28 02:34:56.356 27 DEBUG neutron.service [req-f2e03a6b-4ee3-46b8-b9e1-40e05b1038bb - - - - -] calling RpcWorker wait() _wait /var/lib/kolla/venv/lib/python3.6/site-packages/neutron/service.py:128
2025-08-28 02:34:56.356 27 DEBUG neutron.service [req-f2e03a6b-4ee3-46b8-b9e1-40e05b1038bb - - - - -] calling wait on _wait /var/lib/kolla/venv/lib/python3.6/site-packages/neutron/service.py:131
2025-08-28 02:34:56.358 28 WARNING amqp [req-f2e03a6b-4ee3-46b8-b9e1-40e05b1038bb - - - - -] Received method (60, 30) during closing channel 1. This method will be ignored
2025-08-28 02:34:56.360 28 DEBUG neutron.service [req-f2e03a6b-4ee3-46b8-b9e1-40e05b1038bb - - - - -] returning from RpcWorker wait() _wait /var/lib/kolla/venv/lib/python3.6/site-packages/neutron/service.py:135
2025-08-28 02:34:56.362 27 WARNING amqp [req-f2e03a6b-4ee3-46b8-b9e1-40e05b1038bb - - - - -] Received method (60, 30) during closing channel 1. This method will be ignored
2025-08-28 02:34:56.363 27 DEBUG neutron.service [req-f2e03a6b-4ee3-46b8-b9e1-40e05b1038bb - - - - -] returning from RpcWorker wait() _wait /var/lib/kolla/venv/lib/python3.6/site-packages/neutron/service.py:135
2025-08-28 02:34:56.370 7 INFO oslo_service.service [-] Child 27 exited with status 0
2025-08-28 02:34:56.373 7 INFO oslo_service.service [-] Child 28 exited with status 0
