2025-08-25 22:29:43.504 127411 DEBUG oslo_service.service [req-f7bd06c3-55ee-4388-b46e-b938f5ce0561 - - - - -] cyborg.service_name = None log_opt_values /usr/lib/python3/dist-packages/oslo_config/cfg.py:2609
2025-08-25 22:29:43.504 127411 DEBUG oslo_service.service [req-f7bd06c3-55ee-4388-b46e-b938f5ce0561 - - - - -] cyborg.service_type = accelerator log_opt_values /usr/lib/python3/dist-packages/oslo_config/cfg.py:2609
2025-08-25 22:29:43.504 127411 DEBUG oslo_service.service [req-f7bd06c3-55ee-4388-b46e-b938f5ce0561 - - - - -] cyborg.split_loggers = False log_opt_values /usr/lib/python3/dist-packages/oslo_config/cfg.py:2609
2025-08-25 22:29:43.504 127411 DEBUG oslo_service.service [req-f7bd06c3-55ee-4388-b46e-b938f5ce0561 - - - - -] cyborg.status_code_retries = None log_opt_values /usr/lib/python3/dist-packages/oslo_config/cfg.py:2609
2025-08-25 22:29:43.504 127411 DEBUG oslo_service.service [req-f7bd06c3-55ee-4388-b46e-b938f5ce0561 - - - - -] cyborg.status_code_retry_delay = None log_opt_values /usr/lib/python3/dist-packages/oslo_config/cfg.py:2609
2025-08-25 22:29:43.504 127411 DEBUG oslo_service.service [req-f7bd06c3-55ee-4388-b46e-b938f5ce0561 - - - - -] cyborg.timeout = None log_opt_values /usr/lib/python3/dist-packages/oslo_config/cfg.py:2609
2025-08-25 22:29:43.505 127411 DEBUG oslo_service.service [req-f7bd06c3-55ee-4388-b46e-b938f5ce0561 - - - - -] cyborg.valid_interfaces = ['internal', 'public'] log_opt_values /usr/lib/python3/dist-packages/oslo_config/cfg.py:2609
2025-08-25 22:29:43.505 127411 DEBUG oslo_service.service [req-f7bd06c3-55ee-4388-b46e-b938f5ce0561 - - - - -] cyborg.version = None log_opt_values /usr/lib/python3/dist-packages/oslo_config/cfg.py:2609
2025-08-25 22:29:43.505 127411 DEBUG oslo_service.service [req-f7bd06c3-55ee-4388-b46e-b938f5ce0561 - - - - -] database.backend = sqlalchemy log_opt_values /usr/lib/python3/dist-packages/oslo_config/cfg.py:2609
2025-08-25 22:29:43.505 127411 DEBUG oslo_service.service [req-f7bd06c3-55ee-4388-b46e-b938f5ce0561 - - - - -] database.connection = **** log_opt_values /usr/lib/python3/dist-packages/oslo_config/cfg.py:2609
2025-08-25 22:29:43.505 127411 DEBUG oslo_service.service [req-f7bd06c3-55ee-4388-b46e-b938f5ce0561 - - - - -] database.connection_debug = 0 log_opt_values /usr/lib/python3/dist-packages/oslo_config/cfg.py:2609
2025-08-25 22:29:43.505 127411 DEBUG oslo_service.service [req-f7bd06c3-55ee-4388-b46e-b938f5ce0561 - - - - -] database.connection_parameters = log_opt_values /usr/lib/python3/dist-packages/oslo_config/cfg.py:2609
2025-08-25 22:29:43.506 127411 DEBUG oslo_service.service [req-f7bd06c3-55ee-4388-b46e-b938f5ce0561 - - - - -] database.connection_recycle_time = 3600 log_opt_values /usr/lib/python3/dist-packages/oslo_config/cfg.py:2609
2025-08-25 22:29:43.506 127411 DEBUG oslo_service.service [req-f7bd06c3-55ee-4388-b46e-b938f5ce0561 - - - - -] database.connection_trace = False log_opt_values /usr/lib/python3/dist-packages/oslo_config/cfg.py:2609
2025-08-25 22:29:43.506 127411 DEBUG oslo_service.service [req-f7bd06c3-55ee-4388-b46e-b938f5ce0561 - - - - -] database.db_inc_retry_interval = True log_opt_values /usr/lib/python3/dist-packages/oslo_config/cfg.py:2609
2025-08-25 22:29:43.506 127411 DEBUG oslo_service.service [req-f7bd06c3-55ee-4388-b46e-b938f5ce0561 - - - - -] database.db_max_retries = 20 log_opt_values /usr/lib/python3/dist-packages/oslo_config/cfg.py:2609
2025-08-25 22:29:43.506 127411 DEBUG oslo_service.service [req-f7bd06c3-55ee-4388-b46e-b938f5ce0561 - - - - -] database.db_max_retry_interval = 10 log_opt_values /usr/lib/python3/dist-packages/oslo_config/cfg.py:2609
2025-08-25 22:29:43.506 127411 DEBUG oslo_service.service [req-f7bd06c3-55ee-4388-b46e-b938f5ce0561 - - - - -] database.db_retry_interval = 1 log_opt_values /usr/lib/python3/dist-packages/oslo_config/cfg.py:2609
2025-08-25 22:29:43.507 127411 DEBUG oslo_service.service [req-f7bd06c3-55ee-4388-b46e-b938f5ce0561 - - - - -] database.max_overflow = 50 log_opt_values /usr/lib/python3/dist-packages/oslo_config/cfg.py:2609
2025-08-25 22:29:43.507 127411 DEBUG oslo_service.service [req-f7bd06c3-55ee-4388-b46e-b938f5ce0561 - - - - -] database.max_pool_size = 4 log_opt_values /usr/lib/python3/dist-packages/oslo_config/cfg.py:2609
2025-08-25 22:29:43.507 127411 DEBUG oslo_service.service [req-f7bd06c3-55ee-4388-b46e-b938f5ce0561 - - - - -] database.max_retries = 10 log_opt_values /usr/lib/python3/dist-packages/oslo_config/cfg.py:2609
2025-08-25 22:29:43.507 127411 DEBUG oslo_service.service [req-f7bd06c3-55ee-4388-b46e-b938f5ce0561 - - - - -] database.mysql_enable_ndb = False log_opt_values /usr/lib/python3/dist-packages/oslo_config/cfg.py:2609
2025-08-25 22:29:43.507 127411 DEBUG oslo_service.service [req-f7bd06c3-55ee-4388-b46e-b938f5ce0561 - - - - -] database.mysql_sql_mode = TRADITIONAL log_opt_values /usr/lib/python3/dist-packages/oslo_config/cfg.py:2609
2025-08-25 22:29:43.507 127411 DEBUG oslo_service.service [req-f7bd06c3-55ee-4388-b46e-b938f5ce0561 - - - - -] database.pool_timeout = None log_opt_values /usr/lib/python3/dist-packages/oslo_config/cfg.py:2609
2025-08-25 22:29:43.508 127411 DEBUG oslo_service.service [req-f7bd06c3-55ee-4388-b46e-b938f5ce0561 - - - - -] database.retry_interval = 10 log_opt_values /usr/lib/python3/dist-packages/oslo_config/cfg.py:2609
2025-08-25 22:29:43.508 127411 DEBUG oslo_service.service [req-f7bd06c3-55ee-4388-b46e-b938f5ce0561 - - - - -] database.slave_connection = **** log_opt_values /usr/lib/python3/dist-packages/oslo_config/cfg.py:2609
2025-08-25 22:29:43.508 127411 DEBUG oslo_service.service [req-f7bd06c3-55ee-4388-b46e-b938f5ce0561 - - - - -] database.sqlite_synchronous = True log_opt_values /usr/lib/python3/dist-packages/oslo_config/cfg.py:2609
2025-08-25 22:29:43.508 127411 DEBUG oslo_service.service [req-f7bd06c3-55ee-4388-b46e-b938f5ce0561 - - - - -] database.use_db_reconnect = False log_opt_values /usr/lib/python3/dist-packages/oslo_config/cfg.py:2609
2025-08-25 22:29:43.508 127411 DEBUG oslo_service.service [req-f7bd06c3-55ee-4388-b46e-b938f5ce0561 - - - - -] api_database.backend = sqlalchemy log_opt_values /usr/lib/python3/dist-packages/oslo_config/cfg.py:2609
2025-08-25 22:29:43.508 127411 DEBUG oslo_service.service [req-f7bd06c3-55ee-4388-b46e-b938f5ce0561 - - - - -] api_database.connection = **** log_opt_values /usr/lib/python3/dist-packages/oslo_config/cfg.py:2609
2025-08-25 22:29:43.508 128458 DEBUG oslo_messaging._drivers.amqpdriver [-] Listener is running poll /usr/lib/python3/dist-packages/oslo_messaging/_drivers/amqpdriver.py:343
2025-08-25 22:29:43.509 127411 DEBUG oslo_service.service [req-f7bd06c3-55ee-4388-b46e-b938f5ce0561 - - - - -] api_database.connection_debug = 0 log_opt_values /usr/lib/python3/dist-packages/oslo_config/cfg.py:2609
2025-08-25 22:29:43.509 128458 DEBUG oslo_messaging._drivers.amqpdriver [-] AMQPListener connection consume poll /usr/lib/python3/dist-packages/oslo_messaging/_drivers/amqpdriver.py:357
2025-08-25 22:29:43.509 127411 DEBUG oslo_service.service [req-f7bd06c3-55ee-4388-b46e-b938f5ce0561 - - - - -] api_database.connection_parameters = log_opt_values /usr/lib/python3/dist-packages/oslo_config/cfg.py:2609
2025-08-25 22:29:43.509 127411 DEBUG oslo_service.service [req-f7bd06c3-55ee-4388-b46e-b938f5ce0561 - - - - -] api_database.connection_recycle_time = 3600 log_opt_values /usr/lib/python3/dist-packages/oslo_config/cfg.py:2609
2025-08-25 22:29:43.509 127411 DEBUG oslo_service.service [req-f7bd06c3-55ee-4388-b46e-b938f5ce0561 - - - - -] api_database.connection_trace = False log_opt_values /usr/lib/python3/dist-packages/oslo_config/cfg.py:2609
2025-08-25 22:29:43.509 127411 DEBUG oslo_service.service [req-f7bd06c3-55ee-4388-b46e-b938f5ce0561 - - - - -] api_database.db_inc_retry_interval = True log_opt_values /usr/lib/python3/dist-packages/oslo_config/cfg.py:2609
2025-08-25 22:29:43.509 128458 DEBUG nova.service [req-a7597e86-49d7-4ab3-9683-d62a8500e0bb - - - - -] Join ServiceGroup membership for this service scheduler start /usr/lib/python3/dist-packages/nova/service.py:199
2025-08-25 22:29:43.509 127411 DEBUG oslo_service.service [req-f7bd06c3-55ee-4388-b46e-b938f5ce0561 - - - - -] api_database.db_max_retries = 20 log_opt_values /usr/lib/python3/dist-packages/oslo_config/cfg.py:2609
2025-08-25 22:29:43.509 128458 DEBUG nova.servicegroup.drivers.db [req-a7597e86-49d7-4ab3-9683-d62a8500e0bb - - - - -] DB_Driver: join new ServiceGroup member juju-90f985-0-lxd-7 to the scheduler group, service = join /usr/lib/python3/dist-packages/nova/servicegroup/drivers/db.py:44
2025-08-25 22:29:43.510 127411 DEBUG oslo_service.service [req-f7bd06c3-55ee-4388-b46e-b938f5ce0561 - - - - -] api_database.db_max_retry_interval = 10 log_opt_values /usr/lib/python3/dist-packages/oslo_config/cfg.py:2609
2025-08-25 22:29:43.510 127411 DEBUG oslo_service.service [req-f7bd06c3-55ee-4388-b46e-b938f5ce0561 - - - - -] api_database.db_retry_interval = 1 log_opt_values /usr/lib/python3/dist-packages/oslo_config/cfg.py:2609
2025-08-25 22:29:43.510 127411 DEBUG oslo_service.service [req-f7bd06c3-55ee-4388-b46e-b938f5ce0561 - - - - -] api_database.max_overflow = 50 log_opt_values /usr/lib/python3/dist-packages/oslo_config/cfg.py:2609
2025-08-25 22:29:43.510 127411 DEBUG oslo_service.service [req-f7bd06c3-55ee-4388-b46e-b938f5ce0561 - - - - -] api_database.max_pool_size = 4 log_opt_values /usr/lib/python3/dist-packages/oslo_config/cfg.py:2609
2025-08-25 22:29:43.510 127411 DEBUG oslo_service.service [req-f7bd06c3-55ee-4388-b46e-b938f5ce0561 - - - - -] api_database.max_retries = 10 log_opt_values /usr/lib/python3/dist-packages/oslo_config/cfg.py:2609
2025-08-25 22:29:43.510 128452 DEBUG oslo_messaging._drivers.amqpdriver [-] Listener is running poll /usr/lib/python3/dist-packages/oslo_messaging/_drivers/amqpdriver.py:343
2025-08-25 22:29:43.510 127411 DEBUG oslo_service.service [req-f7bd06c3-55ee-4388-b46e-b938f5ce0561 - - - - -] api_database.mysql_enable_ndb = False log_opt_values /usr/lib/python3/dist-packages/oslo_config/cfg.py:2609
2025-08-25 22:29:43.510 127411 DEBUG oslo_service.service [req-f7bd06c3-55ee-4388-b46e-b938f5ce0561 - - - - -] api_database.mysql_sql_mode = TRADITIONAL log_opt_values /usr/lib/python3/dist-packages/oslo_config/cfg.py:2609
2025-08-25 22:29:43.510 128452 DEBUG oslo_messaging._drivers.amqpdriver [-] AMQPListener connection consume poll /usr/lib/python3/dist-packages/oslo_messaging/_drivers/amqpdriver.py:357
2025-08-25 22:29:43.510 128456 DEBUG oslo_messaging._drivers.amqpdriver [-] Listener is running poll /usr/lib/python3/dist-packages/oslo_messaging/_drivers/amqpdriver.py:343
2025-08-25 22:29:43.511 127411 DEBUG oslo_service.service [req-f7bd06c3-55ee-4388-b46e-b938f5ce0561 - - - - -] api_database.pool_timeout = None log_opt_values /usr/lib/python3/dist-packages/oslo_config/cfg.py:2609
2025-08-25 22:29:43.511 127411 DEBUG oslo_service.service [req-f7bd06c3-55ee-4388-b46e-b938f5ce0561 - - - - -] api_database.retry_interval = 10 log_opt_values /usr/lib/python3/dist-packages/oslo_config/cfg.py:2609
2025-08-25 22:29:43.511 127411 DEBUG oslo_service.service [req-f7bd06c3-55ee-4388-b46e-b938f5ce0561 - - - - -] api_database.slave_connection = **** log_opt_values /usr/lib/python3/dist-packages/oslo_config/cfg.py:2609
2025-08-25 22:29:43.511 127411 DEBUG oslo_service.service [req-f7bd06c3-55ee-4388-b46e-b938f5ce0561 - - - - -] api_database.sqlite_synchronous = True log_opt_values /usr/lib/python3/dist-packages/oslo_config/cfg.py:2609
2025-08-25 22:29:43.511 128452 DEBUG nova.service [req-033bbd86-688d-43a3-8ffe-ca6cbde8ade4 - - - - -] Join ServiceGroup membership for this service scheduler start /usr/lib/python3/dist-packages/nova/service.py:199
2025-08-25 22:29:43.511 127411 DEBUG oslo_service.service [req-f7bd06c3-55ee-4388-b46e-b938f5ce0561 - - - - -] devices.enabled_mdev_types = [] log_opt_values /usr/lib/python3/dist-packages/oslo_config/cfg.py:2609
2025-08-25 22:29:43.511 128452 DEBUG nova.servicegroup.drivers.db [req-033bbd86-688d-43a3-8ffe-ca6cbde8ade4 - - - - -] DB_Driver: join new ServiceGroup member juju-90f985-0-lxd-7 to the scheduler group, service = join /usr/lib/python3/dist-packages/nova/servicegroup/drivers/db.py:44
2025-08-25 22:29:43.512 128458 DEBUG oslo_messaging._drivers.amqpdriver [-] AMQPListener connection timeout poll /usr/lib/python3/dist-packages/oslo_messaging/_drivers/amqpdriver.py:360
2025-08-25 22:29:43.512 127411 DEBUG oslo_service.service [req-f7bd06c3-55ee-4388-b46e-b938f5ce0561 - - - - -] ephemeral_storage_encryption.cipher = aes-xts-plain64 log_opt_values /usr/lib/python3/dist-packages/oslo_config/cfg.py:2609
2025-08-25 22:29:43.512 128458 DEBUG oslo_messaging._drivers.amqpdriver [-] Listener is running poll /usr/lib/python3/dist-packages/oslo_messaging/_drivers/amqpdriver.py:343
2025-08-25 22:29:43.512 128458 DEBUG oslo_messaging._drivers.amqpdriver [-] AMQPListener connection consume poll /usr/lib/python3/dist-packages/oslo_messaging/_drivers/amqpdriver.py:357
2025-08-25 22:29:43.512 127411 DEBUG oslo_service.service [req-f7bd06c3-55ee-4388-b46e-b938f5ce0561 - - - - -] ephemeral_storage_encryption.enabled = False log_opt_values /usr/lib/python3/dist-packages/oslo_config/cfg.py:2609
2025-08-25 22:29:43.512 127411 DEBUG oslo_service.service [req-f7bd06c3-55ee-4388-b46e-b938f5ce0561 - - - - -] ephemeral_storage_encryption.key_size = 512 log_opt_values /usr/lib/python3/dist-packages/oslo_config/cfg.py:2609
2025-08-25 22:29:43.511 128456 DEBUG oslo_messaging._drivers.amqpdriver [-] AMQPListener connection consume poll /usr/lib/python3/dist-packages/oslo_messaging/_drivers/amqpdriver.py:357
2025-08-25 22:29:43.512 127411 WARNING oslo_config.cfg [req-f7bd06c3-55ee-4388-b46e-b938f5ce0561 - - - - -] Deprecated: Option "api_servers" from group "glance" is deprecated for removal ( Support for image service configuration via standard keystoneauth1 Adapter options was added in the 17.0.0 Queens release. The api_servers option was retained temporarily to allow consumers time to cut over to a real load balancing solution. ). Its value may be silently ignored in the future.
2025-08-25 22:29:43.512 127411 DEBUG oslo_service.service [req-f7bd06c3-55ee-4388-b46e-b938f5ce0561 - - - - -] glance.api_servers = ['http://252.249.78.144:9292'] log_opt_values /usr/lib/python3/dist-packages/oslo_config/cfg.py:2609
2025-08-25 22:29:43.513 127411 DEBUG oslo_service.service [req-f7bd06c3-55ee-4388-b46e-b938f5ce0561 - - - - -] glance.cafile = None log_opt_values /usr/lib/python3/dist-packages/oslo_config/cfg.py:2609
2025-08-25 22:29:43.513 127411 DEBUG oslo_service.service [req-f7bd06c3-55ee-4388-b46e-b938f5ce0561 - - - - -] glance.certfile = None log_opt_values /usr/lib/python3/dist-packages/oslo_config/cfg.py:2609
2025-08-25 22:29:43.513 128456 DEBUG nova.service [req-6527a4bf-394d-4722-8eab-e32962a34cfb - - - - -] Join ServiceGroup membership for this service scheduler start /usr/lib/python3/dist-packages/nova/service.py:199
2025-08-25 22:29:43.513 127411 DEBUG oslo_service.service [req-f7bd06c3-55ee-4388-b46e-b938f5ce0561 - - - - -] glance.collect_timing = False log_opt_values /usr/lib/python3/dist-packages/oslo_config/cfg.py:2609
2025-08-25 22:29:43.513 127411 DEBUG oslo_service.service [req-f7bd06c3-55ee-4388-b46e-b938f5ce0561 - - - - -] glance.connect_retries = None log_opt_values /usr/lib/python3/dist-packages/oslo_config/cfg.py:2609
2025-08-25 22:29:43.513 128456 DEBUG nova.servicegroup.drivers.db [req-6527a4bf-394d-4722-8eab-e32962a34cfb - - - - -] DB_Driver: join new ServiceGroup member juju-90f985-0-lxd-7 to the scheduler group, service = join /usr/lib/python3/dist-packages/nova/servicegroup/drivers/db.py:44
2025-08-25 22:29:43.513 127411 DEBUG oslo_service.service [req-f7bd06c3-55ee-4388-b46e-b938f5ce0561 - - - - -] glance.connect_retry_delay = None log_opt_values /usr/lib/python3/dist-packages/oslo_config/cfg.py:2609
2025-08-25 22:29:43.513 127411 DEBUG oslo_service.service [req-f7bd06c3-55ee-4388-b46e-b938f5ce0561 - - - - -] glance.debug = False log_opt_values /usr/lib/python3/dist-packages/oslo_config/cfg.py:2609
2025-08-25 22:29:43.514 127411 DEBUG oslo_service.service [req-f7bd06c3-55ee-4388-b46e-b938f5ce0561 - - - - -] glance.default_trusted_certificate_ids = [] log_opt_values /usr/lib/python3/dist-packages/oslo_config/cfg.py:2609
2025-08-25 22:29:43.514 128452 DEBUG oslo_messaging._drivers.amqpdriver [-] AMQPListener connection timeout poll /usr/lib/python3/dist-packages/oslo_messaging/_drivers/amqpdriver.py:360
2025-08-25 22:29:43.514 127411 DEBUG oslo_service.service [req-f7bd06c3-55ee-4388-b46e-b938f5ce0561 - - - - -] glance.enable_certificate_validation = False log_opt_values /usr/lib/python3/dist-packages/oslo_config/cfg.py:2609
2025-08-25 22:29:43.514 128452 DEBUG oslo_messaging._drivers.amqpdriver [-] Listener is running poll /usr/lib/python3/dist-packages/oslo_messaging/_drivers/amqpdriver.py:343
2025-08-25 22:29:43.514 128452 DEBUG oslo_messaging._drivers.amqpdriver [-] AMQPListener connection consume poll /usr/lib/python3/dist-packages/oslo_messaging/_drivers/amqpdriver.py:357
2025-08-25 22:29:43.514 127411 DEBUG oslo_service.service [req-f7bd06c3-55ee-4388-b46e-b938f5ce0561 - - - - -] glance.enable_rbd_download = False log_opt_values /usr/lib/python3/dist-packages/oslo_config/cfg.py:2609
2025-08-25 22:29:43.514 127411 DEBUG oslo_service.service [req-f7bd06c3-55ee-4388-b46e-b938f5ce0561 - - - - -] glance.endpoint_override = None log_opt_values /usr/lib/python3/dist-packages/oslo_config/cfg.py:2609
2025-08-25 22:29:43.515 127411 DEBUG oslo_service.service [req-f7bd06c3-55ee-4388-b46e-b938f5ce0561 - - - - -] glance.insecure = False log_opt_values /usr/lib/python3/dist-packages/oslo_config/cfg.py:2609
2025-08-25 22:29:43.515 127411 DEBUG oslo_service.service [req-f7bd06c3-55ee-4388-b46e-b938f5ce0561 - - - - -] glance.keyfile = None log_opt_values /usr/lib/python3/dist-packages/oslo_config/cfg.py:2609
2025-08-25 22:29:43.515 127411 DEBUG oslo_service.service [req-f7bd06c3-55ee-4388-b46e-b938f5ce0561 - - - - -] glance.max_version = None log_opt_values /usr/lib/python3/dist-packages/oslo_config/cfg.py:2609
2025-08-25 22:29:43.515 127411 DEBUG oslo_service.service [req-f7bd06c3-55ee-4388-b46e-b938f5ce0561 - - - - -] glance.min_version = None log_opt_values /usr/lib/python3/dist-packages/oslo_config/cfg.py:2609
2025-08-25 22:29:43.515 127411 DEBUG oslo_service.service [req-f7bd06c3-55ee-4388-b46e-b938f5ce0561 - - - - -] glance.num_retries = 3 log_opt_values /usr/lib/python3/dist-packages/oslo_config/cfg.py:2609
2025-08-25 22:29:43.516 127411 DEBUG oslo_service.service [req-f7bd06c3-55ee-4388-b46e-b938f5ce0561 - - - - -] glance.rbd_ceph_conf = log_opt_values /usr/lib/python3/dist-packages/oslo_config/cfg.py:2609
2025-08-25 22:29:43.516 127411 DEBUG oslo_service.service [req-f7bd06c3-55ee-4388-b46e-b938f5ce0561 - - - - -] glance.rbd_connect_timeout = 5 log_opt_values /usr/lib/python3/dist-packages/oslo_config/cfg.py:2609
2025-08-25 22:29:43.516 127411 DEBUG oslo_service.service [req-f7bd06c3-55ee-4388-b46e-b938f5ce0561 - - - - -] glance.rbd_pool = log_opt_values /usr/lib/python3/dist-packages/oslo_config/cfg.py:2609
2025-08-25 22:29:43.516 127411 DEBUG oslo_service.service [req-f7bd06c3-55ee-4388-b46e-b938f5ce0561 - - - - -] glance.rbd_user = log_opt_values /usr/lib/python3/dist-packages/oslo_config/cfg.py:2609
2025-08-25 22:29:43.516 127411 DEBUG oslo_service.service [req-f7bd06c3-55ee-4388-b46e-b938f5ce0561 - - - - -] glance.region_name = None log_opt_values /usr/lib/python3/dist-packages/oslo_config/cfg.py:2609
2025-08-25 22:29:43.516 127411 DEBUG oslo_service.service [req-f7bd06c3-55ee-4388-b46e-b938f5ce0561 - - - - -] glance.service_name = None log_opt_values /usr/lib/python3/dist-packages/oslo_config/cfg.py:2609
2025-08-25 22:29:43.517 127411 DEBUG oslo_service.service [req-f7bd06c3-55ee-4388-b46e-b938f5ce0561 - - - - -] glance.service_type = image log_opt_values /usr/lib/python3/dist-packages/oslo_config/cfg.py:2609
2025-08-25 22:29:43.517 127411 DEBUG oslo_service.service [req-f7bd06c3-55ee-4388-b46e-b938f5ce0561 - - - - -] glance.split_loggers = False log_opt_values /usr/lib/python3/dist-packages/oslo_config/cfg.py:2609
2025-08-25 22:29:43.517 128457 DEBUG oslo_messaging._drivers.amqpdriver [-] Listener is running poll /usr/lib/python3/dist-packages/oslo_messaging/_drivers/amqpdriver.py:343
2025-08-25 22:29:43.517 127411 DEBUG oslo_service.service [req-f7bd06c3-55ee-4388-b46e-b938f5ce0561 - - - - -] glance.status_code_retries = None log_opt_values /usr/lib/python3/dist-packages/oslo_config/cfg.py:2609
2025-08-25 22:29:43.517 128457 DEBUG oslo_messaging._drivers.amqpdriver [-] AMQPListener connection consume poll /usr/lib/python3/dist-packages/oslo_messaging/_drivers/amqpdriver.py:357
2025-08-25 22:29:43.517 127411 DEBUG oslo_service.service [req-f7bd06c3-55ee-4388-b46e-b938f5ce0561 - - - - -] glance.status_code_retry_delay = None log_opt_values /usr/lib/python3/dist-packages/oslo_config/cfg.py:2609
2025-08-25 22:29:43.517 127411 DEBUG oslo_service.service [req-f7bd06c3-55ee-4388-b46e-b938f5ce0561 - - - - -] glance.timeout = None log_opt_values /usr/lib/python3/dist-packages/oslo_config/cfg.py:2609
2025-08-25 22:29:43.517 127411 DEBUG oslo_service.service [req-f7bd06c3-55ee-4388-b46e-b938f5ce0561 - - - - -] glance.valid_interfaces = ['internal', 'public'] log_opt_values /usr/lib/python3/dist-packages/oslo_config/cfg.py:2609
2025-08-25 22:29:43.517 127411 DEBUG oslo_service.service [req-f7bd06c3-55ee-4388-b46e-b938f5ce0561 - - - - -] glance.verify_glance_signatures = False log_opt_values /usr/lib/python3/dist-packages/oslo_config/cfg.py:2609
2025-08-25 22:29:43.518 127411 DEBUG oslo_service.service [req-f7bd06c3-55ee-4388-b46e-b938f5ce0561 - - - - -] glance.version = None log_opt_values /usr/lib/python3/dist-packages/oslo_config/cfg.py:2609
2025-08-25 22:29:43.517 128457 DEBUG nova.service [req-27878b5d-84f7-43d8-bb44-c54eb49c15e4 - - - - -] Join ServiceGroup membership for this service scheduler start /usr/lib/python3/dist-packages/nova/service.py:199
2025-08-25 22:29:43.518 127411 DEBUG oslo_service.service [req-f7bd06c3-55ee-4388-b46e-b938f5ce0561 - - - - -] guestfs.debug = False log_opt_values /usr/lib/python3/dist-packages/oslo_config/cfg.py:2609
2025-08-25 22:29:43.518 128457 DEBUG nova.servicegroup.drivers.db [req-27878b5d-84f7-43d8-bb44-c54eb49c15e4 - - - - -] DB_Driver: join new ServiceGroup member juju-90f985-0-lxd-7 to the scheduler group, service = join /usr/lib/python3/dist-packages/nova/servicegroup/drivers/db.py:44
2025-08-25 22:29:43.518 127411 DEBUG oslo_service.service [req-f7bd06c3-55ee-4388-b46e-b938f5ce0561 - - - - -] hyperv.config_drive_cdrom = False log_opt_values /usr/lib/python3/dist-packages/oslo_config/cfg.py:2609
2025-08-25 22:29:43.518 127411 DEBUG oslo_service.service [req-f7bd06c3-55ee-4388-b46e-b938f5ce0561 - - - - -] hyperv.config_drive_inject_password = False log_opt_values /usr/lib/python3/dist-packages/oslo_config/cfg.py:2609
2025-08-25 22:29:43.518 127411 DEBUG oslo_service.service [req-f7bd06c3-55ee-4388-b46e-b938f5ce0561 - - - - -] hyperv.dynamic_memory_ratio = 1.0 log_opt_values /usr/lib/python3/dist-packages/oslo_config/cfg.py:2609
2025-08-25 22:29:43.518 127411 DEBUG oslo_service.service [req-f7bd06c3-55ee-4388-b46e-b938f5ce0561 - - - - -] hyperv.enable_instance_metrics_collection = False log_opt_values /usr/lib/python3/dist-packages/oslo_config/cfg.py:2609
2025-08-25 22:29:43.516 128456 DEBUG oslo_messaging._drivers.amqpdriver [-] AMQPListener connection timeout poll /usr/lib/python3/dist-packages/oslo_messaging/_drivers/amqpdriver.py:360
2025-08-25 22:29:43.519 127411 DEBUG oslo_service.service [req-f7bd06c3-55ee-4388-b46e-b938f5ce0561 - - - - -] hyperv.enable_remotefx = False log_opt_values /usr/lib/python3/dist-packages/oslo_config/cfg.py:2609
2025-08-25 22:29:43.519 128456 DEBUG oslo_messaging._drivers.amqpdriver [-] Listener is running poll /usr/lib/python3/dist-packages/oslo_messaging/_drivers/amqpdriver.py:343
2025-08-25 22:29:43.519 127411 DEBUG oslo_service.service [req-f7bd06c3-55ee-4388-b46e-b938f5ce0561 - - - - -] hyperv.instances_path_share = log_opt_values /usr/lib/python3/dist-packages/oslo_config/cfg.py:2609
2025-08-25 22:29:43.519 128456 DEBUG oslo_messaging._drivers.amqpdriver [-] AMQPListener connection consume poll /usr/lib/python3/dist-packages/oslo_messaging/_drivers/amqpdriver.py:357
2025-08-25 22:29:43.519 127411 DEBUG oslo_service.service [req-f7bd06c3-55ee-4388-b46e-b938f5ce0561 - - - - -] hyperv.iscsi_initiator_list = [] log_opt_values /usr/lib/python3/dist-packages/oslo_config/cfg.py:2609
2025-08-25 22:29:43.519 127411 DEBUG oslo_service.service [req-f7bd06c3-55ee-4388-b46e-b938f5ce0561 - - - - -] hyperv.limit_cpu_features = False log_opt_values /usr/lib/python3/dist-packages/oslo_config/cfg.py:2609
2025-08-25 22:29:43.519 127411 DEBUG oslo_service.service [req-f7bd06c3-55ee-4388-b46e-b938f5ce0561 - - - - -] hyperv.mounted_disk_query_retry_count = 10 log_opt_values /usr/lib/python3/dist-packages/oslo_config/cfg.py:2609
2025-08-25 22:29:43.519 127411 DEBUG oslo_service.service [req-f7bd06c3-55ee-4388-b46e-b938f5ce0561 - - - - -] hyperv.mounted_disk_query_retry_interval = 5 log_opt_values /usr/lib/python3/dist-packages/oslo_config/cfg.py:2609
2025-08-25 22:29:43.520 127411 DEBUG oslo_service.service [req-f7bd06c3-55ee-4388-b46e-b938f5ce0561 - - - - -] hyperv.power_state_check_timeframe = 60 log_opt_values /usr/lib/python3/dist-packages/oslo_config/cfg.py:2609
2025-08-25 22:29:43.520 127411 DEBUG oslo_service.service [req-f7bd06c3-55ee-4388-b46e-b938f5ce0561 - - - - -] hyperv.power_state_event_polling_interval = 2 log_opt_values /usr/lib/python3/dist-packages/oslo_config/cfg.py:2609
2025-08-25 22:29:43.520 127411 DEBUG oslo_service.service [req-f7bd06c3-55ee-4388-b46e-b938f5ce0561 - - - - -] hyperv.qemu_img_cmd = qemu-img.exe log_opt_values /usr/lib/python3/dist-packages/oslo_config/cfg.py:2609
2025-08-25 22:29:43.520 127411 DEBUG oslo_service.service [req-f7bd06c3-55ee-4388-b46e-b938f5ce0561 - - - - -] hyperv.use_multipath_io = False log_opt_values /usr/lib/python3/dist-packages/oslo_config/cfg.py:2609
2025-08-25 22:29:43.520 127411 DEBUG oslo_service.service [req-f7bd06c3-55ee-4388-b46e-b938f5ce0561 - - - - -] hyperv.volume_attach_retry_count = 10 log_opt_values /usr/lib/python3/dist-packages/oslo_config/cfg.py:2609
2025-08-25 22:29:43.520 127411 DEBUG oslo_service.service [req-f7bd06c3-55ee-4388-b46e-b938f5ce0561 - - - - -] hyperv.volume_attach_retry_interval = 5 log_opt_values /usr/lib/python3/dist-packages/oslo_config/cfg.py:2609
2025-08-25 22:29:43.521 127411 DEBUG oslo_service.service [req-f7bd06c3-55ee-4388-b46e-b938f5ce0561 - - - - -] hyperv.vswitch_name = None log_opt_values /usr/lib/python3/dist-packages/oslo_config/cfg.py:2609
2025-08-25 22:29:43.521 128457 DEBUG oslo_messaging._drivers.amqpdriver [-] AMQPListener connection timeout poll /usr/lib/python3/dist-packages/oslo_messaging/_drivers/amqpdriver.py:360
2025-08-25 22:29:43.521 127411 DEBUG oslo_service.service [req-f7bd06c3-55ee-4388-b46e-b938f5ce0561 - - - - -] hyperv.wait_soft_reboot_seconds = 60 log_opt_values /usr/lib/python3/dist-packages/oslo_config/cfg.py:2609
2025-08-25 22:29:43.521 128457 DEBUG oslo_messaging._drivers.amqpdriver [-] Listener is running poll /usr/lib/python3/dist-packages/oslo_messaging/_drivers/amqpdriver.py:343
2025-08-25 22:29:43.521 128457 DEBUG oslo_messaging._drivers.amqpdriver [-] AMQPListener connection consume poll /usr/lib/python3/dist-packages/oslo_messaging/_drivers/amqpdriver.py:357
2025-08-25 22:29:43.521 127411 DEBUG oslo_service.service [req-f7bd06c3-55ee-4388-b46e-b938f5ce0561 - - - - -] mks.enabled = False log_opt_values /usr/lib/python3/dist-packages/oslo_config/cfg.py:2609
2025-08-25 22:29:43.521 127411 DEBUG oslo_service.service [req-f7bd06c3-55ee-4388-b46e-b938f5ce0561 - - - - -] mks.mksproxy_base_url = http://127.0.0.1:6090/ log_opt_values /usr/lib/python3/dist-packages/oslo_config/cfg.py:2609
2025-08-25 22:29:43.522 127411 DEBUG oslo_service.service [req-f7bd06c3-55ee-4388-b46e-b938f5ce0561 - - - - -] image_cache.manager_interval = 2400 log_opt_values /usr/lib/python3/dist-packages/oslo_config/cfg.py:2609
2025-08-25 22:29:43.522 127411 DEBUG oslo_service.service [req-f7bd06c3-55ee-4388-b46e-b938f5ce0561 - - - - -] image_cache.precache_concurrency = 1 log_opt_values /usr/lib/python3/dist-packages/oslo_config/cfg.py:2609
2025-08-25 22:29:43.522 127411 DEBUG oslo_service.service [req-f7bd06c3-55ee-4388-b46e-b938f5ce0561 - - - - -] image_cache.remove_unused_base_images = True log_opt_values /usr/lib/python3/dist-packages/oslo_config/cfg.py:2609
2025-08-25 22:29:43.522 127411 DEBUG oslo_service.service [req-f7bd06c3-55ee-4388-b46e-b938f5ce0561 - - - - -] image_cache.remove_unused_original_minimum_age_seconds = 86400 log_opt_values /usr/lib/python3/dist-packages/oslo_config/cfg.py:2609
2025-08-25 22:29:43.522 127411 DEBUG oslo_service.service [req-f7bd06c3-55ee-4388-b46e-b938f5ce0561 - - - - -] image_cache.remove_unused_resized_minimum_age_seconds = 3600 log_opt_values /usr/lib/python3/dist-packages/oslo_config/cfg.py:2609
2025-08-25 22:29:43.523 127411 DEBUG oslo_service.service [req-f7bd06c3-55ee-4388-b46e-b938f5ce0561 - - - - -] image_cache.subdirectory_name = _base log_opt_values /usr/lib/python3/dist-packages/oslo_config/cfg.py:2609
2025-08-25 22:29:43.523 127411 DEBUG oslo_service.service [req-f7bd06c3-55ee-4388-b46e-b938f5ce0561 - - - - -] ironic.api_max_retries = 60 log_opt_values /usr/lib/python3/dist-packages/oslo_config/cfg.py:2609
2025-08-25 22:29:43.523 127411 DEBUG oslo_service.service [req-f7bd06c3-55ee-4388-b46e-b938f5ce0561 - - - - -] ironic.api_retry_interval = 2 log_opt_values /usr/lib/python3/dist-packages/oslo_config/cfg.py:2609
2025-08-25 22:29:43.523 127411 DEBUG oslo_service.service [req-f7bd06c3-55ee-4388-b46e-b938f5ce0561 - - - - -] ironic.auth_section = None log_opt_values /usr/lib/python3/dist-packages/oslo_config/cfg.py:2609
2025-08-25 22:29:43.523 127411 DEBUG oslo_service.service [req-f7bd06c3-55ee-4388-b46e-b938f5ce0561 - - - - -] ironic.auth_type = None log_opt_values /usr/lib/python3/dist-packages/oslo_config/cfg.py:2609
2025-08-25 22:29:43.523 127411 DEBUG oslo_service.service [req-f7bd06c3-55ee-4388-b46e-b938f5ce0561 - - - - -] ironic.cafile = None log_opt_values /usr/lib/python3/dist-packages/oslo_config/cfg.py:2609
2025-08-25 22:29:43.523 127411 DEBUG oslo_service.service [req-f7bd06c3-55ee-4388-b46e-b938f5ce0561 - - - - -] ironic.certfile = None log_opt_values /usr/lib/python3/dist-packages/oslo_config/cfg.py:2609
2025-08-25 22:29:43.524 127411 DEBUG oslo_service.service [req-f7bd06c3-55ee-4388-b46e-b938f5ce0561 - - - - -] ironic.collect_timing = False log_opt_values /usr/lib/python3/dist-packages/oslo_config/cfg.py:2609
2025-08-25 22:29:43.524 127411 DEBUG oslo_service.service [req-f7bd06c3-55ee-4388-b46e-b938f5ce0561 - - - - -] ironic.connect_retries = None log_opt_values /usr/lib/python3/dist-packages/oslo_config/cfg.py:2609
2025-08-25 22:29:43.524 127411 DEBUG oslo_service.service [req-f7bd06c3-55ee-4388-b46e-b938f5ce0561 - - - - -] ironic.connect_retry_delay = None log_opt_values /usr/lib/python3/dist-packages/oslo_config/cfg.py:2609
2025-08-25 22:29:43.524 127411 DEBUG oslo_service.service [req-f7bd06c3-55ee-4388-b46e-b938f5ce0561 - - - - -] ironic.endpoint_override = None log_opt_values /usr/lib/python3/dist-packages/oslo_config/cfg.py:2609
2025-08-25 22:29:43.524 127411 DEBUG oslo_service.service [req-f7bd06c3-55ee-4388-b46e-b938f5ce0561 - - - - -] ironic.insecure = False log_opt_values /usr/lib/python3/dist-packages/oslo_config/cfg.py:2609
2025-08-25 22:29:43.524 127411 DEBUG oslo_service.service [req-f7bd06c3-55ee-4388-b46e-b938f5ce0561 - - - - -] ironic.keyfile = None log_opt_values /usr/lib/python3/dist-packages/oslo_config/cfg.py:2609
2025-08-25 22:29:43.525 127411 DEBUG oslo_service.service [req-f7bd06c3-55ee-4388-b46e-b938f5ce0561 - - - - -] ironic.max_version = None log_opt_values /usr/lib/python3/dist-packages/oslo_config/cfg.py:2609
2025-08-25 22:29:43.525 127411 DEBUG oslo_service.service [req-f7bd06c3-55ee-4388-b46e-b938f5ce0561 - - - - -] ironic.min_version = None log_opt_values /usr/lib/python3/dist-packages/oslo_config/cfg.py:2609
2025-08-25 22:29:43.525 127411 DEBUG oslo_service.service [req-f7bd06c3-55ee-4388-b46e-b938f5ce0561 - - - - -] ironic.partition_key = None log_opt_values /usr/lib/python3/dist-packages/oslo_config/cfg.py:2609
2025-08-25 22:29:43.525 127411 DEBUG oslo_service.service [req-f7bd06c3-55ee-4388-b46e-b938f5ce0561 - - - - -] ironic.peer_list = [] log_opt_values /usr/lib/python3/dist-packages/oslo_config/cfg.py:2609
2025-08-25 22:29:43.525 127411 DEBUG oslo_service.service [req-f7bd06c3-55ee-4388-b46e-b938f5ce0561 - - - - -] ironic.region_name = None log_opt_values /usr/lib/python3/dist-packages/oslo_config/cfg.py:2609
2025-08-25 22:29:43.525 127411 DEBUG oslo_service.service [req-f7bd06c3-55ee-4388-b46e-b938f5ce0561 - - - - -] ironic.serial_console_state_timeout = 10 log_opt_values /usr/lib/python3/dist-packages/oslo_config/cfg.py:2609
2025-08-25 22:29:43.526 127411 DEBUG oslo_service.service [req-f7bd06c3-55ee-4388-b46e-b938f5ce0561 - - - - -] ironic.service_name = None log_opt_values /usr/lib/python3/dist-packages/oslo_config/cfg.py:2609
2025-08-25 22:29:43.526 127411 DEBUG oslo_service.service [req-f7bd06c3-55ee-4388-b46e-b938f5ce0561 - - - - -] ironic.service_type = baremetal log_opt_values /usr/lib/python3/dist-packages/oslo_config/cfg.py:2609
2025-08-25 22:29:43.526 127411 DEBUG oslo_service.service [req-f7bd06c3-55ee-4388-b46e-b938f5ce0561 - - - - -] ironic.split_loggers = False log_opt_values /usr/lib/python3/dist-packages/oslo_config/cfg.py:2609
2025-08-25 22:29:43.526 127411 DEBUG oslo_service.service [req-f7bd06c3-55ee-4388-b46e-b938f5ce0561 - - - - -] ironic.status_code_retries = None log_opt_values /usr/lib/python3/dist-packages/oslo_config/cfg.py:2609
2025-08-25 22:29:43.526 127411 DEBUG oslo_service.service [req-f7bd06c3-55ee-4388-b46e-b938f5ce0561 - - - - -] ironic.status_code_retry_delay = None log_opt_values /usr/lib/python3/dist-packages/oslo_config/cfg.py:2609
2025-08-25 22:29:43.526 127411 DEBUG oslo_service.service [req-f7bd06c3-55ee-4388-b46e-b938f5ce0561 - - - - -] ironic.timeout = None log_opt_values /usr/lib/python3/dist-packages/oslo_config/cfg.py:2609
2025-08-25 22:29:43.527 127411 DEBUG oslo_service.service [req-f7bd06c3-55ee-4388-b46e-b938f5ce0561 - - - - -] ironic.valid_interfaces = ['internal', 'public'] log_opt_values /usr/lib/python3/dist-packages/oslo_config/cfg.py:2609
2025-08-25 22:29:43.527 127411 DEBUG oslo_service.service [req-f7bd06c3-55ee-4388-b46e-b938f5ce0561 - - - - -] ironic.version = None log_opt_values /usr/lib/python3/dist-packages/oslo_config/cfg.py:2609
2025-08-25 22:29:43.527 127411 DEBUG oslo_service.service [req-f7bd06c3-55ee-4388-b46e-b938f5ce0561 - - - - -] key_manager.backend = barbican log_opt_values /usr/lib/python3/dist-packages/oslo_config/cfg.py:2609
2025-08-25 22:29:43.527 127411 DEBUG oslo_service.service [req-f7bd06c3-55ee-4388-b46e-b938f5ce0561 - - - - -] key_manager.fixed_key = **** log_opt_values /usr/lib/python3/dist-packages/oslo_config/cfg.py:2609
2025-08-25 22:29:43.527 127411 DEBUG oslo_service.service [req-f7bd06c3-55ee-4388-b46e-b938f5ce0561 - - - - -] barbican.auth_endpoint = http://localhost/identity/v3 log_opt_values /usr/lib/python3/dist-packages/oslo_config/cfg.py:2609
2025-08-25 22:29:43.527 127411 DEBUG oslo_service.service [req-f7bd06c3-55ee-4388-b46e-b938f5ce0561 - - - - -] barbican.barbican_api_version = None log_opt_values /usr/lib/python3/dist-packages/oslo_config/cfg.py:2609
2025-08-25 22:29:43.528 127411 DEBUG oslo_service.service [req-f7bd06c3-55ee-4388-b46e-b938f5ce0561 - - - - -] barbican.barbican_endpoint = None log_opt_values /usr/lib/python3/dist-packages/oslo_config/cfg.py:2609
2025-08-25 22:29:43.528 127411 DEBUG oslo_service.service [req-f7bd06c3-55ee-4388-b46e-b938f5ce0561 - - - - -] barbican.barbican_endpoint_type = public log_opt_values /usr/lib/python3/dist-packages/oslo_config/cfg.py:2609
2025-08-25 22:29:43.528 127411 DEBUG oslo_service.service [req-f7bd06c3-55ee-4388-b46e-b938f5ce0561 - - - - -] barbican.barbican_region_name = None log_opt_values /usr/lib/python3/dist-packages/oslo_config/cfg.py:2609
2025-08-25 22:29:43.528 127411 DEBUG oslo_service.service [req-f7bd06c3-55ee-4388-b46e-b938f5ce0561 - - - - -] barbican.cafile = None log_opt_values /usr/lib/python3/dist-packages/oslo_config/cfg.py:2609
2025-08-25 22:29:43.528 127411 DEBUG oslo_service.service [req-f7bd06c3-55ee-4388-b46e-b938f5ce0561 - - - - -] barbican.certfile = None log_opt_values /usr/lib/python3/dist-packages/oslo_config/cfg.py:2609
2025-08-25 22:29:43.528 127411 DEBUG oslo_service.service [req-f7bd06c3-55ee-4388-b46e-b938f5ce0561 - - - - -] barbican.collect_timing = False log_opt_values /usr/lib/python3/dist-packages/oslo_config/cfg.py:2609
2025-08-25 22:29:43.529 127411 DEBUG oslo_service.service [req-f7bd06c3-55ee-4388-b46e-b938f5ce0561 - - - - -] barbican.insecure = False log_opt_values /usr/lib/python3/dist-packages/oslo_config/cfg.py:2609
2025-08-25 22:29:43.529 127411 DEBUG oslo_service.service [req-f7bd06c3-55ee-4388-b46e-b938f5ce0561 - - - - -] barbican.keyfile = None log_opt_values /usr/lib/python3/dist-packages/oslo_config/cfg.py:2609
2025-08-25 22:29:43.529 127411 DEBUG oslo_service.service [req-f7bd06c3-55ee-4388-b46e-b938f5ce0561 - - - - -] barbican.number_of_retries = 60 log_opt_values /usr/lib/python3/dist-packages/oslo_config/cfg.py:2609
2025-08-25 22:29:43.529 127411 DEBUG oslo_service.service [req-f7bd06c3-55ee-4388-b46e-b938f5ce0561 - - - - -] barbican.retry_delay = 1 log_opt_values /usr/lib/python3/dist-packages/oslo_config/cfg.py:2609
2025-08-25 22:29:43.529 127411 DEBUG oslo_service.service [req-f7bd06c3-55ee-4388-b46e-b938f5ce0561 - - - - -] barbican.send_service_user_token = False log_opt_values /usr/lib/python3/dist-packages/oslo_config/cfg.py:2609
2025-08-25 22:29:43.529 127411 DEBUG oslo_service.service [req-f7bd06c3-55ee-4388-b46e-b938f5ce0561 - - - - -] barbican.split_loggers = False log_opt_values /usr/lib/python3/dist-packages/oslo_config/cfg.py:2609
2025-08-25 22:29:43.530 127411 DEBUG oslo_service.service [req-f7bd06c3-55ee-4388-b46e-b938f5ce0561 - - - - -] barbican.timeout = None log_opt_values /usr/lib/python3/dist-packages/oslo_config/cfg.py:2609
2025-08-25 22:29:43.530 127411 DEBUG oslo_service.service [req-f7bd06c3-55ee-4388-b46e-b938f5ce0561 - - - - -] barbican.verify_ssl = True log_opt_values /usr/lib/python3/dist-packages/oslo_config/cfg.py:2609
2025-08-25 22:29:43.530 127411 DEBUG oslo_service.service [req-f7bd06c3-55ee-4388-b46e-b938f5ce0561 - - - - -] barbican.verify_ssl_path = None log_opt_values /usr/lib/python3/dist-packages/oslo_config/cfg.py:2609
2025-08-25 22:29:43.530 127411 DEBUG oslo_service.service [req-f7bd06c3-55ee-4388-b46e-b938f5ce0561 - - - - -] barbican_service_user.auth_section = None log_opt_values /usr/lib/python3/dist-packages/oslo_config/cfg.py:2609
2025-08-25 22:29:43.530 127411 DEBUG oslo_service.service [req-f7bd06c3-55ee-4388-b46e-b938f5ce0561 - - - - -] barbican_service_user.auth_type = None log_opt_values /usr/lib/python3/dist-packages/oslo_config/cfg.py:2609
2025-08-25 22:29:43.530 127411 DEBUG oslo_service.service [req-f7bd06c3-55ee-4388-b46e-b938f5ce0561 - - - - -] barbican_service_user.cafile = None log_opt_values /usr/lib/python3/dist-packages/oslo_config/cfg.py:2609
2025-08-25 22:29:43.531 127411 DEBUG oslo_service.service [req-f7bd06c3-55ee-4388-b46e-b938f5ce0561 - - - - -] barbican_service_user.certfile = None log_opt_values /usr/lib/python3/dist-packages/oslo_config/cfg.py:2609
2025-08-25 22:29:43.531 127411 DEBUG oslo_service.service [req-f7bd06c3-55ee-4388-b46e-b938f5ce0561 - - - - -] barbican_service_user.collect_timing = False log_opt_values /usr/lib/python3/dist-packages/oslo_config/cfg.py:2609
2025-08-25 22:29:43.531 127411 DEBUG oslo_service.service [req-f7bd06c3-55ee-4388-b46e-b938f5ce0561 - - - - -] barbican_service_user.insecure = False log_opt_values /usr/lib/python3/dist-packages/oslo_config/cfg.py:2609
2025-08-25 22:29:43.531 127411 DEBUG oslo_service.service [req-f7bd06c3-55ee-4388-b46e-b938f5ce0561 - - - - -] barbican_service_user.keyfile = None log_opt_values /usr/lib/python3/dist-packages/oslo_config/cfg.py:2609
2025-08-25 22:29:43.531 127411 DEBUG oslo_service.service [req-f7bd06c3-55ee-4388-b46e-b938f5ce0561 - - - - -] barbican_service_user.split_loggers = False log_opt_values /usr/lib/python3/dist-packages/oslo_config/cfg.py:2609
2025-08-25 22:29:43.532 127411 DEBUG oslo_service.service [req-f7bd06c3-55ee-4388-b46e-b938f5ce0561 - - - - -] barbican_service_user.timeout = None log_opt_values /usr/lib/python3/dist-packages/oslo_config/cfg.py:2609
2025-08-25 22:29:43.532 127411 DEBUG oslo_service.service [req-f7bd06c3-55ee-4388-b46e-b938f5ce0561 - - - - -] vault.approle_role_id = None log_opt_values /usr/lib/python3/dist-packages/oslo_config/cfg.py:2609
2025-08-25 22:29:43.532 127411 DEBUG oslo_service.service [req-f7bd06c3-55ee-4388-b46e-b938f5ce0561 - - - - -] vault.approle_secret_id = None log_opt_values /usr/lib/python3/dist-packages/oslo_config/cfg.py:2609
2025-08-25 22:29:43.532 127411 DEBUG oslo_service.service [req-f7bd06c3-55ee-4388-b46e-b938f5ce0561 - - - - -] vault.cafile = None log_opt_values /usr/lib/python3/dist-packages/oslo_config/cfg.py:2609
2025-08-25 22:29:43.532 127411 DEBUG oslo_service.service [req-f7bd06c3-55ee-4388-b46e-b938f5ce0561 - - - - -] vault.certfile = None log_opt_values /usr/lib/python3/dist-packages/oslo_config/cfg.py:2609
2025-08-25 22:29:43.532 127411 DEBUG oslo_service.service [req-f7bd06c3-55ee-4388-b46e-b938f5ce0561 - - - - -] vault.collect_timing = False log_opt_values /usr/lib/python3/dist-packages/oslo_config/cfg.py:2609
2025-08-25 22:29:43.533 127411 DEBUG oslo_service.service [req-f7bd06c3-55ee-4388-b46e-b938f5ce0561 - - - - -] vault.insecure = False log_opt_values /usr/lib/python3/dist-packages/oslo_config/cfg.py:2609
2025-08-25 22:29:43.533 127411 DEBUG oslo_service.service [req-f7bd06c3-55ee-4388-b46e-b938f5ce0561 - - - - -] vault.keyfile = None log_opt_values /usr/lib/python3/dist-packages/oslo_config/cfg.py:2609
2025-08-25 22:29:43.533 127411 DEBUG oslo_service.service [req-f7bd06c3-55ee-4388-b46e-b938f5ce0561 - - - - -] vault.kv_mountpoint = secret log_opt_values /usr/lib/python3/dist-packages/oslo_config/cfg.py:2609
2025-08-25 22:29:43.533 127411 DEBUG oslo_service.service [req-f7bd06c3-55ee-4388-b46e-b938f5ce0561 - - - - -] vault.kv_version = 2 log_opt_values /usr/lib/python3/dist-packages/oslo_config/cfg.py:2609
2025-08-25 22:29:43.533 127411 DEBUG oslo_service.service [req-f7bd06c3-55ee-4388-b46e-b938f5ce0561 - - - - -] vault.namespace = None log_opt_values /usr/lib/python3/dist-packages/oslo_config/cfg.py:2609
2025-08-25 22:29:43.533 127411 DEBUG oslo_service.service [req-f7bd06c3-55ee-4388-b46e-b938f5ce0561 - - - - -] vault.root_token_id = None log_opt_values /usr/lib/python3/dist-packages/oslo_config/cfg.py:2609
2025-08-25 22:29:43.534 127411 DEBUG oslo_service.service [req-f7bd06c3-55ee-4388-b46e-b938f5ce0561 - - - - -] vault.split_loggers = False log_opt_values /usr/lib/python3/dist-packages/oslo_config/cfg.py:2609
2025-08-25 22:29:43.534 127411 DEBUG oslo_service.service [req-f7bd06c3-55ee-4388-b46e-b938f5ce0561 - - - - -] vault.ssl_ca_crt_file = None log_opt_values /usr/lib/python3/dist-packages/oslo_config/cfg.py:2609
2025-08-25 22:29:43.534 127411 DEBUG oslo_service.service [req-f7bd06c3-55ee-4388-b46e-b938f5ce0561 - - - - -] vault.timeout = None log_opt_values /usr/lib/python3/dist-packages/oslo_config/cfg.py:2609
2025-08-25 22:29:43.534 127411 DEBUG oslo_service.service [req-f7bd06c3-55ee-4388-b46e-b938f5ce0561 - - - - -] vault.use_ssl = False log_opt_values /usr/lib/python3/dist-packages/oslo_config/cfg.py:2609
2025-08-25 22:29:43.534 127411 DEBUG oslo_service.service [req-f7bd06c3-55ee-4388-b46e-b938f5ce0561 - - - - -] vault.vault_url = http://127.0.0.1:8200 log_opt_values /usr/lib/python3/dist-packages/oslo_config/cfg.py:2609
2025-08-25 22:29:43.534 127411 DEBUG oslo_service.service [req-f7bd06c3-55ee-4388-b46e-b938f5ce0561 - - - - -] keystone.cafile = None log_opt_values /usr/lib/python3/dist-packages/oslo_config/cfg.py:2609
2025-08-25 22:29:43.535 127411 DEBUG oslo_service.service [req-f7bd06c3-55ee-4388-b46e-b938f5ce0561 - - - - -] keystone.certfile = None log_opt_values /usr/lib/python3/dist-packages/oslo_config/cfg.py:2609
2025-08-25 22:29:43.535 127411 DEBUG oslo_service.service [req-f7bd06c3-55ee-4388-b46e-b938f5ce0561 - - - - -] keystone.collect_timing = False log_opt_values /usr/lib/python3/dist-packages/oslo_config/cfg.py:2609
2025-08-25 22:29:43.535 127411 DEBUG oslo_service.service [req-f7bd06c3-55ee-4388-b46e-b938f5ce0561 - - - - -] keystone.connect_retries = None log_opt_values /usr/lib/python3/dist-packages/oslo_config/cfg.py:2609
2025-08-25 22:29:43.535 127411 DEBUG oslo_service.service [req-f7bd06c3-55ee-4388-b46e-b938f5ce0561 - - - - -] keystone.connect_retry_delay = None log_opt_values /usr/lib/python3/dist-packages/oslo_config/cfg.py:2609
2025-08-25 22:29:43.535 127411 DEBUG oslo_service.service [req-f7bd06c3-55ee-4388-b46e-b938f5ce0561 - - - - -] keystone.endpoint_override = None log_opt_values /usr/lib/python3/dist-packages/oslo_config/cfg.py:2609
2025-08-25 22:29:43.536 127411 DEBUG oslo_service.service [req-f7bd06c3-55ee-4388-b46e-b938f5ce0561 - - - - -] keystone.insecure = False log_opt_values /usr/lib/python3/dist-packages/oslo_config/cfg.py:2609
2025-08-25 22:29:43.536 127411 DEBUG oslo_service.service [req-f7bd06c3-55ee-4388-b46e-b938f5ce0561 - - - - -] keystone.keyfile = None log_opt_values /usr/lib/python3/dist-packages/oslo_config/cfg.py:2609
2025-08-25 22:29:43.536 127411 DEBUG oslo_service.service [req-f7bd06c3-55ee-4388-b46e-b938f5ce0561 - - - - -] keystone.max_version = None log_opt_values /usr/lib/python3/dist-packages/oslo_config/cfg.py:2609
2025-08-25 22:29:43.536 127411 DEBUG oslo_service.service [req-f7bd06c3-55ee-4388-b46e-b938f5ce0561 - - - - -] keystone.min_version = None log_opt_values /usr/lib/python3/dist-packages/oslo_config/cfg.py:2609
2025-08-25 22:29:43.536 127411 DEBUG oslo_service.service [req-f7bd06c3-55ee-4388-b46e-b938f5ce0561 - - - - -] keystone.region_name = None log_opt_values /usr/lib/python3/dist-packages/oslo_config/cfg.py:2609
2025-08-25 22:29:43.536 127411 DEBUG oslo_service.service [req-f7bd06c3-55ee-4388-b46e-b938f5ce0561 - - - - -] keystone.service_name = None log_opt_values /usr/lib/python3/dist-packages/oslo_config/cfg.py:2609
2025-08-25 22:29:43.537 127411 DEBUG oslo_service.service [req-f7bd06c3-55ee-4388-b46e-b938f5ce0561 - - - - -] keystone.service_type = identity log_opt_values /usr/lib/python3/dist-packages/oslo_config/cfg.py:2609
2025-08-25 22:29:43.537 127411 DEBUG oslo_service.service [req-f7bd06c3-55ee-4388-b46e-b938f5ce0561 - - - - -] keystone.split_loggers = False log_opt_values /usr/lib/python3/dist-packages/oslo_config/cfg.py:2609
2025-08-25 22:29:43.537 127411 DEBUG oslo_service.service [req-f7bd06c3-55ee-4388-b46e-b938f5ce0561 - - - - -] keystone.status_code_retries = None log_opt_values /usr/lib/python3/dist-packages/oslo_config/cfg.py:2609
2025-08-25 22:29:43.537 127411 DEBUG oslo_service.service [req-f7bd06c3-55ee-4388-b46e-b938f5ce0561 - - - - -] keystone.status_code_retry_delay = None log_opt_values /usr/lib/python3/dist-packages/oslo_config/cfg.py:2609
2025-08-25 22:29:43.537 127411 DEBUG oslo_service.service [req-f7bd06c3-55ee-4388-b46e-b938f5ce0561 - - - - -] keystone.timeout = None log_opt_values /usr/lib/python3/dist-packages/oslo_config/cfg.py:2609
2025-08-25 22:29:43.537 127411 DEBUG oslo_service.service [req-f7bd06c3-55ee-4388-b46e-b938f5ce0561 - - - - -] keystone.valid_interfaces = ['internal', 'public'] log_opt_values /usr/lib/python3/dist-packages/oslo_config/cfg.py:2609
2025-08-25 22:29:43.538 127411 DEBUG oslo_service.service [req-f7bd06c3-55ee-4388-b46e-b938f5ce0561 - - - - -] keystone.version = None log_opt_values /usr/lib/python3/dist-packages/oslo_config/cfg.py:2609
2025-08-25 22:29:43.538 127411 DEBUG oslo_service.service [req-f7bd06c3-55ee-4388-b46e-b938f5ce0561 - - - - -] libvirt.connection_uri = log_opt_values /usr/lib/python3/dist-packages/oslo_config/cfg.py:2609
2025-08-25 22:29:43.538 127411 DEBUG oslo_service.service [req-f7bd06c3-55ee-4388-b46e-b938f5ce0561 - - - - -] libvirt.cpu_mode = None log_opt_values /usr/lib/python3/dist-packages/oslo_config/cfg.py:2609
2025-08-25 22:29:43.538 127411 DEBUG oslo_service.service [req-f7bd06c3-55ee-4388-b46e-b938f5ce0561 - - - - -] libvirt.cpu_model_extra_flags = [] log_opt_values /usr/lib/python3/dist-packages/oslo_config/cfg.py:2609
2025-08-25 22:29:43.538 127411 DEBUG oslo_service.service [req-f7bd06c3-55ee-4388-b46e-b938f5ce0561 - - - - -] libvirt.cpu_models = [] log_opt_values /usr/lib/python3/dist-packages/oslo_config/cfg.py:2609
2025-08-25 22:29:43.538 127411 DEBUG oslo_service.service [req-f7bd06c3-55ee-4388-b46e-b938f5ce0561 - - - - -] libvirt.device_detach_attempts = 8 log_opt_values /usr/lib/python3/dist-packages/oslo_config/cfg.py:2609
2025-08-25 22:29:43.539 127411 DEBUG oslo_service.service [req-f7bd06c3-55ee-4388-b46e-b938f5ce0561 - - - - -] libvirt.device_detach_timeout = 20 log_opt_values /usr/lib/python3/dist-packages/oslo_config/cfg.py:2609
2025-08-25 22:29:43.539 127411 DEBUG oslo_service.service [req-f7bd06c3-55ee-4388-b46e-b938f5ce0561 - - - - -] libvirt.disk_cachemodes = [] log_opt_values /usr/lib/python3/dist-packages/oslo_config/cfg.py:2609
2025-08-25 22:29:43.539 127411 DEBUG oslo_service.service [req-f7bd06c3-55ee-4388-b46e-b938f5ce0561 - - - - -] libvirt.disk_prefix = None log_opt_values /usr/lib/python3/dist-packages/oslo_config/cfg.py:2609
