2025-08-25 02:03:50.692 7 DEBUG oslo_service.service [-] ml2_type_gre.tunnel_id_ranges = [] log_opt_values /var/lib/kolla/venv/lib/python3.6/site-packages/oslo_config/cfg.py:2611
2025-08-25 02:03:50.692 7 DEBUG oslo_service.service [-] ml2_type_vlan.network_vlan_ranges = [] log_opt_values /var/lib/kolla/venv/lib/python3.6/site-packages/oslo_config/cfg.py:2611
2025-08-25 02:03:50.692 7 DEBUG oslo_service.service [-] ml2_type_vxlan.vni_ranges = [] log_opt_values /var/lib/kolla/venv/lib/python3.6/site-packages/oslo_config/cfg.py:2611
2025-08-25 02:03:50.692 7 DEBUG oslo_service.service [-] ml2_type_vxlan.vxlan_group = None log_opt_values /var/lib/kolla/venv/lib/python3.6/site-packages/oslo_config/cfg.py:2611
2025-08-25 02:03:50.692 7 DEBUG oslo_service.service [-] database.backend = sqlalchemy log_opt_values /var/lib/kolla/venv/lib/python3.6/site-packages/oslo_config/cfg.py:2611
2025-08-25 02:03:50.692 7 DEBUG oslo_service.service [-] database.connection = **** log_opt_values /var/lib/kolla/venv/lib/python3.6/site-packages/oslo_config/cfg.py:2611
2025-08-25 02:03:50.692 7 DEBUG oslo_service.service [-] database.connection_debug = 0 log_opt_values /var/lib/kolla/venv/lib/python3.6/site-packages/oslo_config/cfg.py:2611
2025-08-25 02:03:50.692 7 DEBUG oslo_service.service [-] database.connection_parameters = log_opt_values /var/lib/kolla/venv/lib/python3.6/site-packages/oslo_config/cfg.py:2611
2025-08-25 02:03:50.693 7 DEBUG oslo_service.service [-] database.connection_recycle_time = 10 log_opt_values /var/lib/kolla/venv/lib/python3.6/site-packages/oslo_config/cfg.py:2611
2025-08-25 02:03:50.694 7 DEBUG oslo_service.service [-] database.connection_trace = False log_opt_values /var/lib/kolla/venv/lib/python3.6/site-packages/oslo_config/cfg.py:2611
2025-08-25 02:03:50.694 7 DEBUG oslo_service.service [-] database.db_inc_retry_interval = True log_opt_values /var/lib/kolla/venv/lib/python3.6/site-packages/oslo_config/cfg.py:2611
2025-08-25 02:03:50.694 7 DEBUG oslo_service.service [-] database.db_max_retries = 20 log_opt_values /var/lib/kolla/venv/lib/python3.6/site-packages/oslo_config/cfg.py:2611
2025-08-25 02:03:50.694 7 DEBUG oslo_service.service [-] database.db_max_retry_interval = 10 log_opt_values /var/lib/kolla/venv/lib/python3.6/site-packages/oslo_config/cfg.py:2611
2025-08-25 02:03:50.694 7 DEBUG oslo_service.service [-] database.db_retry_interval = 1 log_opt_values /var/lib/kolla/venv/lib/python3.6/site-packages/oslo_config/cfg.py:2611
2025-08-25 02:03:50.694 7 DEBUG oslo_service.service [-] database.max_overflow = 50 log_opt_values /var/lib/kolla/venv/lib/python3.6/site-packages/oslo_config/cfg.py:2611
2025-08-25 02:03:50.694 7 DEBUG oslo_service.service [-] database.max_pool_size = 1 log_opt_values /var/lib/kolla/venv/lib/python3.6/site-packages/oslo_config/cfg.py:2611
2025-08-25 02:03:50.694 7 DEBUG oslo_service.service [-] database.max_retries = -1 log_opt_values /var/lib/kolla/venv/lib/python3.6/site-packages/oslo_config/cfg.py:2611
2025-08-25 02:03:50.694 7 DEBUG oslo_service.service [-] database.mysql_enable_ndb = False log_opt_values /var/lib/kolla/venv/lib/python3.6/site-packages/oslo_config/cfg.py:2611
2025-08-25 02:03:50.694 7 DEBUG oslo_service.service [-] database.mysql_sql_mode = TRADITIONAL log_opt_values /var/lib/kolla/venv/lib/python3.6/site-packages/oslo_config/cfg.py:2611
2025-08-25 02:03:50.694 7 DEBUG oslo_service.service [-] database.pool_timeout = None log_opt_values /var/lib/kolla/venv/lib/python3.6/site-packages/oslo_config/cfg.py:2611
2025-08-25 02:03:50.694 7 DEBUG oslo_service.service [-] database.retry_interval = 10 log_opt_values /var/lib/kolla/venv/lib/python3.6/site-packages/oslo_config/cfg.py:2611
2025-08-25 02:03:50.694 7 DEBUG oslo_service.service [-] database.slave_connection = **** log_opt_values /var/lib/kolla/venv/lib/python3.6/site-packages/oslo_config/cfg.py:2611
2025-08-25 02:03:50.695 7 DEBUG oslo_service.service [-] database.sqlite_synchronous = True log_opt_values /var/lib/kolla/venv/lib/python3.6/site-packages/oslo_config/cfg.py:2611
2025-08-25 02:03:50.695 7 DEBUG oslo_service.service [-] database.use_db_reconnect = False log_opt_values /var/lib/kolla/venv/lib/python3.6/site-packages/oslo_config/cfg.py:2611
2025-08-25 02:03:50.695 7 DEBUG oslo_service.service [-] ******************************************************************************** log_opt_values /var/lib/kolla/venv/lib/python3.6/site-packages/oslo_config/cfg.py:2613
2025-08-25 02:03:52.572 22 DEBUG neutron.wsgi [-] (22) accepted ('10.0.0.50', 48112) server /var/lib/kolla/venv/lib/python3.6/site-packages/eventlet/wsgi.py:1004
2025-08-25 02:03:52.577 22 INFO neutron.wsgi [-] 10.0.0.50 "GET / HTTP/1.1" status: 200 len: 227 time: 0.0043085
2025-08-25 02:03:54.520 24 DEBUG neutron.api.rpc.handlers.dhcp_rpc [req-17c53b8c-c8a9-41c6-8029-cdb72f6dac34 - - - - -] get_active_networks_info from cn-jenkins-deploy-platform-ansible-os-3918-1 get_active_networks_info /var/lib/kolla/venv/lib/python3.6/site-packages/neutron/api/rpc/handlers/dhcp_rpc.py:159
2025-08-25 02:03:54.539 26 DEBUG neutron_lib.callbacks.manager [req-ad2a79e9-13b4-4217-ab36-14ae86fc67a1 - - - - -] Publish callbacks ['neutron.services.segments.db._update_segment_host_mapping_for_agent-8758929282163', 'neutron.services.l3_router.l3_router_plugin.DVRResourceOperationHandler.create_fip_agent_gw_ports-735747'] for agent (119b53b4-7e1e-4b04-8c4e-9ef2e15be5cd), after_create _notify_loop /var/lib/kolla/venv/lib/python3.6/site-packages/neutron_lib/callbacks/manager.py:177
2025-08-25 02:03:54.553 24 DEBUG neutron.scheduler.dhcp_agent_scheduler [req-17c53b8c-c8a9-41c6-8029-cdb72f6dac34 - - - - -] No non-hosted networks auto_schedule_networks /var/lib/kolla/venv/lib/python3.6/site-packages/neutron/scheduler/dhcp_agent_scheduler.py:60
2025-08-25 02:04:09.133 28 DEBUG neutron_lib.callbacks.manager [req-c0d37a2f-32e4-4899-8fbc-582ba2836c21 - - - - -] Publish callbacks ['neutron.services.segments.db._update_segment_host_mapping_for_agent-8758929282163', 'neutron.services.l3_router.l3_router_plugin.DVRResourceOperationHandler.create_fip_agent_gw_ports-735747'] for agent (c431359a-00c0-4cbc-8672-12986e572482), after_create _notify_loop /var/lib/kolla/venv/lib/python3.6/site-packages/neutron_lib/callbacks/manager.py:177
2025-08-25 02:04:22.616 22 DEBUG neutron.wsgi [-] (22) accepted ('10.0.0.50', 42362) server /var/lib/kolla/venv/lib/python3.6/site-packages/eventlet/wsgi.py:1004
2025-08-25 02:04:22.619 22 INFO neutron.wsgi [-] 10.0.0.50 "GET / HTTP/1.1" status: 200 len: 227 time: 0.0029147
2025-08-25 02:04:24.531 27 DEBUG neutron_lib.callbacks.manager [req-0afb8953-4eff-47dc-b569-547020df6803 - - - - -] Publish callbacks ['neutron.services.segments.db._update_segment_host_mapping_for_agent-8758929282163', 'neutron.plugins.ml2.plugin.Ml2Plugin._retry_binding_revived_agents--9223372036851339632'] for agent (119b53b4-7e1e-4b04-8c4e-9ef2e15be5cd), after_update _notify_loop /var/lib/kolla/venv/lib/python3.6/site-packages/neutron_lib/callbacks/manager.py:177
2025-08-25 02:04:29.630 29 DEBUG neutron.db.agents_db [req-73973c50-a0d5-4b77-8e4b-e507fb43f3dc - - - - -] Agent healthcheck: found 2 active agents agent_health_check /var/lib/kolla/venv/lib/python3.6/site-packages/neutron/db/agents_db.py:318
2025-08-25 02:04:39.119 23 DEBUG neutron_lib.callbacks.manager [req-c0d37a2f-32e4-4899-8fbc-582ba2836c21 - - - - -] Publish callbacks ['neutron.services.segments.db._update_segment_host_mapping_for_agent-8758929282163', 'neutron.plugins.ml2.plugin.Ml2Plugin._retry_binding_revived_agents--9223372036851339632'] for agent (c431359a-00c0-4cbc-8672-12986e572482), after_update _notify_loop /var/lib/kolla/venv/lib/python3.6/site-packages/neutron_lib/callbacks/manager.py:177
2025-08-25 02:04:52.659 22 DEBUG neutron.wsgi [-] (22) accepted ('10.0.0.50', 36568) server /var/lib/kolla/venv/lib/python3.6/site-packages/eventlet/wsgi.py:1004
2025-08-25 02:04:52.662 22 INFO neutron.wsgi [-] 10.0.0.50 "GET / HTTP/1.1" status: 200 len: 227 time: 0.0024517
2025-08-25 02:04:54.524 24 DEBUG neutron_lib.callbacks.manager [req-843dd023-7fbb-4307-8192-7743af6a7e34 - - - - -] Publish callbacks ['neutron.services.segments.db._update_segment_host_mapping_for_agent-8758929282163', 'neutron.plugins.ml2.plugin.Ml2Plugin._retry_binding_revived_agents--9223372036851339632'] for agent (119b53b4-7e1e-4b04-8c4e-9ef2e15be5cd), after_update _notify_loop /var/lib/kolla/venv/lib/python3.6/site-packages/neutron_lib/callbacks/manager.py:177
2025-08-25 02:05:06.626 29 DEBUG neutron.db.agents_db [req-73973c50-a0d5-4b77-8e4b-e507fb43f3dc - - - - -] Agent healthcheck: found 2 active agents agent_health_check /var/lib/kolla/venv/lib/python3.6/site-packages/neutron/db/agents_db.py:318
2025-08-25 02:05:09.118 25 DEBUG neutron_lib.callbacks.manager [req-c0d37a2f-32e4-4899-8fbc-582ba2836c21 - - - - -] Publish callbacks ['neutron.services.segments.db._update_segment_host_mapping_for_agent-8758929282163', 'neutron.plugins.ml2.plugin.Ml2Plugin._retry_binding_revived_agents--9223372036851339632'] for agent (c431359a-00c0-4cbc-8672-12986e572482), after_update _notify_loop /var/lib/kolla/venv/lib/python3.6/site-packages/neutron_lib/callbacks/manager.py:177
2025-08-25 02:05:22.703 22 DEBUG neutron.wsgi [-] (22) accepted ('10.0.0.50', 51058) server /var/lib/kolla/venv/lib/python3.6/site-packages/eventlet/wsgi.py:1004
2025-08-25 02:05:22.706 22 INFO neutron.wsgi [-] 10.0.0.50 "GET / HTTP/1.1" status: 200 len: 227 time: 0.0024378
2025-08-25 02:05:24.520 26 DEBUG neutron_lib.callbacks.manager [req-e67c70f6-4447-4d5f-89ae-1d2f80047fb9 - - - - -] Publish callbacks ['neutron.services.segments.db._update_segment_host_mapping_for_agent-8758929282163', 'neutron.plugins.ml2.plugin.Ml2Plugin._retry_binding_revived_agents--9223372036851339632'] for agent (119b53b4-7e1e-4b04-8c4e-9ef2e15be5cd), after_update _notify_loop /var/lib/kolla/venv/lib/python3.6/site-packages/neutron_lib/callbacks/manager.py:177
2025-08-25 02:05:39.109 28 DEBUG neutron_lib.callbacks.manager [req-c0d37a2f-32e4-4899-8fbc-582ba2836c21 - - - - -] Publish callbacks ['neutron.services.segments.db._update_segment_host_mapping_for_agent-8758929282163', 'neutron.plugins.ml2.plugin.Ml2Plugin._retry_binding_revived_agents--9223372036851339632'] for agent (c431359a-00c0-4cbc-8672-12986e572482), after_update _notify_loop /var/lib/kolla/venv/lib/python3.6/site-packages/neutron_lib/callbacks/manager.py:177
2025-08-25 02:05:43.634 29 DEBUG neutron.db.agents_db [req-73973c50-a0d5-4b77-8e4b-e507fb43f3dc - - - - -] Agent healthcheck: found 2 active agents agent_health_check /var/lib/kolla/venv/lib/python3.6/site-packages/neutron/db/agents_db.py:318
2025-08-25 02:05:52.746 22 DEBUG neutron.wsgi [-] (22) accepted ('10.0.0.50', 46296) server /var/lib/kolla/venv/lib/python3.6/site-packages/eventlet/wsgi.py:1004
2025-08-25 02:05:52.749 22 INFO neutron.wsgi [-] 10.0.0.50 "GET / HTTP/1.1" status: 200 len: 227 time: 0.0024583
2025-08-25 02:05:54.514 27 DEBUG neutron_lib.callbacks.manager [req-fe065cc1-555f-4b9b-8a72-72c5362aa4dd - - - - -] Publish callbacks ['neutron.services.segments.db._update_segment_host_mapping_for_agent-8758929282163', 'neutron.plugins.ml2.plugin.Ml2Plugin._retry_binding_revived_agents--9223372036851339632'] for agent (119b53b4-7e1e-4b04-8c4e-9ef2e15be5cd), after_update _notify_loop /var/lib/kolla/venv/lib/python3.6/site-packages/neutron_lib/callbacks/manager.py:177
2025-08-25 02:06:09.109 23 DEBUG neutron_lib.callbacks.manager [req-c0d37a2f-32e4-4899-8fbc-582ba2836c21 - - - - -] Publish callbacks ['neutron.services.segments.db._update_segment_host_mapping_for_agent-8758929282163', 'neutron.plugins.ml2.plugin.Ml2Plugin._retry_binding_revived_agents--9223372036851339632'] for agent (c431359a-00c0-4cbc-8672-12986e572482), after_update _notify_loop /var/lib/kolla/venv/lib/python3.6/site-packages/neutron_lib/callbacks/manager.py:177
2025-08-25 02:06:20.638 29 DEBUG neutron.db.agents_db [req-73973c50-a0d5-4b77-8e4b-e507fb43f3dc - - - - -] Agent healthcheck: found 2 active agents agent_health_check /var/lib/kolla/venv/lib/python3.6/site-packages/neutron/db/agents_db.py:318
2025-08-25 02:06:22.787 22 DEBUG neutron.wsgi [-] (22) accepted ('10.0.0.50', 49560) server /var/lib/kolla/venv/lib/python3.6/site-packages/eventlet/wsgi.py:1004
2025-08-25 02:06:22.791 22 INFO neutron.wsgi [-] 10.0.0.50 "GET / HTTP/1.1" status: 200 len: 227 time: 0.0027010
2025-08-25 02:06:24.518 24 DEBUG neutron_lib.callbacks.manager [req-61aba57d-d845-49e5-9e04-6e5ecb6161b1 - - - - -] Publish callbacks ['neutron.services.segments.db._update_segment_host_mapping_for_agent-8758929282163', 'neutron.plugins.ml2.plugin.Ml2Plugin._retry_binding_revived_agents--9223372036851339632'] for agent (119b53b4-7e1e-4b04-8c4e-9ef2e15be5cd), after_update _notify_loop /var/lib/kolla/venv/lib/python3.6/site-packages/neutron_lib/callbacks/manager.py:177
2025-08-25 02:06:39.118 25 DEBUG neutron_lib.callbacks.manager [req-c0d37a2f-32e4-4899-8fbc-582ba2836c21 - - - - -] Publish callbacks ['neutron.services.segments.db._update_segment_host_mapping_for_agent-8758929282163', 'neutron.plugins.ml2.plugin.Ml2Plugin._retry_binding_revived_agents--9223372036851339632'] for agent (c431359a-00c0-4cbc-8672-12986e572482), after_update _notify_loop /var/lib/kolla/venv/lib/python3.6/site-packages/neutron_lib/callbacks/manager.py:177
2025-08-25 02:06:52.829 22 DEBUG neutron.wsgi [-] (22) accepted ('10.0.0.50', 35344) server /var/lib/kolla/venv/lib/python3.6/site-packages/eventlet/wsgi.py:1004
2025-08-25 02:06:52.832 22 INFO neutron.wsgi [-] 10.0.0.50 "GET / HTTP/1.1" status: 200 len: 227 time: 0.0024130
2025-08-25 02:06:54.525 26 DEBUG neutron_lib.callbacks.manager [req-929c5feb-e727-49ce-aaa8-f543ff302953 - - - - -] Publish callbacks ['neutron.services.segments.db._update_segment_host_mapping_for_agent-8758929282163', 'neutron.plugins.ml2.plugin.Ml2Plugin._retry_binding_revived_agents--9223372036851339632'] for agent (119b53b4-7e1e-4b04-8c4e-9ef2e15be5cd), after_update _notify_loop /var/lib/kolla/venv/lib/python3.6/site-packages/neutron_lib/callbacks/manager.py:177
2025-08-25 02:06:57.644 29 DEBUG neutron.db.agents_db [req-73973c50-a0d5-4b77-8e4b-e507fb43f3dc - - - - -] Agent healthcheck: found 2 active agents agent_health_check /var/lib/kolla/venv/lib/python3.6/site-packages/neutron/db/agents_db.py:318
2025-08-25 02:07:09.115 28 DEBUG neutron_lib.callbacks.manager [req-c0d37a2f-32e4-4899-8fbc-582ba2836c21 - - - - -] Publish callbacks ['neutron.services.segments.db._update_segment_host_mapping_for_agent-8758929282163', 'neutron.plugins.ml2.plugin.Ml2Plugin._retry_binding_revived_agents--9223372036851339632'] for agent (c431359a-00c0-4cbc-8672-12986e572482), after_update _notify_loop /var/lib/kolla/venv/lib/python3.6/site-packages/neutron_lib/callbacks/manager.py:177
2025-08-25 02:07:22.871 22 DEBUG neutron.wsgi [-] (22) accepted ('10.0.0.50', 57604) server /var/lib/kolla/venv/lib/python3.6/site-packages/eventlet/wsgi.py:1004
2025-08-25 02:07:22.874 22 INFO neutron.wsgi [-] 10.0.0.50 "GET / HTTP/1.1" status: 200 len: 227 time: 0.0023944
2025-08-25 02:07:24.519 27 DEBUG neutron_lib.callbacks.manager [req-59be586d-4628-43cc-b864-6476b6c18fa4 - - - - -] Publish callbacks ['neutron.services.segments.db._update_segment_host_mapping_for_agent-8758929282163', 'neutron.plugins.ml2.plugin.Ml2Plugin._retry_binding_revived_agents--9223372036851339632'] for agent (119b53b4-7e1e-4b04-8c4e-9ef2e15be5cd), after_update _notify_loop /var/lib/kolla/venv/lib/python3.6/site-packages/neutron_lib/callbacks/manager.py:177
2025-08-25 02:07:34.650 29 DEBUG neutron.db.agents_db [req-73973c50-a0d5-4b77-8e4b-e507fb43f3dc - - - - -] Agent healthcheck: found 2 active agents agent_health_check /var/lib/kolla/venv/lib/python3.6/site-packages/neutron/db/agents_db.py:318
2025-08-25 02:07:39.115 23 DEBUG neutron_lib.callbacks.manager [req-c0d37a2f-32e4-4899-8fbc-582ba2836c21 - - - - -] Publish callbacks ['neutron.services.segments.db._update_segment_host_mapping_for_agent-8758929282163', 'neutron.plugins.ml2.plugin.Ml2Plugin._retry_binding_revived_agents--9223372036851339632'] for agent (c431359a-00c0-4cbc-8672-12986e572482), after_update _notify_loop /var/lib/kolla/venv/lib/python3.6/site-packages/neutron_lib/callbacks/manager.py:177
2025-08-25 02:07:52.923 22 DEBUG neutron.wsgi [-] (22) accepted ('10.0.0.50', 48254) server /var/lib/kolla/venv/lib/python3.6/site-packages/eventlet/wsgi.py:1004
2025-08-25 02:07:52.926 22 INFO neutron.wsgi [-] 10.0.0.50 "GET / HTTP/1.1" status: 200 len: 227 time: 0.0026159
2025-08-25 02:07:54.523 24 DEBUG neutron_lib.callbacks.manager [req-0f01d025-9e26-47c5-ba93-c05f9019ad74 - - - - -] Publish callbacks ['neutron.services.segments.db._update_segment_host_mapping_for_agent-8758929282163', 'neutron.plugins.ml2.plugin.Ml2Plugin._retry_binding_revived_agents--9223372036851339632'] for agent (119b53b4-7e1e-4b04-8c4e-9ef2e15be5cd), after_update _notify_loop /var/lib/kolla/venv/lib/python3.6/site-packages/neutron_lib/callbacks/manager.py:177
2025-08-25 02:08:09.120 25 DEBUG neutron_lib.callbacks.manager [req-c0d37a2f-32e4-4899-8fbc-582ba2836c21 - - - - -] Publish callbacks ['neutron.services.segments.db._update_segment_host_mapping_for_agent-8758929282163', 'neutron.plugins.ml2.plugin.Ml2Plugin._retry_binding_revived_agents--9223372036851339632'] for agent (c431359a-00c0-4cbc-8672-12986e572482), after_update _notify_loop /var/lib/kolla/venv/lib/python3.6/site-packages/neutron_lib/callbacks/manager.py:177
2025-08-25 02:08:11.657 29 DEBUG neutron.db.agents_db [req-73973c50-a0d5-4b77-8e4b-e507fb43f3dc - - - - -] Agent healthcheck: found 2 active agents agent_health_check /var/lib/kolla/venv/lib/python3.6/site-packages/neutron/db/agents_db.py:318
2025-08-25 02:08:22.965 22 DEBUG neutron.wsgi [-] (22) accepted ('10.0.0.50', 44450) server /var/lib/kolla/venv/lib/python3.6/site-packages/eventlet/wsgi.py:1004
2025-08-25 02:08:22.971 22 INFO neutron.wsgi [-] 10.0.0.50 "GET / HTTP/1.1" status: 200 len: 227 time: 0.0042555
2025-08-25 02:08:24.586 26 DEBUG neutron_lib.callbacks.manager [req-8faa29be-7f35-49fc-96ee-338eaf30c937 - - - - -] Publish callbacks ['neutron.services.segments.db._update_segment_host_mapping_for_agent-8758929282163', 'neutron.plugins.ml2.plugin.Ml2Plugin._retry_binding_revived_agents--9223372036851339632'] for agent (119b53b4-7e1e-4b04-8c4e-9ef2e15be5cd), after_update _notify_loop /var/lib/kolla/venv/lib/python3.6/site-packages/neutron_lib/callbacks/manager.py:177
2025-08-25 02:08:39.120 28 DEBUG neutron_lib.callbacks.manager [req-c0d37a2f-32e4-4899-8fbc-582ba2836c21 - - - - -] Publish callbacks ['neutron.services.segments.db._update_segment_host_mapping_for_agent-8758929282163', 'neutron.plugins.ml2.plugin.Ml2Plugin._retry_binding_revived_agents--9223372036851339632'] for agent (c431359a-00c0-4cbc-8672-12986e572482), after_update _notify_loop /var/lib/kolla/venv/lib/python3.6/site-packages/neutron_lib/callbacks/manager.py:177
2025-08-25 02:08:48.663 29 DEBUG neutron.db.agents_db [req-73973c50-a0d5-4b77-8e4b-e507fb43f3dc - - - - -] Agent healthcheck: found 2 active agents agent_health_check /var/lib/kolla/venv/lib/python3.6/site-packages/neutron/db/agents_db.py:318
2025-08-25 02:08:53.025 22 DEBUG neutron.wsgi [-] (22) accepted ('10.0.0.50', 41758) server /var/lib/kolla/venv/lib/python3.6/site-packages/eventlet/wsgi.py:1004
2025-08-25 02:08:53.028 22 INFO neutron.wsgi [-] 10.0.0.50 "GET / HTTP/1.1" status: 200 len: 227 time: 0.0023828
2025-08-25 02:08:54.532 27 DEBUG neutron_lib.callbacks.manager [req-ed04bc86-dbfa-4a5f-8023-2bfa5ed605d4 - - - - -] Publish callbacks ['neutron.services.segments.db._update_segment_host_mapping_for_agent-8758929282163', 'neutron.plugins.ml2.plugin.Ml2Plugin._retry_binding_revived_agents--9223372036851339632'] for agent (119b53b4-7e1e-4b04-8c4e-9ef2e15be5cd), after_update _notify_loop /var/lib/kolla/venv/lib/python3.6/site-packages/neutron_lib/callbacks/manager.py:177
2025-08-25 02:09:09.122 23 DEBUG neutron_lib.callbacks.manager [req-c0d37a2f-32e4-4899-8fbc-582ba2836c21 - - - - -] Publish callbacks ['neutron.services.segments.db._update_segment_host_mapping_for_agent-8758929282163', 'neutron.plugins.ml2.plugin.Ml2Plugin._retry_binding_revived_agents--9223372036851339632'] for agent (c431359a-00c0-4cbc-8672-12986e572482), after_update _notify_loop /var/lib/kolla/venv/lib/python3.6/site-packages/neutron_lib/callbacks/manager.py:177
2025-08-25 02:09:23.080 22 DEBUG neutron.wsgi [-] (22) accepted ('10.0.0.50', 54780) server /var/lib/kolla/venv/lib/python3.6/site-packages/eventlet/wsgi.py:1004
2025-08-25 02:09:23.083 22 INFO neutron.wsgi [-] 10.0.0.50 "GET / HTTP/1.1" status: 200 len: 227 time: 0.0023956
2025-08-25 02:09:24.535 24 DEBUG neutron_lib.callbacks.manager [req-fbef01f4-273e-4d6b-9cc1-ce987a9f938d - - - - -] Publish callbacks ['neutron.services.segments.db._update_segment_host_mapping_for_agent-8758929282163', 'neutron.plugins.ml2.plugin.Ml2Plugin._retry_binding_revived_agents--9223372036851339632'] for agent (119b53b4-7e1e-4b04-8c4e-9ef2e15be5cd), after_update _notify_loop /var/lib/kolla/venv/lib/python3.6/site-packages/neutron_lib/callbacks/manager.py:177
2025-08-25 02:09:25.659 29 DEBUG neutron.db.agents_db [req-73973c50-a0d5-4b77-8e4b-e507fb43f3dc - - - - -] Agent healthcheck: found 2 active agents agent_health_check /var/lib/kolla/venv/lib/python3.6/site-packages/neutron/db/agents_db.py:318
2025-08-25 02:09:39.125 25 DEBUG neutron_lib.callbacks.manager [req-c0d37a2f-32e4-4899-8fbc-582ba2836c21 - - - - -] Publish callbacks ['neutron.services.segments.db._update_segment_host_mapping_for_agent-8758929282163', 'neutron.plugins.ml2.plugin.Ml2Plugin._retry_binding_revived_agents--9223372036851339632'] for agent (c431359a-00c0-4cbc-8672-12986e572482), after_update _notify_loop /var/lib/kolla/venv/lib/python3.6/site-packages/neutron_lib/callbacks/manager.py:177
2025-08-25 02:09:53.129 22 DEBUG neutron.wsgi [-] (22) accepted ('10.0.0.50', 34320) server /var/lib/kolla/venv/lib/python3.6/site-packages/eventlet/wsgi.py:1004
2025-08-25 02:09:53.132 22 INFO neutron.wsgi [-] 10.0.0.50 "GET / HTTP/1.1" status: 200 len: 227 time: 0.0026276
2025-08-25 02:09:54.545 26 DEBUG neutron_lib.callbacks.manager [req-40aa1724-9568-4038-9325-6b97ff105d8a - - - - -] Publish callbacks ['neutron.services.segments.db._update_segment_host_mapping_for_agent-8758929282163', 'neutron.plugins.ml2.plugin.Ml2Plugin._retry_binding_revived_agents--9223372036851339632'] for agent (119b53b4-7e1e-4b04-8c4e-9ef2e15be5cd), after_update _notify_loop /var/lib/kolla/venv/lib/python3.6/site-packages/neutron_lib/callbacks/manager.py:177
2025-08-25 02:10:02.655 29 DEBUG neutron.db.agents_db [req-73973c50-a0d5-4b77-8e4b-e507fb43f3dc - - - - -] Agent healthcheck: found 2 active agents agent_health_check /var/lib/kolla/venv/lib/python3.6/site-packages/neutron/db/agents_db.py:318
2025-08-25 02:10:09.125 28 DEBUG neutron_lib.callbacks.manager [req-c0d37a2f-32e4-4899-8fbc-582ba2836c21 - - - - -] Publish callbacks ['neutron.services.segments.db._update_segment_host_mapping_for_agent-8758929282163', 'neutron.plugins.ml2.plugin.Ml2Plugin._retry_binding_revived_agents--9223372036851339632'] for agent (c431359a-00c0-4cbc-8672-12986e572482), after_update _notify_loop /var/lib/kolla/venv/lib/python3.6/site-packages/neutron_lib/callbacks/manager.py:177
2025-08-25 02:10:23.182 22 DEBUG neutron.wsgi [-] (22) accepted ('10.0.0.50', 41422) server /var/lib/kolla/venv/lib/python3.6/site-packages/eventlet/wsgi.py:1004
2025-08-25 02:10:23.187 22 INFO neutron.wsgi [-] 10.0.0.50 "GET / HTTP/1.1" status: 200 len: 227 time: 0.0032427
2025-08-25 02:10:24.542 27 DEBUG neutron_lib.callbacks.manager [req-e4034485-d46d-4a72-b44e-29e7619a14f4 - - - - -] Publish callbacks ['neutron.services.segments.db._update_segment_host_mapping_for_agent-8758929282163', 'neutron.plugins.ml2.plugin.Ml2Plugin._retry_binding_revived_agents--9223372036851339632'] for agent (119b53b4-7e1e-4b04-8c4e-9ef2e15be5cd), after_update _notify_loop /var/lib/kolla/venv/lib/python3.6/site-packages/neutron_lib/callbacks/manager.py:177
2025-08-25 02:10:39.130 23 DEBUG neutron_lib.callbacks.manager [req-c0d37a2f-32e4-4899-8fbc-582ba2836c21 - - - - -] Publish callbacks ['neutron.services.segments.db._update_segment_host_mapping_for_agent-8758929282163', 'neutron.plugins.ml2.plugin.Ml2Plugin._retry_binding_revived_agents--9223372036851339632'] for agent (c431359a-00c0-4cbc-8672-12986e572482), after_update _notify_loop /var/lib/kolla/venv/lib/python3.6/site-packages/neutron_lib/callbacks/manager.py:177
2025-08-25 02:10:39.655 29 DEBUG neutron.db.agents_db [req-73973c50-a0d5-4b77-8e4b-e507fb43f3dc - - - - -] Agent healthcheck: found 2 active agents agent_health_check /var/lib/kolla/venv/lib/python3.6/site-packages/neutron/db/agents_db.py:318
2025-08-25 02:10:53.240 22 DEBUG neutron.wsgi [-] (22) accepted ('10.0.0.50', 55882) server /var/lib/kolla/venv/lib/python3.6/site-packages/eventlet/wsgi.py:1004
2025-08-25 02:10:53.244 22 INFO neutron.wsgi [-] 10.0.0.50 "GET / HTTP/1.1" status: 200 len: 227 time: 0.0028126
2025-08-25 02:10:54.536 24 DEBUG neutron_lib.callbacks.manager [req-3e89fcb0-86e3-4caa-a83f-333ab67bb6bf - - - - -] Publish callbacks ['neutron.services.segments.db._update_segment_host_mapping_for_agent-8758929282163', 'neutron.plugins.ml2.plugin.Ml2Plugin._retry_binding_revived_agents--9223372036851339632'] for agent (119b53b4-7e1e-4b04-8c4e-9ef2e15be5cd), after_update _notify_loop /var/lib/kolla/venv/lib/python3.6/site-packages/neutron_lib/callbacks/manager.py:177
2025-08-25 02:11:09.132 25 DEBUG neutron_lib.callbacks.manager [req-c0d37a2f-32e4-4899-8fbc-582ba2836c21 - - - - -] Publish callbacks ['neutron.services.segments.db._update_segment_host_mapping_for_agent-8758929282163', 'neutron.plugins.ml2.plugin.Ml2Plugin._retry_binding_revived_agents--9223372036851339632'] for agent (c431359a-00c0-4cbc-8672-12986e572482), after_update _notify_loop /var/lib/kolla/venv/lib/python3.6/site-packages/neutron_lib/callbacks/manager.py:177
2025-08-25 02:11:16.650 29 DEBUG neutron.db.agents_db [req-73973c50-a0d5-4b77-8e4b-e507fb43f3dc - - - - -] Agent healthcheck: found 2 active agents agent_health_check /var/lib/kolla/venv/lib/python3.6/site-packages/neutron/db/agents_db.py:318
2025-08-25 02:11:21.823 7 INFO oslo_service.service [-] Caught SIGTERM, stopping children
2025-08-25 02:11:21.823 7 DEBUG oslo_concurrency.lockutils [-] Acquired lock "singleton_lock" lock /var/lib/kolla/venv/lib/python3.6/site-packages/oslo_concurrency/lockutils.py:294
2025-08-25 02:11:21.824 7 DEBUG oslo_concurrency.lockutils [-] Releasing lock "singleton_lock" lock /var/lib/kolla/venv/lib/python3.6/site-packages/oslo_concurrency/lockutils.py:312
2025-08-25 02:11:21.824 7 DEBUG oslo_service.service [-] Stop services. stop /var/lib/kolla/venv/lib/python3.6/site-packages/oslo_service/service.py:695
2025-08-25 02:11:21.824 7 DEBUG neutron.service [-] calling RpcWorker stop() stop /var/lib/kolla/venv/lib/python3.6/site-packages/neutron/service.py:138
2025-08-25 02:11:21.824 7 DEBUG neutron.service [-] calling RpcWorker stop() stop /var/lib/kolla/venv/lib/python3.6/site-packages/neutron/service.py:138
2025-08-25 02:11:21.824 7 DEBUG oslo_service.service [-] Killing children. stop /var/lib/kolla/venv/lib/python3.6/site-packages/oslo_service/service.py:700
2025-08-25 02:11:21.824 7 INFO oslo_service.service [-] Waiting on 8 children to exit
2025-08-25 02:11:21.825 22 INFO neutron.wsgi [-] (22) wsgi exited, is_accepting=True
2025-08-25 02:11:21.824 26 DEBUG neutron.service [-] calling RpcWorker stop() stop /var/lib/kolla/venv/lib/python3.6/site-packages/neutron/service.py:138
2025-08-25 02:11:21.825 24 DEBUG neutron.service [-] calling RpcWorker stop() stop /var/lib/kolla/venv/lib/python3.6/site-packages/neutron/service.py:138
2025-08-25 02:11:21.825 22 DEBUG oslo_concurrency.lockutils [req-941e7327-fe44-4d7e-b967-4841d1ec9c90 - - - - -] Acquired lock "singleton_lock" lock /var/lib/kolla/venv/lib/python3.6/site-packages/oslo_concurrency/lockutils.py:294
2025-08-25 02:11:21.825 22 DEBUG oslo_concurrency.lockutils [req-941e7327-fe44-4d7e-b967-4841d1ec9c90 - - - - -] Releasing lock "singleton_lock" lock /var/lib/kolla/venv/lib/python3.6/site-packages/oslo_concurrency/lockutils.py:312
2025-08-25 02:11:21.825 24 DEBUG neutron.service [-] calling stop on stop /var/lib/kolla/venv/lib/python3.6/site-packages/neutron/service.py:141
2025-08-25 02:11:21.825 26 DEBUG neutron.service [-] calling stop on stop /var/lib/kolla/venv/lib/python3.6/site-packages/neutron/service.py:141
2025-08-25 02:11:21.828 7 INFO oslo_service.service [-] Child 22 exited with status 0
2025-08-25 02:11:21.829 23 DEBUG neutron.service [-] calling RpcWorker stop() stop /var/lib/kolla/venv/lib/python3.6/site-packages/neutron/service.py:138
2025-08-25 02:11:21.830 25 DEBUG neutron.service [-] calling RpcWorker stop() stop /var/lib/kolla/venv/lib/python3.6/site-packages/neutron/service.py:138
2025-08-25 02:11:21.830 29 DEBUG neutron.service [-] calling RpcWorker stop() stop /var/lib/kolla/venv/lib/python3.6/site-packages/neutron/service.py:138
2025-08-25 02:11:21.829 23 DEBUG neutron.service [-] calling stop on stop /var/lib/kolla/venv/lib/python3.6/site-packages/neutron/service.py:141
2025-08-25 02:11:21.831 29 DEBUG neutron.service [-] calling stop on stop /var/lib/kolla/venv/lib/python3.6/site-packages/neutron/service.py:141
2025-08-25 02:11:21.830 25 DEBUG neutron.service [-] calling stop on stop /var/lib/kolla/venv/lib/python3.6/site-packages/neutron/service.py:141
2025-08-25 02:11:21.833 28 DEBUG neutron.service [-] calling RpcWorker stop() stop /var/lib/kolla/venv/lib/python3.6/site-packages/neutron/service.py:138
2025-08-25 02:11:21.833 28 DEBUG neutron.service [-] calling stop on stop /var/lib/kolla/venv/lib/python3.6/site-packages/neutron/service.py:141
2025-08-25 02:11:21.836 27 DEBUG neutron.service [-] calling RpcWorker stop() stop /var/lib/kolla/venv/lib/python3.6/site-packages/neutron/service.py:138
2025-08-25 02:11:21.837 27 DEBUG neutron.service [-] calling stop on stop /var/lib/kolla/venv/lib/python3.6/site-packages/neutron/service.py:141
2025-08-25 02:11:24.539 26 DEBUG oslo_concurrency.lockutils [req-941e7327-fe44-4d7e-b967-4841d1ec9c90 - - - - -] Acquired lock "singleton_lock" lock /var/lib/kolla/venv/lib/python3.6/site-packages/oslo_concurrency/lockutils.py:294
2025-08-25 02:11:24.551 26 DEBUG oslo_concurrency.lockutils [req-941e7327-fe44-4d7e-b967-4841d1ec9c90 - - - - -] Releasing lock "singleton_lock" lock /var/lib/kolla/venv/lib/python3.6/site-packages/oslo_concurrency/lockutils.py:312
2025-08-25 02:11:24.551 26 DEBUG neutron.service [req-941e7327-fe44-4d7e-b967-4841d1ec9c90 - - - - -] calling RpcWorker wait() _wait /var/lib/kolla/venv/lib/python3.6/site-packages/neutron/service.py:128
2025-08-25 02:11:24.551 26 DEBUG neutron.service [req-941e7327-fe44-4d7e-b967-4841d1ec9c90 - - - - -] calling wait on _wait /var/lib/kolla/venv/lib/python3.6/site-packages/neutron/service.py:131
2025-08-25 02:11:24.592 26 DEBUG neutron_lib.callbacks.manager [req-e649ef5f-1fbe-46aa-a219-3c7ef1382ac4 - - - - -] Publish callbacks ['neutron.services.segments.db._update_segment_host_mapping_for_agent-8758929282163', 'neutron.plugins.ml2.plugin.Ml2Plugin._retry_binding_revived_agents--9223372036851339632'] for agent (119b53b4-7e1e-4b04-8c4e-9ef2e15be5cd), after_update _notify_loop /var/lib/kolla/venv/lib/python3.6/site-packages/neutron_lib/callbacks/manager.py:177
2025-08-25 02:11:24.666 26 WARNING amqp [req-941e7327-fe44-4d7e-b967-4841d1ec9c90 - - - - -] Received method (60, 30) during closing channel 1. This method will be ignored
2025-08-25 02:11:24.667 26 DEBUG neutron.service [req-941e7327-fe44-4d7e-b967-4841d1ec9c90 - - - - -] returning from RpcWorker wait() _wait /var/lib/kolla/venv/lib/python3.6/site-packages/neutron/service.py:135
2025-08-25 02:11:24.672 7 INFO oslo_service.service [-] Child 26 exited with status 0
2025-08-25 02:11:25.615 23 DEBUG neutron.service [-] calling stop on stop /var/lib/kolla/venv/lib/python3.6/site-packages/neutron/service.py:141
2025-08-25 02:11:25.618 24 DEBUG neutron.service [-] calling stop on stop /var/lib/kolla/venv/lib/python3.6/site-packages/neutron/service.py:141
2025-08-25 02:11:25.625 25 DEBUG neutron.service [-] calling stop on stop /var/lib/kolla/venv/lib/python3.6/site-packages/neutron/service.py:141
2025-08-25 02:11:25.626 28 DEBUG oslo_concurrency.lockutils [req-941e7327-fe44-4d7e-b967-4841d1ec9c90 - - - - -] Acquired lock "singleton_lock" lock /var/lib/kolla/venv/lib/python3.6/site-packages/oslo_concurrency/lockutils.py:294
2025-08-25 02:11:25.626 28 DEBUG oslo_concurrency.lockutils [req-941e7327-fe44-4d7e-b967-4841d1ec9c90 - - - - -] Releasing lock "singleton_lock" lock /var/lib/kolla/venv/lib/python3.6/site-packages/oslo_concurrency/lockutils.py:312
2025-08-25 02:11:25.626 28 DEBUG neutron.service [req-941e7327-fe44-4d7e-b967-4841d1ec9c90 - - - - -] calling RpcWorker wait() _wait /var/lib/kolla/venv/lib/python3.6/site-packages/neutron/service.py:128
2025-08-25 02:11:25.626 28 DEBUG neutron.service [req-941e7327-fe44-4d7e-b967-4841d1ec9c90 - - - - -] calling wait on _wait /var/lib/kolla/venv/lib/python3.6/site-packages/neutron/service.py:131
2025-08-25 02:11:25.631 29 DEBUG oslo_concurrency.lockutils [req-941e7327-fe44-4d7e-b967-4841d1ec9c90 - - - - -] Acquired lock "singleton_lock" lock /var/lib/kolla/venv/lib/python3.6/site-packages/oslo_concurrency/lockutils.py:294
2025-08-25 02:11:25.631 29 DEBUG oslo_concurrency.lockutils [req-941e7327-fe44-4d7e-b967-4841d1ec9c90 - - - - -] Releasing lock "singleton_lock" lock /var/lib/kolla/venv/lib/python3.6/site-packages/oslo_concurrency/lockutils.py:312
2025-08-25 02:11:25.633 29 DEBUG neutron.service [req-941e7327-fe44-4d7e-b967-4841d1ec9c90 - - - - -] calling RpcWorker wait() _wait /var/lib/kolla/venv/lib/python3.6/site-packages/neutron/service.py:128
2025-08-25 02:11:25.633 29 DEBUG neutron.service [req-941e7327-fe44-4d7e-b967-4841d1ec9c90 - - - - -] calling wait on _wait /var/lib/kolla/venv/lib/python3.6/site-packages/neutron/service.py:131
2025-08-25 02:11:25.632 27 DEBUG oslo_concurrency.lockutils [req-941e7327-fe44-4d7e-b967-4841d1ec9c90 - - - - -] Acquired lock "singleton_lock" lock /var/lib/kolla/venv/lib/python3.6/site-packages/oslo_concurrency/lockutils.py:294
2025-08-25 02:11:25.633 27 DEBUG oslo_concurrency.lockutils [req-941e7327-fe44-4d7e-b967-4841d1ec9c90 - - - - -] Releasing lock "singleton_lock" lock /var/lib/kolla/venv/lib/python3.6/site-packages/oslo_concurrency/lockutils.py:312
2025-08-25 02:11:25.634 27 DEBUG neutron.service [req-941e7327-fe44-4d7e-b967-4841d1ec9c90 - - - - -] calling RpcWorker wait() _wait /var/lib/kolla/venv/lib/python3.6/site-packages/neutron/service.py:128
2025-08-25 02:11:25.634 27 DEBUG neutron.service [req-941e7327-fe44-4d7e-b967-4841d1ec9c90 - - - - -] calling wait on _wait /var/lib/kolla/venv/lib/python3.6/site-packages/neutron/service.py:131
2025-08-25 02:11:25.635 28 WARNING amqp [req-941e7327-fe44-4d7e-b967-4841d1ec9c90 - - - - -] Received method (60, 30) during closing channel 1. This method will be ignored
2025-08-25 02:11:25.635 28 DEBUG neutron.service [req-941e7327-fe44-4d7e-b967-4841d1ec9c90 - - - - -] returning from RpcWorker wait() _wait /var/lib/kolla/venv/lib/python3.6/site-packages/neutron/service.py:135
2025-08-25 02:11:25.638 23 DEBUG neutron.service [-] calling stop on stop /var/lib/kolla/venv/lib/python3.6/site-packages/neutron/service.py:141
2025-08-25 02:11:25.638 29 WARNING amqp [req-941e7327-fe44-4d7e-b967-4841d1ec9c90 - - - - -] Received method (60, 30) during closing channel 1. This method will be ignored
2025-08-25 02:11:25.638 29 DEBUG neutron.service [req-941e7327-fe44-4d7e-b967-4841d1ec9c90 - - - - -] returning from RpcWorker wait() _wait /var/lib/kolla/venv/lib/python3.6/site-packages/neutron/service.py:135
2025-08-25 02:11:25.641 27 WARNING amqp [req-941e7327-fe44-4d7e-b967-4841d1ec9c90 - - - - -] Received method (60, 30) during closing channel 1. This method will be ignored
2025-08-25 02:11:25.641 27 DEBUG neutron.service [req-941e7327-fe44-4d7e-b967-4841d1ec9c90 - - - - -] returning from RpcWorker wait() _wait /var/lib/kolla/venv/lib/python3.6/site-packages/neutron/service.py:135
2025-08-25 02:11:25.648 25 DEBUG neutron.service [-] calling stop on stop /var/lib/kolla/venv/lib/python3.6/site-packages/neutron/service.py:141
2025-08-25 02:11:25.639 24 DEBUG neutron.service [-] calling stop on stop /var/lib/kolla/venv/lib/python3.6/site-packages/neutron/service.py:141
2025-08-25 02:11:25.648 7 INFO oslo_service.service [-] Child 29 exited with status 0
2025-08-25 02:11:25.649 7 INFO oslo_service.service [-] Child 27 exited with status 0
2025-08-25 02:11:25.650 23 DEBUG neutron.service [-] calling stop on stop /var/lib/kolla/venv/lib/python3.6/site-packages/neutron/service.py:141
2025-08-25 02:11:25.651 7 INFO oslo_service.service [-] Child 28 exited with status 0
2025-08-25 02:11:25.662 23 DEBUG oslo_concurrency.lockutils [req-941e7327-fe44-4d7e-b967-4841d1ec9c90 - - - - -] Acquired lock "singleton_lock" lock /var/lib/kolla/venv/lib/python3.6/site-packages/oslo_concurrency/lockutils.py:294
2025-08-25 02:11:25.663 23 DEBUG oslo_concurrency.lockutils [req-941e7327-fe44-4d7e-b967-4841d1ec9c90 - - - - -] Releasing lock "singleton_lock" lock /var/lib/kolla/venv/lib/python3.6/site-packages/oslo_concurrency/lockutils.py:312
2025-08-25 02:11:25.663 23 DEBUG neutron.service [req-941e7327-fe44-4d7e-b967-4841d1ec9c90 - - - - -] calling RpcWorker wait() _wait /var/lib/kolla/venv/lib/python3.6/site-packages/neutron/service.py:128
2025-08-25 02:11:25.663 23 DEBUG neutron.service [req-941e7327-fe44-4d7e-b967-4841d1ec9c90 - - - - -] calling wait on _wait /var/lib/kolla/venv/lib/python3.6/site-packages/neutron/service.py:131
2025-08-25 02:11:25.669 23 WARNING amqp [req-941e7327-fe44-4d7e-b967-4841d1ec9c90 - - - - -] Received method (60, 30) during closing channel 1. This method will be ignored
2025-08-25 02:11:25.669 23 DEBUG neutron.service [req-941e7327-fe44-4d7e-b967-4841d1ec9c90 - - - - -] calling wait on _wait /var/lib/kolla/venv/lib/python3.6/site-packages/neutron/service.py:131
2025-08-25 02:11:25.673 23 WARNING amqp [req-941e7327-fe44-4d7e-b967-4841d1ec9c90 - - - - -] Received method (60, 30) during closing channel 1. This method will be ignored
2025-08-25 02:11:25.674 23 DEBUG neutron.service [req-941e7327-fe44-4d7e-b967-4841d1ec9c90 - - - - -] calling wait on _wait /var/lib/kolla/venv/lib/python3.6/site-packages/neutron/service.py:131
2025-08-25 02:11:25.678 23 WARNING amqp [req-941e7327-fe44-4d7e-b967-4841d1ec9c90 - - - - -] Received method (60, 30) during closing channel 1. This method will be ignored
2025-08-25 02:11:25.678 23 DEBUG neutron.service [req-941e7327-fe44-4d7e-b967-4841d1ec9c90 - - - - -] calling wait on _wait /var/lib/kolla/venv/lib/python3.6/site-packages/neutron/service.py:131
2025-08-25 02:11:25.683 23 WARNING amqp [req-941e7327-fe44-4d7e-b967-4841d1ec9c90 - - - - -] Received method (60, 30) during closing channel 1. This method will be ignored
2025-08-25 02:11:25.683 23 DEBUG neutron.service [req-941e7327-fe44-4d7e-b967-4841d1ec9c90 - - - - -] returning from RpcWorker wait() _wait /var/lib/kolla/venv/lib/python3.6/site-packages/neutron/service.py:135
2025-08-25 02:11:25.695 7 INFO oslo_service.service [-] Child 23 exited with status 0
2025-08-25 02:11:27.327 25 DEBUG neutron.service [-] calling stop on stop /var/lib/kolla/venv/lib/python3.6/site-packages/neutron/service.py:141
2025-08-25 02:11:27.734 24 DEBUG neutron.service [-] calling stop on stop /var/lib/kolla/venv/lib/python3.6/site-packages/neutron/service.py:141
2025-08-25 02:11:30.663 24 DEBUG oslo_concurrency.lockutils [req-941e7327-fe44-4d7e-b967-4841d1ec9c90 - - - - -] Acquired lock "singleton_lock" lock /var/lib/kolla/venv/lib/python3.6/site-packages/oslo_concurrency/lockutils.py:294
2025-08-25 02:11:30.664 24 DEBUG oslo_concurrency.lockutils [req-941e7327-fe44-4d7e-b967-4841d1ec9c90 - - - - -] Releasing lock "singleton_lock" lock /var/lib/kolla/venv/lib/python3.6/site-packages/oslo_concurrency/lockutils.py:312
2025-08-25 02:11:30.664 24 DEBUG neutron.service [req-941e7327-fe44-4d7e-b967-4841d1ec9c90 - - - - -] calling RpcWorker wait() _wait /var/lib/kolla/venv/lib/python3.6/site-packages/neutron/service.py:128
2025-08-25 02:11:30.664 24 DEBUG neutron.service [req-941e7327-fe44-4d7e-b967-4841d1ec9c90 - - - - -] calling wait on _wait /var/lib/kolla/venv/lib/python3.6/site-packages/neutron/service.py:131
2025-08-25 02:11:30.667 25 DEBUG oslo_concurrency.lockutils [req-941e7327-fe44-4d7e-b967-4841d1ec9c90 - - - - -] Acquired lock "singleton_lock" lock /var/lib/kolla/venv/lib/python3.6/site-packages/oslo_concurrency/lockutils.py:294
2025-08-25 02:11:30.668 25 DEBUG oslo_concurrency.lockutils [req-941e7327-fe44-4d7e-b967-4841d1ec9c90 - - - - -] Releasing lock "singleton_lock" lock /var/lib/kolla/venv/lib/python3.6/site-packages/oslo_concurrency/lockutils.py:312
2025-08-25 02:11:30.669 25 DEBUG neutron.service [req-941e7327-fe44-4d7e-b967-4841d1ec9c90 - - - - -] calling RpcWorker wait() _wait /var/lib/kolla/venv/lib/python3.6/site-packages/neutron/service.py:128
2025-08-25 02:11:30.669 25 DEBUG neutron.service [req-941e7327-fe44-4d7e-b967-4841d1ec9c90 - - - - -] calling wait on _wait /var/lib/kolla/venv/lib/python3.6/site-packages/neutron/service.py:131
2025-08-25 02:11:30.670 24 WARNING amqp [req-941e7327-fe44-4d7e-b967-4841d1ec9c90 - - - - -] Received method (60, 30) during closing channel 1. This method will be ignored
2025-08-25 02:11:30.670 24 DEBUG neutron.service [req-941e7327-fe44-4d7e-b967-4841d1ec9c90 - - - - -] calling wait on _wait /var/lib/kolla/venv/lib/python3.6/site-packages/neutron/service.py:131
2025-08-25 02:11:30.673 25 WARNING amqp [req-941e7327-fe44-4d7e-b967-4841d1ec9c90 - - - - -] Received method (60, 30) during closing channel 1. This method will be ignored
2025-08-25 02:11:30.674 25 DEBUG neutron.service [req-941e7327-fe44-4d7e-b967-4841d1ec9c90 - - - - -] calling wait on _wait /var/lib/kolla/venv/lib/python3.6/site-packages/neutron/service.py:131
2025-08-25 02:11:30.675 24 WARNING amqp [req-941e7327-fe44-4d7e-b967-4841d1ec9c90 - - - - -] Received method (60, 30) during closing channel 1. This method will be ignored
2025-08-25 02:11:30.676 24 DEBUG neutron.service [req-941e7327-fe44-4d7e-b967-4841d1ec9c90 - - - - -] calling wait on _wait /var/lib/kolla/venv/lib/python3.6/site-packages/neutron/service.py:131
2025-08-25 02:11:30.679 25 WARNING amqp [req-941e7327-fe44-4d7e-b967-4841d1ec9c90 - - - - -] Received method (60, 30) during closing channel 1. This method will be ignored
2025-08-25 02:11:30.680 25 DEBUG neutron.service [req-941e7327-fe44-4d7e-b967-4841d1ec9c90 - - - - -] calling wait on _wait /var/lib/kolla/venv/lib/python3.6/site-packages/neutron/service.py:131
2025-08-25 02:11:30.681 24 WARNING amqp [req-941e7327-fe44-4d7e-b967-4841d1ec9c90 - - - - -] Received method (60, 30) during closing channel 1. This method will be ignored
2025-08-25 02:11:30.682 24 DEBUG neutron.service [req-941e7327-fe44-4d7e-b967-4841d1ec9c90 - - - - -] calling wait on _wait /var/lib/kolla/venv/lib/python3.6/site-packages/neutron/service.py:131
2025-08-25 02:11:30.685 25 WARNING amqp [req-941e7327-fe44-4d7e-b967-4841d1ec9c90 - - - - -] Received method (60, 30) during closing channel 1. This method will be ignored
2025-08-25 02:11:30.686 25 DEBUG neutron.service [req-941e7327-fe44-4d7e-b967-4841d1ec9c90 - - - - -] calling wait on _wait /var/lib/kolla/venv/lib/python3.6/site-packages/neutron/service.py:131
2025-08-25 02:11:30.687 24 WARNING amqp [req-941e7327-fe44-4d7e-b967-4841d1ec9c90 - - - - -] Received method (60, 30) during closing channel 1. This method will be ignored
2025-08-25 02:11:30.688 24 DEBUG neutron.service [req-941e7327-fe44-4d7e-b967-4841d1ec9c90 - - - - -] returning from RpcWorker wait() _wait /var/lib/kolla/venv/lib/python3.6/site-packages/neutron/service.py:135
2025-08-25 02:11:30.690 25 WARNING amqp [req-941e7327-fe44-4d7e-b967-4841d1ec9c90 - - - - -] Received method (60, 30) during closing channel 1. This method will be ignored
2025-08-25 02:11:30.691 25 DEBUG neutron.service [req-941e7327-fe44-4d7e-b967-4841d1ec9c90 - - - - -] returning from RpcWorker wait() _wait /var/lib/kolla/venv/lib/python3.6/site-packages/neutron/service.py:135
2025-08-25 02:11:30.693 7 INFO oslo_service.service [-] Child 24 exited with status 0
2025-08-25 02:11:30.696 7 INFO oslo_service.service [-] Child 25 exited with status 0
2025-08-25 02:11:30.696 7 INFO oslo_service.service [-] Wait called after thread killed. Cleaning up.
2025-08-25 02:11:30.696 7 DEBUG oslo_service.service [-] Stop services. stop /var/lib/kolla/venv/lib/python3.6/site-packages/oslo_service/service.py:695
2025-08-25 02:11:30.697 7 DEBUG oslo_service.service [-] Killing children. stop /var/lib/kolla/venv/lib/python3.6/site-packages/oslo_service/service.py:700
2025-08-25 02:11:34.295 7 INFO neutron.common.config [-] Logging enabled!
2025-08-25 02:11:34.296 7 INFO neutron.common.config [-] /var/lib/kolla/venv/bin/neutron-server version 20.5.1.dev23
2025-08-25 02:11:34.297 7 DEBUG neutron.common.config [-] command line: /var/lib/kolla/venv/bin/neutron-server --config-file /etc/neutron/neutron.conf --config-file /etc/neutron/ContrailPlugin.ini --config-file /etc/neutron/api-paste.ini setup_logging /var/lib/kolla/venv/lib/python3.6/site-packages/neutron/common/config.py:115
2025-08-25 02:11:34.300 7 INFO neutron.common.config [-] Logging enabled!
2025-08-25 02:11:34.301 7 INFO neutron.common.config [-] /var/lib/kolla/venv/bin/neutron-server version 20.5.1.dev23
2025-08-25 02:11:34.301 7 DEBUG neutron.common.config [-] command line: /var/lib/kolla/venv/bin/neutron-server --config-file /etc/neutron/neutron.conf --config-file /etc/neutron/ContrailPlugin.ini --config-file /etc/neutron/api-paste.ini setup_logging /var/lib/kolla/venv/lib/python3.6/site-packages/neutron/common/config.py:115
2025-08-25 02:11:34.302 7 DEBUG neutron.common.config [-] ******************************************************************************** log_opt_values /var/lib/kolla/venv/lib/python3.6/site-packages/oslo_config/cfg.py:2589
2025-08-25 02:11:34.303 7 DEBUG neutron.common.config [-] Configuration options gathered from: log_opt_values /var/lib/kolla/venv/lib/python3.6/site-packages/oslo_config/cfg.py:2590
2025-08-25 02:11:34.303 7 DEBUG neutron.common.config [-] command line args: ['--config-file', '/etc/neutron/neutron.conf', '--config-file', '/etc/neutron/ContrailPlugin.ini', '--config-file', '/etc/neutron/api-paste.ini'] log_opt_values /var/lib/kolla/venv/lib/python3.6/site-packages/oslo_config/cfg.py:2591
2025-08-25 02:11:34.304 7 DEBUG neutron.common.config [-] config files: ['/etc/neutron/neutron.conf', '/etc/neutron/ContrailPlugin.ini', '/etc/neutron/api-paste.ini'] log_opt_values /var/lib/kolla/venv/lib/python3.6/site-packages/oslo_config/cfg.py:2593
2025-08-25 02:11:34.305 7 DEBUG neutron.common.config [-] ================================================================================ log_opt_values /var/lib/kolla/venv/lib/python3.6/site-packages/oslo_config/cfg.py:2594
2025-08-25 02:11:34.306 7 DEBUG neutron.common.config [-] allow_bulk = True log_opt_values /var/lib/kolla/venv/lib/python3.6/site-packages/oslo_config/cfg.py:2603
2025-08-25 02:11:34.306 7 WARNING oslo_config.cfg [-] Deprecated: Option "allow_overlapping_ips" from group "DEFAULT" is deprecated for removal. Its value may be silently ignored in the future.
2025-08-25 02:11:34.307 7 DEBUG neutron.common.config [-] allow_overlapping_ips = True log_opt_values /var/lib/kolla/venv/lib/python3.6/site-packages/oslo_config/cfg.py:2603
2025-08-25 02:11:34.308 7 DEBUG neutron.common.config [-] api_extensions_path = /opt/plugin/site-packages/neutron_plugin_contrail/extensions:/opt/plugin/site-packages/neutron_lbaas/extensions log_opt_values /var/lib/kolla/venv/lib/python3.6/site-packages/oslo_config/cfg.py:2603
2025-08-25 02:11:34.309 7 DEBUG neutron.common.config [-] api_paste_config = /etc/neutron/api-paste.ini log_opt_values /var/lib/kolla/venv/lib/python3.6/site-packages/oslo_config/cfg.py:2603
2025-08-25 02:11:34.309 7 DEBUG neutron.common.config [-] api_workers = 1 log_opt_values /var/lib/kolla/venv/lib/python3.6/site-packages/oslo_config/cfg.py:2603
2025-08-25 02:11:34.309 7 DEBUG neutron.common.config [-] auth_strategy = keystone log_opt_values /var/lib/kolla/venv/lib/python3.6/site-packages/oslo_config/cfg.py:2603
2025-08-25 02:11:34.309 7 DEBUG neutron.common.config [-] backlog = 4096 log_opt_values /var/lib/kolla/venv/lib/python3.6/site-packages/oslo_config/cfg.py:2603
2025-08-25 02:11:34.309 7 DEBUG neutron.common.config [-] base_mac = fa:16:3e:00:00:00 log_opt_values /var/lib/kolla/venv/lib/python3.6/site-packages/oslo_config/cfg.py:2603
2025-08-25 02:11:34.309 7 DEBUG neutron.common.config [-] bind_host = 10.0.0.50 log_opt_values /var/lib/kolla/venv/lib/python3.6/site-packages/oslo_config/cfg.py:2603
2025-08-25 02:11:34.310 7 DEBUG neutron.common.config [-] bind_port = 9696 log_opt_values /var/lib/kolla/venv/lib/python3.6/site-packages/oslo_config/cfg.py:2603
2025-08-25 02:11:34.310 7 DEBUG neutron.common.config [-] client_socket_timeout = 900 log_opt_values /var/lib/kolla/venv/lib/python3.6/site-packages/oslo_config/cfg.py:2603
2025-08-25 02:11:34.310 7 DEBUG neutron.common.config [-] config_dir = [] log_opt_values /var/lib/kolla/venv/lib/python3.6/site-packages/oslo_config/cfg.py:2603
2025-08-25 02:11:34.310 7 DEBUG neutron.common.config [-] config_file = ['/etc/neutron/neutron.conf', '/etc/neutron/ContrailPlugin.ini', '/etc/neutron/api-paste.ini'] log_opt_values /var/lib/kolla/venv/lib/python3.6/site-packages/oslo_config/cfg.py:2603
2025-08-25 02:11:34.310 7 DEBUG neutron.common.config [-] config_source = [] log_opt_values /var/lib/kolla/venv/lib/python3.6/site-packages/oslo_config/cfg.py:2603
