2025-08-14 00:39:09.539 164444 DEBUG oslo_service.service [req-2ec118f1-1fe7-4fa2-b56d-347f045920d3 - - - - -] flat_injected = False log_opt_values /usr/lib/python3/dist-packages/oslo_config/cfg.py:2602
2025-08-14 00:39:09.539 164444 DEBUG oslo_service.service [req-2ec118f1-1fe7-4fa2-b56d-347f045920d3 - - - - -] force_config_drive = False log_opt_values /usr/lib/python3/dist-packages/oslo_config/cfg.py:2602
2025-08-14 00:39:09.539 164444 DEBUG oslo_service.service [req-2ec118f1-1fe7-4fa2-b56d-347f045920d3 - - - - -] force_raw_images = True log_opt_values /usr/lib/python3/dist-packages/oslo_config/cfg.py:2602
2025-08-14 00:39:09.539 164444 DEBUG oslo_service.service [req-2ec118f1-1fe7-4fa2-b56d-347f045920d3 - - - - -] graceful_shutdown_timeout = 60 log_opt_values /usr/lib/python3/dist-packages/oslo_config/cfg.py:2602
2025-08-14 00:39:09.539 164444 DEBUG oslo_service.service [req-2ec118f1-1fe7-4fa2-b56d-347f045920d3 - - - - -] heal_instance_info_cache_interval = 60 log_opt_values /usr/lib/python3/dist-packages/oslo_config/cfg.py:2602
2025-08-14 00:39:09.540 164444 DEBUG oslo_service.service [req-2ec118f1-1fe7-4fa2-b56d-347f045920d3 - - - - -] host = juju-8659d3-0-lxd-7 log_opt_values /usr/lib/python3/dist-packages/oslo_config/cfg.py:2602
2025-08-14 00:39:09.540 164444 DEBUG oslo_service.service [req-2ec118f1-1fe7-4fa2-b56d-347f045920d3 - - - - -] initial_cpu_allocation_ratio = 16.0 log_opt_values /usr/lib/python3/dist-packages/oslo_config/cfg.py:2602
2025-08-14 00:39:09.540 164444 DEBUG oslo_service.service [req-2ec118f1-1fe7-4fa2-b56d-347f045920d3 - - - - -] initial_disk_allocation_ratio = 1.0 log_opt_values /usr/lib/python3/dist-packages/oslo_config/cfg.py:2602
2025-08-14 00:39:09.540 164444 DEBUG oslo_service.service [req-2ec118f1-1fe7-4fa2-b56d-347f045920d3 - - - - -] initial_ram_allocation_ratio = 1.5 log_opt_values /usr/lib/python3/dist-packages/oslo_config/cfg.py:2602
2025-08-14 00:39:09.541 164444 DEBUG oslo_service.service [req-2ec118f1-1fe7-4fa2-b56d-347f045920d3 - - - - -] injected_network_template = /usr/lib/python3/dist-packages/nova/virt/interfaces.template log_opt_values /usr/lib/python3/dist-packages/oslo_config/cfg.py:2602
2025-08-14 00:39:09.541 164444 DEBUG oslo_service.service [req-2ec118f1-1fe7-4fa2-b56d-347f045920d3 - - - - -] instance_build_timeout = 0 log_opt_values /usr/lib/python3/dist-packages/oslo_config/cfg.py:2602
2025-08-14 00:39:09.541 164444 DEBUG oslo_service.service [req-2ec118f1-1fe7-4fa2-b56d-347f045920d3 - - - - -] instance_delete_interval = 300 log_opt_values /usr/lib/python3/dist-packages/oslo_config/cfg.py:2602
2025-08-14 00:39:09.541 164444 DEBUG oslo_service.service [req-2ec118f1-1fe7-4fa2-b56d-347f045920d3 - - - - -] instance_format = [instance: %(uuid)s] log_opt_values /usr/lib/python3/dist-packages/oslo_config/cfg.py:2602
2025-08-14 00:39:09.541 164444 DEBUG oslo_service.service [req-2ec118f1-1fe7-4fa2-b56d-347f045920d3 - - - - -] instance_name_template = instance-%08x log_opt_values /usr/lib/python3/dist-packages/oslo_config/cfg.py:2602
2025-08-14 00:39:09.541 164444 DEBUG oslo_service.service [req-2ec118f1-1fe7-4fa2-b56d-347f045920d3 - - - - -] instance_usage_audit = False log_opt_values /usr/lib/python3/dist-packages/oslo_config/cfg.py:2602
2025-08-14 00:39:09.542 164444 DEBUG oslo_service.service [req-2ec118f1-1fe7-4fa2-b56d-347f045920d3 - - - - -] instance_usage_audit_period = month log_opt_values /usr/lib/python3/dist-packages/oslo_config/cfg.py:2602
2025-08-14 00:39:09.541 164834 DEBUG oslo_db.sqlalchemy.engines [req-be21adbb-cbd9-4974-8f85-78d9250b2223 - - - - -] MySQL server mode set to STRICT_TRANS_TABLES,STRICT_ALL_TABLES,NO_ZERO_IN_DATE,NO_ZERO_DATE,ERROR_FOR_DIVISION_BY_ZERO,TRADITIONAL,NO_ENGINE_SUBSTITUTION _check_effective_sql_mode /usr/lib/python3/dist-packages/oslo_db/sqlalchemy/engines.py:314
2025-08-14 00:39:09.542 164444 DEBUG oslo_service.service [req-2ec118f1-1fe7-4fa2-b56d-347f045920d3 - - - - -] instance_uuid_format = [instance: %(uuid)s] log_opt_values /usr/lib/python3/dist-packages/oslo_config/cfg.py:2602
2025-08-14 00:39:09.542 164444 DEBUG oslo_service.service [req-2ec118f1-1fe7-4fa2-b56d-347f045920d3 - - - - -] instances_path = /var/lib/nova/instances log_opt_values /usr/lib/python3/dist-packages/oslo_config/cfg.py:2602
2025-08-14 00:39:09.542 164444 DEBUG oslo_service.service [req-2ec118f1-1fe7-4fa2-b56d-347f045920d3 - - - - -] internal_service_availability_zone = internal log_opt_values /usr/lib/python3/dist-packages/oslo_config/cfg.py:2602
2025-08-14 00:39:09.542 164444 DEBUG oslo_service.service [req-2ec118f1-1fe7-4fa2-b56d-347f045920d3 - - - - -] key = None log_opt_values /usr/lib/python3/dist-packages/oslo_config/cfg.py:2602
2025-08-14 00:39:09.543 164444 DEBUG oslo_service.service [req-2ec118f1-1fe7-4fa2-b56d-347f045920d3 - - - - -] live_migration_retry_count = 30 log_opt_values /usr/lib/python3/dist-packages/oslo_config/cfg.py:2602
2025-08-14 00:39:09.543 164444 DEBUG oslo_service.service [req-2ec118f1-1fe7-4fa2-b56d-347f045920d3 - - - - -] log_config_append = None log_opt_values /usr/lib/python3/dist-packages/oslo_config/cfg.py:2602
2025-08-14 00:39:09.543 164444 DEBUG oslo_service.service [req-2ec118f1-1fe7-4fa2-b56d-347f045920d3 - - - - -] log_date_format = %Y-%m-%d %H:%M:%S log_opt_values /usr/lib/python3/dist-packages/oslo_config/cfg.py:2602
2025-08-14 00:39:09.543 164444 DEBUG oslo_service.service [req-2ec118f1-1fe7-4fa2-b56d-347f045920d3 - - - - -] log_dir = /var/log/nova log_opt_values /usr/lib/python3/dist-packages/oslo_config/cfg.py:2602
2025-08-14 00:39:09.543 164444 DEBUG oslo_service.service [req-2ec118f1-1fe7-4fa2-b56d-347f045920d3 - - - - -] log_file = /var/log/nova/nova-scheduler.log log_opt_values /usr/lib/python3/dist-packages/oslo_config/cfg.py:2602
2025-08-14 00:39:09.544 164444 DEBUG oslo_service.service [req-2ec118f1-1fe7-4fa2-b56d-347f045920d3 - - - - -] log_options = True log_opt_values /usr/lib/python3/dist-packages/oslo_config/cfg.py:2602
2025-08-14 00:39:09.544 164835 DEBUG oslo_db.sqlalchemy.engines [req-43a794fb-1fb6-4140-85bf-b8639bca706c - - - - -] MySQL server mode set to STRICT_TRANS_TABLES,STRICT_ALL_TABLES,NO_ZERO_IN_DATE,NO_ZERO_DATE,ERROR_FOR_DIVISION_BY_ZERO,TRADITIONAL,NO_ENGINE_SUBSTITUTION _check_effective_sql_mode /usr/lib/python3/dist-packages/oslo_db/sqlalchemy/engines.py:314
2025-08-14 00:39:09.544 164444 DEBUG oslo_service.service [req-2ec118f1-1fe7-4fa2-b56d-347f045920d3 - - - - -] log_rotate_interval = 1 log_opt_values /usr/lib/python3/dist-packages/oslo_config/cfg.py:2602
2025-08-14 00:39:09.544 164444 DEBUG oslo_service.service [req-2ec118f1-1fe7-4fa2-b56d-347f045920d3 - - - - -] log_rotate_interval_type = days log_opt_values /usr/lib/python3/dist-packages/oslo_config/cfg.py:2602
2025-08-14 00:39:09.544 164444 DEBUG oslo_service.service [req-2ec118f1-1fe7-4fa2-b56d-347f045920d3 - - - - -] log_rotation_type = none log_opt_values /usr/lib/python3/dist-packages/oslo_config/cfg.py:2602
2025-08-14 00:39:09.544 164444 DEBUG oslo_service.service [req-2ec118f1-1fe7-4fa2-b56d-347f045920d3 - - - - -] logging_context_format_string = %(asctime)s.%(msecs)03d %(process)d %(levelname)s %(name)s [%(request_id)s %(user_identity)s] %(instance)s%(message)s log_opt_values /usr/lib/python3/dist-packages/oslo_config/cfg.py:2602
2025-08-14 00:39:09.545 164444 DEBUG oslo_service.service [req-2ec118f1-1fe7-4fa2-b56d-347f045920d3 - - - - -] logging_debug_format_suffix = %(funcName)s %(pathname)s:%(lineno)d log_opt_values /usr/lib/python3/dist-packages/oslo_config/cfg.py:2602
2025-08-14 00:39:09.545 164444 DEBUG oslo_service.service [req-2ec118f1-1fe7-4fa2-b56d-347f045920d3 - - - - -] logging_default_format_string = %(asctime)s.%(msecs)03d %(process)d %(levelname)s %(name)s [-] %(instance)s%(message)s log_opt_values /usr/lib/python3/dist-packages/oslo_config/cfg.py:2602
2025-08-14 00:39:09.545 164444 DEBUG oslo_service.service [req-2ec118f1-1fe7-4fa2-b56d-347f045920d3 - - - - -] logging_exception_prefix = %(asctime)s.%(msecs)03d %(process)d ERROR %(name)s %(instance)s log_opt_values /usr/lib/python3/dist-packages/oslo_config/cfg.py:2602
2025-08-14 00:39:09.545 164444 DEBUG oslo_service.service [req-2ec118f1-1fe7-4fa2-b56d-347f045920d3 - - - - -] logging_user_identity_format = %(user)s %(project)s %(domain)s %(user_domain)s %(project_domain)s log_opt_values /usr/lib/python3/dist-packages/oslo_config/cfg.py:2602
2025-08-14 00:39:09.545 164444 DEBUG oslo_service.service [req-2ec118f1-1fe7-4fa2-b56d-347f045920d3 - - - - -] long_rpc_timeout = 1800 log_opt_values /usr/lib/python3/dist-packages/oslo_config/cfg.py:2602
2025-08-14 00:39:09.545 164444 DEBUG oslo_service.service [req-2ec118f1-1fe7-4fa2-b56d-347f045920d3 - - - - -] max_concurrent_builds = 10 log_opt_values /usr/lib/python3/dist-packages/oslo_config/cfg.py:2602
2025-08-14 00:39:09.546 164444 DEBUG oslo_service.service [req-2ec118f1-1fe7-4fa2-b56d-347f045920d3 - - - - -] max_concurrent_live_migrations = 1 log_opt_values /usr/lib/python3/dist-packages/oslo_config/cfg.py:2602
2025-08-14 00:39:09.546 164444 DEBUG oslo_service.service [req-2ec118f1-1fe7-4fa2-b56d-347f045920d3 - - - - -] max_concurrent_snapshots = 5 log_opt_values /usr/lib/python3/dist-packages/oslo_config/cfg.py:2602
2025-08-14 00:39:09.546 164444 DEBUG oslo_service.service [req-2ec118f1-1fe7-4fa2-b56d-347f045920d3 - - - - -] max_local_block_devices = 3 log_opt_values /usr/lib/python3/dist-packages/oslo_config/cfg.py:2602
2025-08-14 00:39:09.546 164444 DEBUG oslo_service.service [req-2ec118f1-1fe7-4fa2-b56d-347f045920d3 - - - - -] max_logfile_count = 30 log_opt_values /usr/lib/python3/dist-packages/oslo_config/cfg.py:2602
2025-08-14 00:39:09.546 164444 DEBUG oslo_service.service [req-2ec118f1-1fe7-4fa2-b56d-347f045920d3 - - - - -] max_logfile_size_mb = 200 log_opt_values /usr/lib/python3/dist-packages/oslo_config/cfg.py:2602
2025-08-14 00:39:09.546 164444 DEBUG oslo_service.service [req-2ec118f1-1fe7-4fa2-b56d-347f045920d3 - - - - -] maximum_instance_delete_attempts = 5 log_opt_values /usr/lib/python3/dist-packages/oslo_config/cfg.py:2602
2025-08-14 00:39:09.546 164444 DEBUG oslo_service.service [req-2ec118f1-1fe7-4fa2-b56d-347f045920d3 - - - - -] metadata_listen = 0.0.0.0 log_opt_values /usr/lib/python3/dist-packages/oslo_config/cfg.py:2602
2025-08-14 00:39:09.547 164444 DEBUG oslo_service.service [req-2ec118f1-1fe7-4fa2-b56d-347f045920d3 - - - - -] metadata_listen_port = 8765 log_opt_values /usr/lib/python3/dist-packages/oslo_config/cfg.py:2602
2025-08-14 00:39:09.547 164444 DEBUG oslo_service.service [req-2ec118f1-1fe7-4fa2-b56d-347f045920d3 - - - - -] metadata_workers = None log_opt_values /usr/lib/python3/dist-packages/oslo_config/cfg.py:2602
2025-08-14 00:39:09.547 164444 DEBUG oslo_service.service [req-2ec118f1-1fe7-4fa2-b56d-347f045920d3 - - - - -] migrate_max_retries = -1 log_opt_values /usr/lib/python3/dist-packages/oslo_config/cfg.py:2602
2025-08-14 00:39:09.547 164832 DEBUG nova.service [req-50225843-e5f1-4bf2-8eb0-e675d009841d - - - - -] Creating RPC server for service scheduler start /usr/lib/python3/dist-packages/nova/service.py:182
2025-08-14 00:39:09.547 164444 DEBUG oslo_service.service [req-2ec118f1-1fe7-4fa2-b56d-347f045920d3 - - - - -] mkisofs_cmd = genisoimage log_opt_values /usr/lib/python3/dist-packages/oslo_config/cfg.py:2602
2025-08-14 00:39:09.547 164444 DEBUG oslo_service.service [req-2ec118f1-1fe7-4fa2-b56d-347f045920d3 - - - - -] my_block_storage_ip = 252.241.249.35 log_opt_values /usr/lib/python3/dist-packages/oslo_config/cfg.py:2602
2025-08-14 00:39:09.548 164444 DEBUG oslo_service.service [req-2ec118f1-1fe7-4fa2-b56d-347f045920d3 - - - - -] my_ip = 252.241.249.35 log_opt_values /usr/lib/python3/dist-packages/oslo_config/cfg.py:2602
2025-08-14 00:39:09.548 164444 DEBUG oslo_service.service [req-2ec118f1-1fe7-4fa2-b56d-347f045920d3 - - - - -] network_allocate_retries = 0 log_opt_values /usr/lib/python3/dist-packages/oslo_config/cfg.py:2602
2025-08-14 00:39:09.548 164444 DEBUG oslo_service.service [req-2ec118f1-1fe7-4fa2-b56d-347f045920d3 - - - - -] non_inheritable_image_properties = ['cache_in_nova', 'bittorrent'] log_opt_values /usr/lib/python3/dist-packages/oslo_config/cfg.py:2602
2025-08-14 00:39:09.548 164444 DEBUG oslo_service.service [req-2ec118f1-1fe7-4fa2-b56d-347f045920d3 - - - - -] osapi_compute_listen = 0.0.0.0 log_opt_values /usr/lib/python3/dist-packages/oslo_config/cfg.py:2602
2025-08-14 00:39:09.548 164444 DEBUG oslo_service.service [req-2ec118f1-1fe7-4fa2-b56d-347f045920d3 - - - - -] osapi_compute_listen_port = 8764 log_opt_values /usr/lib/python3/dist-packages/oslo_config/cfg.py:2602
2025-08-14 00:39:09.549 164444 DEBUG oslo_service.service [req-2ec118f1-1fe7-4fa2-b56d-347f045920d3 - - - - -] osapi_compute_unique_server_name_scope = log_opt_values /usr/lib/python3/dist-packages/oslo_config/cfg.py:2602
2025-08-14 00:39:09.549 164444 DEBUG oslo_service.service [req-2ec118f1-1fe7-4fa2-b56d-347f045920d3 - - - - -] osapi_compute_workers = 4 log_opt_values /usr/lib/python3/dist-packages/oslo_config/cfg.py:2602
2025-08-14 00:39:09.549 164444 DEBUG oslo_service.service [req-2ec118f1-1fe7-4fa2-b56d-347f045920d3 - - - - -] password_length = 12 log_opt_values /usr/lib/python3/dist-packages/oslo_config/cfg.py:2602
2025-08-14 00:39:09.549 164444 DEBUG oslo_service.service [req-2ec118f1-1fe7-4fa2-b56d-347f045920d3 - - - - -] periodic_enable = True log_opt_values /usr/lib/python3/dist-packages/oslo_config/cfg.py:2602
2025-08-14 00:39:09.549 164444 DEBUG oslo_service.service [req-2ec118f1-1fe7-4fa2-b56d-347f045920d3 - - - - -] periodic_fuzzy_delay = 60 log_opt_values /usr/lib/python3/dist-packages/oslo_config/cfg.py:2602
2025-08-14 00:39:09.549 164444 DEBUG oslo_service.service [req-2ec118f1-1fe7-4fa2-b56d-347f045920d3 - - - - -] pointer_model = usbtablet log_opt_values /usr/lib/python3/dist-packages/oslo_config/cfg.py:2602
2025-08-14 00:39:09.550 164444 DEBUG oslo_service.service [req-2ec118f1-1fe7-4fa2-b56d-347f045920d3 - - - - -] preallocate_images = none log_opt_values /usr/lib/python3/dist-packages/oslo_config/cfg.py:2602
2025-08-14 00:39:09.550 164444 DEBUG oslo_service.service [req-2ec118f1-1fe7-4fa2-b56d-347f045920d3 - - - - -] publish_errors = False log_opt_values /usr/lib/python3/dist-packages/oslo_config/cfg.py:2602
2025-08-14 00:39:09.550 164444 DEBUG oslo_service.service [req-2ec118f1-1fe7-4fa2-b56d-347f045920d3 - - - - -] pybasedir = /usr/lib/python3/dist-packages log_opt_values /usr/lib/python3/dist-packages/oslo_config/cfg.py:2602
2025-08-14 00:39:09.550 164444 DEBUG oslo_service.service [req-2ec118f1-1fe7-4fa2-b56d-347f045920d3 - - - - -] ram_allocation_ratio = 0.98 log_opt_values /usr/lib/python3/dist-packages/oslo_config/cfg.py:2602
2025-08-14 00:39:09.550 164444 DEBUG oslo_service.service [req-2ec118f1-1fe7-4fa2-b56d-347f045920d3 - - - - -] rate_limit_burst = 0 log_opt_values /usr/lib/python3/dist-packages/oslo_config/cfg.py:2602
2025-08-14 00:39:09.550 164444 DEBUG oslo_service.service [req-2ec118f1-1fe7-4fa2-b56d-347f045920d3 - - - - -] rate_limit_except_level = CRITICAL log_opt_values /usr/lib/python3/dist-packages/oslo_config/cfg.py:2602
2025-08-14 00:39:09.551 164444 DEBUG oslo_service.service [req-2ec118f1-1fe7-4fa2-b56d-347f045920d3 - - - - -] rate_limit_interval = 0 log_opt_values /usr/lib/python3/dist-packages/oslo_config/cfg.py:2602
2025-08-14 00:39:09.551 164444 DEBUG oslo_service.service [req-2ec118f1-1fe7-4fa2-b56d-347f045920d3 - - - - -] reboot_timeout = 0 log_opt_values /usr/lib/python3/dist-packages/oslo_config/cfg.py:2602
2025-08-14 00:39:09.551 164444 DEBUG oslo_service.service [req-2ec118f1-1fe7-4fa2-b56d-347f045920d3 - - - - -] reclaim_instance_interval = 0 log_opt_values /usr/lib/python3/dist-packages/oslo_config/cfg.py:2602
2025-08-14 00:39:09.551 164444 DEBUG oslo_service.service [req-2ec118f1-1fe7-4fa2-b56d-347f045920d3 - - - - -] record = None log_opt_values /usr/lib/python3/dist-packages/oslo_config/cfg.py:2602
2025-08-14 00:39:09.551 164444 DEBUG oslo_service.service [req-2ec118f1-1fe7-4fa2-b56d-347f045920d3 - - - - -] report_interval = 10 log_opt_values /usr/lib/python3/dist-packages/oslo_config/cfg.py:2602
2025-08-14 00:39:09.551 164444 DEBUG oslo_service.service [req-2ec118f1-1fe7-4fa2-b56d-347f045920d3 - - - - -] rescue_timeout = 0 log_opt_values /usr/lib/python3/dist-packages/oslo_config/cfg.py:2602
2025-08-14 00:39:09.551 164444 DEBUG oslo_service.service [req-2ec118f1-1fe7-4fa2-b56d-347f045920d3 - - - - -] reserved_host_cpus = 0 log_opt_values /usr/lib/python3/dist-packages/oslo_config/cfg.py:2602
2025-08-14 00:39:09.552 164444 DEBUG oslo_service.service [req-2ec118f1-1fe7-4fa2-b56d-347f045920d3 - - - - -] reserved_host_disk_mb = 0 log_opt_values /usr/lib/python3/dist-packages/oslo_config/cfg.py:2602
2025-08-14 00:39:09.552 164444 DEBUG oslo_service.service [req-2ec118f1-1fe7-4fa2-b56d-347f045920d3 - - - - -] reserved_host_memory_mb = 512 log_opt_values /usr/lib/python3/dist-packages/oslo_config/cfg.py:2602
2025-08-14 00:39:09.552 164444 DEBUG oslo_service.service [req-2ec118f1-1fe7-4fa2-b56d-347f045920d3 - - - - -] reserved_huge_pages = None log_opt_values /usr/lib/python3/dist-packages/oslo_config/cfg.py:2602
2025-08-14 00:39:09.552 164444 DEBUG oslo_service.service [req-2ec118f1-1fe7-4fa2-b56d-347f045920d3 - - - - -] resize_confirm_window = 0 log_opt_values /usr/lib/python3/dist-packages/oslo_config/cfg.py:2602
2025-08-14 00:39:09.552 164444 DEBUG oslo_service.service [req-2ec118f1-1fe7-4fa2-b56d-347f045920d3 - - - - -] resize_fs_using_block_device = False log_opt_values /usr/lib/python3/dist-packages/oslo_config/cfg.py:2602
2025-08-14 00:39:09.553 164444 DEBUG oslo_service.service [req-2ec118f1-1fe7-4fa2-b56d-347f045920d3 - - - - -] resume_guests_state_on_host_boot = False log_opt_values /usr/lib/python3/dist-packages/oslo_config/cfg.py:2602
2025-08-14 00:39:09.553 164444 DEBUG oslo_service.service [req-2ec118f1-1fe7-4fa2-b56d-347f045920d3 - - - - -] rootwrap_config = /etc/nova/rootwrap.conf log_opt_values /usr/lib/python3/dist-packages/oslo_config/cfg.py:2602
2025-08-14 00:39:09.553 164444 DEBUG oslo_service.service [req-2ec118f1-1fe7-4fa2-b56d-347f045920d3 - - - - -] run_external_periodic_tasks = True log_opt_values /usr/lib/python3/dist-packages/oslo_config/cfg.py:2602
2025-08-14 00:39:09.553 164444 DEBUG oslo_service.service [req-2ec118f1-1fe7-4fa2-b56d-347f045920d3 - - - - -] running_deleted_instance_action = reap log_opt_values /usr/lib/python3/dist-packages/oslo_config/cfg.py:2602
2025-08-14 00:39:09.553 164444 DEBUG oslo_service.service [req-2ec118f1-1fe7-4fa2-b56d-347f045920d3 - - - - -] running_deleted_instance_poll_interval = 1800 log_opt_values /usr/lib/python3/dist-packages/oslo_config/cfg.py:2602
2025-08-14 00:39:09.553 164444 DEBUG oslo_service.service [req-2ec118f1-1fe7-4fa2-b56d-347f045920d3 - - - - -] running_deleted_instance_timeout = 0 log_opt_values /usr/lib/python3/dist-packages/oslo_config/cfg.py:2602
2025-08-14 00:39:09.554 164444 DEBUG oslo_service.service [req-2ec118f1-1fe7-4fa2-b56d-347f045920d3 - - - - -] scheduler_instance_sync_interval = 120 log_opt_values /usr/lib/python3/dist-packages/oslo_config/cfg.py:2602
2025-08-14 00:39:09.554 164444 DEBUG oslo_service.service [req-2ec118f1-1fe7-4fa2-b56d-347f045920d3 - - - - -] service_down_time = 60 log_opt_values /usr/lib/python3/dist-packages/oslo_config/cfg.py:2602
2025-08-14 00:39:09.554 164444 DEBUG oslo_service.service [req-2ec118f1-1fe7-4fa2-b56d-347f045920d3 - - - - -] servicegroup_driver = db log_opt_values /usr/lib/python3/dist-packages/oslo_config/cfg.py:2602
2025-08-14 00:39:09.554 164444 DEBUG oslo_service.service [req-2ec118f1-1fe7-4fa2-b56d-347f045920d3 - - - - -] shelved_offload_time = 0 log_opt_values /usr/lib/python3/dist-packages/oslo_config/cfg.py:2602
2025-08-14 00:39:09.554 164444 DEBUG oslo_service.service [req-2ec118f1-1fe7-4fa2-b56d-347f045920d3 - - - - -] shelved_poll_interval = 3600 log_opt_values /usr/lib/python3/dist-packages/oslo_config/cfg.py:2602
2025-08-14 00:39:09.554 164444 DEBUG oslo_service.service [req-2ec118f1-1fe7-4fa2-b56d-347f045920d3 - - - - -] shutdown_timeout = 60 log_opt_values /usr/lib/python3/dist-packages/oslo_config/cfg.py:2602
2025-08-14 00:39:09.555 164444 DEBUG oslo_service.service [req-2ec118f1-1fe7-4fa2-b56d-347f045920d3 - - - - -] source_is_ipv6 = False log_opt_values /usr/lib/python3/dist-packages/oslo_config/cfg.py:2602
2025-08-14 00:39:09.555 164444 DEBUG oslo_service.service [req-2ec118f1-1fe7-4fa2-b56d-347f045920d3 - - - - -] ssl_only = False log_opt_values /usr/lib/python3/dist-packages/oslo_config/cfg.py:2602
2025-08-14 00:39:09.555 164444 DEBUG oslo_service.service [req-2ec118f1-1fe7-4fa2-b56d-347f045920d3 - - - - -] state_path = /var/lib/nova log_opt_values /usr/lib/python3/dist-packages/oslo_config/cfg.py:2602
2025-08-14 00:39:09.555 164444 DEBUG oslo_service.service [req-2ec118f1-1fe7-4fa2-b56d-347f045920d3 - - - - -] sync_power_state_interval = 600 log_opt_values /usr/lib/python3/dist-packages/oslo_config/cfg.py:2602
2025-08-14 00:39:09.555 164444 DEBUG oslo_service.service [req-2ec118f1-1fe7-4fa2-b56d-347f045920d3 - - - - -] sync_power_state_pool_size = 1000 log_opt_values /usr/lib/python3/dist-packages/oslo_config/cfg.py:2602
2025-08-14 00:39:09.556 164444 DEBUG oslo_service.service [req-2ec118f1-1fe7-4fa2-b56d-347f045920d3 - - - - -] syslog_log_facility = LOG_USER log_opt_values /usr/lib/python3/dist-packages/oslo_config/cfg.py:2602
2025-08-14 00:39:09.556 164444 DEBUG oslo_service.service [req-2ec118f1-1fe7-4fa2-b56d-347f045920d3 - - - - -] tempdir = None log_opt_values /usr/lib/python3/dist-packages/oslo_config/cfg.py:2602
2025-08-14 00:39:09.556 164834 DEBUG nova.service [req-be21adbb-cbd9-4974-8f85-78d9250b2223 - - - - -] Creating RPC server for service scheduler start /usr/lib/python3/dist-packages/nova/service.py:182
2025-08-14 00:39:09.556 164444 DEBUG oslo_service.service [req-2ec118f1-1fe7-4fa2-b56d-347f045920d3 - - - - -] timeout_nbd = 10 log_opt_values /usr/lib/python3/dist-packages/oslo_config/cfg.py:2602
2025-08-14 00:39:09.556 164444 DEBUG oslo_service.service [req-2ec118f1-1fe7-4fa2-b56d-347f045920d3 - - - - -] transport_url = **** log_opt_values /usr/lib/python3/dist-packages/oslo_config/cfg.py:2602
2025-08-14 00:39:09.556 164444 DEBUG oslo_service.service [req-2ec118f1-1fe7-4fa2-b56d-347f045920d3 - - - - -] update_resources_interval = 0 log_opt_values /usr/lib/python3/dist-packages/oslo_config/cfg.py:2602
2025-08-14 00:39:09.556 164444 DEBUG oslo_service.service [req-2ec118f1-1fe7-4fa2-b56d-347f045920d3 - - - - -] use_cow_images = True log_opt_values /usr/lib/python3/dist-packages/oslo_config/cfg.py:2602
2025-08-14 00:39:09.557 164444 DEBUG oslo_service.service [req-2ec118f1-1fe7-4fa2-b56d-347f045920d3 - - - - -] use_eventlog = False log_opt_values /usr/lib/python3/dist-packages/oslo_config/cfg.py:2602
2025-08-14 00:39:09.557 164444 DEBUG oslo_service.service [req-2ec118f1-1fe7-4fa2-b56d-347f045920d3 - - - - -] use_journal = False log_opt_values /usr/lib/python3/dist-packages/oslo_config/cfg.py:2602
2025-08-14 00:39:09.557 164444 DEBUG oslo_service.service [req-2ec118f1-1fe7-4fa2-b56d-347f045920d3 - - - - -] use_json = False log_opt_values /usr/lib/python3/dist-packages/oslo_config/cfg.py:2602
2025-08-14 00:39:09.557 164444 DEBUG oslo_service.service [req-2ec118f1-1fe7-4fa2-b56d-347f045920d3 - - - - -] use_rootwrap_daemon = False log_opt_values /usr/lib/python3/dist-packages/oslo_config/cfg.py:2602
2025-08-14 00:39:09.557 164444 DEBUG oslo_service.service [req-2ec118f1-1fe7-4fa2-b56d-347f045920d3 - - - - -] use_stderr = False log_opt_values /usr/lib/python3/dist-packages/oslo_config/cfg.py:2602
2025-08-14 00:39:09.557 164444 DEBUG oslo_service.service [req-2ec118f1-1fe7-4fa2-b56d-347f045920d3 - - - - -] use_syslog = False log_opt_values /usr/lib/python3/dist-packages/oslo_config/cfg.py:2602
2025-08-14 00:39:09.557 164444 DEBUG oslo_service.service [req-2ec118f1-1fe7-4fa2-b56d-347f045920d3 - - - - -] vcpu_pin_set = None log_opt_values /usr/lib/python3/dist-packages/oslo_config/cfg.py:2602
2025-08-14 00:39:09.558 164444 DEBUG oslo_service.service [req-2ec118f1-1fe7-4fa2-b56d-347f045920d3 - - - - -] vif_plugging_is_fatal = True log_opt_values /usr/lib/python3/dist-packages/oslo_config/cfg.py:2602
2025-08-14 00:39:09.558 164835 DEBUG nova.service [req-43a794fb-1fb6-4140-85bf-b8639bca706c - - - - -] Creating RPC server for service scheduler start /usr/lib/python3/dist-packages/nova/service.py:182
2025-08-14 00:39:09.558 164444 DEBUG oslo_service.service [req-2ec118f1-1fe7-4fa2-b56d-347f045920d3 - - - - -] vif_plugging_timeout = 300 log_opt_values /usr/lib/python3/dist-packages/oslo_config/cfg.py:2602
2025-08-14 00:39:09.558 164444 DEBUG oslo_service.service [req-2ec118f1-1fe7-4fa2-b56d-347f045920d3 - - - - -] virt_mkfs = [] log_opt_values /usr/lib/python3/dist-packages/oslo_config/cfg.py:2602
2025-08-14 00:39:09.558 164444 DEBUG oslo_service.service [req-2ec118f1-1fe7-4fa2-b56d-347f045920d3 - - - - -] volume_usage_poll_interval = 0 log_opt_values /usr/lib/python3/dist-packages/oslo_config/cfg.py:2602
2025-08-14 00:39:09.559 164833 DEBUG oslo_db.sqlalchemy.engines [req-edf486d8-b71d-4eae-9dd6-29673b998bc9 - - - - -] MySQL server mode set to STRICT_TRANS_TABLES,STRICT_ALL_TABLES,NO_ZERO_IN_DATE,NO_ZERO_DATE,ERROR_FOR_DIVISION_BY_ZERO,TRADITIONAL,NO_ENGINE_SUBSTITUTION _check_effective_sql_mode /usr/lib/python3/dist-packages/oslo_db/sqlalchemy/engines.py:314
2025-08-14 00:39:09.558 164444 DEBUG oslo_service.service [req-2ec118f1-1fe7-4fa2-b56d-347f045920d3 - - - - -] watch_log_file = False log_opt_values /usr/lib/python3/dist-packages/oslo_config/cfg.py:2602
2025-08-14 00:39:09.565 164444 DEBUG oslo_service.service [req-2ec118f1-1fe7-4fa2-b56d-347f045920d3 - - - - -] web = /usr/share/spice-html5 log_opt_values /usr/lib/python3/dist-packages/oslo_config/cfg.py:2602
2025-08-14 00:39:09.565 164444 DEBUG oslo_service.service [req-2ec118f1-1fe7-4fa2-b56d-347f045920d3 - - - - -] oslo_concurrency.disable_process_locking = False log_opt_values /usr/lib/python3/dist-packages/oslo_config/cfg.py:2609
2025-08-14 00:39:09.566 164444 DEBUG oslo_service.service [req-2ec118f1-1fe7-4fa2-b56d-347f045920d3 - - - - -] oslo_concurrency.lock_path = /var/lock/nova log_opt_values /usr/lib/python3/dist-packages/oslo_config/cfg.py:2609
2025-08-14 00:39:09.566 164444 WARNING oslo_config.cfg [req-2ec118f1-1fe7-4fa2-b56d-347f045920d3 - - - - -] Deprecated: Option "auth_strategy" from group "api" is deprecated for removal ( The only non-default choice, ``noauth2``, is for internal development and testing purposes only and should not be used in deployments. This option and its middleware, NoAuthMiddleware[V2_18], will be removed in a future release. ). Its value may be silently ignored in the future.
2025-08-14 00:39:09.566 164444 DEBUG oslo_service.service [req-2ec118f1-1fe7-4fa2-b56d-347f045920d3 - - - - -] api.auth_strategy = keystone log_opt_values /usr/lib/python3/dist-packages/oslo_config/cfg.py:2609
2025-08-14 00:39:09.567 164444 DEBUG oslo_service.service [req-2ec118f1-1fe7-4fa2-b56d-347f045920d3 - - - - -] api.compute_link_prefix = None log_opt_values /usr/lib/python3/dist-packages/oslo_config/cfg.py:2609
2025-08-14 00:39:09.568 164444 DEBUG oslo_service.service [req-2ec118f1-1fe7-4fa2-b56d-347f045920d3 - - - - -] api.config_drive_skip_versions = 1.0 2007-01-19 2007-03-01 2007-08-29 2007-10-10 2007-12-15 2008-02-01 2008-09-01 log_opt_values /usr/lib/python3/dist-packages/oslo_config/cfg.py:2609
2025-08-14 00:39:09.569 164444 DEBUG oslo_service.service [req-2ec118f1-1fe7-4fa2-b56d-347f045920d3 - - - - -] api.dhcp_domain = novalocal log_opt_values /usr/lib/python3/dist-packages/oslo_config/cfg.py:2609
2025-08-14 00:39:09.572 164444 DEBUG oslo_service.service [req-2ec118f1-1fe7-4fa2-b56d-347f045920d3 - - - - -] api.enable_instance_password = True log_opt_values /usr/lib/python3/dist-packages/oslo_config/cfg.py:2609
2025-08-14 00:39:09.572 164444 DEBUG oslo_service.service [req-2ec118f1-1fe7-4fa2-b56d-347f045920d3 - - - - -] api.glance_link_prefix = None log_opt_values /usr/lib/python3/dist-packages/oslo_config/cfg.py:2609
2025-08-14 00:39:09.572 164444 DEBUG oslo_service.service [req-2ec118f1-1fe7-4fa2-b56d-347f045920d3 - - - - -] api.instance_list_cells_batch_fixed_size = 100 log_opt_values /usr/lib/python3/dist-packages/oslo_config/cfg.py:2609
2025-08-14 00:39:09.573 164444 DEBUG oslo_service.service [req-2ec118f1-1fe7-4fa2-b56d-347f045920d3 - - - - -] api.instance_list_cells_batch_strategy = distributed log_opt_values /usr/lib/python3/dist-packages/oslo_config/cfg.py:2609
2025-08-14 00:39:09.573 164444 DEBUG oslo_service.service [req-2ec118f1-1fe7-4fa2-b56d-347f045920d3 - - - - -] api.instance_list_per_project_cells = False log_opt_values /usr/lib/python3/dist-packages/oslo_config/cfg.py:2609
2025-08-14 00:39:09.573 164444 DEBUG oslo_service.service [req-2ec118f1-1fe7-4fa2-b56d-347f045920d3 - - - - -] api.list_records_by_skipping_down_cells = True log_opt_values /usr/lib/python3/dist-packages/oslo_config/cfg.py:2609
2025-08-14 00:39:09.573 164444 DEBUG oslo_service.service [req-2ec118f1-1fe7-4fa2-b56d-347f045920d3 - - - - -] api.local_metadata_per_cell = False log_opt_values /usr/lib/python3/dist-packages/oslo_config/cfg.py:2609
2025-08-14 00:39:09.573 164444 DEBUG oslo_service.service [req-2ec118f1-1fe7-4fa2-b56d-347f045920d3 - - - - -] api.max_limit = 1000 log_opt_values /usr/lib/python3/dist-packages/oslo_config/cfg.py:2609
2025-08-14 00:39:09.573 164444 DEBUG oslo_service.service [req-2ec118f1-1fe7-4fa2-b56d-347f045920d3 - - - - -] api.metadata_cache_expiration = 15 log_opt_values /usr/lib/python3/dist-packages/oslo_config/cfg.py:2609
2025-08-14 00:39:09.574 164444 DEBUG oslo_service.service [req-2ec118f1-1fe7-4fa2-b56d-347f045920d3 - - - - -] api.neutron_default_tenant_id = default log_opt_values /usr/lib/python3/dist-packages/oslo_config/cfg.py:2609
2025-08-14 00:39:09.574 164444 DEBUG oslo_service.service [req-2ec118f1-1fe7-4fa2-b56d-347f045920d3 - - - - -] api.use_forwarded_for = False log_opt_values /usr/lib/python3/dist-packages/oslo_config/cfg.py:2609
2025-08-14 00:39:09.574 164444 DEBUG oslo_service.service [req-2ec118f1-1fe7-4fa2-b56d-347f045920d3 - - - - -] api.use_neutron_default_nets = False log_opt_values /usr/lib/python3/dist-packages/oslo_config/cfg.py:2609
2025-08-14 00:39:09.574 164444 DEBUG oslo_service.service [req-2ec118f1-1fe7-4fa2-b56d-347f045920d3 - - - - -] api.vendordata_dynamic_connect_timeout = 5 log_opt_values /usr/lib/python3/dist-packages/oslo_config/cfg.py:2609
2025-08-14 00:39:09.575 164444 DEBUG oslo_service.service [req-2ec118f1-1fe7-4fa2-b56d-347f045920d3 - - - - -] api.vendordata_dynamic_failure_fatal = False log_opt_values /usr/lib/python3/dist-packages/oslo_config/cfg.py:2609
2025-08-14 00:39:09.575 164444 DEBUG oslo_service.service [req-2ec118f1-1fe7-4fa2-b56d-347f045920d3 - - - - -] api.vendordata_dynamic_read_timeout = 5 log_opt_values /usr/lib/python3/dist-packages/oslo_config/cfg.py:2609
2025-08-14 00:39:09.575 164444 DEBUG oslo_service.service [req-2ec118f1-1fe7-4fa2-b56d-347f045920d3 - - - - -] api.vendordata_dynamic_ssl_certfile = log_opt_values /usr/lib/python3/dist-packages/oslo_config/cfg.py:2609
2025-08-14 00:39:09.576 164444 DEBUG oslo_service.service [req-2ec118f1-1fe7-4fa2-b56d-347f045920d3 - - - - -] api.vendordata_dynamic_targets = [] log_opt_values /usr/lib/python3/dist-packages/oslo_config/cfg.py:2609
2025-08-14 00:39:09.576 164444 DEBUG oslo_service.service [req-2ec118f1-1fe7-4fa2-b56d-347f045920d3 - - - - -] api.vendordata_jsonfile_path = None log_opt_values /usr/lib/python3/dist-packages/oslo_config/cfg.py:2609
2025-08-14 00:39:09.576 164444 DEBUG oslo_service.service [req-2ec118f1-1fe7-4fa2-b56d-347f045920d3 - - - - -] api.vendordata_providers = ['StaticJSON'] log_opt_values /usr/lib/python3/dist-packages/oslo_config/cfg.py:2609
2025-08-14 00:39:09.576 164832 DEBUG oslo_messaging._drivers.amqpdriver [-] Listener is running poll /usr/lib/python3/dist-packages/oslo_messaging/_drivers/amqpdriver.py:343
2025-08-14 00:39:09.576 164444 DEBUG oslo_service.service [req-2ec118f1-1fe7-4fa2-b56d-347f045920d3 - - - - -] cache.backend = dogpile.cache.null log_opt_values /usr/lib/python3/dist-packages/oslo_config/cfg.py:2609
2025-08-14 00:39:09.577 164832 DEBUG oslo_messaging._drivers.amqpdriver [-] AMQPListener connection consume poll /usr/lib/python3/dist-packages/oslo_messaging/_drivers/amqpdriver.py:357
2025-08-14 00:39:09.577 164444 DEBUG oslo_service.service [req-2ec118f1-1fe7-4fa2-b56d-347f045920d3 - - - - -] cache.backend_argument = **** log_opt_values /usr/lib/python3/dist-packages/oslo_config/cfg.py:2609
2025-08-14 00:39:09.577 164444 DEBUG oslo_service.service [req-2ec118f1-1fe7-4fa2-b56d-347f045920d3 - - - - -] cache.config_prefix = cache.oslo log_opt_values /usr/lib/python3/dist-packages/oslo_config/cfg.py:2609
2025-08-14 00:39:09.577 164444 DEBUG oslo_service.service [req-2ec118f1-1fe7-4fa2-b56d-347f045920d3 - - - - -] cache.debug_cache_backend = False log_opt_values /usr/lib/python3/dist-packages/oslo_config/cfg.py:2609
2025-08-14 00:39:09.577 164444 DEBUG oslo_service.service [req-2ec118f1-1fe7-4fa2-b56d-347f045920d3 - - - - -] cache.enabled = False log_opt_values /usr/lib/python3/dist-packages/oslo_config/cfg.py:2609
2025-08-14 00:39:09.577 164444 DEBUG oslo_service.service [req-2ec118f1-1fe7-4fa2-b56d-347f045920d3 - - - - -] cache.expiration_time = 600 log_opt_values /usr/lib/python3/dist-packages/oslo_config/cfg.py:2609
2025-08-14 00:39:09.577 164444 DEBUG oslo_service.service [req-2ec118f1-1fe7-4fa2-b56d-347f045920d3 - - - - -] cache.memcache_dead_retry = 300 log_opt_values /usr/lib/python3/dist-packages/oslo_config/cfg.py:2609
2025-08-14 00:39:09.578 164444 DEBUG oslo_service.service [req-2ec118f1-1fe7-4fa2-b56d-347f045920d3 - - - - -] cache.memcache_pool_connection_get_timeout = 10 log_opt_values /usr/lib/python3/dist-packages/oslo_config/cfg.py:2609
2025-08-14 00:39:09.578 164444 DEBUG oslo_service.service [req-2ec118f1-1fe7-4fa2-b56d-347f045920d3 - - - - -] cache.memcache_pool_flush_on_reconnect = False log_opt_values /usr/lib/python3/dist-packages/oslo_config/cfg.py:2609
2025-08-14 00:39:09.578 164444 DEBUG oslo_service.service [req-2ec118f1-1fe7-4fa2-b56d-347f045920d3 - - - - -] cache.memcache_pool_maxsize = 10 log_opt_values /usr/lib/python3/dist-packages/oslo_config/cfg.py:2609
2025-08-14 00:39:09.578 164444 DEBUG oslo_service.service [req-2ec118f1-1fe7-4fa2-b56d-347f045920d3 - - - - -] cache.memcache_pool_unused_timeout = 60 log_opt_values /usr/lib/python3/dist-packages/oslo_config/cfg.py:2609
2025-08-14 00:39:09.578 164444 DEBUG oslo_service.service [req-2ec118f1-1fe7-4fa2-b56d-347f045920d3 - - - - -] cache.memcache_servers = ['localhost:11211'] log_opt_values /usr/lib/python3/dist-packages/oslo_config/cfg.py:2609
2025-08-14 00:39:09.578 164444 DEBUG oslo_service.service [req-2ec118f1-1fe7-4fa2-b56d-347f045920d3 - - - - -] cache.memcache_socket_timeout = 1.0 log_opt_values /usr/lib/python3/dist-packages/oslo_config/cfg.py:2609
2025-08-14 00:39:09.579 164444 DEBUG oslo_service.service [req-2ec118f1-1fe7-4fa2-b56d-347f045920d3 - - - - -] cache.proxies = [] log_opt_values /usr/lib/python3/dist-packages/oslo_config/cfg.py:2609
2025-08-14 00:39:09.579 164444 DEBUG oslo_service.service [req-2ec118f1-1fe7-4fa2-b56d-347f045920d3 - - - - -] cache.tls_allowed_ciphers = None log_opt_values /usr/lib/python3/dist-packages/oslo_config/cfg.py:2609
2025-08-14 00:39:09.579 164444 DEBUG oslo_service.service [req-2ec118f1-1fe7-4fa2-b56d-347f045920d3 - - - - -] cache.tls_cafile = None log_opt_values /usr/lib/python3/dist-packages/oslo_config/cfg.py:2609
2025-08-14 00:39:09.579 164832 DEBUG nova.service [req-50225843-e5f1-4bf2-8eb0-e675d009841d - - - - -] Join ServiceGroup membership for this service scheduler start /usr/lib/python3/dist-packages/nova/service.py:199
2025-08-14 00:39:09.579 164444 DEBUG oslo_service.service [req-2ec118f1-1fe7-4fa2-b56d-347f045920d3 - - - - -] cache.tls_certfile = None log_opt_values /usr/lib/python3/dist-packages/oslo_config/cfg.py:2609
2025-08-14 00:39:09.579 164444 DEBUG oslo_service.service [req-2ec118f1-1fe7-4fa2-b56d-347f045920d3 - - - - -] cache.tls_enabled = False log_opt_values /usr/lib/python3/dist-packages/oslo_config/cfg.py:2609
2025-08-14 00:39:09.579 164832 DEBUG nova.servicegroup.drivers.db [req-50225843-e5f1-4bf2-8eb0-e675d009841d - - - - -] DB_Driver: join new ServiceGroup member juju-8659d3-0-lxd-7 to the scheduler group, service = join /usr/lib/python3/dist-packages/nova/servicegroup/drivers/db.py:44
2025-08-14 00:39:09.580 164444 DEBUG oslo_service.service [req-2ec118f1-1fe7-4fa2-b56d-347f045920d3 - - - - -] cache.tls_keyfile = None log_opt_values /usr/lib/python3/dist-packages/oslo_config/cfg.py:2609
2025-08-14 00:39:09.580 164444 DEBUG oslo_service.service [req-2ec118f1-1fe7-4fa2-b56d-347f045920d3 - - - - -] cinder.auth_section = None log_opt_values /usr/lib/python3/dist-packages/oslo_config/cfg.py:2609
2025-08-14 00:39:09.580 164444 DEBUG oslo_service.service [req-2ec118f1-1fe7-4fa2-b56d-347f045920d3 - - - - -] cinder.auth_type = None log_opt_values /usr/lib/python3/dist-packages/oslo_config/cfg.py:2609
2025-08-14 00:39:09.580 164444 DEBUG oslo_service.service [req-2ec118f1-1fe7-4fa2-b56d-347f045920d3 - - - - -] cinder.cafile = None log_opt_values /usr/lib/python3/dist-packages/oslo_config/cfg.py:2609
2025-08-14 00:39:09.581 164444 DEBUG oslo_service.service [req-2ec118f1-1fe7-4fa2-b56d-347f045920d3 - - - - -] cinder.catalog_info = volumev3::publicURL log_opt_values /usr/lib/python3/dist-packages/oslo_config/cfg.py:2609
2025-08-14 00:39:09.581 164444 DEBUG oslo_service.service [req-2ec118f1-1fe7-4fa2-b56d-347f045920d3 - - - - -] cinder.certfile = None log_opt_values /usr/lib/python3/dist-packages/oslo_config/cfg.py:2609
2025-08-14 00:39:09.581 164444 DEBUG oslo_service.service [req-2ec118f1-1fe7-4fa2-b56d-347f045920d3 - - - - -] cinder.collect_timing = False log_opt_values /usr/lib/python3/dist-packages/oslo_config/cfg.py:2609
2025-08-14 00:39:09.581 164444 DEBUG oslo_service.service [req-2ec118f1-1fe7-4fa2-b56d-347f045920d3 - - - - -] cinder.cross_az_attach = True log_opt_values /usr/lib/python3/dist-packages/oslo_config/cfg.py:2609
2025-08-14 00:39:09.581 164444 DEBUG oslo_service.service [req-2ec118f1-1fe7-4fa2-b56d-347f045920d3 - - - - -] cinder.debug = False log_opt_values /usr/lib/python3/dist-packages/oslo_config/cfg.py:2609
2025-08-14 00:39:09.581 164444 DEBUG oslo_service.service [req-2ec118f1-1fe7-4fa2-b56d-347f045920d3 - - - - -] cinder.endpoint_template = None log_opt_values /usr/lib/python3/dist-packages/oslo_config/cfg.py:2609
2025-08-14 00:39:09.582 164444 DEBUG oslo_service.service [req-2ec118f1-1fe7-4fa2-b56d-347f045920d3 - - - - -] cinder.http_retries = 3 log_opt_values /usr/lib/python3/dist-packages/oslo_config/cfg.py:2609
2025-08-14 00:39:09.581 164834 DEBUG oslo_messaging._drivers.amqpdriver [-] Listener is running poll /usr/lib/python3/dist-packages/oslo_messaging/_drivers/amqpdriver.py:343
2025-08-14 00:39:09.582 164444 DEBUG oslo_service.service [req-2ec118f1-1fe7-4fa2-b56d-347f045920d3 - - - - -] cinder.insecure = False log_opt_values /usr/lib/python3/dist-packages/oslo_config/cfg.py:2609
2025-08-14 00:39:09.582 164834 DEBUG oslo_messaging._drivers.amqpdriver [-] AMQPListener connection consume poll /usr/lib/python3/dist-packages/oslo_messaging/_drivers/amqpdriver.py:357
2025-08-14 00:39:09.582 164444 DEBUG oslo_service.service [req-2ec118f1-1fe7-4fa2-b56d-347f045920d3 - - - - -] cinder.keyfile = None log_opt_values /usr/lib/python3/dist-packages/oslo_config/cfg.py:2609
2025-08-14 00:39:09.582 164444 DEBUG oslo_service.service [req-2ec118f1-1fe7-4fa2-b56d-347f045920d3 - - - - -] cinder.os_region_name = None log_opt_values /usr/lib/python3/dist-packages/oslo_config/cfg.py:2609
2025-08-14 00:39:09.582 164444 DEBUG oslo_service.service [req-2ec118f1-1fe7-4fa2-b56d-347f045920d3 - - - - -] cinder.split_loggers = False log_opt_values /usr/lib/python3/dist-packages/oslo_config/cfg.py:2609
2025-08-14 00:39:09.582 164444 DEBUG oslo_service.service [req-2ec118f1-1fe7-4fa2-b56d-347f045920d3 - - - - -] cinder.timeout = None log_opt_values /usr/lib/python3/dist-packages/oslo_config/cfg.py:2609
2025-08-14 00:39:09.583 164444 DEBUG oslo_service.service [req-2ec118f1-1fe7-4fa2-b56d-347f045920d3 - - - - -] compute.consecutive_build_service_disable_threshold = 10 log_opt_values /usr/lib/python3/dist-packages/oslo_config/cfg.py:2609
2025-08-14 00:39:09.582 164834 DEBUG nova.service [req-be21adbb-cbd9-4974-8f85-78d9250b2223 - - - - -] Join ServiceGroup membership for this service scheduler start /usr/lib/python3/dist-packages/nova/service.py:199
2025-08-14 00:39:09.583 164832 DEBUG oslo_messaging._drivers.amqpdriver [-] AMQPListener connection timeout poll /usr/lib/python3/dist-packages/oslo_messaging/_drivers/amqpdriver.py:360
2025-08-14 00:39:09.583 164444 DEBUG oslo_service.service [req-2ec118f1-1fe7-4fa2-b56d-347f045920d3 - - - - -] compute.cpu_dedicated_set = None log_opt_values /usr/lib/python3/dist-packages/oslo_config/cfg.py:2609
2025-08-14 00:39:09.583 164834 DEBUG nova.servicegroup.drivers.db [req-be21adbb-cbd9-4974-8f85-78d9250b2223 - - - - -] DB_Driver: join new ServiceGroup member juju-8659d3-0-lxd-7 to the scheduler group, service = join /usr/lib/python3/dist-packages/nova/servicegroup/drivers/db.py:44
2025-08-14 00:39:09.583 164832 DEBUG oslo_messaging._drivers.amqpdriver [-] Listener is running poll /usr/lib/python3/dist-packages/oslo_messaging/_drivers/amqpdriver.py:343
2025-08-14 00:39:09.583 164444 DEBUG oslo_service.service [req-2ec118f1-1fe7-4fa2-b56d-347f045920d3 - - - - -] compute.cpu_shared_set = None log_opt_values /usr/lib/python3/dist-packages/oslo_config/cfg.py:2609
2025-08-14 00:39:09.583 164832 DEBUG oslo_messaging._drivers.amqpdriver [-] AMQPListener connection consume poll /usr/lib/python3/dist-packages/oslo_messaging/_drivers/amqpdriver.py:357
2025-08-14 00:39:09.583 164444 DEBUG oslo_service.service [req-2ec118f1-1fe7-4fa2-b56d-347f045920d3 - - - - -] compute.image_type_exclude_list = [] log_opt_values /usr/lib/python3/dist-packages/oslo_config/cfg.py:2609
2025-08-14 00:39:09.583 164444 DEBUG oslo_service.service [req-2ec118f1-1fe7-4fa2-b56d-347f045920d3 - - - - -] compute.live_migration_wait_for_vif_plug = True log_opt_values /usr/lib/python3/dist-packages/oslo_config/cfg.py:2609
2025-08-14 00:39:09.583 164444 DEBUG oslo_service.service [req-2ec118f1-1fe7-4fa2-b56d-347f045920d3 - - - - -] compute.max_concurrent_disk_ops = 0 log_opt_values /usr/lib/python3/dist-packages/oslo_config/cfg.py:2609
2025-08-14 00:39:09.584 164444 DEBUG oslo_service.service [req-2ec118f1-1fe7-4fa2-b56d-347f045920d3 - - - - -] compute.max_disk_devices_to_attach = -1 log_opt_values /usr/lib/python3/dist-packages/oslo_config/cfg.py:2609
2025-08-14 00:39:09.584 164444 DEBUG oslo_service.service [req-2ec118f1-1fe7-4fa2-b56d-347f045920d3 - - - - -] compute.packing_host_numa_cells_allocation_strategy = True log_opt_values /usr/lib/python3/dist-packages/oslo_config/cfg.py:2609
2025-08-14 00:39:09.584 164444 DEBUG oslo_service.service [req-2ec118f1-1fe7-4fa2-b56d-347f045920d3 - - - - -] compute.provider_config_location = /etc/nova/provider_config/ log_opt_values /usr/lib/python3/dist-packages/oslo_config/cfg.py:2609
2025-08-14 00:39:09.584 164444 DEBUG oslo_service.service [req-2ec118f1-1fe7-4fa2-b56d-347f045920d3 - - - - -] compute.resource_provider_association_refresh = 300 log_opt_values /usr/lib/python3/dist-packages/oslo_config/cfg.py:2609
2025-08-14 00:39:09.584 164444 DEBUG oslo_service.service [req-2ec118f1-1fe7-4fa2-b56d-347f045920d3 - - - - -] compute.shutdown_retry_interval = 10 log_opt_values /usr/lib/python3/dist-packages/oslo_config/cfg.py:2609
2025-08-14 00:39:09.584 164444 DEBUG oslo_service.service [req-2ec118f1-1fe7-4fa2-b56d-347f045920d3 - - - - -] compute.vmdk_allowed_types = ['streamOptimized', 'monolithicSparse'] log_opt_values /usr/lib/python3/dist-packages/oslo_config/cfg.py:2609
2025-08-14 00:39:09.585 164444 DEBUG oslo_service.service [req-2ec118f1-1fe7-4fa2-b56d-347f045920d3 - - - - -] conductor.workers = 4 log_opt_values /usr/lib/python3/dist-packages/oslo_config/cfg.py:2609
2025-08-14 00:39:09.585 164444 DEBUG oslo_service.service [req-2ec118f1-1fe7-4fa2-b56d-347f045920d3 - - - - -] console.allowed_origins = [] log_opt_values /usr/lib/python3/dist-packages/oslo_config/cfg.py:2609
2025-08-14 00:39:09.585 164444 DEBUG oslo_service.service [req-2ec118f1-1fe7-4fa2-b56d-347f045920d3 - - - - -] console.ssl_ciphers = None log_opt_values /usr/lib/python3/dist-packages/oslo_config/cfg.py:2609
2025-08-14 00:39:09.585 164444 DEBUG oslo_service.service [req-2ec118f1-1fe7-4fa2-b56d-347f045920d3 - - - - -] console.ssl_minimum_version = default log_opt_values /usr/lib/python3/dist-packages/oslo_config/cfg.py:2609
2025-08-14 00:39:09.585 164444 DEBUG oslo_service.service [req-2ec118f1-1fe7-4fa2-b56d-347f045920d3 - - - - -] consoleauth.token_ttl = 600 log_opt_values /usr/lib/python3/dist-packages/oslo_config/cfg.py:2609
2025-08-14 00:39:09.586 164444 DEBUG oslo_service.service [req-2ec118f1-1fe7-4fa2-b56d-347f045920d3 - - - - -] cyborg.cafile = None log_opt_values /usr/lib/python3/dist-packages/oslo_config/cfg.py:2609
2025-08-14 00:39:09.586 164444 DEBUG oslo_service.service [req-2ec118f1-1fe7-4fa2-b56d-347f045920d3 - - - - -] cyborg.certfile = None log_opt_values /usr/lib/python3/dist-packages/oslo_config/cfg.py:2609
2025-08-14 00:39:09.586 164834 DEBUG oslo_messaging._drivers.amqpdriver [-] AMQPListener connection timeout poll /usr/lib/python3/dist-packages/oslo_messaging/_drivers/amqpdriver.py:360
2025-08-14 00:39:09.586 164444 DEBUG oslo_service.service [req-2ec118f1-1fe7-4fa2-b56d-347f045920d3 - - - - -] cyborg.collect_timing = False log_opt_values /usr/lib/python3/dist-packages/oslo_config/cfg.py:2609
2025-08-14 00:39:09.586 164834 DEBUG oslo_messaging._drivers.amqpdriver [-] Listener is running poll /usr/lib/python3/dist-packages/oslo_messaging/_drivers/amqpdriver.py:343
2025-08-14 00:39:09.586 164444 DEBUG oslo_service.service [req-2ec118f1-1fe7-4fa2-b56d-347f045920d3 - - - - -] cyborg.connect_retries = None log_opt_values /usr/lib/python3/dist-packages/oslo_config/cfg.py:2609
2025-08-14 00:39:09.586 164834 DEBUG oslo_messaging._drivers.amqpdriver [-] AMQPListener connection consume poll /usr/lib/python3/dist-packages/oslo_messaging/_drivers/amqpdriver.py:357
2025-08-14 00:39:09.586 164444 DEBUG oslo_service.service [req-2ec118f1-1fe7-4fa2-b56d-347f045920d3 - - - - -] cyborg.connect_retry_delay = None log_opt_values /usr/lib/python3/dist-packages/oslo_config/cfg.py:2609
2025-08-14 00:39:09.586 164444 DEBUG oslo_service.service [req-2ec118f1-1fe7-4fa2-b56d-347f045920d3 - - - - -] cyborg.endpoint_override = None log_opt_values /usr/lib/python3/dist-packages/oslo_config/cfg.py:2609
2025-08-14 00:39:09.587 164444 DEBUG oslo_service.service [req-2ec118f1-1fe7-4fa2-b56d-347f045920d3 - - - - -] cyborg.insecure = False log_opt_values /usr/lib/python3/dist-packages/oslo_config/cfg.py:2609
2025-08-14 00:39:09.587 164444 DEBUG oslo_service.service [req-2ec118f1-1fe7-4fa2-b56d-347f045920d3 - - - - -] cyborg.keyfile = None log_opt_values /usr/lib/python3/dist-packages/oslo_config/cfg.py:2609
2025-08-14 00:39:09.587 164444 DEBUG oslo_service.service [req-2ec118f1-1fe7-4fa2-b56d-347f045920d3 - - - - -] cyborg.max_version = None log_opt_values /usr/lib/python3/dist-packages/oslo_config/cfg.py:2609
2025-08-14 00:39:09.587 164444 DEBUG oslo_service.service [req-2ec118f1-1fe7-4fa2-b56d-347f045920d3 - - - - -] cyborg.min_version = None log_opt_values /usr/lib/python3/dist-packages/oslo_config/cfg.py:2609
2025-08-14 00:39:09.587 164444 DEBUG oslo_service.service [req-2ec118f1-1fe7-4fa2-b56d-347f045920d3 - - - - -] cyborg.region_name = None log_opt_values /usr/lib/python3/dist-packages/oslo_config/cfg.py:2609
2025-08-14 00:39:09.587 164444 DEBUG oslo_service.service [req-2ec118f1-1fe7-4fa2-b56d-347f045920d3 - - - - -] cyborg.service_name = None log_opt_values /usr/lib/python3/dist-packages/oslo_config/cfg.py:2609
2025-08-14 00:39:09.588 164444 DEBUG oslo_service.service [req-2ec118f1-1fe7-4fa2-b56d-347f045920d3 - - - - -] cyborg.service_type = accelerator log_opt_values /usr/lib/python3/dist-packages/oslo_config/cfg.py:2609
2025-08-14 00:39:09.588 164444 DEBUG oslo_service.service [req-2ec118f1-1fe7-4fa2-b56d-347f045920d3 - - - - -] cyborg.split_loggers = False log_opt_values /usr/lib/python3/dist-packages/oslo_config/cfg.py:2609
2025-08-14 00:39:09.588 164444 DEBUG oslo_service.service [req-2ec118f1-1fe7-4fa2-b56d-347f045920d3 - - - - -] cyborg.status_code_retries = None log_opt_values /usr/lib/python3/dist-packages/oslo_config/cfg.py:2609
2025-08-14 00:39:09.588 164444 DEBUG oslo_service.service [req-2ec118f1-1fe7-4fa2-b56d-347f045920d3 - - - - -] cyborg.status_code_retry_delay = None log_opt_values /usr/lib/python3/dist-packages/oslo_config/cfg.py:2609
2025-08-14 00:39:09.588 164444 DEBUG oslo_service.service [req-2ec118f1-1fe7-4fa2-b56d-347f045920d3 - - - - -] cyborg.timeout = None log_opt_values /usr/lib/python3/dist-packages/oslo_config/cfg.py:2609
2025-08-14 00:39:09.588 164444 DEBUG oslo_service.service [req-2ec118f1-1fe7-4fa2-b56d-347f045920d3 - - - - -] cyborg.valid_interfaces = ['internal', 'public'] log_opt_values /usr/lib/python3/dist-packages/oslo_config/cfg.py:2609
2025-08-14 00:39:09.589 164444 DEBUG oslo_service.service [req-2ec118f1-1fe7-4fa2-b56d-347f045920d3 - - - - -] cyborg.version = None log_opt_values /usr/lib/python3/dist-packages/oslo_config/cfg.py:2609
2025-08-14 00:39:09.589 164444 DEBUG oslo_service.service [req-2ec118f1-1fe7-4fa2-b56d-347f045920d3 - - - - -] database.backend = sqlalchemy log_opt_values /usr/lib/python3/dist-packages/oslo_config/cfg.py:2609
2025-08-14 00:39:09.589 164835 DEBUG oslo_messaging._drivers.amqpdriver [-] Listener is running poll /usr/lib/python3/dist-packages/oslo_messaging/_drivers/amqpdriver.py:343
