2025-08-14 00:37:44.268 153236 DEBUG oslo_service.service [req-42b4c9f4-72e7-40ee-a63d-f858835ceb04 - - - - -] api.auth_strategy = keystone log_opt_values /usr/lib/python3/dist-packages/oslo_config/cfg.py:2609
2025-08-14 00:37:44.268 153236 DEBUG oslo_service.service [req-42b4c9f4-72e7-40ee-a63d-f858835ceb04 - - - - -] api.compute_link_prefix = None log_opt_values /usr/lib/python3/dist-packages/oslo_config/cfg.py:2609
2025-08-14 00:37:44.269 153236 DEBUG oslo_service.service [req-42b4c9f4-72e7-40ee-a63d-f858835ceb04 - - - - -] api.config_drive_skip_versions = 1.0 2007-01-19 2007-03-01 2007-08-29 2007-10-10 2007-12-15 2008-02-01 2008-09-01 log_opt_values /usr/lib/python3/dist-packages/oslo_config/cfg.py:2609
2025-08-14 00:37:44.269 153236 DEBUG oslo_service.service [req-42b4c9f4-72e7-40ee-a63d-f858835ceb04 - - - - -] api.dhcp_domain = novalocal log_opt_values /usr/lib/python3/dist-packages/oslo_config/cfg.py:2609
2025-08-14 00:37:44.269 153236 DEBUG oslo_service.service [req-42b4c9f4-72e7-40ee-a63d-f858835ceb04 - - - - -] api.enable_instance_password = True log_opt_values /usr/lib/python3/dist-packages/oslo_config/cfg.py:2609
2025-08-14 00:37:44.270 153236 DEBUG oslo_service.service [req-42b4c9f4-72e7-40ee-a63d-f858835ceb04 - - - - -] api.glance_link_prefix = None log_opt_values /usr/lib/python3/dist-packages/oslo_config/cfg.py:2609
2025-08-14 00:37:44.270 153236 DEBUG oslo_service.service [req-42b4c9f4-72e7-40ee-a63d-f858835ceb04 - - - - -] api.instance_list_cells_batch_fixed_size = 100 log_opt_values /usr/lib/python3/dist-packages/oslo_config/cfg.py:2609
2025-08-14 00:37:44.270 153236 DEBUG oslo_service.service [req-42b4c9f4-72e7-40ee-a63d-f858835ceb04 - - - - -] api.instance_list_cells_batch_strategy = distributed log_opt_values /usr/lib/python3/dist-packages/oslo_config/cfg.py:2609
2025-08-14 00:37:44.271 153236 DEBUG oslo_service.service [req-42b4c9f4-72e7-40ee-a63d-f858835ceb04 - - - - -] api.instance_list_per_project_cells = False log_opt_values /usr/lib/python3/dist-packages/oslo_config/cfg.py:2609
2025-08-14 00:37:44.271 153236 DEBUG oslo_service.service [req-42b4c9f4-72e7-40ee-a63d-f858835ceb04 - - - - -] api.list_records_by_skipping_down_cells = True log_opt_values /usr/lib/python3/dist-packages/oslo_config/cfg.py:2609
2025-08-14 00:37:44.272 153236 DEBUG oslo_service.service [req-42b4c9f4-72e7-40ee-a63d-f858835ceb04 - - - - -] api.local_metadata_per_cell = False log_opt_values /usr/lib/python3/dist-packages/oslo_config/cfg.py:2609
2025-08-14 00:37:44.272 153236 DEBUG oslo_service.service [req-42b4c9f4-72e7-40ee-a63d-f858835ceb04 - - - - -] api.max_limit = 1000 log_opt_values /usr/lib/python3/dist-packages/oslo_config/cfg.py:2609
2025-08-14 00:37:44.272 153236 DEBUG oslo_service.service [req-42b4c9f4-72e7-40ee-a63d-f858835ceb04 - - - - -] api.metadata_cache_expiration = 15 log_opt_values /usr/lib/python3/dist-packages/oslo_config/cfg.py:2609
2025-08-14 00:37:44.273 153236 DEBUG oslo_service.service [req-42b4c9f4-72e7-40ee-a63d-f858835ceb04 - - - - -] api.neutron_default_tenant_id = default log_opt_values /usr/lib/python3/dist-packages/oslo_config/cfg.py:2609
2025-08-14 00:37:44.273 153236 DEBUG oslo_service.service [req-42b4c9f4-72e7-40ee-a63d-f858835ceb04 - - - - -] api.use_forwarded_for = False log_opt_values /usr/lib/python3/dist-packages/oslo_config/cfg.py:2609
2025-08-14 00:37:44.273 153236 DEBUG oslo_service.service [req-42b4c9f4-72e7-40ee-a63d-f858835ceb04 - - - - -] api.use_neutron_default_nets = False log_opt_values /usr/lib/python3/dist-packages/oslo_config/cfg.py:2609
2025-08-14 00:37:44.273 153236 DEBUG oslo_service.service [req-42b4c9f4-72e7-40ee-a63d-f858835ceb04 - - - - -] api.vendordata_dynamic_connect_timeout = 5 log_opt_values /usr/lib/python3/dist-packages/oslo_config/cfg.py:2609
2025-08-14 00:37:44.273 153587 DEBUG nova.service [req-901510ad-474b-41e0-af84-26e8e3480e9e - - - - -] Creating RPC server for service scheduler start /usr/lib/python3/dist-packages/nova/service.py:182
2025-08-14 00:37:44.274 153236 DEBUG oslo_service.service [req-42b4c9f4-72e7-40ee-a63d-f858835ceb04 - - - - -] api.vendordata_dynamic_failure_fatal = False log_opt_values /usr/lib/python3/dist-packages/oslo_config/cfg.py:2609
2025-08-14 00:37:44.274 153236 DEBUG oslo_service.service [req-42b4c9f4-72e7-40ee-a63d-f858835ceb04 - - - - -] api.vendordata_dynamic_read_timeout = 5 log_opt_values /usr/lib/python3/dist-packages/oslo_config/cfg.py:2609
2025-08-14 00:37:44.274 153236 DEBUG oslo_service.service [req-42b4c9f4-72e7-40ee-a63d-f858835ceb04 - - - - -] api.vendordata_dynamic_ssl_certfile = log_opt_values /usr/lib/python3/dist-packages/oslo_config/cfg.py:2609
2025-08-14 00:37:44.275 153236 DEBUG oslo_service.service [req-42b4c9f4-72e7-40ee-a63d-f858835ceb04 - - - - -] api.vendordata_dynamic_targets = [] log_opt_values /usr/lib/python3/dist-packages/oslo_config/cfg.py:2609
2025-08-14 00:37:44.275 153236 DEBUG oslo_service.service [req-42b4c9f4-72e7-40ee-a63d-f858835ceb04 - - - - -] api.vendordata_jsonfile_path = None log_opt_values /usr/lib/python3/dist-packages/oslo_config/cfg.py:2609
2025-08-14 00:37:44.275 153599 DEBUG nova.service [req-db4f1b17-1449-4f2e-914c-781ddf43f8ba - - - - -] Creating RPC server for service scheduler start /usr/lib/python3/dist-packages/nova/service.py:182
2025-08-14 00:37:44.275 153236 DEBUG oslo_service.service [req-42b4c9f4-72e7-40ee-a63d-f858835ceb04 - - - - -] api.vendordata_providers = ['StaticJSON'] log_opt_values /usr/lib/python3/dist-packages/oslo_config/cfg.py:2609
2025-08-14 00:37:44.276 153236 DEBUG oslo_service.service [req-42b4c9f4-72e7-40ee-a63d-f858835ceb04 - - - - -] cache.backend = dogpile.cache.null log_opt_values /usr/lib/python3/dist-packages/oslo_config/cfg.py:2609
2025-08-14 00:37:44.276 153236 DEBUG oslo_service.service [req-42b4c9f4-72e7-40ee-a63d-f858835ceb04 - - - - -] cache.backend_argument = **** log_opt_values /usr/lib/python3/dist-packages/oslo_config/cfg.py:2609
2025-08-14 00:37:44.277 153236 DEBUG oslo_service.service [req-42b4c9f4-72e7-40ee-a63d-f858835ceb04 - - - - -] cache.config_prefix = cache.oslo log_opt_values /usr/lib/python3/dist-packages/oslo_config/cfg.py:2609
2025-08-14 00:37:44.278 153236 DEBUG oslo_service.service [req-42b4c9f4-72e7-40ee-a63d-f858835ceb04 - - - - -] cache.debug_cache_backend = False log_opt_values /usr/lib/python3/dist-packages/oslo_config/cfg.py:2609
2025-08-14 00:37:44.278 153236 DEBUG oslo_service.service [req-42b4c9f4-72e7-40ee-a63d-f858835ceb04 - - - - -] cache.enabled = False log_opt_values /usr/lib/python3/dist-packages/oslo_config/cfg.py:2609
2025-08-14 00:37:44.278 153236 DEBUG oslo_service.service [req-42b4c9f4-72e7-40ee-a63d-f858835ceb04 - - - - -] cache.expiration_time = 600 log_opt_values /usr/lib/python3/dist-packages/oslo_config/cfg.py:2609
2025-08-14 00:37:44.278 153236 DEBUG oslo_service.service [req-42b4c9f4-72e7-40ee-a63d-f858835ceb04 - - - - -] cache.memcache_dead_retry = 300 log_opt_values /usr/lib/python3/dist-packages/oslo_config/cfg.py:2609
2025-08-14 00:37:44.279 153236 DEBUG oslo_service.service [req-42b4c9f4-72e7-40ee-a63d-f858835ceb04 - - - - -] cache.memcache_pool_connection_get_timeout = 10 log_opt_values /usr/lib/python3/dist-packages/oslo_config/cfg.py:2609
2025-08-14 00:37:44.279 153236 DEBUG oslo_service.service [req-42b4c9f4-72e7-40ee-a63d-f858835ceb04 - - - - -] cache.memcache_pool_flush_on_reconnect = False log_opt_values /usr/lib/python3/dist-packages/oslo_config/cfg.py:2609
2025-08-14 00:37:44.280 153236 DEBUG oslo_service.service [req-42b4c9f4-72e7-40ee-a63d-f858835ceb04 - - - - -] cache.memcache_pool_maxsize = 10 log_opt_values /usr/lib/python3/dist-packages/oslo_config/cfg.py:2609
2025-08-14 00:37:44.282 153580 DEBUG oslo_messaging._drivers.amqpdriver [-] Listener is running poll /usr/lib/python3/dist-packages/oslo_messaging/_drivers/amqpdriver.py:343
2025-08-14 00:37:44.283 153580 DEBUG oslo_messaging._drivers.amqpdriver [-] AMQPListener connection consume poll /usr/lib/python3/dist-packages/oslo_messaging/_drivers/amqpdriver.py:357
2025-08-14 00:37:44.283 153236 DEBUG oslo_service.service [req-42b4c9f4-72e7-40ee-a63d-f858835ceb04 - - - - -] cache.memcache_pool_unused_timeout = 60 log_opt_values /usr/lib/python3/dist-packages/oslo_config/cfg.py:2609
2025-08-14 00:37:44.283 153236 DEBUG oslo_service.service [req-42b4c9f4-72e7-40ee-a63d-f858835ceb04 - - - - -] cache.memcache_servers = ['localhost:11211'] log_opt_values /usr/lib/python3/dist-packages/oslo_config/cfg.py:2609
2025-08-14 00:37:44.284 153236 DEBUG oslo_service.service [req-42b4c9f4-72e7-40ee-a63d-f858835ceb04 - - - - -] cache.memcache_socket_timeout = 1.0 log_opt_values /usr/lib/python3/dist-packages/oslo_config/cfg.py:2609
2025-08-14 00:37:44.283 153580 DEBUG nova.service [req-1da95a31-dd84-43ec-ae69-97777b2a5452 - - - - -] Join ServiceGroup membership for this service scheduler start /usr/lib/python3/dist-packages/nova/service.py:199
2025-08-14 00:37:44.284 153580 DEBUG nova.servicegroup.drivers.db [req-1da95a31-dd84-43ec-ae69-97777b2a5452 - - - - -] DB_Driver: join new ServiceGroup member juju-8659d3-0-lxd-7 to the scheduler group, service = join /usr/lib/python3/dist-packages/nova/servicegroup/drivers/db.py:44
2025-08-14 00:37:44.284 153236 DEBUG oslo_service.service [req-42b4c9f4-72e7-40ee-a63d-f858835ceb04 - - - - -] cache.proxies = [] log_opt_values /usr/lib/python3/dist-packages/oslo_config/cfg.py:2609
2025-08-14 00:37:44.284 153236 DEBUG oslo_service.service [req-42b4c9f4-72e7-40ee-a63d-f858835ceb04 - - - - -] cache.tls_allowed_ciphers = None log_opt_values /usr/lib/python3/dist-packages/oslo_config/cfg.py:2609
2025-08-14 00:37:44.284 153575 DEBUG oslo_messaging._drivers.amqpdriver [-] Listener is running poll /usr/lib/python3/dist-packages/oslo_messaging/_drivers/amqpdriver.py:343
2025-08-14 00:37:44.285 153236 DEBUG oslo_service.service [req-42b4c9f4-72e7-40ee-a63d-f858835ceb04 - - - - -] cache.tls_cafile = None log_opt_values /usr/lib/python3/dist-packages/oslo_config/cfg.py:2609
2025-08-14 00:37:44.285 153575 DEBUG oslo_messaging._drivers.amqpdriver [-] AMQPListener connection consume poll /usr/lib/python3/dist-packages/oslo_messaging/_drivers/amqpdriver.py:357
2025-08-14 00:37:44.285 153236 DEBUG oslo_service.service [req-42b4c9f4-72e7-40ee-a63d-f858835ceb04 - - - - -] cache.tls_certfile = None log_opt_values /usr/lib/python3/dist-packages/oslo_config/cfg.py:2609
2025-08-14 00:37:44.285 153236 DEBUG oslo_service.service [req-42b4c9f4-72e7-40ee-a63d-f858835ceb04 - - - - -] cache.tls_enabled = False log_opt_values /usr/lib/python3/dist-packages/oslo_config/cfg.py:2609
2025-08-14 00:37:44.285 153236 DEBUG oslo_service.service [req-42b4c9f4-72e7-40ee-a63d-f858835ceb04 - - - - -] cache.tls_keyfile = None log_opt_values /usr/lib/python3/dist-packages/oslo_config/cfg.py:2609
2025-08-14 00:37:44.285 153575 DEBUG nova.service [req-c51e13bc-6583-48e3-950b-1d0dff54a569 - - - - -] Join ServiceGroup membership for this service scheduler start /usr/lib/python3/dist-packages/nova/service.py:199
2025-08-14 00:37:44.286 153236 DEBUG oslo_service.service [req-42b4c9f4-72e7-40ee-a63d-f858835ceb04 - - - - -] cinder.auth_section = None log_opt_values /usr/lib/python3/dist-packages/oslo_config/cfg.py:2609
2025-08-14 00:37:44.286 153575 DEBUG nova.servicegroup.drivers.db [req-c51e13bc-6583-48e3-950b-1d0dff54a569 - - - - -] DB_Driver: join new ServiceGroup member juju-8659d3-0-lxd-7 to the scheduler group, service = join /usr/lib/python3/dist-packages/nova/servicegroup/drivers/db.py:44
2025-08-14 00:37:44.286 153236 DEBUG oslo_service.service [req-42b4c9f4-72e7-40ee-a63d-f858835ceb04 - - - - -] cinder.auth_type = None log_opt_values /usr/lib/python3/dist-packages/oslo_config/cfg.py:2609
2025-08-14 00:37:44.286 153236 DEBUG oslo_service.service [req-42b4c9f4-72e7-40ee-a63d-f858835ceb04 - - - - -] cinder.cafile = None log_opt_values /usr/lib/python3/dist-packages/oslo_config/cfg.py:2609
2025-08-14 00:37:44.286 153236 DEBUG oslo_service.service [req-42b4c9f4-72e7-40ee-a63d-f858835ceb04 - - - - -] cinder.catalog_info = volumev3::publicURL log_opt_values /usr/lib/python3/dist-packages/oslo_config/cfg.py:2609
2025-08-14 00:37:44.286 153580 DEBUG oslo_messaging._drivers.amqpdriver [-] AMQPListener connection timeout poll /usr/lib/python3/dist-packages/oslo_messaging/_drivers/amqpdriver.py:360
2025-08-14 00:37:44.287 153580 DEBUG oslo_messaging._drivers.amqpdriver [-] Listener is running poll /usr/lib/python3/dist-packages/oslo_messaging/_drivers/amqpdriver.py:343
2025-08-14 00:37:44.287 153236 DEBUG oslo_service.service [req-42b4c9f4-72e7-40ee-a63d-f858835ceb04 - - - - -] cinder.certfile = None log_opt_values /usr/lib/python3/dist-packages/oslo_config/cfg.py:2609
2025-08-14 00:37:44.287 153580 DEBUG oslo_messaging._drivers.amqpdriver [-] AMQPListener connection consume poll /usr/lib/python3/dist-packages/oslo_messaging/_drivers/amqpdriver.py:357
2025-08-14 00:37:44.287 153236 DEBUG oslo_service.service [req-42b4c9f4-72e7-40ee-a63d-f858835ceb04 - - - - -] cinder.collect_timing = False log_opt_values /usr/lib/python3/dist-packages/oslo_config/cfg.py:2609
2025-08-14 00:37:44.287 153236 DEBUG oslo_service.service [req-42b4c9f4-72e7-40ee-a63d-f858835ceb04 - - - - -] cinder.cross_az_attach = True log_opt_values /usr/lib/python3/dist-packages/oslo_config/cfg.py:2609
2025-08-14 00:37:44.287 153236 DEBUG oslo_service.service [req-42b4c9f4-72e7-40ee-a63d-f858835ceb04 - - - - -] cinder.debug = False log_opt_values /usr/lib/python3/dist-packages/oslo_config/cfg.py:2609
2025-08-14 00:37:44.287 153236 DEBUG oslo_service.service [req-42b4c9f4-72e7-40ee-a63d-f858835ceb04 - - - - -] cinder.endpoint_template = None log_opt_values /usr/lib/python3/dist-packages/oslo_config/cfg.py:2609
2025-08-14 00:37:44.287 153236 DEBUG oslo_service.service [req-42b4c9f4-72e7-40ee-a63d-f858835ceb04 - - - - -] cinder.http_retries = 3 log_opt_values /usr/lib/python3/dist-packages/oslo_config/cfg.py:2609
2025-08-14 00:37:44.288 153236 DEBUG oslo_service.service [req-42b4c9f4-72e7-40ee-a63d-f858835ceb04 - - - - -] cinder.insecure = False log_opt_values /usr/lib/python3/dist-packages/oslo_config/cfg.py:2609
2025-08-14 00:37:44.288 153575 DEBUG oslo_messaging._drivers.amqpdriver [-] AMQPListener connection timeout poll /usr/lib/python3/dist-packages/oslo_messaging/_drivers/amqpdriver.py:360
2025-08-14 00:37:44.288 153575 DEBUG oslo_messaging._drivers.amqpdriver [-] Listener is running poll /usr/lib/python3/dist-packages/oslo_messaging/_drivers/amqpdriver.py:343
2025-08-14 00:37:44.288 153236 DEBUG oslo_service.service [req-42b4c9f4-72e7-40ee-a63d-f858835ceb04 - - - - -] cinder.keyfile = None log_opt_values /usr/lib/python3/dist-packages/oslo_config/cfg.py:2609
2025-08-14 00:37:44.288 153575 DEBUG oslo_messaging._drivers.amqpdriver [-] AMQPListener connection consume poll /usr/lib/python3/dist-packages/oslo_messaging/_drivers/amqpdriver.py:357
2025-08-14 00:37:44.289 153236 DEBUG oslo_service.service [req-42b4c9f4-72e7-40ee-a63d-f858835ceb04 - - - - -] cinder.os_region_name = None log_opt_values /usr/lib/python3/dist-packages/oslo_config/cfg.py:2609
2025-08-14 00:37:44.289 153236 DEBUG oslo_service.service [req-42b4c9f4-72e7-40ee-a63d-f858835ceb04 - - - - -] cinder.split_loggers = False log_opt_values /usr/lib/python3/dist-packages/oslo_config/cfg.py:2609
2025-08-14 00:37:44.290 153236 DEBUG oslo_service.service [req-42b4c9f4-72e7-40ee-a63d-f858835ceb04 - - - - -] cinder.timeout = None log_opt_values /usr/lib/python3/dist-packages/oslo_config/cfg.py:2609
2025-08-14 00:37:44.291 153236 DEBUG oslo_service.service [req-42b4c9f4-72e7-40ee-a63d-f858835ceb04 - - - - -] compute.consecutive_build_service_disable_threshold = 10 log_opt_values /usr/lib/python3/dist-packages/oslo_config/cfg.py:2609
2025-08-14 00:37:44.291 153236 DEBUG oslo_service.service [req-42b4c9f4-72e7-40ee-a63d-f858835ceb04 - - - - -] compute.cpu_dedicated_set = None log_opt_values /usr/lib/python3/dist-packages/oslo_config/cfg.py:2609
2025-08-14 00:37:44.291 153236 DEBUG oslo_service.service [req-42b4c9f4-72e7-40ee-a63d-f858835ceb04 - - - - -] compute.cpu_shared_set = None log_opt_values /usr/lib/python3/dist-packages/oslo_config/cfg.py:2609
2025-08-14 00:37:44.292 153236 DEBUG oslo_service.service [req-42b4c9f4-72e7-40ee-a63d-f858835ceb04 - - - - -] compute.image_type_exclude_list = [] log_opt_values /usr/lib/python3/dist-packages/oslo_config/cfg.py:2609
2025-08-14 00:37:44.292 153236 DEBUG oslo_service.service [req-42b4c9f4-72e7-40ee-a63d-f858835ceb04 - - - - -] compute.live_migration_wait_for_vif_plug = True log_opt_values /usr/lib/python3/dist-packages/oslo_config/cfg.py:2609
2025-08-14 00:37:44.292 153236 DEBUG oslo_service.service [req-42b4c9f4-72e7-40ee-a63d-f858835ceb04 - - - - -] compute.max_concurrent_disk_ops = 0 log_opt_values /usr/lib/python3/dist-packages/oslo_config/cfg.py:2609
2025-08-14 00:37:44.293 153236 DEBUG oslo_service.service [req-42b4c9f4-72e7-40ee-a63d-f858835ceb04 - - - - -] compute.max_disk_devices_to_attach = -1 log_opt_values /usr/lib/python3/dist-packages/oslo_config/cfg.py:2609
2025-08-14 00:37:44.293 153236 DEBUG oslo_service.service [req-42b4c9f4-72e7-40ee-a63d-f858835ceb04 - - - - -] compute.packing_host_numa_cells_allocation_strategy = True log_opt_values /usr/lib/python3/dist-packages/oslo_config/cfg.py:2609
2025-08-14 00:37:44.293 153236 DEBUG oslo_service.service [req-42b4c9f4-72e7-40ee-a63d-f858835ceb04 - - - - -] compute.provider_config_location = /etc/nova/provider_config/ log_opt_values /usr/lib/python3/dist-packages/oslo_config/cfg.py:2609
2025-08-14 00:37:44.293 153236 DEBUG oslo_service.service [req-42b4c9f4-72e7-40ee-a63d-f858835ceb04 - - - - -] compute.resource_provider_association_refresh = 300 log_opt_values /usr/lib/python3/dist-packages/oslo_config/cfg.py:2609
2025-08-14 00:37:44.294 153236 DEBUG oslo_service.service [req-42b4c9f4-72e7-40ee-a63d-f858835ceb04 - - - - -] compute.shutdown_retry_interval = 10 log_opt_values /usr/lib/python3/dist-packages/oslo_config/cfg.py:2609
2025-08-14 00:37:44.295 153236 DEBUG oslo_service.service [req-42b4c9f4-72e7-40ee-a63d-f858835ceb04 - - - - -] compute.vmdk_allowed_types = ['streamOptimized', 'monolithicSparse'] log_opt_values /usr/lib/python3/dist-packages/oslo_config/cfg.py:2609
2025-08-14 00:37:44.295 153236 DEBUG oslo_service.service [req-42b4c9f4-72e7-40ee-a63d-f858835ceb04 - - - - -] conductor.workers = 4 log_opt_values /usr/lib/python3/dist-packages/oslo_config/cfg.py:2609
2025-08-14 00:37:44.296 153236 DEBUG oslo_service.service [req-42b4c9f4-72e7-40ee-a63d-f858835ceb04 - - - - -] console.allowed_origins = [] log_opt_values /usr/lib/python3/dist-packages/oslo_config/cfg.py:2609
2025-08-14 00:37:44.297 153236 DEBUG oslo_service.service [req-42b4c9f4-72e7-40ee-a63d-f858835ceb04 - - - - -] console.ssl_ciphers = None log_opt_values /usr/lib/python3/dist-packages/oslo_config/cfg.py:2609
2025-08-14 00:37:44.298 153236 DEBUG oslo_service.service [req-42b4c9f4-72e7-40ee-a63d-f858835ceb04 - - - - -] console.ssl_minimum_version = default log_opt_values /usr/lib/python3/dist-packages/oslo_config/cfg.py:2609
2025-08-14 00:37:44.298 153587 DEBUG oslo_messaging._drivers.amqpdriver [-] Listener is running poll /usr/lib/python3/dist-packages/oslo_messaging/_drivers/amqpdriver.py:343
2025-08-14 00:37:44.298 153587 DEBUG oslo_messaging._drivers.amqpdriver [-] AMQPListener connection consume poll /usr/lib/python3/dist-packages/oslo_messaging/_drivers/amqpdriver.py:357
2025-08-14 00:37:44.298 153236 DEBUG oslo_service.service [req-42b4c9f4-72e7-40ee-a63d-f858835ceb04 - - - - -] consoleauth.token_ttl = 600 log_opt_values /usr/lib/python3/dist-packages/oslo_config/cfg.py:2609
2025-08-14 00:37:44.299 153587 DEBUG nova.service [req-901510ad-474b-41e0-af84-26e8e3480e9e - - - - -] Join ServiceGroup membership for this service scheduler start /usr/lib/python3/dist-packages/nova/service.py:199
2025-08-14 00:37:44.299 153587 DEBUG nova.servicegroup.drivers.db [req-901510ad-474b-41e0-af84-26e8e3480e9e - - - - -] DB_Driver: join new ServiceGroup member juju-8659d3-0-lxd-7 to the scheduler group, service = join /usr/lib/python3/dist-packages/nova/servicegroup/drivers/db.py:44
2025-08-14 00:37:44.299 153236 DEBUG oslo_service.service [req-42b4c9f4-72e7-40ee-a63d-f858835ceb04 - - - - -] cyborg.cafile = None log_opt_values /usr/lib/python3/dist-packages/oslo_config/cfg.py:2609
2025-08-14 00:37:44.300 153236 DEBUG oslo_service.service [req-42b4c9f4-72e7-40ee-a63d-f858835ceb04 - - - - -] cyborg.certfile = None log_opt_values /usr/lib/python3/dist-packages/oslo_config/cfg.py:2609
2025-08-14 00:37:44.301 153236 DEBUG oslo_service.service [req-42b4c9f4-72e7-40ee-a63d-f858835ceb04 - - - - -] cyborg.collect_timing = False log_opt_values /usr/lib/python3/dist-packages/oslo_config/cfg.py:2609
2025-08-14 00:37:44.301 153236 DEBUG oslo_service.service [req-42b4c9f4-72e7-40ee-a63d-f858835ceb04 - - - - -] cyborg.connect_retries = None log_opt_values /usr/lib/python3/dist-packages/oslo_config/cfg.py:2609
2025-08-14 00:37:44.301 153236 DEBUG oslo_service.service [req-42b4c9f4-72e7-40ee-a63d-f858835ceb04 - - - - -] cyborg.connect_retry_delay = None log_opt_values /usr/lib/python3/dist-packages/oslo_config/cfg.py:2609
2025-08-14 00:37:44.301 153587 DEBUG oslo_messaging._drivers.amqpdriver [-] AMQPListener connection timeout poll /usr/lib/python3/dist-packages/oslo_messaging/_drivers/amqpdriver.py:360
2025-08-14 00:37:44.302 153587 DEBUG oslo_messaging._drivers.amqpdriver [-] Listener is running poll /usr/lib/python3/dist-packages/oslo_messaging/_drivers/amqpdriver.py:343
2025-08-14 00:37:44.302 153587 DEBUG oslo_messaging._drivers.amqpdriver [-] AMQPListener connection consume poll /usr/lib/python3/dist-packages/oslo_messaging/_drivers/amqpdriver.py:357
2025-08-14 00:37:44.302 153236 DEBUG oslo_service.service [req-42b4c9f4-72e7-40ee-a63d-f858835ceb04 - - - - -] cyborg.endpoint_override = None log_opt_values /usr/lib/python3/dist-packages/oslo_config/cfg.py:2609
2025-08-14 00:37:44.302 153236 DEBUG oslo_service.service [req-42b4c9f4-72e7-40ee-a63d-f858835ceb04 - - - - -] cyborg.insecure = False log_opt_values /usr/lib/python3/dist-packages/oslo_config/cfg.py:2609
2025-08-14 00:37:44.302 153236 DEBUG oslo_service.service [req-42b4c9f4-72e7-40ee-a63d-f858835ceb04 - - - - -] cyborg.keyfile = None log_opt_values /usr/lib/python3/dist-packages/oslo_config/cfg.py:2609
2025-08-14 00:37:44.303 153236 DEBUG oslo_service.service [req-42b4c9f4-72e7-40ee-a63d-f858835ceb04 - - - - -] cyborg.max_version = None log_opt_values /usr/lib/python3/dist-packages/oslo_config/cfg.py:2609
2025-08-14 00:37:44.303 153236 DEBUG oslo_service.service [req-42b4c9f4-72e7-40ee-a63d-f858835ceb04 - - - - -] cyborg.min_version = None log_opt_values /usr/lib/python3/dist-packages/oslo_config/cfg.py:2609
2025-08-14 00:37:44.303 153236 DEBUG oslo_service.service [req-42b4c9f4-72e7-40ee-a63d-f858835ceb04 - - - - -] cyborg.region_name = None log_opt_values /usr/lib/python3/dist-packages/oslo_config/cfg.py:2609
2025-08-14 00:37:44.303 153236 DEBUG oslo_service.service [req-42b4c9f4-72e7-40ee-a63d-f858835ceb04 - - - - -] cyborg.service_name = None log_opt_values /usr/lib/python3/dist-packages/oslo_config/cfg.py:2609
2025-08-14 00:37:44.304 153236 DEBUG oslo_service.service [req-42b4c9f4-72e7-40ee-a63d-f858835ceb04 - - - - -] cyborg.service_type = accelerator log_opt_values /usr/lib/python3/dist-packages/oslo_config/cfg.py:2609
2025-08-14 00:37:44.304 153236 DEBUG oslo_service.service [req-42b4c9f4-72e7-40ee-a63d-f858835ceb04 - - - - -] cyborg.split_loggers = False log_opt_values /usr/lib/python3/dist-packages/oslo_config/cfg.py:2609
2025-08-14 00:37:44.304 153236 DEBUG oslo_service.service [req-42b4c9f4-72e7-40ee-a63d-f858835ceb04 - - - - -] cyborg.status_code_retries = None log_opt_values /usr/lib/python3/dist-packages/oslo_config/cfg.py:2609
2025-08-14 00:37:44.304 153236 DEBUG oslo_service.service [req-42b4c9f4-72e7-40ee-a63d-f858835ceb04 - - - - -] cyborg.status_code_retry_delay = None log_opt_values /usr/lib/python3/dist-packages/oslo_config/cfg.py:2609
2025-08-14 00:37:44.304 153599 DEBUG oslo_messaging._drivers.amqpdriver [-] Listener is running poll /usr/lib/python3/dist-packages/oslo_messaging/_drivers/amqpdriver.py:343
2025-08-14 00:37:44.304 153236 DEBUG oslo_service.service [req-42b4c9f4-72e7-40ee-a63d-f858835ceb04 - - - - -] cyborg.timeout = None log_opt_values /usr/lib/python3/dist-packages/oslo_config/cfg.py:2609
2025-08-14 00:37:44.304 153599 DEBUG oslo_messaging._drivers.amqpdriver [-] AMQPListener connection consume poll /usr/lib/python3/dist-packages/oslo_messaging/_drivers/amqpdriver.py:357
2025-08-14 00:37:44.305 153236 DEBUG oslo_service.service [req-42b4c9f4-72e7-40ee-a63d-f858835ceb04 - - - - -] cyborg.valid_interfaces = ['internal', 'public'] log_opt_values /usr/lib/python3/dist-packages/oslo_config/cfg.py:2609
2025-08-14 00:37:44.305 153236 DEBUG oslo_service.service [req-42b4c9f4-72e7-40ee-a63d-f858835ceb04 - - - - -] cyborg.version = None log_opt_values /usr/lib/python3/dist-packages/oslo_config/cfg.py:2609
2025-08-14 00:37:44.305 153599 DEBUG nova.service [req-db4f1b17-1449-4f2e-914c-781ddf43f8ba - - - - -] Join ServiceGroup membership for this service scheduler start /usr/lib/python3/dist-packages/nova/service.py:199
2025-08-14 00:37:44.305 153236 DEBUG oslo_service.service [req-42b4c9f4-72e7-40ee-a63d-f858835ceb04 - - - - -] database.backend = sqlalchemy log_opt_values /usr/lib/python3/dist-packages/oslo_config/cfg.py:2609
2025-08-14 00:37:44.305 153236 DEBUG oslo_service.service [req-42b4c9f4-72e7-40ee-a63d-f858835ceb04 - - - - -] database.connection = **** log_opt_values /usr/lib/python3/dist-packages/oslo_config/cfg.py:2609
2025-08-14 00:37:44.305 153599 DEBUG nova.servicegroup.drivers.db [req-db4f1b17-1449-4f2e-914c-781ddf43f8ba - - - - -] DB_Driver: join new ServiceGroup member juju-8659d3-0-lxd-7 to the scheduler group, service = join /usr/lib/python3/dist-packages/nova/servicegroup/drivers/db.py:44
2025-08-14 00:37:44.306 153236 DEBUG oslo_service.service [req-42b4c9f4-72e7-40ee-a63d-f858835ceb04 - - - - -] database.connection_debug = 0 log_opt_values /usr/lib/python3/dist-packages/oslo_config/cfg.py:2609
2025-08-14 00:37:44.306 153236 DEBUG oslo_service.service [req-42b4c9f4-72e7-40ee-a63d-f858835ceb04 - - - - -] database.connection_parameters = log_opt_values /usr/lib/python3/dist-packages/oslo_config/cfg.py:2609
2025-08-14 00:37:44.306 153236 DEBUG oslo_service.service [req-42b4c9f4-72e7-40ee-a63d-f858835ceb04 - - - - -] database.connection_recycle_time = 3600 log_opt_values /usr/lib/python3/dist-packages/oslo_config/cfg.py:2609
2025-08-14 00:37:44.307 153236 DEBUG oslo_service.service [req-42b4c9f4-72e7-40ee-a63d-f858835ceb04 - - - - -] database.connection_trace = False log_opt_values /usr/lib/python3/dist-packages/oslo_config/cfg.py:2609
2025-08-14 00:37:44.307 153236 DEBUG oslo_service.service [req-42b4c9f4-72e7-40ee-a63d-f858835ceb04 - - - - -] database.db_inc_retry_interval = True log_opt_values /usr/lib/python3/dist-packages/oslo_config/cfg.py:2609
2025-08-14 00:37:44.307 153236 DEBUG oslo_service.service [req-42b4c9f4-72e7-40ee-a63d-f858835ceb04 - - - - -] database.db_max_retries = 20 log_opt_values /usr/lib/python3/dist-packages/oslo_config/cfg.py:2609
2025-08-14 00:37:44.307 153236 DEBUG oslo_service.service [req-42b4c9f4-72e7-40ee-a63d-f858835ceb04 - - - - -] database.db_max_retry_interval = 10 log_opt_values /usr/lib/python3/dist-packages/oslo_config/cfg.py:2609
2025-08-14 00:37:44.307 153236 DEBUG oslo_service.service [req-42b4c9f4-72e7-40ee-a63d-f858835ceb04 - - - - -] database.db_retry_interval = 1 log_opt_values /usr/lib/python3/dist-packages/oslo_config/cfg.py:2609
2025-08-14 00:37:44.308 153236 DEBUG oslo_service.service [req-42b4c9f4-72e7-40ee-a63d-f858835ceb04 - - - - -] database.max_overflow = 50 log_opt_values /usr/lib/python3/dist-packages/oslo_config/cfg.py:2609
2025-08-14 00:37:44.308 153599 DEBUG oslo_messaging._drivers.amqpdriver [-] AMQPListener connection timeout poll /usr/lib/python3/dist-packages/oslo_messaging/_drivers/amqpdriver.py:360
2025-08-14 00:37:44.308 153236 DEBUG oslo_service.service [req-42b4c9f4-72e7-40ee-a63d-f858835ceb04 - - - - -] database.max_pool_size = 4 log_opt_values /usr/lib/python3/dist-packages/oslo_config/cfg.py:2609
2025-08-14 00:37:44.308 153599 DEBUG oslo_messaging._drivers.amqpdriver [-] Listener is running poll /usr/lib/python3/dist-packages/oslo_messaging/_drivers/amqpdriver.py:343
2025-08-14 00:37:44.308 153236 DEBUG oslo_service.service [req-42b4c9f4-72e7-40ee-a63d-f858835ceb04 - - - - -] database.max_retries = 10 log_opt_values /usr/lib/python3/dist-packages/oslo_config/cfg.py:2609
2025-08-14 00:37:44.308 153599 DEBUG oslo_messaging._drivers.amqpdriver [-] AMQPListener connection consume poll /usr/lib/python3/dist-packages/oslo_messaging/_drivers/amqpdriver.py:357
2025-08-14 00:37:44.308 153236 DEBUG oslo_service.service [req-42b4c9f4-72e7-40ee-a63d-f858835ceb04 - - - - -] database.mysql_enable_ndb = False log_opt_values /usr/lib/python3/dist-packages/oslo_config/cfg.py:2609
2025-08-14 00:37:44.308 153236 DEBUG oslo_service.service [req-42b4c9f4-72e7-40ee-a63d-f858835ceb04 - - - - -] database.mysql_sql_mode = TRADITIONAL log_opt_values /usr/lib/python3/dist-packages/oslo_config/cfg.py:2609
2025-08-14 00:37:44.308 153236 DEBUG oslo_service.service [req-42b4c9f4-72e7-40ee-a63d-f858835ceb04 - - - - -] database.pool_timeout = None log_opt_values /usr/lib/python3/dist-packages/oslo_config/cfg.py:2609
2025-08-14 00:37:44.309 153236 DEBUG oslo_service.service [req-42b4c9f4-72e7-40ee-a63d-f858835ceb04 - - - - -] database.retry_interval = 10 log_opt_values /usr/lib/python3/dist-packages/oslo_config/cfg.py:2609
2025-08-14 00:37:44.309 153236 DEBUG oslo_service.service [req-42b4c9f4-72e7-40ee-a63d-f858835ceb04 - - - - -] database.slave_connection = **** log_opt_values /usr/lib/python3/dist-packages/oslo_config/cfg.py:2609
2025-08-14 00:37:44.309 153236 DEBUG oslo_service.service [req-42b4c9f4-72e7-40ee-a63d-f858835ceb04 - - - - -] database.sqlite_synchronous = True log_opt_values /usr/lib/python3/dist-packages/oslo_config/cfg.py:2609
2025-08-14 00:37:44.309 153236 DEBUG oslo_service.service [req-42b4c9f4-72e7-40ee-a63d-f858835ceb04 - - - - -] database.use_db_reconnect = False log_opt_values /usr/lib/python3/dist-packages/oslo_config/cfg.py:2609
2025-08-14 00:37:44.309 153236 DEBUG oslo_service.service [req-42b4c9f4-72e7-40ee-a63d-f858835ceb04 - - - - -] api_database.backend = sqlalchemy log_opt_values /usr/lib/python3/dist-packages/oslo_config/cfg.py:2609
2025-08-14 00:37:44.309 153236 DEBUG oslo_service.service [req-42b4c9f4-72e7-40ee-a63d-f858835ceb04 - - - - -] api_database.connection = **** log_opt_values /usr/lib/python3/dist-packages/oslo_config/cfg.py:2609
2025-08-14 00:37:44.310 153236 DEBUG oslo_service.service [req-42b4c9f4-72e7-40ee-a63d-f858835ceb04 - - - - -] api_database.connection_debug = 0 log_opt_values /usr/lib/python3/dist-packages/oslo_config/cfg.py:2609
2025-08-14 00:37:44.310 153236 DEBUG oslo_service.service [req-42b4c9f4-72e7-40ee-a63d-f858835ceb04 - - - - -] api_database.connection_parameters = log_opt_values /usr/lib/python3/dist-packages/oslo_config/cfg.py:2609
2025-08-14 00:37:44.310 153236 DEBUG oslo_service.service [req-42b4c9f4-72e7-40ee-a63d-f858835ceb04 - - - - -] api_database.connection_recycle_time = 3600 log_opt_values /usr/lib/python3/dist-packages/oslo_config/cfg.py:2609
2025-08-14 00:37:44.310 153236 DEBUG oslo_service.service [req-42b4c9f4-72e7-40ee-a63d-f858835ceb04 - - - - -] api_database.connection_trace = False log_opt_values /usr/lib/python3/dist-packages/oslo_config/cfg.py:2609
2025-08-14 00:37:44.310 153236 DEBUG oslo_service.service [req-42b4c9f4-72e7-40ee-a63d-f858835ceb04 - - - - -] api_database.db_inc_retry_interval = True log_opt_values /usr/lib/python3/dist-packages/oslo_config/cfg.py:2609
2025-08-14 00:37:44.310 153236 DEBUG oslo_service.service [req-42b4c9f4-72e7-40ee-a63d-f858835ceb04 - - - - -] api_database.db_max_retries = 20 log_opt_values /usr/lib/python3/dist-packages/oslo_config/cfg.py:2609
2025-08-14 00:37:44.311 153236 DEBUG oslo_service.service [req-42b4c9f4-72e7-40ee-a63d-f858835ceb04 - - - - -] api_database.db_max_retry_interval = 10 log_opt_values /usr/lib/python3/dist-packages/oslo_config/cfg.py:2609
2025-08-14 00:37:44.311 153236 DEBUG oslo_service.service [req-42b4c9f4-72e7-40ee-a63d-f858835ceb04 - - - - -] api_database.db_retry_interval = 1 log_opt_values /usr/lib/python3/dist-packages/oslo_config/cfg.py:2609
2025-08-14 00:37:44.311 153236 DEBUG oslo_service.service [req-42b4c9f4-72e7-40ee-a63d-f858835ceb04 - - - - -] api_database.max_overflow = 50 log_opt_values /usr/lib/python3/dist-packages/oslo_config/cfg.py:2609
2025-08-14 00:37:44.311 153236 DEBUG oslo_service.service [req-42b4c9f4-72e7-40ee-a63d-f858835ceb04 - - - - -] api_database.max_pool_size = 4 log_opt_values /usr/lib/python3/dist-packages/oslo_config/cfg.py:2609
2025-08-14 00:37:44.311 153236 DEBUG oslo_service.service [req-42b4c9f4-72e7-40ee-a63d-f858835ceb04 - - - - -] api_database.max_retries = 10 log_opt_values /usr/lib/python3/dist-packages/oslo_config/cfg.py:2609
2025-08-14 00:37:44.312 153236 DEBUG oslo_service.service [req-42b4c9f4-72e7-40ee-a63d-f858835ceb04 - - - - -] api_database.mysql_enable_ndb = False log_opt_values /usr/lib/python3/dist-packages/oslo_config/cfg.py:2609
2025-08-14 00:37:44.312 153236 DEBUG oslo_service.service [req-42b4c9f4-72e7-40ee-a63d-f858835ceb04 - - - - -] api_database.mysql_sql_mode = TRADITIONAL log_opt_values /usr/lib/python3/dist-packages/oslo_config/cfg.py:2609
2025-08-14 00:37:44.312 153236 DEBUG oslo_service.service [req-42b4c9f4-72e7-40ee-a63d-f858835ceb04 - - - - -] api_database.pool_timeout = None log_opt_values /usr/lib/python3/dist-packages/oslo_config/cfg.py:2609
2025-08-14 00:37:44.312 153236 DEBUG oslo_service.service [req-42b4c9f4-72e7-40ee-a63d-f858835ceb04 - - - - -] api_database.retry_interval = 10 log_opt_values /usr/lib/python3/dist-packages/oslo_config/cfg.py:2609
2025-08-14 00:37:44.313 153236 DEBUG oslo_service.service [req-42b4c9f4-72e7-40ee-a63d-f858835ceb04 - - - - -] api_database.slave_connection = **** log_opt_values /usr/lib/python3/dist-packages/oslo_config/cfg.py:2609
2025-08-14 00:37:44.313 153236 DEBUG oslo_service.service [req-42b4c9f4-72e7-40ee-a63d-f858835ceb04 - - - - -] api_database.sqlite_synchronous = True log_opt_values /usr/lib/python3/dist-packages/oslo_config/cfg.py:2609
2025-08-14 00:37:44.313 153236 DEBUG oslo_service.service [req-42b4c9f4-72e7-40ee-a63d-f858835ceb04 - - - - -] devices.enabled_mdev_types = [] log_opt_values /usr/lib/python3/dist-packages/oslo_config/cfg.py:2609
2025-08-14 00:37:44.313 153236 DEBUG oslo_service.service [req-42b4c9f4-72e7-40ee-a63d-f858835ceb04 - - - - -] ephemeral_storage_encryption.cipher = aes-xts-plain64 log_opt_values /usr/lib/python3/dist-packages/oslo_config/cfg.py:2609
2025-08-14 00:37:44.313 153236 DEBUG oslo_service.service [req-42b4c9f4-72e7-40ee-a63d-f858835ceb04 - - - - -] ephemeral_storage_encryption.enabled = False log_opt_values /usr/lib/python3/dist-packages/oslo_config/cfg.py:2609
2025-08-14 00:37:44.313 153236 DEBUG oslo_service.service [req-42b4c9f4-72e7-40ee-a63d-f858835ceb04 - - - - -] ephemeral_storage_encryption.key_size = 512 log_opt_values /usr/lib/python3/dist-packages/oslo_config/cfg.py:2609
2025-08-14 00:37:44.314 153236 WARNING oslo_config.cfg [req-42b4c9f4-72e7-40ee-a63d-f858835ceb04 - - - - -] Deprecated: Option "api_servers" from group "glance" is deprecated for removal ( Support for image service configuration via standard keystoneauth1 Adapter options was added in the 17.0.0 Queens release. The api_servers option was retained temporarily to allow consumers time to cut over to a real load balancing solution. ). Its value may be silently ignored in the future.
2025-08-14 00:37:44.314 153236 DEBUG oslo_service.service [req-42b4c9f4-72e7-40ee-a63d-f858835ceb04 - - - - -] glance.api_servers = ['http://252.241.239.8:9292'] log_opt_values /usr/lib/python3/dist-packages/oslo_config/cfg.py:2609
2025-08-14 00:37:44.314 153236 DEBUG oslo_service.service [req-42b4c9f4-72e7-40ee-a63d-f858835ceb04 - - - - -] glance.cafile = None log_opt_values /usr/lib/python3/dist-packages/oslo_config/cfg.py:2609
2025-08-14 00:37:44.314 153236 DEBUG oslo_service.service [req-42b4c9f4-72e7-40ee-a63d-f858835ceb04 - - - - -] glance.certfile = None log_opt_values /usr/lib/python3/dist-packages/oslo_config/cfg.py:2609
2025-08-14 00:37:44.315 153236 DEBUG oslo_service.service [req-42b4c9f4-72e7-40ee-a63d-f858835ceb04 - - - - -] glance.collect_timing = False log_opt_values /usr/lib/python3/dist-packages/oslo_config/cfg.py:2609
2025-08-14 00:37:44.315 153236 DEBUG oslo_service.service [req-42b4c9f4-72e7-40ee-a63d-f858835ceb04 - - - - -] glance.connect_retries = None log_opt_values /usr/lib/python3/dist-packages/oslo_config/cfg.py:2609
2025-08-14 00:37:44.315 153236 DEBUG oslo_service.service [req-42b4c9f4-72e7-40ee-a63d-f858835ceb04 - - - - -] glance.connect_retry_delay = None log_opt_values /usr/lib/python3/dist-packages/oslo_config/cfg.py:2609
2025-08-14 00:37:44.315 153236 DEBUG oslo_service.service [req-42b4c9f4-72e7-40ee-a63d-f858835ceb04 - - - - -] glance.debug = False log_opt_values /usr/lib/python3/dist-packages/oslo_config/cfg.py:2609
2025-08-14 00:37:44.315 153236 DEBUG oslo_service.service [req-42b4c9f4-72e7-40ee-a63d-f858835ceb04 - - - - -] glance.default_trusted_certificate_ids = [] log_opt_values /usr/lib/python3/dist-packages/oslo_config/cfg.py:2609
2025-08-14 00:37:44.315 153236 DEBUG oslo_service.service [req-42b4c9f4-72e7-40ee-a63d-f858835ceb04 - - - - -] glance.enable_certificate_validation = False log_opt_values /usr/lib/python3/dist-packages/oslo_config/cfg.py:2609
2025-08-14 00:37:44.316 153236 DEBUG oslo_service.service [req-42b4c9f4-72e7-40ee-a63d-f858835ceb04 - - - - -] glance.enable_rbd_download = False log_opt_values /usr/lib/python3/dist-packages/oslo_config/cfg.py:2609
2025-08-14 00:37:44.316 153236 DEBUG oslo_service.service [req-42b4c9f4-72e7-40ee-a63d-f858835ceb04 - - - - -] glance.endpoint_override = None log_opt_values /usr/lib/python3/dist-packages/oslo_config/cfg.py:2609
2025-08-14 00:37:44.316 153236 DEBUG oslo_service.service [req-42b4c9f4-72e7-40ee-a63d-f858835ceb04 - - - - -] glance.insecure = False log_opt_values /usr/lib/python3/dist-packages/oslo_config/cfg.py:2609
2025-08-14 00:37:44.316 153236 DEBUG oslo_service.service [req-42b4c9f4-72e7-40ee-a63d-f858835ceb04 - - - - -] glance.keyfile = None log_opt_values /usr/lib/python3/dist-packages/oslo_config/cfg.py:2609
2025-08-14 00:37:44.316 153236 DEBUG oslo_service.service [req-42b4c9f4-72e7-40ee-a63d-f858835ceb04 - - - - -] glance.max_version = None log_opt_values /usr/lib/python3/dist-packages/oslo_config/cfg.py:2609
2025-08-14 00:37:44.316 153236 DEBUG oslo_service.service [req-42b4c9f4-72e7-40ee-a63d-f858835ceb04 - - - - -] glance.min_version = None log_opt_values /usr/lib/python3/dist-packages/oslo_config/cfg.py:2609
2025-08-14 00:37:44.317 153236 DEBUG oslo_service.service [req-42b4c9f4-72e7-40ee-a63d-f858835ceb04 - - - - -] glance.num_retries = 3 log_opt_values /usr/lib/python3/dist-packages/oslo_config/cfg.py:2609
2025-08-14 00:37:44.317 153236 DEBUG oslo_service.service [req-42b4c9f4-72e7-40ee-a63d-f858835ceb04 - - - - -] glance.rbd_ceph_conf = log_opt_values /usr/lib/python3/dist-packages/oslo_config/cfg.py:2609
2025-08-14 00:37:44.317 153236 DEBUG oslo_service.service [req-42b4c9f4-72e7-40ee-a63d-f858835ceb04 - - - - -] glance.rbd_connect_timeout = 5 log_opt_values /usr/lib/python3/dist-packages/oslo_config/cfg.py:2609
2025-08-14 00:37:44.317 153236 DEBUG oslo_service.service [req-42b4c9f4-72e7-40ee-a63d-f858835ceb04 - - - - -] glance.rbd_pool = log_opt_values /usr/lib/python3/dist-packages/oslo_config/cfg.py:2609
2025-08-14 00:37:44.317 153236 DEBUG oslo_service.service [req-42b4c9f4-72e7-40ee-a63d-f858835ceb04 - - - - -] glance.rbd_user = log_opt_values /usr/lib/python3/dist-packages/oslo_config/cfg.py:2609
2025-08-14 00:37:44.317 153236 DEBUG oslo_service.service [req-42b4c9f4-72e7-40ee-a63d-f858835ceb04 - - - - -] glance.region_name = None log_opt_values /usr/lib/python3/dist-packages/oslo_config/cfg.py:2609
2025-08-14 00:37:44.318 153236 DEBUG oslo_service.service [req-42b4c9f4-72e7-40ee-a63d-f858835ceb04 - - - - -] glance.service_name = None log_opt_values /usr/lib/python3/dist-packages/oslo_config/cfg.py:2609
2025-08-14 00:37:44.318 153236 DEBUG oslo_service.service [req-42b4c9f4-72e7-40ee-a63d-f858835ceb04 - - - - -] glance.service_type = image log_opt_values /usr/lib/python3/dist-packages/oslo_config/cfg.py:2609
2025-08-14 00:37:44.318 153236 DEBUG oslo_service.service [req-42b4c9f4-72e7-40ee-a63d-f858835ceb04 - - - - -] glance.split_loggers = False log_opt_values /usr/lib/python3/dist-packages/oslo_config/cfg.py:2609
2025-08-14 00:37:44.318 153236 DEBUG oslo_service.service [req-42b4c9f4-72e7-40ee-a63d-f858835ceb04 - - - - -] glance.status_code_retries = None log_opt_values /usr/lib/python3/dist-packages/oslo_config/cfg.py:2609
2025-08-14 00:37:44.318 153236 DEBUG oslo_service.service [req-42b4c9f4-72e7-40ee-a63d-f858835ceb04 - - - - -] glance.status_code_retry_delay = None log_opt_values /usr/lib/python3/dist-packages/oslo_config/cfg.py:2609
2025-08-14 00:37:44.318 153236 DEBUG oslo_service.service [req-42b4c9f4-72e7-40ee-a63d-f858835ceb04 - - - - -] glance.timeout = None log_opt_values /usr/lib/python3/dist-packages/oslo_config/cfg.py:2609
2025-08-14 00:37:44.319 153236 DEBUG oslo_service.service [req-42b4c9f4-72e7-40ee-a63d-f858835ceb04 - - - - -] glance.valid_interfaces = ['internal', 'public'] log_opt_values /usr/lib/python3/dist-packages/oslo_config/cfg.py:2609
2025-08-14 00:37:44.319 153236 DEBUG oslo_service.service [req-42b4c9f4-72e7-40ee-a63d-f858835ceb04 - - - - -] glance.verify_glance_signatures = False log_opt_values /usr/lib/python3/dist-packages/oslo_config/cfg.py:2609
2025-08-14 00:37:44.319 153236 DEBUG oslo_service.service [req-42b4c9f4-72e7-40ee-a63d-f858835ceb04 - - - - -] glance.version = None log_opt_values /usr/lib/python3/dist-packages/oslo_config/cfg.py:2609
2025-08-14 00:37:44.319 153236 DEBUG oslo_service.service [req-42b4c9f4-72e7-40ee-a63d-f858835ceb04 - - - - -] guestfs.debug = False log_opt_values /usr/lib/python3/dist-packages/oslo_config/cfg.py:2609
2025-08-14 00:37:44.319 153236 DEBUG oslo_service.service [req-42b4c9f4-72e7-40ee-a63d-f858835ceb04 - - - - -] hyperv.config_drive_cdrom = False log_opt_values /usr/lib/python3/dist-packages/oslo_config/cfg.py:2609
2025-08-14 00:37:44.319 153236 DEBUG oslo_service.service [req-42b4c9f4-72e7-40ee-a63d-f858835ceb04 - - - - -] hyperv.config_drive_inject_password = False log_opt_values /usr/lib/python3/dist-packages/oslo_config/cfg.py:2609
2025-08-14 00:37:44.320 153236 DEBUG oslo_service.service [req-42b4c9f4-72e7-40ee-a63d-f858835ceb04 - - - - -] hyperv.dynamic_memory_ratio = 1.0 log_opt_values /usr/lib/python3/dist-packages/oslo_config/cfg.py:2609
2025-08-14 00:37:44.320 153236 DEBUG oslo_service.service [req-42b4c9f4-72e7-40ee-a63d-f858835ceb04 - - - - -] hyperv.enable_instance_metrics_collection = False log_opt_values /usr/lib/python3/dist-packages/oslo_config/cfg.py:2609
2025-08-14 00:37:44.320 153236 DEBUG oslo_service.service [req-42b4c9f4-72e7-40ee-a63d-f858835ceb04 - - - - -] hyperv.enable_remotefx = False log_opt_values /usr/lib/python3/dist-packages/oslo_config/cfg.py:2609
2025-08-14 00:37:44.320 153236 DEBUG oslo_service.service [req-42b4c9f4-72e7-40ee-a63d-f858835ceb04 - - - - -] hyperv.instances_path_share = log_opt_values /usr/lib/python3/dist-packages/oslo_config/cfg.py:2609
2025-08-14 00:37:44.320 153236 DEBUG oslo_service.service [req-42b4c9f4-72e7-40ee-a63d-f858835ceb04 - - - - -] hyperv.iscsi_initiator_list = [] log_opt_values /usr/lib/python3/dist-packages/oslo_config/cfg.py:2609
2025-08-14 00:37:44.321 153236 DEBUG oslo_service.service [req-42b4c9f4-72e7-40ee-a63d-f858835ceb04 - - - - -] hyperv.limit_cpu_features = False log_opt_values /usr/lib/python3/dist-packages/oslo_config/cfg.py:2609
2025-08-14 00:37:44.321 153236 DEBUG oslo_service.service [req-42b4c9f4-72e7-40ee-a63d-f858835ceb04 - - - - -] hyperv.mounted_disk_query_retry_count = 10 log_opt_values /usr/lib/python3/dist-packages/oslo_config/cfg.py:2609
2025-08-14 00:37:44.321 153236 DEBUG oslo_service.service [req-42b4c9f4-72e7-40ee-a63d-f858835ceb04 - - - - -] hyperv.mounted_disk_query_retry_interval = 5 log_opt_values /usr/lib/python3/dist-packages/oslo_config/cfg.py:2609
2025-08-14 00:37:44.321 153236 DEBUG oslo_service.service [req-42b4c9f4-72e7-40ee-a63d-f858835ceb04 - - - - -] hyperv.power_state_check_timeframe = 60 log_opt_values /usr/lib/python3/dist-packages/oslo_config/cfg.py:2609
2025-08-14 00:37:44.321 153236 DEBUG oslo_service.service [req-42b4c9f4-72e7-40ee-a63d-f858835ceb04 - - - - -] hyperv.power_state_event_polling_interval = 2 log_opt_values /usr/lib/python3/dist-packages/oslo_config/cfg.py:2609
2025-08-14 00:37:44.322 153236 DEBUG oslo_service.service [req-42b4c9f4-72e7-40ee-a63d-f858835ceb04 - - - - -] hyperv.qemu_img_cmd = qemu-img.exe log_opt_values /usr/lib/python3/dist-packages/oslo_config/cfg.py:2609
2025-08-14 00:37:44.322 153236 DEBUG oslo_service.service [req-42b4c9f4-72e7-40ee-a63d-f858835ceb04 - - - - -] hyperv.use_multipath_io = False log_opt_values /usr/lib/python3/dist-packages/oslo_config/cfg.py:2609
2025-08-14 00:37:44.322 153236 DEBUG oslo_service.service [req-42b4c9f4-72e7-40ee-a63d-f858835ceb04 - - - - -] hyperv.volume_attach_retry_count = 10 log_opt_values /usr/lib/python3/dist-packages/oslo_config/cfg.py:2609
2025-08-14 00:37:44.322 153236 DEBUG oslo_service.service [req-42b4c9f4-72e7-40ee-a63d-f858835ceb04 - - - - -] hyperv.volume_attach_retry_interval = 5 log_opt_values /usr/lib/python3/dist-packages/oslo_config/cfg.py:2609
2025-08-14 00:37:44.322 153236 DEBUG oslo_service.service [req-42b4c9f4-72e7-40ee-a63d-f858835ceb04 - - - - -] hyperv.vswitch_name = None log_opt_values /usr/lib/python3/dist-packages/oslo_config/cfg.py:2609
2025-08-14 00:37:44.323 153236 DEBUG oslo_service.service [req-42b4c9f4-72e7-40ee-a63d-f858835ceb04 - - - - -] hyperv.wait_soft_reboot_seconds = 60 log_opt_values /usr/lib/python3/dist-packages/oslo_config/cfg.py:2609
2025-08-14 00:37:44.323 153236 DEBUG oslo_service.service [req-42b4c9f4-72e7-40ee-a63d-f858835ceb04 - - - - -] mks.enabled = False log_opt_values /usr/lib/python3/dist-packages/oslo_config/cfg.py:2609
2025-08-14 00:37:44.323 153236 DEBUG oslo_service.service [req-42b4c9f4-72e7-40ee-a63d-f858835ceb04 - - - - -] mks.mksproxy_base_url = http://127.0.0.1:6090/ log_opt_values /usr/lib/python3/dist-packages/oslo_config/cfg.py:2609
2025-08-14 00:37:44.324 153236 DEBUG oslo_service.service [req-42b4c9f4-72e7-40ee-a63d-f858835ceb04 - - - - -] image_cache.manager_interval = 2400 log_opt_values /usr/lib/python3/dist-packages/oslo_config/cfg.py:2609
2025-08-14 00:37:44.324 153236 DEBUG oslo_service.service [req-42b4c9f4-72e7-40ee-a63d-f858835ceb04 - - - - -] image_cache.precache_concurrency = 1 log_opt_values /usr/lib/python3/dist-packages/oslo_config/cfg.py:2609
2025-08-14 00:37:44.324 153236 DEBUG oslo_service.service [req-42b4c9f4-72e7-40ee-a63d-f858835ceb04 - - - - -] image_cache.remove_unused_base_images = True log_opt_values /usr/lib/python3/dist-packages/oslo_config/cfg.py:2609
2025-08-14 00:37:44.324 153236 DEBUG oslo_service.service [req-42b4c9f4-72e7-40ee-a63d-f858835ceb04 - - - - -] image_cache.remove_unused_original_minimum_age_seconds = 86400 log_opt_values /usr/lib/python3/dist-packages/oslo_config/cfg.py:2609
2025-08-14 00:37:44.324 153236 DEBUG oslo_service.service [req-42b4c9f4-72e7-40ee-a63d-f858835ceb04 - - - - -] image_cache.remove_unused_resized_minimum_age_seconds = 3600 log_opt_values /usr/lib/python3/dist-packages/oslo_config/cfg.py:2609
2025-08-14 00:37:44.325 153236 DEBUG oslo_service.service [req-42b4c9f4-72e7-40ee-a63d-f858835ceb04 - - - - -] image_cache.subdirectory_name = _base log_opt_values /usr/lib/python3/dist-packages/oslo_config/cfg.py:2609
2025-08-14 00:37:44.325 153236 DEBUG oslo_service.service [req-42b4c9f4-72e7-40ee-a63d-f858835ceb04 - - - - -] ironic.api_max_retries = 60 log_opt_values /usr/lib/python3/dist-packages/oslo_config/cfg.py:2609
2025-08-14 00:37:44.325 153236 DEBUG oslo_service.service [req-42b4c9f4-72e7-40ee-a63d-f858835ceb04 - - - - -] ironic.api_retry_interval = 2 log_opt_values /usr/lib/python3/dist-packages/oslo_config/cfg.py:2609
2025-08-14 00:37:44.325 153236 DEBUG oslo_service.service [req-42b4c9f4-72e7-40ee-a63d-f858835ceb04 - - - - -] ironic.auth_section = None log_opt_values /usr/lib/python3/dist-packages/oslo_config/cfg.py:2609
2025-08-14 00:37:44.325 153236 DEBUG oslo_service.service [req-42b4c9f4-72e7-40ee-a63d-f858835ceb04 - - - - -] ironic.auth_type = None log_opt_values /usr/lib/python3/dist-packages/oslo_config/cfg.py:2609
2025-08-14 00:37:44.326 153236 DEBUG oslo_service.service [req-42b4c9f4-72e7-40ee-a63d-f858835ceb04 - - - - -] ironic.cafile = None log_opt_values /usr/lib/python3/dist-packages/oslo_config/cfg.py:2609
2025-08-14 00:37:44.326 153236 DEBUG oslo_service.service [req-42b4c9f4-72e7-40ee-a63d-f858835ceb04 - - - - -] ironic.certfile = None log_opt_values /usr/lib/python3/dist-packages/oslo_config/cfg.py:2609
2025-08-14 00:37:44.326 153236 DEBUG oslo_service.service [req-42b4c9f4-72e7-40ee-a63d-f858835ceb04 - - - - -] ironic.collect_timing = False log_opt_values /usr/lib/python3/dist-packages/oslo_config/cfg.py:2609
2025-08-14 00:37:44.326 153236 DEBUG oslo_service.service [req-42b4c9f4-72e7-40ee-a63d-f858835ceb04 - - - - -] ironic.connect_retries = None log_opt_values /usr/lib/python3/dist-packages/oslo_config/cfg.py:2609
2025-08-14 00:37:44.326 153236 DEBUG oslo_service.service [req-42b4c9f4-72e7-40ee-a63d-f858835ceb04 - - - - -] ironic.connect_retry_delay = None log_opt_values /usr/lib/python3/dist-packages/oslo_config/cfg.py:2609
