2025-08-14 00:37:02.563 134526 DEBUG oslo_service.service [req-1d3e2caa-263a-4188-9543-170b97c33887 - - - - -] cinder.timeout = None log_opt_values /usr/lib/python3/dist-packages/oslo_config/cfg.py:2609
2025-08-14 00:37:02.564 134526 DEBUG oslo_service.service [req-1d3e2caa-263a-4188-9543-170b97c33887 - - - - -] compute.consecutive_build_service_disable_threshold = 10 log_opt_values /usr/lib/python3/dist-packages/oslo_config/cfg.py:2609
2025-08-14 00:37:02.564 134526 DEBUG oslo_service.service [req-1d3e2caa-263a-4188-9543-170b97c33887 - - - - -] compute.cpu_dedicated_set = None log_opt_values /usr/lib/python3/dist-packages/oslo_config/cfg.py:2609
2025-08-14 00:37:02.564 134526 DEBUG oslo_service.service [req-1d3e2caa-263a-4188-9543-170b97c33887 - - - - -] compute.cpu_shared_set = None log_opt_values /usr/lib/python3/dist-packages/oslo_config/cfg.py:2609
2025-08-14 00:37:02.567 136108 DEBUG oslo_messaging._drivers.amqpdriver [-] Listener is running poll /usr/lib/python3/dist-packages/oslo_messaging/_drivers/amqpdriver.py:343
2025-08-14 00:37:02.568 136108 DEBUG oslo_messaging._drivers.amqpdriver [-] AMQPListener connection consume poll /usr/lib/python3/dist-packages/oslo_messaging/_drivers/amqpdriver.py:357
2025-08-14 00:37:02.567 134526 DEBUG oslo_service.service [req-1d3e2caa-263a-4188-9543-170b97c33887 - - - - -] compute.image_type_exclude_list = [] log_opt_values /usr/lib/python3/dist-packages/oslo_config/cfg.py:2609
2025-08-14 00:37:02.567 136106 DEBUG oslo_messaging._drivers.amqpdriver [-] Listener is running poll /usr/lib/python3/dist-packages/oslo_messaging/_drivers/amqpdriver.py:343
2025-08-14 00:37:02.568 136106 DEBUG oslo_messaging._drivers.amqpdriver [-] AMQPListener connection consume poll /usr/lib/python3/dist-packages/oslo_messaging/_drivers/amqpdriver.py:357
2025-08-14 00:37:02.568 134526 DEBUG oslo_service.service [req-1d3e2caa-263a-4188-9543-170b97c33887 - - - - -] compute.live_migration_wait_for_vif_plug = True log_opt_values /usr/lib/python3/dist-packages/oslo_config/cfg.py:2609
2025-08-14 00:37:02.568 136108 DEBUG nova.service [req-ab34bfea-6167-4032-aa76-81ddef3f7ded - - - - -] Join ServiceGroup membership for this service scheduler start /usr/lib/python3/dist-packages/nova/service.py:199
2025-08-14 00:37:02.568 136099 DEBUG oslo_messaging._drivers.amqpdriver [-] Listener is running poll /usr/lib/python3/dist-packages/oslo_messaging/_drivers/amqpdriver.py:343
2025-08-14 00:37:02.568 136106 DEBUG nova.service [req-3871d5c4-2c0f-4767-a69d-92a32c856025 - - - - -] Join ServiceGroup membership for this service scheduler start /usr/lib/python3/dist-packages/nova/service.py:199
2025-08-14 00:37:02.568 134526 DEBUG oslo_service.service [req-1d3e2caa-263a-4188-9543-170b97c33887 - - - - -] compute.max_concurrent_disk_ops = 0 log_opt_values /usr/lib/python3/dist-packages/oslo_config/cfg.py:2609
2025-08-14 00:37:02.568 136108 DEBUG nova.servicegroup.drivers.db [req-ab34bfea-6167-4032-aa76-81ddef3f7ded - - - - -] DB_Driver: join new ServiceGroup member juju-8659d3-0-lxd-7 to the scheduler group, service = join /usr/lib/python3/dist-packages/nova/servicegroup/drivers/db.py:44
2025-08-14 00:37:02.568 136099 DEBUG oslo_messaging._drivers.amqpdriver [-] AMQPListener connection consume poll /usr/lib/python3/dist-packages/oslo_messaging/_drivers/amqpdriver.py:357
2025-08-14 00:37:02.569 136106 DEBUG nova.servicegroup.drivers.db [req-3871d5c4-2c0f-4767-a69d-92a32c856025 - - - - -] DB_Driver: join new ServiceGroup member juju-8659d3-0-lxd-7 to the scheduler group, service = join /usr/lib/python3/dist-packages/nova/servicegroup/drivers/db.py:44
2025-08-14 00:37:02.569 134526 DEBUG oslo_service.service [req-1d3e2caa-263a-4188-9543-170b97c33887 - - - - -] compute.max_disk_devices_to_attach = -1 log_opt_values /usr/lib/python3/dist-packages/oslo_config/cfg.py:2609
2025-08-14 00:37:02.569 134526 DEBUG oslo_service.service [req-1d3e2caa-263a-4188-9543-170b97c33887 - - - - -] compute.packing_host_numa_cells_allocation_strategy = True log_opt_values /usr/lib/python3/dist-packages/oslo_config/cfg.py:2609
2025-08-14 00:37:02.569 136099 DEBUG nova.service [req-73baba84-0b97-4f55-841e-bec5d44b68d8 - - - - -] Join ServiceGroup membership for this service scheduler start /usr/lib/python3/dist-packages/nova/service.py:199
2025-08-14 00:37:02.570 134526 DEBUG oslo_service.service [req-1d3e2caa-263a-4188-9543-170b97c33887 - - - - -] compute.provider_config_location = /etc/nova/provider_config/ log_opt_values /usr/lib/python3/dist-packages/oslo_config/cfg.py:2609
2025-08-14 00:37:02.570 136099 DEBUG nova.servicegroup.drivers.db [req-73baba84-0b97-4f55-841e-bec5d44b68d8 - - - - -] DB_Driver: join new ServiceGroup member juju-8659d3-0-lxd-7 to the scheduler group, service = join /usr/lib/python3/dist-packages/nova/servicegroup/drivers/db.py:44
2025-08-14 00:37:02.570 134526 DEBUG oslo_service.service [req-1d3e2caa-263a-4188-9543-170b97c33887 - - - - -] compute.resource_provider_association_refresh = 300 log_opt_values /usr/lib/python3/dist-packages/oslo_config/cfg.py:2609
2025-08-14 00:37:02.570 134526 DEBUG oslo_service.service [req-1d3e2caa-263a-4188-9543-170b97c33887 - - - - -] compute.shutdown_retry_interval = 10 log_opt_values /usr/lib/python3/dist-packages/oslo_config/cfg.py:2609
2025-08-14 00:37:02.570 134526 DEBUG oslo_service.service [req-1d3e2caa-263a-4188-9543-170b97c33887 - - - - -] compute.vmdk_allowed_types = ['streamOptimized', 'monolithicSparse'] log_opt_values /usr/lib/python3/dist-packages/oslo_config/cfg.py:2609
2025-08-14 00:37:02.571 136106 DEBUG oslo_messaging._drivers.amqpdriver [-] AMQPListener connection timeout poll /usr/lib/python3/dist-packages/oslo_messaging/_drivers/amqpdriver.py:360
2025-08-14 00:37:02.571 136108 DEBUG oslo_messaging._drivers.amqpdriver [-] AMQPListener connection timeout poll /usr/lib/python3/dist-packages/oslo_messaging/_drivers/amqpdriver.py:360
2025-08-14 00:37:02.571 136106 DEBUG oslo_messaging._drivers.amqpdriver [-] Listener is running poll /usr/lib/python3/dist-packages/oslo_messaging/_drivers/amqpdriver.py:343
2025-08-14 00:37:02.571 134526 DEBUG oslo_service.service [req-1d3e2caa-263a-4188-9543-170b97c33887 - - - - -] conductor.workers = 4 log_opt_values /usr/lib/python3/dist-packages/oslo_config/cfg.py:2609
2025-08-14 00:37:02.571 136108 DEBUG oslo_messaging._drivers.amqpdriver [-] Listener is running poll /usr/lib/python3/dist-packages/oslo_messaging/_drivers/amqpdriver.py:343
2025-08-14 00:37:02.571 136106 DEBUG oslo_messaging._drivers.amqpdriver [-] AMQPListener connection consume poll /usr/lib/python3/dist-packages/oslo_messaging/_drivers/amqpdriver.py:357
2025-08-14 00:37:02.571 134526 DEBUG oslo_service.service [req-1d3e2caa-263a-4188-9543-170b97c33887 - - - - -] console.allowed_origins = [] log_opt_values /usr/lib/python3/dist-packages/oslo_config/cfg.py:2609
2025-08-14 00:37:02.572 136108 DEBUG oslo_messaging._drivers.amqpdriver [-] AMQPListener connection consume poll /usr/lib/python3/dist-packages/oslo_messaging/_drivers/amqpdriver.py:357
2025-08-14 00:37:02.573 136099 DEBUG oslo_messaging._drivers.amqpdriver [-] AMQPListener connection timeout poll /usr/lib/python3/dist-packages/oslo_messaging/_drivers/amqpdriver.py:360
2025-08-14 00:37:02.573 136099 DEBUG oslo_messaging._drivers.amqpdriver [-] Listener is running poll /usr/lib/python3/dist-packages/oslo_messaging/_drivers/amqpdriver.py:343
2025-08-14 00:37:02.573 136099 DEBUG oslo_messaging._drivers.amqpdriver [-] AMQPListener connection consume poll /usr/lib/python3/dist-packages/oslo_messaging/_drivers/amqpdriver.py:357
2025-08-14 00:37:02.572 134526 DEBUG oslo_service.service [req-1d3e2caa-263a-4188-9543-170b97c33887 - - - - -] console.ssl_ciphers = None log_opt_values /usr/lib/python3/dist-packages/oslo_config/cfg.py:2609
2025-08-14 00:37:02.573 134526 DEBUG oslo_service.service [req-1d3e2caa-263a-4188-9543-170b97c33887 - - - - -] console.ssl_minimum_version = default log_opt_values /usr/lib/python3/dist-packages/oslo_config/cfg.py:2609
2025-08-14 00:37:02.573 134526 DEBUG oslo_service.service [req-1d3e2caa-263a-4188-9543-170b97c33887 - - - - -] consoleauth.token_ttl = 600 log_opt_values /usr/lib/python3/dist-packages/oslo_config/cfg.py:2609
2025-08-14 00:37:02.574 134526 DEBUG oslo_service.service [req-1d3e2caa-263a-4188-9543-170b97c33887 - - - - -] cyborg.cafile = None log_opt_values /usr/lib/python3/dist-packages/oslo_config/cfg.py:2609
2025-08-14 00:37:02.575 134526 DEBUG oslo_service.service [req-1d3e2caa-263a-4188-9543-170b97c33887 - - - - -] cyborg.certfile = None log_opt_values /usr/lib/python3/dist-packages/oslo_config/cfg.py:2609
2025-08-14 00:37:02.575 134526 DEBUG oslo_service.service [req-1d3e2caa-263a-4188-9543-170b97c33887 - - - - -] cyborg.collect_timing = False log_opt_values /usr/lib/python3/dist-packages/oslo_config/cfg.py:2609
2025-08-14 00:37:02.576 134526 DEBUG oslo_service.service [req-1d3e2caa-263a-4188-9543-170b97c33887 - - - - -] cyborg.connect_retries = None log_opt_values /usr/lib/python3/dist-packages/oslo_config/cfg.py:2609
2025-08-14 00:37:02.576 134526 DEBUG oslo_service.service [req-1d3e2caa-263a-4188-9543-170b97c33887 - - - - -] cyborg.connect_retry_delay = None log_opt_values /usr/lib/python3/dist-packages/oslo_config/cfg.py:2609
2025-08-14 00:37:02.576 134526 DEBUG oslo_service.service [req-1d3e2caa-263a-4188-9543-170b97c33887 - - - - -] cyborg.endpoint_override = None log_opt_values /usr/lib/python3/dist-packages/oslo_config/cfg.py:2609
2025-08-14 00:37:02.576 134526 DEBUG oslo_service.service [req-1d3e2caa-263a-4188-9543-170b97c33887 - - - - -] cyborg.insecure = False log_opt_values /usr/lib/python3/dist-packages/oslo_config/cfg.py:2609
2025-08-14 00:37:02.576 134526 DEBUG oslo_service.service [req-1d3e2caa-263a-4188-9543-170b97c33887 - - - - -] cyborg.keyfile = None log_opt_values /usr/lib/python3/dist-packages/oslo_config/cfg.py:2609
2025-08-14 00:37:02.577 134526 DEBUG oslo_service.service [req-1d3e2caa-263a-4188-9543-170b97c33887 - - - - -] cyborg.max_version = None log_opt_values /usr/lib/python3/dist-packages/oslo_config/cfg.py:2609
2025-08-14 00:37:02.577 134526 DEBUG oslo_service.service [req-1d3e2caa-263a-4188-9543-170b97c33887 - - - - -] cyborg.min_version = None log_opt_values /usr/lib/python3/dist-packages/oslo_config/cfg.py:2609
2025-08-14 00:37:02.577 134526 DEBUG oslo_service.service [req-1d3e2caa-263a-4188-9543-170b97c33887 - - - - -] cyborg.region_name = None log_opt_values /usr/lib/python3/dist-packages/oslo_config/cfg.py:2609
2025-08-14 00:37:02.577 134526 DEBUG oslo_service.service [req-1d3e2caa-263a-4188-9543-170b97c33887 - - - - -] cyborg.service_name = None log_opt_values /usr/lib/python3/dist-packages/oslo_config/cfg.py:2609
2025-08-14 00:37:02.577 134526 DEBUG oslo_service.service [req-1d3e2caa-263a-4188-9543-170b97c33887 - - - - -] cyborg.service_type = accelerator log_opt_values /usr/lib/python3/dist-packages/oslo_config/cfg.py:2609
2025-08-14 00:37:02.578 134526 DEBUG oslo_service.service [req-1d3e2caa-263a-4188-9543-170b97c33887 - - - - -] cyborg.split_loggers = False log_opt_values /usr/lib/python3/dist-packages/oslo_config/cfg.py:2609
2025-08-14 00:37:02.578 134526 DEBUG oslo_service.service [req-1d3e2caa-263a-4188-9543-170b97c33887 - - - - -] cyborg.status_code_retries = None log_opt_values /usr/lib/python3/dist-packages/oslo_config/cfg.py:2609
2025-08-14 00:37:02.578 134526 DEBUG oslo_service.service [req-1d3e2caa-263a-4188-9543-170b97c33887 - - - - -] cyborg.status_code_retry_delay = None log_opt_values /usr/lib/python3/dist-packages/oslo_config/cfg.py:2609
2025-08-14 00:37:02.578 134526 DEBUG oslo_service.service [req-1d3e2caa-263a-4188-9543-170b97c33887 - - - - -] cyborg.timeout = None log_opt_values /usr/lib/python3/dist-packages/oslo_config/cfg.py:2609
2025-08-14 00:37:02.578 134526 DEBUG oslo_service.service [req-1d3e2caa-263a-4188-9543-170b97c33887 - - - - -] cyborg.valid_interfaces = ['internal', 'public'] log_opt_values /usr/lib/python3/dist-packages/oslo_config/cfg.py:2609
2025-08-14 00:37:02.579 134526 DEBUG oslo_service.service [req-1d3e2caa-263a-4188-9543-170b97c33887 - - - - -] cyborg.version = None log_opt_values /usr/lib/python3/dist-packages/oslo_config/cfg.py:2609
2025-08-14 00:37:02.579 134526 DEBUG oslo_service.service [req-1d3e2caa-263a-4188-9543-170b97c33887 - - - - -] database.backend = sqlalchemy log_opt_values /usr/lib/python3/dist-packages/oslo_config/cfg.py:2609
2025-08-14 00:37:02.579 134526 DEBUG oslo_service.service [req-1d3e2caa-263a-4188-9543-170b97c33887 - - - - -] database.connection = **** log_opt_values /usr/lib/python3/dist-packages/oslo_config/cfg.py:2609
2025-08-14 00:37:02.579 134526 DEBUG oslo_service.service [req-1d3e2caa-263a-4188-9543-170b97c33887 - - - - -] database.connection_debug = 0 log_opt_values /usr/lib/python3/dist-packages/oslo_config/cfg.py:2609
2025-08-14 00:37:02.580 134526 DEBUG oslo_service.service [req-1d3e2caa-263a-4188-9543-170b97c33887 - - - - -] database.connection_parameters = log_opt_values /usr/lib/python3/dist-packages/oslo_config/cfg.py:2609
2025-08-14 00:37:02.580 134526 DEBUG oslo_service.service [req-1d3e2caa-263a-4188-9543-170b97c33887 - - - - -] database.connection_recycle_time = 3600 log_opt_values /usr/lib/python3/dist-packages/oslo_config/cfg.py:2609
2025-08-14 00:37:02.580 134526 DEBUG oslo_service.service [req-1d3e2caa-263a-4188-9543-170b97c33887 - - - - -] database.connection_trace = False log_opt_values /usr/lib/python3/dist-packages/oslo_config/cfg.py:2609
2025-08-14 00:37:02.580 134526 DEBUG oslo_service.service [req-1d3e2caa-263a-4188-9543-170b97c33887 - - - - -] database.db_inc_retry_interval = True log_opt_values /usr/lib/python3/dist-packages/oslo_config/cfg.py:2609
2025-08-14 00:37:02.580 134526 DEBUG oslo_service.service [req-1d3e2caa-263a-4188-9543-170b97c33887 - - - - -] database.db_max_retries = 20 log_opt_values /usr/lib/python3/dist-packages/oslo_config/cfg.py:2609
2025-08-14 00:37:02.580 134526 DEBUG oslo_service.service [req-1d3e2caa-263a-4188-9543-170b97c33887 - - - - -] database.db_max_retry_interval = 10 log_opt_values /usr/lib/python3/dist-packages/oslo_config/cfg.py:2609
2025-08-14 00:37:02.581 134526 DEBUG oslo_service.service [req-1d3e2caa-263a-4188-9543-170b97c33887 - - - - -] database.db_retry_interval = 1 log_opt_values /usr/lib/python3/dist-packages/oslo_config/cfg.py:2609
2025-08-14 00:37:02.581 134526 DEBUG oslo_service.service [req-1d3e2caa-263a-4188-9543-170b97c33887 - - - - -] database.max_overflow = 50 log_opt_values /usr/lib/python3/dist-packages/oslo_config/cfg.py:2609
2025-08-14 00:37:02.581 134526 DEBUG oslo_service.service [req-1d3e2caa-263a-4188-9543-170b97c33887 - - - - -] database.max_pool_size = 4 log_opt_values /usr/lib/python3/dist-packages/oslo_config/cfg.py:2609
2025-08-14 00:37:02.581 134526 DEBUG oslo_service.service [req-1d3e2caa-263a-4188-9543-170b97c33887 - - - - -] database.max_retries = 10 log_opt_values /usr/lib/python3/dist-packages/oslo_config/cfg.py:2609
2025-08-14 00:37:02.582 134526 DEBUG oslo_service.service [req-1d3e2caa-263a-4188-9543-170b97c33887 - - - - -] database.mysql_enable_ndb = False log_opt_values /usr/lib/python3/dist-packages/oslo_config/cfg.py:2609
2025-08-14 00:37:02.582 134526 DEBUG oslo_service.service [req-1d3e2caa-263a-4188-9543-170b97c33887 - - - - -] database.mysql_sql_mode = TRADITIONAL log_opt_values /usr/lib/python3/dist-packages/oslo_config/cfg.py:2609
2025-08-14 00:37:02.582 134526 DEBUG oslo_service.service [req-1d3e2caa-263a-4188-9543-170b97c33887 - - - - -] database.pool_timeout = None log_opt_values /usr/lib/python3/dist-packages/oslo_config/cfg.py:2609
2025-08-14 00:37:02.582 134526 DEBUG oslo_service.service [req-1d3e2caa-263a-4188-9543-170b97c33887 - - - - -] database.retry_interval = 10 log_opt_values /usr/lib/python3/dist-packages/oslo_config/cfg.py:2609
2025-08-14 00:37:02.582 134526 DEBUG oslo_service.service [req-1d3e2caa-263a-4188-9543-170b97c33887 - - - - -] database.slave_connection = **** log_opt_values /usr/lib/python3/dist-packages/oslo_config/cfg.py:2609
2025-08-14 00:37:02.583 134526 DEBUG oslo_service.service [req-1d3e2caa-263a-4188-9543-170b97c33887 - - - - -] database.sqlite_synchronous = True log_opt_values /usr/lib/python3/dist-packages/oslo_config/cfg.py:2609
2025-08-14 00:37:02.583 134526 DEBUG oslo_service.service [req-1d3e2caa-263a-4188-9543-170b97c33887 - - - - -] database.use_db_reconnect = False log_opt_values /usr/lib/python3/dist-packages/oslo_config/cfg.py:2609
2025-08-14 00:37:02.583 134526 DEBUG oslo_service.service [req-1d3e2caa-263a-4188-9543-170b97c33887 - - - - -] api_database.backend = sqlalchemy log_opt_values /usr/lib/python3/dist-packages/oslo_config/cfg.py:2609
2025-08-14 00:37:02.583 134526 DEBUG oslo_service.service [req-1d3e2caa-263a-4188-9543-170b97c33887 - - - - -] api_database.connection = **** log_opt_values /usr/lib/python3/dist-packages/oslo_config/cfg.py:2609
2025-08-14 00:37:02.584 134526 DEBUG oslo_service.service [req-1d3e2caa-263a-4188-9543-170b97c33887 - - - - -] api_database.connection_debug = 0 log_opt_values /usr/lib/python3/dist-packages/oslo_config/cfg.py:2609
2025-08-14 00:37:02.584 134526 DEBUG oslo_service.service [req-1d3e2caa-263a-4188-9543-170b97c33887 - - - - -] api_database.connection_parameters = log_opt_values /usr/lib/python3/dist-packages/oslo_config/cfg.py:2609
2025-08-14 00:37:02.584 134526 DEBUG oslo_service.service [req-1d3e2caa-263a-4188-9543-170b97c33887 - - - - -] api_database.connection_recycle_time = 3600 log_opt_values /usr/lib/python3/dist-packages/oslo_config/cfg.py:2609
2025-08-14 00:37:02.584 134526 DEBUG oslo_service.service [req-1d3e2caa-263a-4188-9543-170b97c33887 - - - - -] api_database.connection_trace = False log_opt_values /usr/lib/python3/dist-packages/oslo_config/cfg.py:2609
2025-08-14 00:37:02.585 134526 DEBUG oslo_service.service [req-1d3e2caa-263a-4188-9543-170b97c33887 - - - - -] api_database.db_inc_retry_interval = True log_opt_values /usr/lib/python3/dist-packages/oslo_config/cfg.py:2609
2025-08-14 00:37:02.585 134526 DEBUG oslo_service.service [req-1d3e2caa-263a-4188-9543-170b97c33887 - - - - -] api_database.db_max_retries = 20 log_opt_values /usr/lib/python3/dist-packages/oslo_config/cfg.py:2609
2025-08-14 00:37:02.585 134526 DEBUG oslo_service.service [req-1d3e2caa-263a-4188-9543-170b97c33887 - - - - -] api_database.db_max_retry_interval = 10 log_opt_values /usr/lib/python3/dist-packages/oslo_config/cfg.py:2609
2025-08-14 00:37:02.585 134526 DEBUG oslo_service.service [req-1d3e2caa-263a-4188-9543-170b97c33887 - - - - -] api_database.db_retry_interval = 1 log_opt_values /usr/lib/python3/dist-packages/oslo_config/cfg.py:2609
2025-08-14 00:37:02.585 134526 DEBUG oslo_service.service [req-1d3e2caa-263a-4188-9543-170b97c33887 - - - - -] api_database.max_overflow = 50 log_opt_values /usr/lib/python3/dist-packages/oslo_config/cfg.py:2609
2025-08-14 00:37:02.585 134526 DEBUG oslo_service.service [req-1d3e2caa-263a-4188-9543-170b97c33887 - - - - -] api_database.max_pool_size = 4 log_opt_values /usr/lib/python3/dist-packages/oslo_config/cfg.py:2609
2025-08-14 00:37:02.586 134526 DEBUG oslo_service.service [req-1d3e2caa-263a-4188-9543-170b97c33887 - - - - -] api_database.max_retries = 10 log_opt_values /usr/lib/python3/dist-packages/oslo_config/cfg.py:2609
2025-08-14 00:37:02.586 134526 DEBUG oslo_service.service [req-1d3e2caa-263a-4188-9543-170b97c33887 - - - - -] api_database.mysql_enable_ndb = False log_opt_values /usr/lib/python3/dist-packages/oslo_config/cfg.py:2609
2025-08-14 00:37:02.586 134526 DEBUG oslo_service.service [req-1d3e2caa-263a-4188-9543-170b97c33887 - - - - -] api_database.mysql_sql_mode = TRADITIONAL log_opt_values /usr/lib/python3/dist-packages/oslo_config/cfg.py:2609
2025-08-14 00:37:02.587 134526 DEBUG oslo_service.service [req-1d3e2caa-263a-4188-9543-170b97c33887 - - - - -] api_database.pool_timeout = None log_opt_values /usr/lib/python3/dist-packages/oslo_config/cfg.py:2609
2025-08-14 00:37:02.587 134526 DEBUG oslo_service.service [req-1d3e2caa-263a-4188-9543-170b97c33887 - - - - -] api_database.retry_interval = 10 log_opt_values /usr/lib/python3/dist-packages/oslo_config/cfg.py:2609
2025-08-14 00:37:02.588 134526 DEBUG oslo_service.service [req-1d3e2caa-263a-4188-9543-170b97c33887 - - - - -] api_database.slave_connection = **** log_opt_values /usr/lib/python3/dist-packages/oslo_config/cfg.py:2609
2025-08-14 00:37:02.588 134526 DEBUG oslo_service.service [req-1d3e2caa-263a-4188-9543-170b97c33887 - - - - -] api_database.sqlite_synchronous = True log_opt_values /usr/lib/python3/dist-packages/oslo_config/cfg.py:2609
2025-08-14 00:37:02.588 134526 DEBUG oslo_service.service [req-1d3e2caa-263a-4188-9543-170b97c33887 - - - - -] devices.enabled_mdev_types = [] log_opt_values /usr/lib/python3/dist-packages/oslo_config/cfg.py:2609
2025-08-14 00:37:02.589 134526 DEBUG oslo_service.service [req-1d3e2caa-263a-4188-9543-170b97c33887 - - - - -] ephemeral_storage_encryption.cipher = aes-xts-plain64 log_opt_values /usr/lib/python3/dist-packages/oslo_config/cfg.py:2609
2025-08-14 00:37:02.589 134526 DEBUG oslo_service.service [req-1d3e2caa-263a-4188-9543-170b97c33887 - - - - -] ephemeral_storage_encryption.enabled = False log_opt_values /usr/lib/python3/dist-packages/oslo_config/cfg.py:2609
2025-08-14 00:37:02.589 136105 DEBUG oslo_messaging._drivers.amqpdriver [-] Listener is running poll /usr/lib/python3/dist-packages/oslo_messaging/_drivers/amqpdriver.py:343
2025-08-14 00:37:02.589 134526 DEBUG oslo_service.service [req-1d3e2caa-263a-4188-9543-170b97c33887 - - - - -] ephemeral_storage_encryption.key_size = 512 log_opt_values /usr/lib/python3/dist-packages/oslo_config/cfg.py:2609
2025-08-14 00:37:02.589 136105 DEBUG oslo_messaging._drivers.amqpdriver [-] AMQPListener connection consume poll /usr/lib/python3/dist-packages/oslo_messaging/_drivers/amqpdriver.py:357
2025-08-14 00:37:02.589 134526 WARNING oslo_config.cfg [req-1d3e2caa-263a-4188-9543-170b97c33887 - - - - -] Deprecated: Option "api_servers" from group "glance" is deprecated for removal ( Support for image service configuration via standard keystoneauth1 Adapter options was added in the 17.0.0 Queens release. The api_servers option was retained temporarily to allow consumers time to cut over to a real load balancing solution. ). Its value may be silently ignored in the future.
2025-08-14 00:37:02.590 134526 DEBUG oslo_service.service [req-1d3e2caa-263a-4188-9543-170b97c33887 - - - - -] glance.api_servers = ['http://252.241.239.8:9292'] log_opt_values /usr/lib/python3/dist-packages/oslo_config/cfg.py:2609
2025-08-14 00:37:02.590 134526 DEBUG oslo_service.service [req-1d3e2caa-263a-4188-9543-170b97c33887 - - - - -] glance.cafile = None log_opt_values /usr/lib/python3/dist-packages/oslo_config/cfg.py:2609
2025-08-14 00:37:02.590 136105 DEBUG nova.service [req-e7edb963-d773-4620-a43f-54dc86262909 - - - - -] Join ServiceGroup membership for this service scheduler start /usr/lib/python3/dist-packages/nova/service.py:199
2025-08-14 00:37:02.590 134526 DEBUG oslo_service.service [req-1d3e2caa-263a-4188-9543-170b97c33887 - - - - -] glance.certfile = None log_opt_values /usr/lib/python3/dist-packages/oslo_config/cfg.py:2609
2025-08-14 00:37:02.591 134526 DEBUG oslo_service.service [req-1d3e2caa-263a-4188-9543-170b97c33887 - - - - -] glance.collect_timing = False log_opt_values /usr/lib/python3/dist-packages/oslo_config/cfg.py:2609
2025-08-14 00:37:02.591 134526 DEBUG oslo_service.service [req-1d3e2caa-263a-4188-9543-170b97c33887 - - - - -] glance.connect_retries = None log_opt_values /usr/lib/python3/dist-packages/oslo_config/cfg.py:2609
2025-08-14 00:37:02.591 134526 DEBUG oslo_service.service [req-1d3e2caa-263a-4188-9543-170b97c33887 - - - - -] glance.connect_retry_delay = None log_opt_values /usr/lib/python3/dist-packages/oslo_config/cfg.py:2609
2025-08-14 00:37:02.592 134526 DEBUG oslo_service.service [req-1d3e2caa-263a-4188-9543-170b97c33887 - - - - -] glance.debug = False log_opt_values /usr/lib/python3/dist-packages/oslo_config/cfg.py:2609
2025-08-14 00:37:02.592 134526 DEBUG oslo_service.service [req-1d3e2caa-263a-4188-9543-170b97c33887 - - - - -] glance.default_trusted_certificate_ids = [] log_opt_values /usr/lib/python3/dist-packages/oslo_config/cfg.py:2609
2025-08-14 00:37:02.591 136105 DEBUG nova.servicegroup.drivers.db [req-e7edb963-d773-4620-a43f-54dc86262909 - - - - -] DB_Driver: join new ServiceGroup member juju-8659d3-0-lxd-7 to the scheduler group, service = join /usr/lib/python3/dist-packages/nova/servicegroup/drivers/db.py:44
2025-08-14 00:37:02.592 134526 DEBUG oslo_service.service [req-1d3e2caa-263a-4188-9543-170b97c33887 - - - - -] glance.enable_certificate_validation = False log_opt_values /usr/lib/python3/dist-packages/oslo_config/cfg.py:2609
2025-08-14 00:37:02.592 134526 DEBUG oslo_service.service [req-1d3e2caa-263a-4188-9543-170b97c33887 - - - - -] glance.enable_rbd_download = False log_opt_values /usr/lib/python3/dist-packages/oslo_config/cfg.py:2609
2025-08-14 00:37:02.592 134526 DEBUG oslo_service.service [req-1d3e2caa-263a-4188-9543-170b97c33887 - - - - -] glance.endpoint_override = None log_opt_values /usr/lib/python3/dist-packages/oslo_config/cfg.py:2609
2025-08-14 00:37:02.593 134526 DEBUG oslo_service.service [req-1d3e2caa-263a-4188-9543-170b97c33887 - - - - -] glance.insecure = False log_opt_values /usr/lib/python3/dist-packages/oslo_config/cfg.py:2609
2025-08-14 00:37:02.593 134526 DEBUG oslo_service.service [req-1d3e2caa-263a-4188-9543-170b97c33887 - - - - -] glance.keyfile = None log_opt_values /usr/lib/python3/dist-packages/oslo_config/cfg.py:2609
2025-08-14 00:37:02.593 134526 DEBUG oslo_service.service [req-1d3e2caa-263a-4188-9543-170b97c33887 - - - - -] glance.max_version = None log_opt_values /usr/lib/python3/dist-packages/oslo_config/cfg.py:2609
2025-08-14 00:37:02.593 134526 DEBUG oslo_service.service [req-1d3e2caa-263a-4188-9543-170b97c33887 - - - - -] glance.min_version = None log_opt_values /usr/lib/python3/dist-packages/oslo_config/cfg.py:2609
2025-08-14 00:37:02.593 134526 DEBUG oslo_service.service [req-1d3e2caa-263a-4188-9543-170b97c33887 - - - - -] glance.num_retries = 3 log_opt_values /usr/lib/python3/dist-packages/oslo_config/cfg.py:2609
2025-08-14 00:37:02.593 134526 DEBUG oslo_service.service [req-1d3e2caa-263a-4188-9543-170b97c33887 - - - - -] glance.rbd_ceph_conf = log_opt_values /usr/lib/python3/dist-packages/oslo_config/cfg.py:2609
2025-08-14 00:37:02.594 134526 DEBUG oslo_service.service [req-1d3e2caa-263a-4188-9543-170b97c33887 - - - - -] glance.rbd_connect_timeout = 5 log_opt_values /usr/lib/python3/dist-packages/oslo_config/cfg.py:2609
2025-08-14 00:37:02.594 134526 DEBUG oslo_service.service [req-1d3e2caa-263a-4188-9543-170b97c33887 - - - - -] glance.rbd_pool = log_opt_values /usr/lib/python3/dist-packages/oslo_config/cfg.py:2609
2025-08-14 00:37:02.594 134526 DEBUG oslo_service.service [req-1d3e2caa-263a-4188-9543-170b97c33887 - - - - -] glance.rbd_user = log_opt_values /usr/lib/python3/dist-packages/oslo_config/cfg.py:2609
2025-08-14 00:37:02.594 134526 DEBUG oslo_service.service [req-1d3e2caa-263a-4188-9543-170b97c33887 - - - - -] glance.region_name = None log_opt_values /usr/lib/python3/dist-packages/oslo_config/cfg.py:2609
2025-08-14 00:37:02.594 134526 DEBUG oslo_service.service [req-1d3e2caa-263a-4188-9543-170b97c33887 - - - - -] glance.service_name = None log_opt_values /usr/lib/python3/dist-packages/oslo_config/cfg.py:2609
2025-08-14 00:37:02.594 134526 DEBUG oslo_service.service [req-1d3e2caa-263a-4188-9543-170b97c33887 - - - - -] glance.service_type = image log_opt_values /usr/lib/python3/dist-packages/oslo_config/cfg.py:2609
2025-08-14 00:37:02.595 134526 DEBUG oslo_service.service [req-1d3e2caa-263a-4188-9543-170b97c33887 - - - - -] glance.split_loggers = False log_opt_values /usr/lib/python3/dist-packages/oslo_config/cfg.py:2609
2025-08-14 00:37:02.595 134526 DEBUG oslo_service.service [req-1d3e2caa-263a-4188-9543-170b97c33887 - - - - -] glance.status_code_retries = None log_opt_values /usr/lib/python3/dist-packages/oslo_config/cfg.py:2609
2025-08-14 00:37:02.595 134526 DEBUG oslo_service.service [req-1d3e2caa-263a-4188-9543-170b97c33887 - - - - -] glance.status_code_retry_delay = None log_opt_values /usr/lib/python3/dist-packages/oslo_config/cfg.py:2609
2025-08-14 00:37:02.595 134526 DEBUG oslo_service.service [req-1d3e2caa-263a-4188-9543-170b97c33887 - - - - -] glance.timeout = None log_opt_values /usr/lib/python3/dist-packages/oslo_config/cfg.py:2609
2025-08-14 00:37:02.595 134526 DEBUG oslo_service.service [req-1d3e2caa-263a-4188-9543-170b97c33887 - - - - -] glance.valid_interfaces = ['internal', 'public'] log_opt_values /usr/lib/python3/dist-packages/oslo_config/cfg.py:2609
2025-08-14 00:37:02.595 134526 DEBUG oslo_service.service [req-1d3e2caa-263a-4188-9543-170b97c33887 - - - - -] glance.verify_glance_signatures = False log_opt_values /usr/lib/python3/dist-packages/oslo_config/cfg.py:2609
2025-08-14 00:37:02.596 134526 DEBUG oslo_service.service [req-1d3e2caa-263a-4188-9543-170b97c33887 - - - - -] glance.version = None log_opt_values /usr/lib/python3/dist-packages/oslo_config/cfg.py:2609
2025-08-14 00:37:02.595 136105 DEBUG oslo_messaging._drivers.amqpdriver [-] AMQPListener connection timeout poll /usr/lib/python3/dist-packages/oslo_messaging/_drivers/amqpdriver.py:360
2025-08-14 00:37:02.596 134526 DEBUG oslo_service.service [req-1d3e2caa-263a-4188-9543-170b97c33887 - - - - -] guestfs.debug = False log_opt_values /usr/lib/python3/dist-packages/oslo_config/cfg.py:2609
2025-08-14 00:37:02.596 136105 DEBUG oslo_messaging._drivers.amqpdriver [-] Listener is running poll /usr/lib/python3/dist-packages/oslo_messaging/_drivers/amqpdriver.py:343
2025-08-14 00:37:02.596 134526 DEBUG oslo_service.service [req-1d3e2caa-263a-4188-9543-170b97c33887 - - - - -] hyperv.config_drive_cdrom = False log_opt_values /usr/lib/python3/dist-packages/oslo_config/cfg.py:2609
2025-08-14 00:37:02.596 134526 DEBUG oslo_service.service [req-1d3e2caa-263a-4188-9543-170b97c33887 - - - - -] hyperv.config_drive_inject_password = False log_opt_values /usr/lib/python3/dist-packages/oslo_config/cfg.py:2609
2025-08-14 00:37:02.596 136105 DEBUG oslo_messaging._drivers.amqpdriver [-] AMQPListener connection consume poll /usr/lib/python3/dist-packages/oslo_messaging/_drivers/amqpdriver.py:357
2025-08-14 00:37:02.596 134526 DEBUG oslo_service.service [req-1d3e2caa-263a-4188-9543-170b97c33887 - - - - -] hyperv.dynamic_memory_ratio = 1.0 log_opt_values /usr/lib/python3/dist-packages/oslo_config/cfg.py:2609
2025-08-14 00:37:02.596 134526 DEBUG oslo_service.service [req-1d3e2caa-263a-4188-9543-170b97c33887 - - - - -] hyperv.enable_instance_metrics_collection = False log_opt_values /usr/lib/python3/dist-packages/oslo_config/cfg.py:2609
2025-08-14 00:37:02.597 134526 DEBUG oslo_service.service [req-1d3e2caa-263a-4188-9543-170b97c33887 - - - - -] hyperv.enable_remotefx = False log_opt_values /usr/lib/python3/dist-packages/oslo_config/cfg.py:2609
2025-08-14 00:37:02.597 134526 DEBUG oslo_service.service [req-1d3e2caa-263a-4188-9543-170b97c33887 - - - - -] hyperv.instances_path_share = log_opt_values /usr/lib/python3/dist-packages/oslo_config/cfg.py:2609
2025-08-14 00:37:02.597 134526 DEBUG oslo_service.service [req-1d3e2caa-263a-4188-9543-170b97c33887 - - - - -] hyperv.iscsi_initiator_list = [] log_opt_values /usr/lib/python3/dist-packages/oslo_config/cfg.py:2609
2025-08-14 00:37:02.597 134526 DEBUG oslo_service.service [req-1d3e2caa-263a-4188-9543-170b97c33887 - - - - -] hyperv.limit_cpu_features = False log_opt_values /usr/lib/python3/dist-packages/oslo_config/cfg.py:2609
2025-08-14 00:37:02.597 134526 DEBUG oslo_service.service [req-1d3e2caa-263a-4188-9543-170b97c33887 - - - - -] hyperv.mounted_disk_query_retry_count = 10 log_opt_values /usr/lib/python3/dist-packages/oslo_config/cfg.py:2609
2025-08-14 00:37:02.597 134526 DEBUG oslo_service.service [req-1d3e2caa-263a-4188-9543-170b97c33887 - - - - -] hyperv.mounted_disk_query_retry_interval = 5 log_opt_values /usr/lib/python3/dist-packages/oslo_config/cfg.py:2609
2025-08-14 00:37:02.598 134526 DEBUG oslo_service.service [req-1d3e2caa-263a-4188-9543-170b97c33887 - - - - -] hyperv.power_state_check_timeframe = 60 log_opt_values /usr/lib/python3/dist-packages/oslo_config/cfg.py:2609
2025-08-14 00:37:02.598 134526 DEBUG oslo_service.service [req-1d3e2caa-263a-4188-9543-170b97c33887 - - - - -] hyperv.power_state_event_polling_interval = 2 log_opt_values /usr/lib/python3/dist-packages/oslo_config/cfg.py:2609
2025-08-14 00:37:02.598 134526 DEBUG oslo_service.service [req-1d3e2caa-263a-4188-9543-170b97c33887 - - - - -] hyperv.qemu_img_cmd = qemu-img.exe log_opt_values /usr/lib/python3/dist-packages/oslo_config/cfg.py:2609
2025-08-14 00:37:02.598 134526 DEBUG oslo_service.service [req-1d3e2caa-263a-4188-9543-170b97c33887 - - - - -] hyperv.use_multipath_io = False log_opt_values /usr/lib/python3/dist-packages/oslo_config/cfg.py:2609
2025-08-14 00:37:02.598 134526 DEBUG oslo_service.service [req-1d3e2caa-263a-4188-9543-170b97c33887 - - - - -] hyperv.volume_attach_retry_count = 10 log_opt_values /usr/lib/python3/dist-packages/oslo_config/cfg.py:2609
2025-08-14 00:37:02.598 134526 DEBUG oslo_service.service [req-1d3e2caa-263a-4188-9543-170b97c33887 - - - - -] hyperv.volume_attach_retry_interval = 5 log_opt_values /usr/lib/python3/dist-packages/oslo_config/cfg.py:2609
2025-08-14 00:37:02.599 134526 DEBUG oslo_service.service [req-1d3e2caa-263a-4188-9543-170b97c33887 - - - - -] hyperv.vswitch_name = None log_opt_values /usr/lib/python3/dist-packages/oslo_config/cfg.py:2609
2025-08-14 00:37:02.599 134526 DEBUG oslo_service.service [req-1d3e2caa-263a-4188-9543-170b97c33887 - - - - -] hyperv.wait_soft_reboot_seconds = 60 log_opt_values /usr/lib/python3/dist-packages/oslo_config/cfg.py:2609
2025-08-14 00:37:02.599 134526 DEBUG oslo_service.service [req-1d3e2caa-263a-4188-9543-170b97c33887 - - - - -] mks.enabled = False log_opt_values /usr/lib/python3/dist-packages/oslo_config/cfg.py:2609
2025-08-14 00:37:02.599 134526 DEBUG oslo_service.service [req-1d3e2caa-263a-4188-9543-170b97c33887 - - - - -] mks.mksproxy_base_url = http://127.0.0.1:6090/ log_opt_values /usr/lib/python3/dist-packages/oslo_config/cfg.py:2609
2025-08-14 00:37:02.600 134526 DEBUG oslo_service.service [req-1d3e2caa-263a-4188-9543-170b97c33887 - - - - -] image_cache.manager_interval = 2400 log_opt_values /usr/lib/python3/dist-packages/oslo_config/cfg.py:2609
2025-08-14 00:37:02.600 134526 DEBUG oslo_service.service [req-1d3e2caa-263a-4188-9543-170b97c33887 - - - - -] image_cache.precache_concurrency = 1 log_opt_values /usr/lib/python3/dist-packages/oslo_config/cfg.py:2609
2025-08-14 00:37:02.600 134526 DEBUG oslo_service.service [req-1d3e2caa-263a-4188-9543-170b97c33887 - - - - -] image_cache.remove_unused_base_images = True log_opt_values /usr/lib/python3/dist-packages/oslo_config/cfg.py:2609
2025-08-14 00:37:02.600 134526 DEBUG oslo_service.service [req-1d3e2caa-263a-4188-9543-170b97c33887 - - - - -] image_cache.remove_unused_original_minimum_age_seconds = 86400 log_opt_values /usr/lib/python3/dist-packages/oslo_config/cfg.py:2609
2025-08-14 00:37:02.600 134526 DEBUG oslo_service.service [req-1d3e2caa-263a-4188-9543-170b97c33887 - - - - -] image_cache.remove_unused_resized_minimum_age_seconds = 3600 log_opt_values /usr/lib/python3/dist-packages/oslo_config/cfg.py:2609
2025-08-14 00:37:02.601 134526 DEBUG oslo_service.service [req-1d3e2caa-263a-4188-9543-170b97c33887 - - - - -] image_cache.subdirectory_name = _base log_opt_values /usr/lib/python3/dist-packages/oslo_config/cfg.py:2609
2025-08-14 00:37:02.601 134526 DEBUG oslo_service.service [req-1d3e2caa-263a-4188-9543-170b97c33887 - - - - -] ironic.api_max_retries = 60 log_opt_values /usr/lib/python3/dist-packages/oslo_config/cfg.py:2609
2025-08-14 00:37:02.601 134526 DEBUG oslo_service.service [req-1d3e2caa-263a-4188-9543-170b97c33887 - - - - -] ironic.api_retry_interval = 2 log_opt_values /usr/lib/python3/dist-packages/oslo_config/cfg.py:2609
2025-08-14 00:37:02.601 134526 DEBUG oslo_service.service [req-1d3e2caa-263a-4188-9543-170b97c33887 - - - - -] ironic.auth_section = None log_opt_values /usr/lib/python3/dist-packages/oslo_config/cfg.py:2609
2025-08-14 00:37:02.601 134526 DEBUG oslo_service.service [req-1d3e2caa-263a-4188-9543-170b97c33887 - - - - -] ironic.auth_type = None log_opt_values /usr/lib/python3/dist-packages/oslo_config/cfg.py:2609
2025-08-14 00:37:02.602 134526 DEBUG oslo_service.service [req-1d3e2caa-263a-4188-9543-170b97c33887 - - - - -] ironic.cafile = None log_opt_values /usr/lib/python3/dist-packages/oslo_config/cfg.py:2609
2025-08-14 00:37:02.602 134526 DEBUG oslo_service.service [req-1d3e2caa-263a-4188-9543-170b97c33887 - - - - -] ironic.certfile = None log_opt_values /usr/lib/python3/dist-packages/oslo_config/cfg.py:2609
2025-08-14 00:37:02.602 134526 DEBUG oslo_service.service [req-1d3e2caa-263a-4188-9543-170b97c33887 - - - - -] ironic.collect_timing = False log_opt_values /usr/lib/python3/dist-packages/oslo_config/cfg.py:2609
2025-08-14 00:37:02.602 134526 DEBUG oslo_service.service [req-1d3e2caa-263a-4188-9543-170b97c33887 - - - - -] ironic.connect_retries = None log_opt_values /usr/lib/python3/dist-packages/oslo_config/cfg.py:2609
2025-08-14 00:37:02.602 134526 DEBUG oslo_service.service [req-1d3e2caa-263a-4188-9543-170b97c33887 - - - - -] ironic.connect_retry_delay = None log_opt_values /usr/lib/python3/dist-packages/oslo_config/cfg.py:2609
2025-08-14 00:37:02.603 134526 DEBUG oslo_service.service [req-1d3e2caa-263a-4188-9543-170b97c33887 - - - - -] ironic.endpoint_override = None log_opt_values /usr/lib/python3/dist-packages/oslo_config/cfg.py:2609
2025-08-14 00:37:02.603 134526 DEBUG oslo_service.service [req-1d3e2caa-263a-4188-9543-170b97c33887 - - - - -] ironic.insecure = False log_opt_values /usr/lib/python3/dist-packages/oslo_config/cfg.py:2609
2025-08-14 00:37:02.603 134526 DEBUG oslo_service.service [req-1d3e2caa-263a-4188-9543-170b97c33887 - - - - -] ironic.keyfile = None log_opt_values /usr/lib/python3/dist-packages/oslo_config/cfg.py:2609
2025-08-14 00:37:02.603 134526 DEBUG oslo_service.service [req-1d3e2caa-263a-4188-9543-170b97c33887 - - - - -] ironic.max_version = None log_opt_values /usr/lib/python3/dist-packages/oslo_config/cfg.py:2609
2025-08-14 00:37:02.603 134526 DEBUG oslo_service.service [req-1d3e2caa-263a-4188-9543-170b97c33887 - - - - -] ironic.min_version = None log_opt_values /usr/lib/python3/dist-packages/oslo_config/cfg.py:2609
2025-08-14 00:37:02.603 134526 DEBUG oslo_service.service [req-1d3e2caa-263a-4188-9543-170b97c33887 - - - - -] ironic.partition_key = None log_opt_values /usr/lib/python3/dist-packages/oslo_config/cfg.py:2609
2025-08-14 00:37:02.604 134526 DEBUG oslo_service.service [req-1d3e2caa-263a-4188-9543-170b97c33887 - - - - -] ironic.peer_list = [] log_opt_values /usr/lib/python3/dist-packages/oslo_config/cfg.py:2609
2025-08-14 00:37:02.604 134526 DEBUG oslo_service.service [req-1d3e2caa-263a-4188-9543-170b97c33887 - - - - -] ironic.region_name = None log_opt_values /usr/lib/python3/dist-packages/oslo_config/cfg.py:2609
2025-08-14 00:37:02.604 134526 DEBUG oslo_service.service [req-1d3e2caa-263a-4188-9543-170b97c33887 - - - - -] ironic.serial_console_state_timeout = 10 log_opt_values /usr/lib/python3/dist-packages/oslo_config/cfg.py:2609
2025-08-14 00:37:02.604 134526 DEBUG oslo_service.service [req-1d3e2caa-263a-4188-9543-170b97c33887 - - - - -] ironic.service_name = None log_opt_values /usr/lib/python3/dist-packages/oslo_config/cfg.py:2609
2025-08-14 00:37:02.604 134526 DEBUG oslo_service.service [req-1d3e2caa-263a-4188-9543-170b97c33887 - - - - -] ironic.service_type = baremetal log_opt_values /usr/lib/python3/dist-packages/oslo_config/cfg.py:2609
2025-08-14 00:37:02.604 134526 DEBUG oslo_service.service [req-1d3e2caa-263a-4188-9543-170b97c33887 - - - - -] ironic.split_loggers = False log_opt_values /usr/lib/python3/dist-packages/oslo_config/cfg.py:2609
2025-08-14 00:37:02.605 134526 DEBUG oslo_service.service [req-1d3e2caa-263a-4188-9543-170b97c33887 - - - - -] ironic.status_code_retries = None log_opt_values /usr/lib/python3/dist-packages/oslo_config/cfg.py:2609
2025-08-14 00:37:02.605 134526 DEBUG oslo_service.service [req-1d3e2caa-263a-4188-9543-170b97c33887 - - - - -] ironic.status_code_retry_delay = None log_opt_values /usr/lib/python3/dist-packages/oslo_config/cfg.py:2609
2025-08-14 00:37:02.605 134526 DEBUG oslo_service.service [req-1d3e2caa-263a-4188-9543-170b97c33887 - - - - -] ironic.timeout = None log_opt_values /usr/lib/python3/dist-packages/oslo_config/cfg.py:2609
2025-08-14 00:37:02.605 134526 DEBUG oslo_service.service [req-1d3e2caa-263a-4188-9543-170b97c33887 - - - - -] ironic.valid_interfaces = ['internal', 'public'] log_opt_values /usr/lib/python3/dist-packages/oslo_config/cfg.py:2609
2025-08-14 00:37:02.605 134526 DEBUG oslo_service.service [req-1d3e2caa-263a-4188-9543-170b97c33887 - - - - -] ironic.version = None log_opt_values /usr/lib/python3/dist-packages/oslo_config/cfg.py:2609
2025-08-14 00:37:02.605 134526 DEBUG oslo_service.service [req-1d3e2caa-263a-4188-9543-170b97c33887 - - - - -] key_manager.backend = barbican log_opt_values /usr/lib/python3/dist-packages/oslo_config/cfg.py:2609
2025-08-14 00:37:02.606 134526 DEBUG oslo_service.service [req-1d3e2caa-263a-4188-9543-170b97c33887 - - - - -] key_manager.fixed_key = **** log_opt_values /usr/lib/python3/dist-packages/oslo_config/cfg.py:2609
2025-08-14 00:37:02.606 134526 DEBUG oslo_service.service [req-1d3e2caa-263a-4188-9543-170b97c33887 - - - - -] barbican.auth_endpoint = http://localhost/identity/v3 log_opt_values /usr/lib/python3/dist-packages/oslo_config/cfg.py:2609
2025-08-14 00:37:02.606 134526 DEBUG oslo_service.service [req-1d3e2caa-263a-4188-9543-170b97c33887 - - - - -] barbican.barbican_api_version = None log_opt_values /usr/lib/python3/dist-packages/oslo_config/cfg.py:2609
2025-08-14 00:37:02.606 134526 DEBUG oslo_service.service [req-1d3e2caa-263a-4188-9543-170b97c33887 - - - - -] barbican.barbican_endpoint = None log_opt_values /usr/lib/python3/dist-packages/oslo_config/cfg.py:2609
2025-08-14 00:37:02.606 134526 DEBUG oslo_service.service [req-1d3e2caa-263a-4188-9543-170b97c33887 - - - - -] barbican.barbican_endpoint_type = public log_opt_values /usr/lib/python3/dist-packages/oslo_config/cfg.py:2609
2025-08-14 00:37:02.607 134526 DEBUG oslo_service.service [req-1d3e2caa-263a-4188-9543-170b97c33887 - - - - -] barbican.barbican_region_name = None log_opt_values /usr/lib/python3/dist-packages/oslo_config/cfg.py:2609
2025-08-14 00:37:02.607 134526 DEBUG oslo_service.service [req-1d3e2caa-263a-4188-9543-170b97c33887 - - - - -] barbican.cafile = None log_opt_values /usr/lib/python3/dist-packages/oslo_config/cfg.py:2609
2025-08-14 00:37:02.607 134526 DEBUG oslo_service.service [req-1d3e2caa-263a-4188-9543-170b97c33887 - - - - -] barbican.certfile = None log_opt_values /usr/lib/python3/dist-packages/oslo_config/cfg.py:2609
2025-08-14 00:37:02.607 134526 DEBUG oslo_service.service [req-1d3e2caa-263a-4188-9543-170b97c33887 - - - - -] barbican.collect_timing = False log_opt_values /usr/lib/python3/dist-packages/oslo_config/cfg.py:2609
2025-08-14 00:37:02.607 134526 DEBUG oslo_service.service [req-1d3e2caa-263a-4188-9543-170b97c33887 - - - - -] barbican.insecure = False log_opt_values /usr/lib/python3/dist-packages/oslo_config/cfg.py:2609
2025-08-14 00:37:02.607 134526 DEBUG oslo_service.service [req-1d3e2caa-263a-4188-9543-170b97c33887 - - - - -] barbican.keyfile = None log_opt_values /usr/lib/python3/dist-packages/oslo_config/cfg.py:2609
2025-08-14 00:37:02.608 134526 DEBUG oslo_service.service [req-1d3e2caa-263a-4188-9543-170b97c33887 - - - - -] barbican.number_of_retries = 60 log_opt_values /usr/lib/python3/dist-packages/oslo_config/cfg.py:2609
2025-08-14 00:37:02.608 134526 DEBUG oslo_service.service [req-1d3e2caa-263a-4188-9543-170b97c33887 - - - - -] barbican.retry_delay = 1 log_opt_values /usr/lib/python3/dist-packages/oslo_config/cfg.py:2609
2025-08-14 00:37:02.608 134526 DEBUG oslo_service.service [req-1d3e2caa-263a-4188-9543-170b97c33887 - - - - -] barbican.send_service_user_token = False log_opt_values /usr/lib/python3/dist-packages/oslo_config/cfg.py:2609
2025-08-14 00:37:02.608 134526 DEBUG oslo_service.service [req-1d3e2caa-263a-4188-9543-170b97c33887 - - - - -] barbican.split_loggers = False log_opt_values /usr/lib/python3/dist-packages/oslo_config/cfg.py:2609
2025-08-14 00:37:02.608 134526 DEBUG oslo_service.service [req-1d3e2caa-263a-4188-9543-170b97c33887 - - - - -] barbican.timeout = None log_opt_values /usr/lib/python3/dist-packages/oslo_config/cfg.py:2609
2025-08-14 00:37:02.608 134526 DEBUG oslo_service.service [req-1d3e2caa-263a-4188-9543-170b97c33887 - - - - -] barbican.verify_ssl = True log_opt_values /usr/lib/python3/dist-packages/oslo_config/cfg.py:2609
2025-08-14 00:37:02.609 134526 DEBUG oslo_service.service [req-1d3e2caa-263a-4188-9543-170b97c33887 - - - - -] barbican.verify_ssl_path = None log_opt_values /usr/lib/python3/dist-packages/oslo_config/cfg.py:2609
2025-08-14 00:37:02.609 134526 DEBUG oslo_service.service [req-1d3e2caa-263a-4188-9543-170b97c33887 - - - - -] barbican_service_user.auth_section = None log_opt_values /usr/lib/python3/dist-packages/oslo_config/cfg.py:2609
2025-08-14 00:37:02.609 134526 DEBUG oslo_service.service [req-1d3e2caa-263a-4188-9543-170b97c33887 - - - - -] barbican_service_user.auth_type = None log_opt_values /usr/lib/python3/dist-packages/oslo_config/cfg.py:2609
2025-08-14 00:37:02.609 134526 DEBUG oslo_service.service [req-1d3e2caa-263a-4188-9543-170b97c33887 - - - - -] barbican_service_user.cafile = None log_opt_values /usr/lib/python3/dist-packages/oslo_config/cfg.py:2609
2025-08-14 00:37:02.609 134526 DEBUG oslo_service.service [req-1d3e2caa-263a-4188-9543-170b97c33887 - - - - -] barbican_service_user.certfile = None log_opt_values /usr/lib/python3/dist-packages/oslo_config/cfg.py:2609
2025-08-14 00:37:02.609 134526 DEBUG oslo_service.service [req-1d3e2caa-263a-4188-9543-170b97c33887 - - - - -] barbican_service_user.collect_timing = False log_opt_values /usr/lib/python3/dist-packages/oslo_config/cfg.py:2609
2025-08-14 00:37:02.610 134526 DEBUG oslo_service.service [req-1d3e2caa-263a-4188-9543-170b97c33887 - - - - -] barbican_service_user.insecure = False log_opt_values /usr/lib/python3/dist-packages/oslo_config/cfg.py:2609
2025-08-14 00:37:02.610 134526 DEBUG oslo_service.service [req-1d3e2caa-263a-4188-9543-170b97c33887 - - - - -] barbican_service_user.keyfile = None log_opt_values /usr/lib/python3/dist-packages/oslo_config/cfg.py:2609
2025-08-14 00:37:02.610 134526 DEBUG oslo_service.service [req-1d3e2caa-263a-4188-9543-170b97c33887 - - - - -] barbican_service_user.split_loggers = False log_opt_values /usr/lib/python3/dist-packages/oslo_config/cfg.py:2609
2025-08-14 00:37:02.610 134526 DEBUG oslo_service.service [req-1d3e2caa-263a-4188-9543-170b97c33887 - - - - -] barbican_service_user.timeout = None log_opt_values /usr/lib/python3/dist-packages/oslo_config/cfg.py:2609
2025-08-14 00:37:02.610 134526 DEBUG oslo_service.service [req-1d3e2caa-263a-4188-9543-170b97c33887 - - - - -] vault.approle_role_id = None log_opt_values /usr/lib/python3/dist-packages/oslo_config/cfg.py:2609
2025-08-14 00:37:02.610 134526 DEBUG oslo_service.service [req-1d3e2caa-263a-4188-9543-170b97c33887 - - - - -] vault.approle_secret_id = None log_opt_values /usr/lib/python3/dist-packages/oslo_config/cfg.py:2609
2025-08-14 00:37:02.611 134526 DEBUG oslo_service.service [req-1d3e2caa-263a-4188-9543-170b97c33887 - - - - -] vault.cafile = None log_opt_values /usr/lib/python3/dist-packages/oslo_config/cfg.py:2609
2025-08-14 00:37:02.611 134526 DEBUG oslo_service.service [req-1d3e2caa-263a-4188-9543-170b97c33887 - - - - -] vault.certfile = None log_opt_values /usr/lib/python3/dist-packages/oslo_config/cfg.py:2609
2025-08-14 00:37:02.611 134526 DEBUG oslo_service.service [req-1d3e2caa-263a-4188-9543-170b97c33887 - - - - -] vault.collect_timing = False log_opt_values /usr/lib/python3/dist-packages/oslo_config/cfg.py:2609
2025-08-14 00:37:02.611 134526 DEBUG oslo_service.service [req-1d3e2caa-263a-4188-9543-170b97c33887 - - - - -] vault.insecure = False log_opt_values /usr/lib/python3/dist-packages/oslo_config/cfg.py:2609
2025-08-14 00:37:02.611 134526 DEBUG oslo_service.service [req-1d3e2caa-263a-4188-9543-170b97c33887 - - - - -] vault.keyfile = None log_opt_values /usr/lib/python3/dist-packages/oslo_config/cfg.py:2609
2025-08-14 00:37:02.611 134526 DEBUG oslo_service.service [req-1d3e2caa-263a-4188-9543-170b97c33887 - - - - -] vault.kv_mountpoint = secret log_opt_values /usr/lib/python3/dist-packages/oslo_config/cfg.py:2609
2025-08-14 00:37:02.612 134526 DEBUG oslo_service.service [req-1d3e2caa-263a-4188-9543-170b97c33887 - - - - -] vault.kv_version = 2 log_opt_values /usr/lib/python3/dist-packages/oslo_config/cfg.py:2609
2025-08-14 00:37:02.612 134526 DEBUG oslo_service.service [req-1d3e2caa-263a-4188-9543-170b97c33887 - - - - -] vault.namespace = None log_opt_values /usr/lib/python3/dist-packages/oslo_config/cfg.py:2609
2025-08-14 00:37:02.612 134526 DEBUG oslo_service.service [req-1d3e2caa-263a-4188-9543-170b97c33887 - - - - -] vault.root_token_id = None log_opt_values /usr/lib/python3/dist-packages/oslo_config/cfg.py:2609
2025-08-14 00:37:02.612 134526 DEBUG oslo_service.service [req-1d3e2caa-263a-4188-9543-170b97c33887 - - - - -] vault.split_loggers = False log_opt_values /usr/lib/python3/dist-packages/oslo_config/cfg.py:2609
2025-08-14 00:37:02.612 134526 DEBUG oslo_service.service [req-1d3e2caa-263a-4188-9543-170b97c33887 - - - - -] vault.ssl_ca_crt_file = None log_opt_values /usr/lib/python3/dist-packages/oslo_config/cfg.py:2609
2025-08-14 00:37:02.613 134526 DEBUG oslo_service.service [req-1d3e2caa-263a-4188-9543-170b97c33887 - - - - -] vault.timeout = None log_opt_values /usr/lib/python3/dist-packages/oslo_config/cfg.py:2609
