2025-08-14 00:39:09.391 164450 DEBUG oslo_service.service [req-028dcf92-cdaa-4792-8ef9-f78482fb7c13 - - - - -] volume_usage_poll_interval = 0 log_opt_values /usr/lib/python3/dist-packages/oslo_config/cfg.py:2602
2025-08-14 00:39:09.392 164450 DEBUG oslo_service.service [req-028dcf92-cdaa-4792-8ef9-f78482fb7c13 - - - - -] watch_log_file = False log_opt_values /usr/lib/python3/dist-packages/oslo_config/cfg.py:2602
2025-08-14 00:39:09.392 164450 DEBUG oslo_service.service [req-028dcf92-cdaa-4792-8ef9-f78482fb7c13 - - - - -] web = /usr/share/spice-html5 log_opt_values /usr/lib/python3/dist-packages/oslo_config/cfg.py:2602
2025-08-14 00:39:09.392 164450 DEBUG oslo_service.service [req-028dcf92-cdaa-4792-8ef9-f78482fb7c13 - - - - -] oslo_concurrency.disable_process_locking = False log_opt_values /usr/lib/python3/dist-packages/oslo_config/cfg.py:2609
2025-08-14 00:39:09.392 164450 DEBUG oslo_service.service [req-028dcf92-cdaa-4792-8ef9-f78482fb7c13 - - - - -] oslo_concurrency.lock_path = /var/lock/nova log_opt_values /usr/lib/python3/dist-packages/oslo_config/cfg.py:2609
2025-08-14 00:39:09.392 164450 DEBUG oslo_service.service [req-028dcf92-cdaa-4792-8ef9-f78482fb7c13 - - - - -] oslo_messaging_metrics.metrics_buffer_size = 1000 log_opt_values /usr/lib/python3/dist-packages/oslo_config/cfg.py:2609
2025-08-14 00:39:09.393 164450 DEBUG oslo_service.service [req-028dcf92-cdaa-4792-8ef9-f78482fb7c13 - - - - -] oslo_messaging_metrics.metrics_enabled = False log_opt_values /usr/lib/python3/dist-packages/oslo_config/cfg.py:2609
2025-08-14 00:39:09.393 164450 DEBUG oslo_service.service [req-028dcf92-cdaa-4792-8ef9-f78482fb7c13 - - - - -] oslo_messaging_metrics.metrics_process_name = log_opt_values /usr/lib/python3/dist-packages/oslo_config/cfg.py:2609
2025-08-14 00:39:09.393 164450 DEBUG oslo_service.service [req-028dcf92-cdaa-4792-8ef9-f78482fb7c13 - - - - -] oslo_messaging_metrics.metrics_socket_file = /var/tmp/metrics_collector.sock log_opt_values /usr/lib/python3/dist-packages/oslo_config/cfg.py:2609
2025-08-14 00:39:09.393 164450 DEBUG oslo_service.service [req-028dcf92-cdaa-4792-8ef9-f78482fb7c13 - - - - -] oslo_messaging_metrics.metrics_thread_stop_timeout = 10 log_opt_values /usr/lib/python3/dist-packages/oslo_config/cfg.py:2609
2025-08-14 00:39:09.393 164450 WARNING oslo_config.cfg [req-028dcf92-cdaa-4792-8ef9-f78482fb7c13 - - - - -] Deprecated: Option "auth_strategy" from group "api" is deprecated for removal ( The only non-default choice, ``noauth2``, is for internal development and testing purposes only and should not be used in deployments. This option and its middleware, NoAuthMiddleware[V2_18], will be removed in a future release. ). Its value may be silently ignored in the future.
2025-08-14 00:39:09.394 164450 DEBUG oslo_service.service [req-028dcf92-cdaa-4792-8ef9-f78482fb7c13 - - - - -] api.auth_strategy = keystone log_opt_values /usr/lib/python3/dist-packages/oslo_config/cfg.py:2609
2025-08-14 00:39:09.394 164450 DEBUG oslo_service.service [req-028dcf92-cdaa-4792-8ef9-f78482fb7c13 - - - - -] api.compute_link_prefix = None log_opt_values /usr/lib/python3/dist-packages/oslo_config/cfg.py:2609
2025-08-14 00:39:09.394 164450 DEBUG oslo_service.service [req-028dcf92-cdaa-4792-8ef9-f78482fb7c13 - - - - -] api.config_drive_skip_versions = 1.0 2007-01-19 2007-03-01 2007-08-29 2007-10-10 2007-12-15 2008-02-01 2008-09-01 log_opt_values /usr/lib/python3/dist-packages/oslo_config/cfg.py:2609
2025-08-14 00:39:09.394 164450 DEBUG oslo_service.service [req-028dcf92-cdaa-4792-8ef9-f78482fb7c13 - - - - -] api.dhcp_domain = novalocal log_opt_values /usr/lib/python3/dist-packages/oslo_config/cfg.py:2609
2025-08-14 00:39:09.395 164450 DEBUG oslo_service.service [req-028dcf92-cdaa-4792-8ef9-f78482fb7c13 - - - - -] api.enable_instance_password = True log_opt_values /usr/lib/python3/dist-packages/oslo_config/cfg.py:2609
2025-08-14 00:39:09.395 164450 DEBUG oslo_service.service [req-028dcf92-cdaa-4792-8ef9-f78482fb7c13 - - - - -] api.glance_link_prefix = None log_opt_values /usr/lib/python3/dist-packages/oslo_config/cfg.py:2609
2025-08-14 00:39:09.395 164450 DEBUG oslo_service.service [req-028dcf92-cdaa-4792-8ef9-f78482fb7c13 - - - - -] api.instance_list_cells_batch_fixed_size = 100 log_opt_values /usr/lib/python3/dist-packages/oslo_config/cfg.py:2609
2025-08-14 00:39:09.395 164450 DEBUG oslo_service.service [req-028dcf92-cdaa-4792-8ef9-f78482fb7c13 - - - - -] api.instance_list_cells_batch_strategy = distributed log_opt_values /usr/lib/python3/dist-packages/oslo_config/cfg.py:2609
2025-08-14 00:39:09.395 164450 DEBUG oslo_service.service [req-028dcf92-cdaa-4792-8ef9-f78482fb7c13 - - - - -] api.instance_list_per_project_cells = False log_opt_values /usr/lib/python3/dist-packages/oslo_config/cfg.py:2609
2025-08-14 00:39:09.395 164450 DEBUG oslo_service.service [req-028dcf92-cdaa-4792-8ef9-f78482fb7c13 - - - - -] api.list_records_by_skipping_down_cells = True log_opt_values /usr/lib/python3/dist-packages/oslo_config/cfg.py:2609
2025-08-14 00:39:09.396 164450 DEBUG oslo_service.service [req-028dcf92-cdaa-4792-8ef9-f78482fb7c13 - - - - -] api.local_metadata_per_cell = False log_opt_values /usr/lib/python3/dist-packages/oslo_config/cfg.py:2609
2025-08-14 00:39:09.396 164450 DEBUG oslo_service.service [req-028dcf92-cdaa-4792-8ef9-f78482fb7c13 - - - - -] api.max_limit = 1000 log_opt_values /usr/lib/python3/dist-packages/oslo_config/cfg.py:2609
2025-08-14 00:39:09.396 164450 DEBUG oslo_service.service [req-028dcf92-cdaa-4792-8ef9-f78482fb7c13 - - - - -] api.metadata_cache_expiration = 15 log_opt_values /usr/lib/python3/dist-packages/oslo_config/cfg.py:2609
2025-08-14 00:39:09.396 164450 DEBUG oslo_service.service [req-028dcf92-cdaa-4792-8ef9-f78482fb7c13 - - - - -] api.neutron_default_tenant_id = default log_opt_values /usr/lib/python3/dist-packages/oslo_config/cfg.py:2609
2025-08-14 00:39:09.396 164450 DEBUG oslo_service.service [req-028dcf92-cdaa-4792-8ef9-f78482fb7c13 - - - - -] api.use_forwarded_for = False log_opt_values /usr/lib/python3/dist-packages/oslo_config/cfg.py:2609
2025-08-14 00:39:09.396 164450 DEBUG oslo_service.service [req-028dcf92-cdaa-4792-8ef9-f78482fb7c13 - - - - -] api.use_neutron_default_nets = False log_opt_values /usr/lib/python3/dist-packages/oslo_config/cfg.py:2609
2025-08-14 00:39:09.396 164450 DEBUG oslo_service.service [req-028dcf92-cdaa-4792-8ef9-f78482fb7c13 - - - - -] api.vendordata_dynamic_connect_timeout = 5 log_opt_values /usr/lib/python3/dist-packages/oslo_config/cfg.py:2609
2025-08-14 00:39:09.397 164450 DEBUG oslo_service.service [req-028dcf92-cdaa-4792-8ef9-f78482fb7c13 - - - - -] api.vendordata_dynamic_failure_fatal = False log_opt_values /usr/lib/python3/dist-packages/oslo_config/cfg.py:2609
2025-08-14 00:39:09.397 164828 DEBUG nova.service [req-80ff0608-5ebf-456b-8e38-7138afdd1374 - - - - -] Creating RPC server for service conductor start /usr/lib/python3/dist-packages/nova/service.py:182
2025-08-14 00:39:09.397 164450 DEBUG oslo_service.service [req-028dcf92-cdaa-4792-8ef9-f78482fb7c13 - - - - -] api.vendordata_dynamic_read_timeout = 5 log_opt_values /usr/lib/python3/dist-packages/oslo_config/cfg.py:2609
2025-08-14 00:39:09.397 164450 DEBUG oslo_service.service [req-028dcf92-cdaa-4792-8ef9-f78482fb7c13 - - - - -] api.vendordata_dynamic_ssl_certfile = log_opt_values /usr/lib/python3/dist-packages/oslo_config/cfg.py:2609
2025-08-14 00:39:09.397 164450 DEBUG oslo_service.service [req-028dcf92-cdaa-4792-8ef9-f78482fb7c13 - - - - -] api.vendordata_dynamic_targets = [] log_opt_values /usr/lib/python3/dist-packages/oslo_config/cfg.py:2609
2025-08-14 00:39:09.397 164450 DEBUG oslo_service.service [req-028dcf92-cdaa-4792-8ef9-f78482fb7c13 - - - - -] api.vendordata_jsonfile_path = None log_opt_values /usr/lib/python3/dist-packages/oslo_config/cfg.py:2609
2025-08-14 00:39:09.397 164450 DEBUG oslo_service.service [req-028dcf92-cdaa-4792-8ef9-f78482fb7c13 - - - - -] api.vendordata_providers = ['StaticJSON'] log_opt_values /usr/lib/python3/dist-packages/oslo_config/cfg.py:2609
2025-08-14 00:39:09.398 164450 DEBUG oslo_service.service [req-028dcf92-cdaa-4792-8ef9-f78482fb7c13 - - - - -] cache.backend = dogpile.cache.null log_opt_values /usr/lib/python3/dist-packages/oslo_config/cfg.py:2609
2025-08-14 00:39:09.398 164450 DEBUG oslo_service.service [req-028dcf92-cdaa-4792-8ef9-f78482fb7c13 - - - - -] cache.backend_argument = **** log_opt_values /usr/lib/python3/dist-packages/oslo_config/cfg.py:2609
2025-08-14 00:39:09.398 164450 DEBUG oslo_service.service [req-028dcf92-cdaa-4792-8ef9-f78482fb7c13 - - - - -] cache.config_prefix = cache.oslo log_opt_values /usr/lib/python3/dist-packages/oslo_config/cfg.py:2609
2025-08-14 00:39:09.398 164450 DEBUG oslo_service.service [req-028dcf92-cdaa-4792-8ef9-f78482fb7c13 - - - - -] cache.debug_cache_backend = False log_opt_values /usr/lib/python3/dist-packages/oslo_config/cfg.py:2609
2025-08-14 00:39:09.398 164450 DEBUG oslo_service.service [req-028dcf92-cdaa-4792-8ef9-f78482fb7c13 - - - - -] cache.enabled = False log_opt_values /usr/lib/python3/dist-packages/oslo_config/cfg.py:2609
2025-08-14 00:39:09.399 164450 DEBUG oslo_service.service [req-028dcf92-cdaa-4792-8ef9-f78482fb7c13 - - - - -] cache.expiration_time = 600 log_opt_values /usr/lib/python3/dist-packages/oslo_config/cfg.py:2609
2025-08-14 00:39:09.399 164450 DEBUG oslo_service.service [req-028dcf92-cdaa-4792-8ef9-f78482fb7c13 - - - - -] cache.memcache_dead_retry = 300 log_opt_values /usr/lib/python3/dist-packages/oslo_config/cfg.py:2609
2025-08-14 00:39:09.399 164450 DEBUG oslo_service.service [req-028dcf92-cdaa-4792-8ef9-f78482fb7c13 - - - - -] cache.memcache_pool_connection_get_timeout = 10 log_opt_values /usr/lib/python3/dist-packages/oslo_config/cfg.py:2609
2025-08-14 00:39:09.399 164450 DEBUG oslo_service.service [req-028dcf92-cdaa-4792-8ef9-f78482fb7c13 - - - - -] cache.memcache_pool_flush_on_reconnect = False log_opt_values /usr/lib/python3/dist-packages/oslo_config/cfg.py:2609
2025-08-14 00:39:09.399 164450 DEBUG oslo_service.service [req-028dcf92-cdaa-4792-8ef9-f78482fb7c13 - - - - -] cache.memcache_pool_maxsize = 10 log_opt_values /usr/lib/python3/dist-packages/oslo_config/cfg.py:2609
2025-08-14 00:39:09.399 164450 DEBUG oslo_service.service [req-028dcf92-cdaa-4792-8ef9-f78482fb7c13 - - - - -] cache.memcache_pool_unused_timeout = 60 log_opt_values /usr/lib/python3/dist-packages/oslo_config/cfg.py:2609
2025-08-14 00:39:09.399 164450 DEBUG oslo_service.service [req-028dcf92-cdaa-4792-8ef9-f78482fb7c13 - - - - -] cache.memcache_servers = ['localhost:11211'] log_opt_values /usr/lib/python3/dist-packages/oslo_config/cfg.py:2609
2025-08-14 00:39:09.400 164450 DEBUG oslo_service.service [req-028dcf92-cdaa-4792-8ef9-f78482fb7c13 - - - - -] cache.memcache_socket_timeout = 1.0 log_opt_values /usr/lib/python3/dist-packages/oslo_config/cfg.py:2609
2025-08-14 00:39:09.400 164450 DEBUG oslo_service.service [req-028dcf92-cdaa-4792-8ef9-f78482fb7c13 - - - - -] cache.proxies = [] log_opt_values /usr/lib/python3/dist-packages/oslo_config/cfg.py:2609
2025-08-14 00:39:09.400 164450 DEBUG oslo_service.service [req-028dcf92-cdaa-4792-8ef9-f78482fb7c13 - - - - -] cache.tls_allowed_ciphers = None log_opt_values /usr/lib/python3/dist-packages/oslo_config/cfg.py:2609
2025-08-14 00:39:09.400 164450 DEBUG oslo_service.service [req-028dcf92-cdaa-4792-8ef9-f78482fb7c13 - - - - -] cache.tls_cafile = None log_opt_values /usr/lib/python3/dist-packages/oslo_config/cfg.py:2609
2025-08-14 00:39:09.400 164450 DEBUG oslo_service.service [req-028dcf92-cdaa-4792-8ef9-f78482fb7c13 - - - - -] cache.tls_certfile = None log_opt_values /usr/lib/python3/dist-packages/oslo_config/cfg.py:2609
2025-08-14 00:39:09.400 164450 DEBUG oslo_service.service [req-028dcf92-cdaa-4792-8ef9-f78482fb7c13 - - - - -] cache.tls_enabled = False log_opt_values /usr/lib/python3/dist-packages/oslo_config/cfg.py:2609
2025-08-14 00:39:09.401 164450 DEBUG oslo_service.service [req-028dcf92-cdaa-4792-8ef9-f78482fb7c13 - - - - -] cache.tls_keyfile = None log_opt_values /usr/lib/python3/dist-packages/oslo_config/cfg.py:2609
2025-08-14 00:39:09.401 164450 DEBUG oslo_service.service [req-028dcf92-cdaa-4792-8ef9-f78482fb7c13 - - - - -] cinder.auth_section = None log_opt_values /usr/lib/python3/dist-packages/oslo_config/cfg.py:2609
2025-08-14 00:39:09.401 164450 DEBUG oslo_service.service [req-028dcf92-cdaa-4792-8ef9-f78482fb7c13 - - - - -] cinder.auth_type = None log_opt_values /usr/lib/python3/dist-packages/oslo_config/cfg.py:2609
2025-08-14 00:39:09.401 164450 DEBUG oslo_service.service [req-028dcf92-cdaa-4792-8ef9-f78482fb7c13 - - - - -] cinder.cafile = None log_opt_values /usr/lib/python3/dist-packages/oslo_config/cfg.py:2609
2025-08-14 00:39:09.401 164450 DEBUG oslo_service.service [req-028dcf92-cdaa-4792-8ef9-f78482fb7c13 - - - - -] cinder.catalog_info = volumev3::publicURL log_opt_values /usr/lib/python3/dist-packages/oslo_config/cfg.py:2609
2025-08-14 00:39:09.402 164450 DEBUG oslo_service.service [req-028dcf92-cdaa-4792-8ef9-f78482fb7c13 - - - - -] cinder.certfile = None log_opt_values /usr/lib/python3/dist-packages/oslo_config/cfg.py:2609
2025-08-14 00:39:09.402 164450 DEBUG oslo_service.service [req-028dcf92-cdaa-4792-8ef9-f78482fb7c13 - - - - -] cinder.collect_timing = False log_opt_values /usr/lib/python3/dist-packages/oslo_config/cfg.py:2609
2025-08-14 00:39:09.402 164450 DEBUG oslo_service.service [req-028dcf92-cdaa-4792-8ef9-f78482fb7c13 - - - - -] cinder.cross_az_attach = True log_opt_values /usr/lib/python3/dist-packages/oslo_config/cfg.py:2609
2025-08-14 00:39:09.403 164450 DEBUG oslo_service.service [req-028dcf92-cdaa-4792-8ef9-f78482fb7c13 - - - - -] cinder.debug = False log_opt_values /usr/lib/python3/dist-packages/oslo_config/cfg.py:2609
2025-08-14 00:39:09.403 164450 DEBUG oslo_service.service [req-028dcf92-cdaa-4792-8ef9-f78482fb7c13 - - - - -] cinder.endpoint_template = None log_opt_values /usr/lib/python3/dist-packages/oslo_config/cfg.py:2609
2025-08-14 00:39:09.404 164450 DEBUG oslo_service.service [req-028dcf92-cdaa-4792-8ef9-f78482fb7c13 - - - - -] cinder.http_retries = 3 log_opt_values /usr/lib/python3/dist-packages/oslo_config/cfg.py:2609
2025-08-14 00:39:09.405 164450 DEBUG oslo_service.service [req-028dcf92-cdaa-4792-8ef9-f78482fb7c13 - - - - -] cinder.insecure = False log_opt_values /usr/lib/python3/dist-packages/oslo_config/cfg.py:2609
2025-08-14 00:39:09.405 164450 DEBUG oslo_service.service [req-028dcf92-cdaa-4792-8ef9-f78482fb7c13 - - - - -] cinder.keyfile = None log_opt_values /usr/lib/python3/dist-packages/oslo_config/cfg.py:2609
2025-08-14 00:39:09.405 164450 DEBUG oslo_service.service [req-028dcf92-cdaa-4792-8ef9-f78482fb7c13 - - - - -] cinder.os_region_name = None log_opt_values /usr/lib/python3/dist-packages/oslo_config/cfg.py:2609
2025-08-14 00:39:09.405 164450 DEBUG oslo_service.service [req-028dcf92-cdaa-4792-8ef9-f78482fb7c13 - - - - -] cinder.split_loggers = False log_opt_values /usr/lib/python3/dist-packages/oslo_config/cfg.py:2609
2025-08-14 00:39:09.405 164450 DEBUG oslo_service.service [req-028dcf92-cdaa-4792-8ef9-f78482fb7c13 - - - - -] cinder.timeout = None log_opt_values /usr/lib/python3/dist-packages/oslo_config/cfg.py:2609
2025-08-14 00:39:09.406 164450 DEBUG oslo_service.service [req-028dcf92-cdaa-4792-8ef9-f78482fb7c13 - - - - -] compute.consecutive_build_service_disable_threshold = 10 log_opt_values /usr/lib/python3/dist-packages/oslo_config/cfg.py:2609
2025-08-14 00:39:09.406 164450 DEBUG oslo_service.service [req-028dcf92-cdaa-4792-8ef9-f78482fb7c13 - - - - -] compute.cpu_dedicated_set = None log_opt_values /usr/lib/python3/dist-packages/oslo_config/cfg.py:2609
2025-08-14 00:39:09.406 164450 DEBUG oslo_service.service [req-028dcf92-cdaa-4792-8ef9-f78482fb7c13 - - - - -] compute.cpu_shared_set = None log_opt_values /usr/lib/python3/dist-packages/oslo_config/cfg.py:2609
2025-08-14 00:39:09.407 164450 DEBUG oslo_service.service [req-028dcf92-cdaa-4792-8ef9-f78482fb7c13 - - - - -] compute.image_type_exclude_list = [] log_opt_values /usr/lib/python3/dist-packages/oslo_config/cfg.py:2609
2025-08-14 00:39:09.408 164450 DEBUG oslo_service.service [req-028dcf92-cdaa-4792-8ef9-f78482fb7c13 - - - - -] compute.live_migration_wait_for_vif_plug = True log_opt_values /usr/lib/python3/dist-packages/oslo_config/cfg.py:2609
2025-08-14 00:39:09.410 164450 DEBUG oslo_service.service [req-028dcf92-cdaa-4792-8ef9-f78482fb7c13 - - - - -] compute.max_concurrent_disk_ops = 0 log_opt_values /usr/lib/python3/dist-packages/oslo_config/cfg.py:2609
2025-08-14 00:39:09.411 164450 DEBUG oslo_service.service [req-028dcf92-cdaa-4792-8ef9-f78482fb7c13 - - - - -] compute.max_disk_devices_to_attach = -1 log_opt_values /usr/lib/python3/dist-packages/oslo_config/cfg.py:2609
2025-08-14 00:39:09.411 164450 DEBUG oslo_service.service [req-028dcf92-cdaa-4792-8ef9-f78482fb7c13 - - - - -] compute.packing_host_numa_cells_allocation_strategy = True log_opt_values /usr/lib/python3/dist-packages/oslo_config/cfg.py:2609
2025-08-14 00:39:09.412 164450 DEBUG oslo_service.service [req-028dcf92-cdaa-4792-8ef9-f78482fb7c13 - - - - -] compute.provider_config_location = /etc/nova/provider_config/ log_opt_values /usr/lib/python3/dist-packages/oslo_config/cfg.py:2609
2025-08-14 00:39:09.412 164450 DEBUG oslo_service.service [req-028dcf92-cdaa-4792-8ef9-f78482fb7c13 - - - - -] compute.resource_provider_association_refresh = 300 log_opt_values /usr/lib/python3/dist-packages/oslo_config/cfg.py:2609
2025-08-14 00:39:09.412 164450 DEBUG oslo_service.service [req-028dcf92-cdaa-4792-8ef9-f78482fb7c13 - - - - -] compute.shutdown_retry_interval = 10 log_opt_values /usr/lib/python3/dist-packages/oslo_config/cfg.py:2609
2025-08-14 00:39:09.412 164831 DEBUG oslo_messaging._drivers.amqpdriver [-] Listener is running poll /usr/lib/python3/dist-packages/oslo_messaging/_drivers/amqpdriver.py:343
2025-08-14 00:39:09.412 164450 DEBUG oslo_service.service [req-028dcf92-cdaa-4792-8ef9-f78482fb7c13 - - - - -] compute.vmdk_allowed_types = ['streamOptimized', 'monolithicSparse'] log_opt_values /usr/lib/python3/dist-packages/oslo_config/cfg.py:2609
2025-08-14 00:39:09.412 164829 DEBUG oslo_messaging._drivers.amqpdriver [-] Listener is running poll /usr/lib/python3/dist-packages/oslo_messaging/_drivers/amqpdriver.py:343
2025-08-14 00:39:09.412 164450 DEBUG oslo_service.service [req-028dcf92-cdaa-4792-8ef9-f78482fb7c13 - - - - -] conductor.workers = 4 log_opt_values /usr/lib/python3/dist-packages/oslo_config/cfg.py:2609
2025-08-14 00:39:09.412 164831 DEBUG oslo_messaging._drivers.amqpdriver [-] AMQPListener connection consume poll /usr/lib/python3/dist-packages/oslo_messaging/_drivers/amqpdriver.py:357
2025-08-14 00:39:09.412 164829 DEBUG oslo_messaging._drivers.amqpdriver [-] AMQPListener connection consume poll /usr/lib/python3/dist-packages/oslo_messaging/_drivers/amqpdriver.py:357
2025-08-14 00:39:09.412 164830 DEBUG oslo_messaging._drivers.amqpdriver [-] Listener is running poll /usr/lib/python3/dist-packages/oslo_messaging/_drivers/amqpdriver.py:343
2025-08-14 00:39:09.413 164450 DEBUG oslo_service.service [req-028dcf92-cdaa-4792-8ef9-f78482fb7c13 - - - - -] console.allowed_origins = [] log_opt_values /usr/lib/python3/dist-packages/oslo_config/cfg.py:2609
2025-08-14 00:39:09.413 164830 DEBUG oslo_messaging._drivers.amqpdriver [-] AMQPListener connection consume poll /usr/lib/python3/dist-packages/oslo_messaging/_drivers/amqpdriver.py:357
2025-08-14 00:39:09.413 164450 DEBUG oslo_service.service [req-028dcf92-cdaa-4792-8ef9-f78482fb7c13 - - - - -] console.ssl_ciphers = None log_opt_values /usr/lib/python3/dist-packages/oslo_config/cfg.py:2609
2025-08-14 00:39:09.413 164450 DEBUG oslo_service.service [req-028dcf92-cdaa-4792-8ef9-f78482fb7c13 - - - - -] console.ssl_minimum_version = default log_opt_values /usr/lib/python3/dist-packages/oslo_config/cfg.py:2609
2025-08-14 00:39:09.413 164450 DEBUG oslo_service.service [req-028dcf92-cdaa-4792-8ef9-f78482fb7c13 - - - - -] consoleauth.token_ttl = 600 log_opt_values /usr/lib/python3/dist-packages/oslo_config/cfg.py:2609
2025-08-14 00:39:09.413 164829 DEBUG nova.service [req-c9517c71-a0f3-4a3c-b1f6-fa7cbccbba25 - - - - -] Join ServiceGroup membership for this service conductor start /usr/lib/python3/dist-packages/nova/service.py:199
2025-08-14 00:39:09.413 164831 DEBUG nova.service [req-de98eca1-d309-408d-beb2-469081825400 - - - - -] Join ServiceGroup membership for this service conductor start /usr/lib/python3/dist-packages/nova/service.py:199
2025-08-14 00:39:09.413 164450 DEBUG oslo_service.service [req-028dcf92-cdaa-4792-8ef9-f78482fb7c13 - - - - -] cyborg.cafile = None log_opt_values /usr/lib/python3/dist-packages/oslo_config/cfg.py:2609
2025-08-14 00:39:09.413 164829 DEBUG nova.servicegroup.drivers.db [req-c9517c71-a0f3-4a3c-b1f6-fa7cbccbba25 - - - - -] DB_Driver: join new ServiceGroup member juju-8659d3-0-lxd-7 to the conductor group, service = join /usr/lib/python3/dist-packages/nova/servicegroup/drivers/db.py:44
2025-08-14 00:39:09.413 164450 DEBUG oslo_service.service [req-028dcf92-cdaa-4792-8ef9-f78482fb7c13 - - - - -] cyborg.certfile = None log_opt_values /usr/lib/python3/dist-packages/oslo_config/cfg.py:2609
2025-08-14 00:39:09.413 164830 DEBUG nova.service [req-682c3429-f7dd-4bfd-903d-c37a881218ae - - - - -] Join ServiceGroup membership for this service conductor start /usr/lib/python3/dist-packages/nova/service.py:199
2025-08-14 00:39:09.413 164831 DEBUG nova.servicegroup.drivers.db [req-de98eca1-d309-408d-beb2-469081825400 - - - - -] DB_Driver: join new ServiceGroup member juju-8659d3-0-lxd-7 to the conductor group, service = join /usr/lib/python3/dist-packages/nova/servicegroup/drivers/db.py:44
2025-08-14 00:39:09.414 164450 DEBUG oslo_service.service [req-028dcf92-cdaa-4792-8ef9-f78482fb7c13 - - - - -] cyborg.collect_timing = False log_opt_values /usr/lib/python3/dist-packages/oslo_config/cfg.py:2609
2025-08-14 00:39:09.414 164450 DEBUG oslo_service.service [req-028dcf92-cdaa-4792-8ef9-f78482fb7c13 - - - - -] cyborg.connect_retries = None log_opt_values /usr/lib/python3/dist-packages/oslo_config/cfg.py:2609
2025-08-14 00:39:09.414 164830 DEBUG nova.servicegroup.drivers.db [req-682c3429-f7dd-4bfd-903d-c37a881218ae - - - - -] DB_Driver: join new ServiceGroup member juju-8659d3-0-lxd-7 to the conductor group, service = join /usr/lib/python3/dist-packages/nova/servicegroup/drivers/db.py:44
2025-08-14 00:39:09.414 164450 DEBUG oslo_service.service [req-028dcf92-cdaa-4792-8ef9-f78482fb7c13 - - - - -] cyborg.connect_retry_delay = None log_opt_values /usr/lib/python3/dist-packages/oslo_config/cfg.py:2609
2025-08-14 00:39:09.414 164450 DEBUG oslo_service.service [req-028dcf92-cdaa-4792-8ef9-f78482fb7c13 - - - - -] cyborg.endpoint_override = None log_opt_values /usr/lib/python3/dist-packages/oslo_config/cfg.py:2609
2025-08-14 00:39:09.414 164450 DEBUG oslo_service.service [req-028dcf92-cdaa-4792-8ef9-f78482fb7c13 - - - - -] cyborg.insecure = False log_opt_values /usr/lib/python3/dist-packages/oslo_config/cfg.py:2609
2025-08-14 00:39:09.414 164450 DEBUG oslo_service.service [req-028dcf92-cdaa-4792-8ef9-f78482fb7c13 - - - - -] cyborg.keyfile = None log_opt_values /usr/lib/python3/dist-packages/oslo_config/cfg.py:2609
2025-08-14 00:39:09.414 164829 DEBUG oslo_messaging._drivers.amqpdriver [-] received message msg_id: 9bb24eb1e68d4f5a999a1604874e8bf2 reply to reply_04ec80024c2c45f493baad4867b8a2ee __call__ /usr/lib/python3/dist-packages/oslo_messaging/_drivers/amqpdriver.py:320
2025-08-14 00:39:09.415 164450 DEBUG oslo_service.service [req-028dcf92-cdaa-4792-8ef9-f78482fb7c13 - - - - -] cyborg.max_version = None log_opt_values /usr/lib/python3/dist-packages/oslo_config/cfg.py:2609
2025-08-14 00:39:09.415 164450 DEBUG oslo_service.service [req-028dcf92-cdaa-4792-8ef9-f78482fb7c13 - - - - -] cyborg.min_version = None log_opt_values /usr/lib/python3/dist-packages/oslo_config/cfg.py:2609
2025-08-14 00:39:09.415 164450 DEBUG oslo_service.service [req-028dcf92-cdaa-4792-8ef9-f78482fb7c13 - - - - -] cyborg.region_name = None log_opt_values /usr/lib/python3/dist-packages/oslo_config/cfg.py:2609
2025-08-14 00:39:09.415 164450 DEBUG oslo_service.service [req-028dcf92-cdaa-4792-8ef9-f78482fb7c13 - - - - -] cyborg.service_name = None log_opt_values /usr/lib/python3/dist-packages/oslo_config/cfg.py:2609
2025-08-14 00:39:09.415 164450 DEBUG oslo_service.service [req-028dcf92-cdaa-4792-8ef9-f78482fb7c13 - - - - -] cyborg.service_type = accelerator log_opt_values /usr/lib/python3/dist-packages/oslo_config/cfg.py:2609
2025-08-14 00:39:09.416 164450 DEBUG oslo_service.service [req-028dcf92-cdaa-4792-8ef9-f78482fb7c13 - - - - -] cyborg.split_loggers = False log_opt_values /usr/lib/python3/dist-packages/oslo_config/cfg.py:2609
2025-08-14 00:39:09.416 164450 DEBUG oslo_service.service [req-028dcf92-cdaa-4792-8ef9-f78482fb7c13 - - - - -] cyborg.status_code_retries = None log_opt_values /usr/lib/python3/dist-packages/oslo_config/cfg.py:2609
2025-08-14 00:39:09.416 164450 DEBUG oslo_service.service [req-028dcf92-cdaa-4792-8ef9-f78482fb7c13 - - - - -] cyborg.status_code_retry_delay = None log_opt_values /usr/lib/python3/dist-packages/oslo_config/cfg.py:2609
2025-08-14 00:39:09.416 164831 DEBUG oslo_messaging._drivers.amqpdriver [-] AMQPListener connection timeout poll /usr/lib/python3/dist-packages/oslo_messaging/_drivers/amqpdriver.py:360
2025-08-14 00:39:09.416 164450 DEBUG oslo_service.service [req-028dcf92-cdaa-4792-8ef9-f78482fb7c13 - - - - -] cyborg.timeout = None log_opt_values /usr/lib/python3/dist-packages/oslo_config/cfg.py:2609
2025-08-14 00:39:09.416 164450 DEBUG oslo_service.service [req-028dcf92-cdaa-4792-8ef9-f78482fb7c13 - - - - -] cyborg.valid_interfaces = ['internal', 'public'] log_opt_values /usr/lib/python3/dist-packages/oslo_config/cfg.py:2609
2025-08-14 00:39:09.416 164831 DEBUG oslo_messaging._drivers.amqpdriver [-] Listener is running poll /usr/lib/python3/dist-packages/oslo_messaging/_drivers/amqpdriver.py:343
2025-08-14 00:39:09.417 164450 DEBUG oslo_service.service [req-028dcf92-cdaa-4792-8ef9-f78482fb7c13 - - - - -] cyborg.version = None log_opt_values /usr/lib/python3/dist-packages/oslo_config/cfg.py:2609
2025-08-14 00:39:09.417 164831 DEBUG oslo_messaging._drivers.amqpdriver [-] AMQPListener connection consume poll /usr/lib/python3/dist-packages/oslo_messaging/_drivers/amqpdriver.py:357
2025-08-14 00:39:09.417 164829 DEBUG oslo_messaging._drivers.amqpdriver [-] AMQPListener connection timeout poll /usr/lib/python3/dist-packages/oslo_messaging/_drivers/amqpdriver.py:360
2025-08-14 00:39:09.417 164450 DEBUG oslo_service.service [req-028dcf92-cdaa-4792-8ef9-f78482fb7c13 - - - - -] database.backend = sqlalchemy log_opt_values /usr/lib/python3/dist-packages/oslo_config/cfg.py:2609
2025-08-14 00:39:09.417 164830 DEBUG oslo_messaging._drivers.amqpdriver [-] AMQPListener connection timeout poll /usr/lib/python3/dist-packages/oslo_messaging/_drivers/amqpdriver.py:360
2025-08-14 00:39:09.417 164829 DEBUG oslo_messaging._drivers.amqpdriver [-] Listener is running poll /usr/lib/python3/dist-packages/oslo_messaging/_drivers/amqpdriver.py:343
2025-08-14 00:39:09.417 164830 DEBUG oslo_messaging._drivers.amqpdriver [-] Listener is running poll /usr/lib/python3/dist-packages/oslo_messaging/_drivers/amqpdriver.py:343
2025-08-14 00:39:09.417 164450 DEBUG oslo_service.service [req-028dcf92-cdaa-4792-8ef9-f78482fb7c13 - - - - -] database.connection = **** log_opt_values /usr/lib/python3/dist-packages/oslo_config/cfg.py:2609
2025-08-14 00:39:09.417 164829 DEBUG oslo_messaging._drivers.amqpdriver [-] Poll the incoming message with unique_id: 6e44b75bba4c42bf87df3e13fe5cf8f0 poll /usr/lib/python3/dist-packages/oslo_messaging/_drivers/amqpdriver.py:346
2025-08-14 00:39:09.417 164830 DEBUG oslo_messaging._drivers.amqpdriver [-] AMQPListener connection consume poll /usr/lib/python3/dist-packages/oslo_messaging/_drivers/amqpdriver.py:357
2025-08-14 00:39:09.417 164450 DEBUG oslo_service.service [req-028dcf92-cdaa-4792-8ef9-f78482fb7c13 - - - - -] database.connection_debug = 0 log_opt_values /usr/lib/python3/dist-packages/oslo_config/cfg.py:2609
2025-08-14 00:39:09.417 164450 DEBUG oslo_service.service [req-028dcf92-cdaa-4792-8ef9-f78482fb7c13 - - - - -] database.connection_parameters = log_opt_values /usr/lib/python3/dist-packages/oslo_config/cfg.py:2609
2025-08-14 00:39:09.417 164829 DEBUG oslo_messaging._drivers.amqpdriver [-] Listener is running poll /usr/lib/python3/dist-packages/oslo_messaging/_drivers/amqpdriver.py:343
2025-08-14 00:39:09.417 164829 DEBUG oslo_messaging._drivers.amqpdriver [-] AMQPListener connection consume poll /usr/lib/python3/dist-packages/oslo_messaging/_drivers/amqpdriver.py:357
2025-08-14 00:39:09.417 164450 DEBUG oslo_service.service [req-028dcf92-cdaa-4792-8ef9-f78482fb7c13 - - - - -] database.connection_recycle_time = 3600 log_opt_values /usr/lib/python3/dist-packages/oslo_config/cfg.py:2609
2025-08-14 00:39:09.418 164450 DEBUG oslo_service.service [req-028dcf92-cdaa-4792-8ef9-f78482fb7c13 - - - - -] database.connection_trace = False log_opt_values /usr/lib/python3/dist-packages/oslo_config/cfg.py:2609
2025-08-14 00:39:09.418 164450 DEBUG oslo_service.service [req-028dcf92-cdaa-4792-8ef9-f78482fb7c13 - - - - -] database.db_inc_retry_interval = True log_opt_values /usr/lib/python3/dist-packages/oslo_config/cfg.py:2609
2025-08-14 00:39:09.418 164450 DEBUG oslo_service.service [req-028dcf92-cdaa-4792-8ef9-f78482fb7c13 - - - - -] database.db_max_retries = 20 log_opt_values /usr/lib/python3/dist-packages/oslo_config/cfg.py:2609
2025-08-14 00:39:09.418 164450 DEBUG oslo_service.service [req-028dcf92-cdaa-4792-8ef9-f78482fb7c13 - - - - -] database.db_max_retry_interval = 10 log_opt_values /usr/lib/python3/dist-packages/oslo_config/cfg.py:2609
2025-08-14 00:39:09.418 164450 DEBUG oslo_service.service [req-028dcf92-cdaa-4792-8ef9-f78482fb7c13 - - - - -] database.db_retry_interval = 1 log_opt_values /usr/lib/python3/dist-packages/oslo_config/cfg.py:2609
2025-08-14 00:39:09.418 164450 DEBUG oslo_service.service [req-028dcf92-cdaa-4792-8ef9-f78482fb7c13 - - - - -] database.max_overflow = 50 log_opt_values /usr/lib/python3/dist-packages/oslo_config/cfg.py:2609
2025-08-14 00:39:09.419 164450 DEBUG oslo_service.service [req-028dcf92-cdaa-4792-8ef9-f78482fb7c13 - - - - -] database.max_pool_size = 4 log_opt_values /usr/lib/python3/dist-packages/oslo_config/cfg.py:2609
2025-08-14 00:39:09.419 164450 DEBUG oslo_service.service [req-028dcf92-cdaa-4792-8ef9-f78482fb7c13 - - - - -] database.max_retries = 10 log_opt_values /usr/lib/python3/dist-packages/oslo_config/cfg.py:2609
2025-08-14 00:39:09.419 164450 DEBUG oslo_service.service [req-028dcf92-cdaa-4792-8ef9-f78482fb7c13 - - - - -] database.mysql_enable_ndb = False log_opt_values /usr/lib/python3/dist-packages/oslo_config/cfg.py:2609
2025-08-14 00:39:09.419 164450 DEBUG oslo_service.service [req-028dcf92-cdaa-4792-8ef9-f78482fb7c13 - - - - -] database.mysql_sql_mode = TRADITIONAL log_opt_values /usr/lib/python3/dist-packages/oslo_config/cfg.py:2609
2025-08-14 00:39:09.419 164450 DEBUG oslo_service.service [req-028dcf92-cdaa-4792-8ef9-f78482fb7c13 - - - - -] database.pool_timeout = None log_opt_values /usr/lib/python3/dist-packages/oslo_config/cfg.py:2609
2025-08-14 00:39:09.419 164450 DEBUG oslo_service.service [req-028dcf92-cdaa-4792-8ef9-f78482fb7c13 - - - - -] database.retry_interval = 10 log_opt_values /usr/lib/python3/dist-packages/oslo_config/cfg.py:2609
2025-08-14 00:39:09.419 164450 DEBUG oslo_service.service [req-028dcf92-cdaa-4792-8ef9-f78482fb7c13 - - - - -] database.slave_connection = **** log_opt_values /usr/lib/python3/dist-packages/oslo_config/cfg.py:2609
2025-08-14 00:39:09.420 164450 DEBUG oslo_service.service [req-028dcf92-cdaa-4792-8ef9-f78482fb7c13 - - - - -] database.sqlite_synchronous = True log_opt_values /usr/lib/python3/dist-packages/oslo_config/cfg.py:2609
2025-08-14 00:39:09.420 164450 DEBUG oslo_service.service [req-028dcf92-cdaa-4792-8ef9-f78482fb7c13 - - - - -] database.use_db_reconnect = False log_opt_values /usr/lib/python3/dist-packages/oslo_config/cfg.py:2609
2025-08-14 00:39:09.420 164450 DEBUG oslo_service.service [req-028dcf92-cdaa-4792-8ef9-f78482fb7c13 - - - - -] api_database.backend = sqlalchemy log_opt_values /usr/lib/python3/dist-packages/oslo_config/cfg.py:2609
2025-08-14 00:39:09.420 164450 DEBUG oslo_service.service [req-028dcf92-cdaa-4792-8ef9-f78482fb7c13 - - - - -] api_database.connection = **** log_opt_values /usr/lib/python3/dist-packages/oslo_config/cfg.py:2609
2025-08-14 00:39:09.420 164450 DEBUG oslo_service.service [req-028dcf92-cdaa-4792-8ef9-f78482fb7c13 - - - - -] api_database.connection_debug = 0 log_opt_values /usr/lib/python3/dist-packages/oslo_config/cfg.py:2609
2025-08-14 00:39:09.420 164450 DEBUG oslo_service.service [req-028dcf92-cdaa-4792-8ef9-f78482fb7c13 - - - - -] api_database.connection_parameters = log_opt_values /usr/lib/python3/dist-packages/oslo_config/cfg.py:2609
2025-08-14 00:39:09.421 164450 DEBUG oslo_service.service [req-028dcf92-cdaa-4792-8ef9-f78482fb7c13 - - - - -] api_database.connection_recycle_time = 3600 log_opt_values /usr/lib/python3/dist-packages/oslo_config/cfg.py:2609
2025-08-14 00:39:09.421 164450 DEBUG oslo_service.service [req-028dcf92-cdaa-4792-8ef9-f78482fb7c13 - - - - -] api_database.connection_trace = False log_opt_values /usr/lib/python3/dist-packages/oslo_config/cfg.py:2609
2025-08-14 00:39:09.421 164450 DEBUG oslo_service.service [req-028dcf92-cdaa-4792-8ef9-f78482fb7c13 - - - - -] api_database.db_inc_retry_interval = True log_opt_values /usr/lib/python3/dist-packages/oslo_config/cfg.py:2609
2025-08-14 00:39:09.421 164450 DEBUG oslo_service.service [req-028dcf92-cdaa-4792-8ef9-f78482fb7c13 - - - - -] api_database.db_max_retries = 20 log_opt_values /usr/lib/python3/dist-packages/oslo_config/cfg.py:2609
2025-08-14 00:39:09.421 164450 DEBUG oslo_service.service [req-028dcf92-cdaa-4792-8ef9-f78482fb7c13 - - - - -] api_database.db_max_retry_interval = 10 log_opt_values /usr/lib/python3/dist-packages/oslo_config/cfg.py:2609
2025-08-14 00:39:09.422 164450 DEBUG oslo_service.service [req-028dcf92-cdaa-4792-8ef9-f78482fb7c13 - - - - -] api_database.db_retry_interval = 1 log_opt_values /usr/lib/python3/dist-packages/oslo_config/cfg.py:2609
2025-08-14 00:39:09.422 164450 DEBUG oslo_service.service [req-028dcf92-cdaa-4792-8ef9-f78482fb7c13 - - - - -] api_database.max_overflow = 50 log_opt_values /usr/lib/python3/dist-packages/oslo_config/cfg.py:2609
2025-08-14 00:39:09.422 164450 DEBUG oslo_service.service [req-028dcf92-cdaa-4792-8ef9-f78482fb7c13 - - - - -] api_database.max_pool_size = 4 log_opt_values /usr/lib/python3/dist-packages/oslo_config/cfg.py:2609
2025-08-14 00:39:09.423 164450 DEBUG oslo_service.service [req-028dcf92-cdaa-4792-8ef9-f78482fb7c13 - - - - -] api_database.max_retries = 10 log_opt_values /usr/lib/python3/dist-packages/oslo_config/cfg.py:2609
2025-08-14 00:39:09.423 164450 DEBUG oslo_service.service [req-028dcf92-cdaa-4792-8ef9-f78482fb7c13 - - - - -] api_database.mysql_enable_ndb = False log_opt_values /usr/lib/python3/dist-packages/oslo_config/cfg.py:2609
2025-08-14 00:39:09.424 164450 DEBUG oslo_service.service [req-028dcf92-cdaa-4792-8ef9-f78482fb7c13 - - - - -] api_database.mysql_sql_mode = TRADITIONAL log_opt_values /usr/lib/python3/dist-packages/oslo_config/cfg.py:2609
2025-08-14 00:39:09.424 164450 DEBUG oslo_service.service [req-028dcf92-cdaa-4792-8ef9-f78482fb7c13 - - - - -] api_database.pool_timeout = None log_opt_values /usr/lib/python3/dist-packages/oslo_config/cfg.py:2609
2025-08-14 00:39:09.424 164828 DEBUG oslo_messaging._drivers.amqpdriver [-] Listener is running poll /usr/lib/python3/dist-packages/oslo_messaging/_drivers/amqpdriver.py:343
2025-08-14 00:39:09.424 164450 DEBUG oslo_service.service [req-028dcf92-cdaa-4792-8ef9-f78482fb7c13 - - - - -] api_database.retry_interval = 10 log_opt_values /usr/lib/python3/dist-packages/oslo_config/cfg.py:2609
2025-08-14 00:39:09.424 164828 DEBUG oslo_messaging._drivers.amqpdriver [-] AMQPListener connection consume poll /usr/lib/python3/dist-packages/oslo_messaging/_drivers/amqpdriver.py:357
2025-08-14 00:39:09.424 164450 DEBUG oslo_service.service [req-028dcf92-cdaa-4792-8ef9-f78482fb7c13 - - - - -] api_database.slave_connection = **** log_opt_values /usr/lib/python3/dist-packages/oslo_config/cfg.py:2609
2025-08-14 00:39:09.424 164450 DEBUG oslo_service.service [req-028dcf92-cdaa-4792-8ef9-f78482fb7c13 - - - - -] api_database.sqlite_synchronous = True log_opt_values /usr/lib/python3/dist-packages/oslo_config/cfg.py:2609
2025-08-14 00:39:09.425 164450 DEBUG oslo_service.service [req-028dcf92-cdaa-4792-8ef9-f78482fb7c13 - - - - -] devices.enabled_mdev_types = [] log_opt_values /usr/lib/python3/dist-packages/oslo_config/cfg.py:2609
2025-08-14 00:39:09.425 164828 DEBUG nova.service [req-80ff0608-5ebf-456b-8e38-7138afdd1374 - - - - -] Join ServiceGroup membership for this service conductor start /usr/lib/python3/dist-packages/nova/service.py:199
2025-08-14 00:39:09.425 164450 DEBUG oslo_service.service [req-028dcf92-cdaa-4792-8ef9-f78482fb7c13 - - - - -] ephemeral_storage_encryption.cipher = aes-xts-plain64 log_opt_values /usr/lib/python3/dist-packages/oslo_config/cfg.py:2609
2025-08-14 00:39:09.425 164828 DEBUG nova.servicegroup.drivers.db [req-80ff0608-5ebf-456b-8e38-7138afdd1374 - - - - -] DB_Driver: join new ServiceGroup member juju-8659d3-0-lxd-7 to the conductor group, service = join /usr/lib/python3/dist-packages/nova/servicegroup/drivers/db.py:44
2025-08-14 00:39:09.425 164450 DEBUG oslo_service.service [req-028dcf92-cdaa-4792-8ef9-f78482fb7c13 - - - - -] ephemeral_storage_encryption.enabled = False log_opt_values /usr/lib/python3/dist-packages/oslo_config/cfg.py:2609
2025-08-14 00:39:09.425 164450 DEBUG oslo_service.service [req-028dcf92-cdaa-4792-8ef9-f78482fb7c13 - - - - -] ephemeral_storage_encryption.key_size = 512 log_opt_values /usr/lib/python3/dist-packages/oslo_config/cfg.py:2609
2025-08-14 00:39:09.425 164450 WARNING oslo_config.cfg [req-028dcf92-cdaa-4792-8ef9-f78482fb7c13 - - - - -] Deprecated: Option "api_servers" from group "glance" is deprecated for removal ( Support for image service configuration via standard keystoneauth1 Adapter options was added in the 17.0.0 Queens release. The api_servers option was retained temporarily to allow consumers time to cut over to a real load balancing solution. ). Its value may be silently ignored in the future.
2025-08-14 00:39:09.426 164450 DEBUG oslo_service.service [req-028dcf92-cdaa-4792-8ef9-f78482fb7c13 - - - - -] glance.api_servers = ['http://252.241.239.8:9292'] log_opt_values /usr/lib/python3/dist-packages/oslo_config/cfg.py:2609
2025-08-14 00:39:09.426 164450 DEBUG oslo_service.service [req-028dcf92-cdaa-4792-8ef9-f78482fb7c13 - - - - -] glance.cafile = None log_opt_values /usr/lib/python3/dist-packages/oslo_config/cfg.py:2609
2025-08-14 00:39:09.426 164450 DEBUG oslo_service.service [req-028dcf92-cdaa-4792-8ef9-f78482fb7c13 - - - - -] glance.certfile = None log_opt_values /usr/lib/python3/dist-packages/oslo_config/cfg.py:2609
2025-08-14 00:39:09.426 164450 DEBUG oslo_service.service [req-028dcf92-cdaa-4792-8ef9-f78482fb7c13 - - - - -] glance.collect_timing = False log_opt_values /usr/lib/python3/dist-packages/oslo_config/cfg.py:2609
2025-08-14 00:39:09.426 164450 DEBUG oslo_service.service [req-028dcf92-cdaa-4792-8ef9-f78482fb7c13 - - - - -] glance.connect_retries = None log_opt_values /usr/lib/python3/dist-packages/oslo_config/cfg.py:2609
2025-08-14 00:39:09.427 164450 DEBUG oslo_service.service [req-028dcf92-cdaa-4792-8ef9-f78482fb7c13 - - - - -] glance.connect_retry_delay = None log_opt_values /usr/lib/python3/dist-packages/oslo_config/cfg.py:2609
2025-08-14 00:39:09.427 164450 DEBUG oslo_service.service [req-028dcf92-cdaa-4792-8ef9-f78482fb7c13 - - - - -] glance.debug = False log_opt_values /usr/lib/python3/dist-packages/oslo_config/cfg.py:2609
2025-08-14 00:39:09.427 164450 DEBUG oslo_service.service [req-028dcf92-cdaa-4792-8ef9-f78482fb7c13 - - - - -] glance.default_trusted_certificate_ids = [] log_opt_values /usr/lib/python3/dist-packages/oslo_config/cfg.py:2609
2025-08-14 00:39:09.427 164450 DEBUG oslo_service.service [req-028dcf92-cdaa-4792-8ef9-f78482fb7c13 - - - - -] glance.enable_certificate_validation = False log_opt_values /usr/lib/python3/dist-packages/oslo_config/cfg.py:2609
2025-08-14 00:39:09.427 164450 DEBUG oslo_service.service [req-028dcf92-cdaa-4792-8ef9-f78482fb7c13 - - - - -] glance.enable_rbd_download = False log_opt_values /usr/lib/python3/dist-packages/oslo_config/cfg.py:2609
2025-08-14 00:39:09.427 164828 DEBUG oslo_messaging._drivers.amqpdriver [-] AMQPListener connection timeout poll /usr/lib/python3/dist-packages/oslo_messaging/_drivers/amqpdriver.py:360
2025-08-14 00:39:09.427 164450 DEBUG oslo_service.service [req-028dcf92-cdaa-4792-8ef9-f78482fb7c13 - - - - -] glance.endpoint_override = None log_opt_values /usr/lib/python3/dist-packages/oslo_config/cfg.py:2609
2025-08-14 00:39:09.427 164828 DEBUG oslo_messaging._drivers.amqpdriver [-] Listener is running poll /usr/lib/python3/dist-packages/oslo_messaging/_drivers/amqpdriver.py:343
2025-08-14 00:39:09.427 164450 DEBUG oslo_service.service [req-028dcf92-cdaa-4792-8ef9-f78482fb7c13 - - - - -] glance.insecure = False log_opt_values /usr/lib/python3/dist-packages/oslo_config/cfg.py:2609
2025-08-14 00:39:09.428 164828 DEBUG oslo_messaging._drivers.amqpdriver [-] AMQPListener connection consume poll /usr/lib/python3/dist-packages/oslo_messaging/_drivers/amqpdriver.py:357
2025-08-14 00:39:09.428 164450 DEBUG oslo_service.service [req-028dcf92-cdaa-4792-8ef9-f78482fb7c13 - - - - -] glance.keyfile = None log_opt_values /usr/lib/python3/dist-packages/oslo_config/cfg.py:2609
2025-08-14 00:39:09.428 164450 DEBUG oslo_service.service [req-028dcf92-cdaa-4792-8ef9-f78482fb7c13 - - - - -] glance.max_version = None log_opt_values /usr/lib/python3/dist-packages/oslo_config/cfg.py:2609
2025-08-14 00:39:09.428 164450 DEBUG oslo_service.service [req-028dcf92-cdaa-4792-8ef9-f78482fb7c13 - - - - -] glance.min_version = None log_opt_values /usr/lib/python3/dist-packages/oslo_config/cfg.py:2609
2025-08-14 00:39:09.428 164450 DEBUG oslo_service.service [req-028dcf92-cdaa-4792-8ef9-f78482fb7c13 - - - - -] glance.num_retries = 3 log_opt_values /usr/lib/python3/dist-packages/oslo_config/cfg.py:2609
2025-08-14 00:39:09.428 164450 DEBUG oslo_service.service [req-028dcf92-cdaa-4792-8ef9-f78482fb7c13 - - - - -] glance.rbd_ceph_conf = log_opt_values /usr/lib/python3/dist-packages/oslo_config/cfg.py:2609
2025-08-14 00:39:09.428 164450 DEBUG oslo_service.service [req-028dcf92-cdaa-4792-8ef9-f78482fb7c13 - - - - -] glance.rbd_connect_timeout = 5 log_opt_values /usr/lib/python3/dist-packages/oslo_config/cfg.py:2609
2025-08-14 00:39:09.429 164450 DEBUG oslo_service.service [req-028dcf92-cdaa-4792-8ef9-f78482fb7c13 - - - - -] glance.rbd_pool = log_opt_values /usr/lib/python3/dist-packages/oslo_config/cfg.py:2609
2025-08-14 00:39:09.429 164450 DEBUG oslo_service.service [req-028dcf92-cdaa-4792-8ef9-f78482fb7c13 - - - - -] glance.rbd_user = log_opt_values /usr/lib/python3/dist-packages/oslo_config/cfg.py:2609
2025-08-14 00:39:09.429 164450 DEBUG oslo_service.service [req-028dcf92-cdaa-4792-8ef9-f78482fb7c13 - - - - -] glance.region_name = None log_opt_values /usr/lib/python3/dist-packages/oslo_config/cfg.py:2609
2025-08-14 00:39:09.429 164450 DEBUG oslo_service.service [req-028dcf92-cdaa-4792-8ef9-f78482fb7c13 - - - - -] glance.service_name = None log_opt_values /usr/lib/python3/dist-packages/oslo_config/cfg.py:2609
2025-08-14 00:39:09.429 164450 DEBUG oslo_service.service [req-028dcf92-cdaa-4792-8ef9-f78482fb7c13 - - - - -] glance.service_type = image log_opt_values /usr/lib/python3/dist-packages/oslo_config/cfg.py:2609
2025-08-14 00:39:09.429 164450 DEBUG oslo_service.service [req-028dcf92-cdaa-4792-8ef9-f78482fb7c13 - - - - -] glance.split_loggers = False log_opt_values /usr/lib/python3/dist-packages/oslo_config/cfg.py:2609
2025-08-14 00:39:09.430 164450 DEBUG oslo_service.service [req-028dcf92-cdaa-4792-8ef9-f78482fb7c13 - - - - -] glance.status_code_retries = None log_opt_values /usr/lib/python3/dist-packages/oslo_config/cfg.py:2609
2025-08-14 00:39:09.430 164450 DEBUG oslo_service.service [req-028dcf92-cdaa-4792-8ef9-f78482fb7c13 - - - - -] glance.status_code_retry_delay = None log_opt_values /usr/lib/python3/dist-packages/oslo_config/cfg.py:2609
2025-08-14 00:39:09.430 164450 DEBUG oslo_service.service [req-028dcf92-cdaa-4792-8ef9-f78482fb7c13 - - - - -] glance.timeout = None log_opt_values /usr/lib/python3/dist-packages/oslo_config/cfg.py:2609
2025-08-14 00:39:09.430 164450 DEBUG oslo_service.service [req-028dcf92-cdaa-4792-8ef9-f78482fb7c13 - - - - -] glance.valid_interfaces = ['internal', 'public'] log_opt_values /usr/lib/python3/dist-packages/oslo_config/cfg.py:2609
2025-08-14 00:39:09.430 164450 DEBUG oslo_service.service [req-028dcf92-cdaa-4792-8ef9-f78482fb7c13 - - - - -] glance.verify_glance_signatures = False log_opt_values /usr/lib/python3/dist-packages/oslo_config/cfg.py:2609
2025-08-14 00:39:09.430 164450 DEBUG oslo_service.service [req-028dcf92-cdaa-4792-8ef9-f78482fb7c13 - - - - -] glance.version = None log_opt_values /usr/lib/python3/dist-packages/oslo_config/cfg.py:2609
2025-08-14 00:39:09.430 164450 DEBUG oslo_service.service [req-028dcf92-cdaa-4792-8ef9-f78482fb7c13 - - - - -] guestfs.debug = False log_opt_values /usr/lib/python3/dist-packages/oslo_config/cfg.py:2609
2025-08-14 00:39:09.431 164450 DEBUG oslo_service.service [req-028dcf92-cdaa-4792-8ef9-f78482fb7c13 - - - - -] hyperv.config_drive_cdrom = False log_opt_values /usr/lib/python3/dist-packages/oslo_config/cfg.py:2609
2025-08-14 00:39:09.431 164450 DEBUG oslo_service.service [req-028dcf92-cdaa-4792-8ef9-f78482fb7c13 - - - - -] hyperv.config_drive_inject_password = False log_opt_values /usr/lib/python3/dist-packages/oslo_config/cfg.py:2609
2025-08-14 00:39:09.431 164450 DEBUG oslo_service.service [req-028dcf92-cdaa-4792-8ef9-f78482fb7c13 - - - - -] hyperv.dynamic_memory_ratio = 1.0 log_opt_values /usr/lib/python3/dist-packages/oslo_config/cfg.py:2609
2025-08-14 00:39:09.431 164450 DEBUG oslo_service.service [req-028dcf92-cdaa-4792-8ef9-f78482fb7c13 - - - - -] hyperv.enable_instance_metrics_collection = False log_opt_values /usr/lib/python3/dist-packages/oslo_config/cfg.py:2609
2025-08-14 00:39:09.431 164450 DEBUG oslo_service.service [req-028dcf92-cdaa-4792-8ef9-f78482fb7c13 - - - - -] hyperv.enable_remotefx = False log_opt_values /usr/lib/python3/dist-packages/oslo_config/cfg.py:2609
2025-08-14 00:39:09.431 164450 DEBUG oslo_service.service [req-028dcf92-cdaa-4792-8ef9-f78482fb7c13 - - - - -] hyperv.instances_path_share = log_opt_values /usr/lib/python3/dist-packages/oslo_config/cfg.py:2609
2025-08-14 00:39:09.432 164450 DEBUG oslo_service.service [req-028dcf92-cdaa-4792-8ef9-f78482fb7c13 - - - - -] hyperv.iscsi_initiator_list = [] log_opt_values /usr/lib/python3/dist-packages/oslo_config/cfg.py:2609
2025-08-14 00:39:09.432 164450 DEBUG oslo_service.service [req-028dcf92-cdaa-4792-8ef9-f78482fb7c13 - - - - -] hyperv.limit_cpu_features = False log_opt_values /usr/lib/python3/dist-packages/oslo_config/cfg.py:2609
2025-08-14 00:39:09.432 164450 DEBUG oslo_service.service [req-028dcf92-cdaa-4792-8ef9-f78482fb7c13 - - - - -] hyperv.mounted_disk_query_retry_count = 10 log_opt_values /usr/lib/python3/dist-packages/oslo_config/cfg.py:2609
2025-08-14 00:39:09.432 164450 DEBUG oslo_service.service [req-028dcf92-cdaa-4792-8ef9-f78482fb7c13 - - - - -] hyperv.mounted_disk_query_retry_interval = 5 log_opt_values /usr/lib/python3/dist-packages/oslo_config/cfg.py:2609
2025-08-14 00:39:09.432 164450 DEBUG oslo_service.service [req-028dcf92-cdaa-4792-8ef9-f78482fb7c13 - - - - -] hyperv.power_state_check_timeframe = 60 log_opt_values /usr/lib/python3/dist-packages/oslo_config/cfg.py:2609
2025-08-14 00:39:09.433 164450 DEBUG oslo_service.service [req-028dcf92-cdaa-4792-8ef9-f78482fb7c13 - - - - -] hyperv.power_state_event_polling_interval = 2 log_opt_values /usr/lib/python3/dist-packages/oslo_config/cfg.py:2609
2025-08-14 00:39:09.433 164450 DEBUG oslo_service.service [req-028dcf92-cdaa-4792-8ef9-f78482fb7c13 - - - - -] hyperv.qemu_img_cmd = qemu-img.exe log_opt_values /usr/lib/python3/dist-packages/oslo_config/cfg.py:2609
2025-08-14 00:39:09.433 164450 DEBUG oslo_service.service [req-028dcf92-cdaa-4792-8ef9-f78482fb7c13 - - - - -] hyperv.use_multipath_io = False log_opt_values /usr/lib/python3/dist-packages/oslo_config/cfg.py:2609
2025-08-14 00:39:09.433 164450 DEBUG oslo_service.service [req-028dcf92-cdaa-4792-8ef9-f78482fb7c13 - - - - -] hyperv.volume_attach_retry_count = 10 log_opt_values /usr/lib/python3/dist-packages/oslo_config/cfg.py:2609
2025-08-14 00:39:09.433 164450 DEBUG oslo_service.service [req-028dcf92-cdaa-4792-8ef9-f78482fb7c13 - - - - -] hyperv.volume_attach_retry_interval = 5 log_opt_values /usr/lib/python3/dist-packages/oslo_config/cfg.py:2609
2025-08-14 00:39:09.434 164450 DEBUG oslo_service.service [req-028dcf92-cdaa-4792-8ef9-f78482fb7c13 - - - - -] hyperv.vswitch_name = None log_opt_values /usr/lib/python3/dist-packages/oslo_config/cfg.py:2609
2025-08-14 00:39:09.434 164450 DEBUG oslo_service.service [req-028dcf92-cdaa-4792-8ef9-f78482fb7c13 - - - - -] hyperv.wait_soft_reboot_seconds = 60 log_opt_values /usr/lib/python3/dist-packages/oslo_config/cfg.py:2609
2025-08-14 00:39:09.434 164450 DEBUG oslo_service.service [req-028dcf92-cdaa-4792-8ef9-f78482fb7c13 - - - - -] mks.enabled = False log_opt_values /usr/lib/python3/dist-packages/oslo_config/cfg.py:2609
