2025-08-14 00:37:01.685 134257 DEBUG oslo_service.service [req-d5493fa4-58ae-4233-b4a5-dbde22c70912 - - - - -] api.auth_strategy = keystone log_opt_values /usr/lib/python3/dist-packages/oslo_config/cfg.py:2609
2025-08-14 00:37:01.686 134257 DEBUG oslo_service.service [req-d5493fa4-58ae-4233-b4a5-dbde22c70912 - - - - -] api.compute_link_prefix = None log_opt_values /usr/lib/python3/dist-packages/oslo_config/cfg.py:2609
2025-08-14 00:37:01.686 134257 DEBUG oslo_service.service [req-d5493fa4-58ae-4233-b4a5-dbde22c70912 - - - - -] api.config_drive_skip_versions = 1.0 2007-01-19 2007-03-01 2007-08-29 2007-10-10 2007-12-15 2008-02-01 2008-09-01 log_opt_values /usr/lib/python3/dist-packages/oslo_config/cfg.py:2609
2025-08-14 00:37:01.686 134257 DEBUG oslo_service.service [req-d5493fa4-58ae-4233-b4a5-dbde22c70912 - - - - -] api.dhcp_domain = novalocal log_opt_values /usr/lib/python3/dist-packages/oslo_config/cfg.py:2609
2025-08-14 00:37:01.687 134257 DEBUG oslo_service.service [req-d5493fa4-58ae-4233-b4a5-dbde22c70912 - - - - -] api.enable_instance_password = True log_opt_values /usr/lib/python3/dist-packages/oslo_config/cfg.py:2609
2025-08-14 00:37:01.687 134257 DEBUG oslo_service.service [req-d5493fa4-58ae-4233-b4a5-dbde22c70912 - - - - -] api.glance_link_prefix = None log_opt_values /usr/lib/python3/dist-packages/oslo_config/cfg.py:2609
2025-08-14 00:37:01.687 134257 DEBUG oslo_service.service [req-d5493fa4-58ae-4233-b4a5-dbde22c70912 - - - - -] api.instance_list_cells_batch_fixed_size = 100 log_opt_values /usr/lib/python3/dist-packages/oslo_config/cfg.py:2609
2025-08-14 00:37:01.688 134257 DEBUG oslo_service.service [req-d5493fa4-58ae-4233-b4a5-dbde22c70912 - - - - -] api.instance_list_cells_batch_strategy = distributed log_opt_values /usr/lib/python3/dist-packages/oslo_config/cfg.py:2609
2025-08-14 00:37:01.688 134257 DEBUG oslo_service.service [req-d5493fa4-58ae-4233-b4a5-dbde22c70912 - - - - -] api.instance_list_per_project_cells = False log_opt_values /usr/lib/python3/dist-packages/oslo_config/cfg.py:2609
2025-08-14 00:37:01.688 134257 DEBUG oslo_service.service [req-d5493fa4-58ae-4233-b4a5-dbde22c70912 - - - - -] api.list_records_by_skipping_down_cells = True log_opt_values /usr/lib/python3/dist-packages/oslo_config/cfg.py:2609
2025-08-14 00:37:01.689 135654 DEBUG oslo_db.sqlalchemy.engines [req-edbc7a24-e159-44a0-9fa2-6f6dc9efb321 - - - - -] MySQL server mode set to STRICT_TRANS_TABLES,STRICT_ALL_TABLES,NO_ZERO_IN_DATE,NO_ZERO_DATE,ERROR_FOR_DIVISION_BY_ZERO,TRADITIONAL,NO_ENGINE_SUBSTITUTION _check_effective_sql_mode /usr/lib/python3/dist-packages/oslo_db/sqlalchemy/engines.py:314
2025-08-14 00:37:01.688 134257 DEBUG oslo_service.service [req-d5493fa4-58ae-4233-b4a5-dbde22c70912 - - - - -] api.local_metadata_per_cell = False log_opt_values /usr/lib/python3/dist-packages/oslo_config/cfg.py:2609
2025-08-14 00:37:01.690 134257 DEBUG oslo_service.service [req-d5493fa4-58ae-4233-b4a5-dbde22c70912 - - - - -] api.max_limit = 1000 log_opt_values /usr/lib/python3/dist-packages/oslo_config/cfg.py:2609
2025-08-14 00:37:01.690 134257 DEBUG oslo_service.service [req-d5493fa4-58ae-4233-b4a5-dbde22c70912 - - - - -] api.metadata_cache_expiration = 15 log_opt_values /usr/lib/python3/dist-packages/oslo_config/cfg.py:2609
2025-08-14 00:37:01.691 134257 DEBUG oslo_service.service [req-d5493fa4-58ae-4233-b4a5-dbde22c70912 - - - - -] api.neutron_default_tenant_id = default log_opt_values /usr/lib/python3/dist-packages/oslo_config/cfg.py:2609
2025-08-14 00:37:01.692 134257 DEBUG oslo_service.service [req-d5493fa4-58ae-4233-b4a5-dbde22c70912 - - - - -] api.use_forwarded_for = False log_opt_values /usr/lib/python3/dist-packages/oslo_config/cfg.py:2609
2025-08-14 00:37:01.693 134257 DEBUG oslo_service.service [req-d5493fa4-58ae-4233-b4a5-dbde22c70912 - - - - -] api.use_neutron_default_nets = False log_opt_values /usr/lib/python3/dist-packages/oslo_config/cfg.py:2609
2025-08-14 00:37:01.694 134257 DEBUG oslo_service.service [req-d5493fa4-58ae-4233-b4a5-dbde22c70912 - - - - -] api.vendordata_dynamic_connect_timeout = 5 log_opt_values /usr/lib/python3/dist-packages/oslo_config/cfg.py:2609
2025-08-14 00:37:01.694 134257 DEBUG oslo_service.service [req-d5493fa4-58ae-4233-b4a5-dbde22c70912 - - - - -] api.vendordata_dynamic_failure_fatal = False log_opt_values /usr/lib/python3/dist-packages/oslo_config/cfg.py:2609
2025-08-14 00:37:01.695 134257 DEBUG oslo_service.service [req-d5493fa4-58ae-4233-b4a5-dbde22c70912 - - - - -] api.vendordata_dynamic_read_timeout = 5 log_opt_values /usr/lib/python3/dist-packages/oslo_config/cfg.py:2609
2025-08-14 00:37:01.695 134257 DEBUG oslo_service.service [req-d5493fa4-58ae-4233-b4a5-dbde22c70912 - - - - -] api.vendordata_dynamic_ssl_certfile = log_opt_values /usr/lib/python3/dist-packages/oslo_config/cfg.py:2609
2025-08-14 00:37:01.696 134257 DEBUG oslo_service.service [req-d5493fa4-58ae-4233-b4a5-dbde22c70912 - - - - -] api.vendordata_dynamic_targets = [] log_opt_values /usr/lib/python3/dist-packages/oslo_config/cfg.py:2609
2025-08-14 00:37:01.697 134257 DEBUG oslo_service.service [req-d5493fa4-58ae-4233-b4a5-dbde22c70912 - - - - -] api.vendordata_jsonfile_path = None log_opt_values /usr/lib/python3/dist-packages/oslo_config/cfg.py:2609
2025-08-14 00:37:01.699 135661 DEBUG oslo_messaging._drivers.amqpdriver [-] Listener is running poll /usr/lib/python3/dist-packages/oslo_messaging/_drivers/amqpdriver.py:343
2025-08-14 00:37:01.700 135661 DEBUG oslo_messaging._drivers.amqpdriver [-] AMQPListener connection consume poll /usr/lib/python3/dist-packages/oslo_messaging/_drivers/amqpdriver.py:357
2025-08-14 00:37:01.700 135655 DEBUG oslo_messaging._drivers.amqpdriver [-] Listener is running poll /usr/lib/python3/dist-packages/oslo_messaging/_drivers/amqpdriver.py:343
2025-08-14 00:37:01.700 135655 DEBUG oslo_messaging._drivers.amqpdriver [-] AMQPListener connection consume poll /usr/lib/python3/dist-packages/oslo_messaging/_drivers/amqpdriver.py:357
2025-08-14 00:37:01.700 134257 DEBUG oslo_service.service [req-d5493fa4-58ae-4233-b4a5-dbde22c70912 - - - - -] api.vendordata_providers = ['StaticJSON'] log_opt_values /usr/lib/python3/dist-packages/oslo_config/cfg.py:2609
2025-08-14 00:37:01.700 135661 DEBUG nova.service [req-c04a9f08-1976-4be8-bd7d-1a8094c12c3e - - - - -] Join ServiceGroup membership for this service conductor start /usr/lib/python3/dist-packages/nova/service.py:199
2025-08-14 00:37:01.700 135661 DEBUG nova.servicegroup.drivers.db [req-c04a9f08-1976-4be8-bd7d-1a8094c12c3e - - - - -] DB_Driver: join new ServiceGroup member juju-8659d3-0-lxd-7 to the conductor group, service = join /usr/lib/python3/dist-packages/nova/servicegroup/drivers/db.py:44
2025-08-14 00:37:01.700 134257 DEBUG oslo_service.service [req-d5493fa4-58ae-4233-b4a5-dbde22c70912 - - - - -] cache.backend = dogpile.cache.null log_opt_values /usr/lib/python3/dist-packages/oslo_config/cfg.py:2609
2025-08-14 00:37:01.700 135655 DEBUG nova.service [req-97bae905-1c07-4a8d-a475-5f10f0e11942 - - - - -] Join ServiceGroup membership for this service conductor start /usr/lib/python3/dist-packages/nova/service.py:199
2025-08-14 00:37:01.701 134257 DEBUG oslo_service.service [req-d5493fa4-58ae-4233-b4a5-dbde22c70912 - - - - -] cache.backend_argument = **** log_opt_values /usr/lib/python3/dist-packages/oslo_config/cfg.py:2609
2025-08-14 00:37:01.701 134257 DEBUG oslo_service.service [req-d5493fa4-58ae-4233-b4a5-dbde22c70912 - - - - -] cache.config_prefix = cache.oslo log_opt_values /usr/lib/python3/dist-packages/oslo_config/cfg.py:2609
2025-08-14 00:37:01.701 134257 DEBUG oslo_service.service [req-d5493fa4-58ae-4233-b4a5-dbde22c70912 - - - - -] cache.debug_cache_backend = False log_opt_values /usr/lib/python3/dist-packages/oslo_config/cfg.py:2609
2025-08-14 00:37:01.701 135655 DEBUG nova.servicegroup.drivers.db [req-97bae905-1c07-4a8d-a475-5f10f0e11942 - - - - -] DB_Driver: join new ServiceGroup member juju-8659d3-0-lxd-7 to the conductor group, service = join /usr/lib/python3/dist-packages/nova/servicegroup/drivers/db.py:44
2025-08-14 00:37:01.702 134257 DEBUG oslo_service.service [req-d5493fa4-58ae-4233-b4a5-dbde22c70912 - - - - -] cache.enabled = False log_opt_values /usr/lib/python3/dist-packages/oslo_config/cfg.py:2609
2025-08-14 00:37:01.702 134257 DEBUG oslo_service.service [req-d5493fa4-58ae-4233-b4a5-dbde22c70912 - - - - -] cache.expiration_time = 600 log_opt_values /usr/lib/python3/dist-packages/oslo_config/cfg.py:2609
2025-08-14 00:37:01.702 134257 DEBUG oslo_service.service [req-d5493fa4-58ae-4233-b4a5-dbde22c70912 - - - - -] cache.memcache_dead_retry = 300 log_opt_values /usr/lib/python3/dist-packages/oslo_config/cfg.py:2609
2025-08-14 00:37:01.702 134257 DEBUG oslo_service.service [req-d5493fa4-58ae-4233-b4a5-dbde22c70912 - - - - -] cache.memcache_pool_connection_get_timeout = 10 log_opt_values /usr/lib/python3/dist-packages/oslo_config/cfg.py:2609
2025-08-14 00:37:01.702 134257 DEBUG oslo_service.service [req-d5493fa4-58ae-4233-b4a5-dbde22c70912 - - - - -] cache.memcache_pool_flush_on_reconnect = False log_opt_values /usr/lib/python3/dist-packages/oslo_config/cfg.py:2609
2025-08-14 00:37:01.703 134257 DEBUG oslo_service.service [req-d5493fa4-58ae-4233-b4a5-dbde22c70912 - - - - -] cache.memcache_pool_maxsize = 10 log_opt_values /usr/lib/python3/dist-packages/oslo_config/cfg.py:2609
2025-08-14 00:37:01.703 134257 DEBUG oslo_service.service [req-d5493fa4-58ae-4233-b4a5-dbde22c70912 - - - - -] cache.memcache_pool_unused_timeout = 60 log_opt_values /usr/lib/python3/dist-packages/oslo_config/cfg.py:2609
2025-08-14 00:37:01.703 134257 DEBUG oslo_service.service [req-d5493fa4-58ae-4233-b4a5-dbde22c70912 - - - - -] cache.memcache_servers = ['localhost:11211'] log_opt_values /usr/lib/python3/dist-packages/oslo_config/cfg.py:2609
2025-08-14 00:37:01.704 134257 DEBUG oslo_service.service [req-d5493fa4-58ae-4233-b4a5-dbde22c70912 - - - - -] cache.memcache_socket_timeout = 1.0 log_opt_values /usr/lib/python3/dist-packages/oslo_config/cfg.py:2609
2025-08-14 00:37:01.704 134257 DEBUG oslo_service.service [req-d5493fa4-58ae-4233-b4a5-dbde22c70912 - - - - -] cache.proxies = [] log_opt_values /usr/lib/python3/dist-packages/oslo_config/cfg.py:2609
2025-08-14 00:37:01.704 134257 DEBUG oslo_service.service [req-d5493fa4-58ae-4233-b4a5-dbde22c70912 - - - - -] cache.tls_allowed_ciphers = None log_opt_values /usr/lib/python3/dist-packages/oslo_config/cfg.py:2609
2025-08-14 00:37:01.704 134257 DEBUG oslo_service.service [req-d5493fa4-58ae-4233-b4a5-dbde22c70912 - - - - -] cache.tls_cafile = None log_opt_values /usr/lib/python3/dist-packages/oslo_config/cfg.py:2609
2025-08-14 00:37:01.704 134257 DEBUG oslo_service.service [req-d5493fa4-58ae-4233-b4a5-dbde22c70912 - - - - -] cache.tls_certfile = None log_opt_values /usr/lib/python3/dist-packages/oslo_config/cfg.py:2609
2025-08-14 00:37:01.705 134257 DEBUG oslo_service.service [req-d5493fa4-58ae-4233-b4a5-dbde22c70912 - - - - -] cache.tls_enabled = False log_opt_values /usr/lib/python3/dist-packages/oslo_config/cfg.py:2609
2025-08-14 00:37:01.706 134257 DEBUG oslo_service.service [req-d5493fa4-58ae-4233-b4a5-dbde22c70912 - - - - -] cache.tls_keyfile = None log_opt_values /usr/lib/python3/dist-packages/oslo_config/cfg.py:2609
2025-08-14 00:37:01.706 135655 DEBUG oslo_messaging._drivers.amqpdriver [-] AMQPListener connection timeout poll /usr/lib/python3/dist-packages/oslo_messaging/_drivers/amqpdriver.py:360
2025-08-14 00:37:01.706 134257 DEBUG oslo_service.service [req-d5493fa4-58ae-4233-b4a5-dbde22c70912 - - - - -] cinder.auth_section = None log_opt_values /usr/lib/python3/dist-packages/oslo_config/cfg.py:2609
2025-08-14 00:37:01.707 134257 DEBUG oslo_service.service [req-d5493fa4-58ae-4233-b4a5-dbde22c70912 - - - - -] cinder.auth_type = None log_opt_values /usr/lib/python3/dist-packages/oslo_config/cfg.py:2609
2025-08-14 00:37:01.707 135661 DEBUG oslo_messaging._drivers.amqpdriver [-] AMQPListener connection timeout poll /usr/lib/python3/dist-packages/oslo_messaging/_drivers/amqpdriver.py:360
2025-08-14 00:37:01.707 134257 DEBUG oslo_service.service [req-d5493fa4-58ae-4233-b4a5-dbde22c70912 - - - - -] cinder.cafile = None log_opt_values /usr/lib/python3/dist-packages/oslo_config/cfg.py:2609
2025-08-14 00:37:01.707 135661 DEBUG oslo_messaging._drivers.amqpdriver [-] Listener is running poll /usr/lib/python3/dist-packages/oslo_messaging/_drivers/amqpdriver.py:343
2025-08-14 00:37:01.708 134257 DEBUG oslo_service.service [req-d5493fa4-58ae-4233-b4a5-dbde22c70912 - - - - -] cinder.catalog_info = volumev3::publicURL log_opt_values /usr/lib/python3/dist-packages/oslo_config/cfg.py:2609
2025-08-14 00:37:01.707 135655 DEBUG oslo_messaging._drivers.amqpdriver [-] Listener is running poll /usr/lib/python3/dist-packages/oslo_messaging/_drivers/amqpdriver.py:343
2025-08-14 00:37:01.708 135655 DEBUG oslo_messaging._drivers.amqpdriver [-] AMQPListener connection consume poll /usr/lib/python3/dist-packages/oslo_messaging/_drivers/amqpdriver.py:357
2025-08-14 00:37:01.708 134257 DEBUG oslo_service.service [req-d5493fa4-58ae-4233-b4a5-dbde22c70912 - - - - -] cinder.certfile = None log_opt_values /usr/lib/python3/dist-packages/oslo_config/cfg.py:2609
2025-08-14 00:37:01.708 135661 DEBUG oslo_messaging._drivers.amqpdriver [-] AMQPListener connection consume poll /usr/lib/python3/dist-packages/oslo_messaging/_drivers/amqpdriver.py:357
2025-08-14 00:37:01.710 134257 DEBUG oslo_service.service [req-d5493fa4-58ae-4233-b4a5-dbde22c70912 - - - - -] cinder.collect_timing = False log_opt_values /usr/lib/python3/dist-packages/oslo_config/cfg.py:2609
2025-08-14 00:37:01.711 134257 DEBUG oslo_service.service [req-d5493fa4-58ae-4233-b4a5-dbde22c70912 - - - - -] cinder.cross_az_attach = True log_opt_values /usr/lib/python3/dist-packages/oslo_config/cfg.py:2609
2025-08-14 00:37:01.711 134257 DEBUG oslo_service.service [req-d5493fa4-58ae-4233-b4a5-dbde22c70912 - - - - -] cinder.debug = False log_opt_values /usr/lib/python3/dist-packages/oslo_config/cfg.py:2609
2025-08-14 00:37:01.711 135653 DEBUG oslo_messaging._drivers.amqpdriver [-] Listener is running poll /usr/lib/python3/dist-packages/oslo_messaging/_drivers/amqpdriver.py:343
2025-08-14 00:37:01.712 135653 DEBUG oslo_messaging._drivers.amqpdriver [-] AMQPListener connection consume poll /usr/lib/python3/dist-packages/oslo_messaging/_drivers/amqpdriver.py:357
2025-08-14 00:37:01.711 134257 DEBUG oslo_service.service [req-d5493fa4-58ae-4233-b4a5-dbde22c70912 - - - - -] cinder.endpoint_template = None log_opt_values /usr/lib/python3/dist-packages/oslo_config/cfg.py:2609
2025-08-14 00:37:01.712 134257 DEBUG oslo_service.service [req-d5493fa4-58ae-4233-b4a5-dbde22c70912 - - - - -] cinder.http_retries = 3 log_opt_values /usr/lib/python3/dist-packages/oslo_config/cfg.py:2609
2025-08-14 00:37:01.712 134257 DEBUG oslo_service.service [req-d5493fa4-58ae-4233-b4a5-dbde22c70912 - - - - -] cinder.insecure = False log_opt_values /usr/lib/python3/dist-packages/oslo_config/cfg.py:2609
2025-08-14 00:37:01.712 135653 DEBUG nova.service [req-4715067f-aa14-429a-b707-077bac3e0101 - - - - -] Join ServiceGroup membership for this service conductor start /usr/lib/python3/dist-packages/nova/service.py:199
2025-08-14 00:37:01.712 134257 DEBUG oslo_service.service [req-d5493fa4-58ae-4233-b4a5-dbde22c70912 - - - - -] cinder.keyfile = None log_opt_values /usr/lib/python3/dist-packages/oslo_config/cfg.py:2609
2025-08-14 00:37:01.712 135653 DEBUG nova.servicegroup.drivers.db [req-4715067f-aa14-429a-b707-077bac3e0101 - - - - -] DB_Driver: join new ServiceGroup member juju-8659d3-0-lxd-7 to the conductor group, service = join /usr/lib/python3/dist-packages/nova/servicegroup/drivers/db.py:44
2025-08-14 00:37:01.712 134257 DEBUG oslo_service.service [req-d5493fa4-58ae-4233-b4a5-dbde22c70912 - - - - -] cinder.os_region_name = None log_opt_values /usr/lib/python3/dist-packages/oslo_config/cfg.py:2609
2025-08-14 00:37:01.713 134257 DEBUG oslo_service.service [req-d5493fa4-58ae-4233-b4a5-dbde22c70912 - - - - -] cinder.split_loggers = False log_opt_values /usr/lib/python3/dist-packages/oslo_config/cfg.py:2609
2025-08-14 00:37:01.713 134257 DEBUG oslo_service.service [req-d5493fa4-58ae-4233-b4a5-dbde22c70912 - - - - -] cinder.timeout = None log_opt_values /usr/lib/python3/dist-packages/oslo_config/cfg.py:2609
2025-08-14 00:37:01.713 134257 DEBUG oslo_service.service [req-d5493fa4-58ae-4233-b4a5-dbde22c70912 - - - - -] compute.consecutive_build_service_disable_threshold = 10 log_opt_values /usr/lib/python3/dist-packages/oslo_config/cfg.py:2609
2025-08-14 00:37:01.713 134257 DEBUG oslo_service.service [req-d5493fa4-58ae-4233-b4a5-dbde22c70912 - - - - -] compute.cpu_dedicated_set = None log_opt_values /usr/lib/python3/dist-packages/oslo_config/cfg.py:2609
2025-08-14 00:37:01.713 134257 DEBUG oslo_service.service [req-d5493fa4-58ae-4233-b4a5-dbde22c70912 - - - - -] compute.cpu_shared_set = None log_opt_values /usr/lib/python3/dist-packages/oslo_config/cfg.py:2609
2025-08-14 00:37:01.714 134257 DEBUG oslo_service.service [req-d5493fa4-58ae-4233-b4a5-dbde22c70912 - - - - -] compute.image_type_exclude_list = [] log_opt_values /usr/lib/python3/dist-packages/oslo_config/cfg.py:2609
2025-08-14 00:37:01.714 134257 DEBUG oslo_service.service [req-d5493fa4-58ae-4233-b4a5-dbde22c70912 - - - - -] compute.live_migration_wait_for_vif_plug = True log_opt_values /usr/lib/python3/dist-packages/oslo_config/cfg.py:2609
2025-08-14 00:37:01.714 134257 DEBUG oslo_service.service [req-d5493fa4-58ae-4233-b4a5-dbde22c70912 - - - - -] compute.max_concurrent_disk_ops = 0 log_opt_values /usr/lib/python3/dist-packages/oslo_config/cfg.py:2609
2025-08-14 00:37:01.714 134257 DEBUG oslo_service.service [req-d5493fa4-58ae-4233-b4a5-dbde22c70912 - - - - -] compute.max_disk_devices_to_attach = -1 log_opt_values /usr/lib/python3/dist-packages/oslo_config/cfg.py:2609
2025-08-14 00:37:01.714 134257 DEBUG oslo_service.service [req-d5493fa4-58ae-4233-b4a5-dbde22c70912 - - - - -] compute.packing_host_numa_cells_allocation_strategy = True log_opt_values /usr/lib/python3/dist-packages/oslo_config/cfg.py:2609
2025-08-14 00:37:01.715 134257 DEBUG oslo_service.service [req-d5493fa4-58ae-4233-b4a5-dbde22c70912 - - - - -] compute.provider_config_location = /etc/nova/provider_config/ log_opt_values /usr/lib/python3/dist-packages/oslo_config/cfg.py:2609
2025-08-14 00:37:01.715 134257 DEBUG oslo_service.service [req-d5493fa4-58ae-4233-b4a5-dbde22c70912 - - - - -] compute.resource_provider_association_refresh = 300 log_opt_values /usr/lib/python3/dist-packages/oslo_config/cfg.py:2609
2025-08-14 00:37:01.715 135653 DEBUG oslo_messaging._drivers.amqpdriver [-] AMQPListener connection timeout poll /usr/lib/python3/dist-packages/oslo_messaging/_drivers/amqpdriver.py:360
2025-08-14 00:37:01.715 134257 DEBUG oslo_service.service [req-d5493fa4-58ae-4233-b4a5-dbde22c70912 - - - - -] compute.shutdown_retry_interval = 10 log_opt_values /usr/lib/python3/dist-packages/oslo_config/cfg.py:2609
2025-08-14 00:37:01.716 135653 DEBUG oslo_messaging._drivers.amqpdriver [-] Listener is running poll /usr/lib/python3/dist-packages/oslo_messaging/_drivers/amqpdriver.py:343
2025-08-14 00:37:01.716 135653 DEBUG oslo_messaging._drivers.amqpdriver [-] AMQPListener connection consume poll /usr/lib/python3/dist-packages/oslo_messaging/_drivers/amqpdriver.py:357
2025-08-14 00:37:01.716 134257 DEBUG oslo_service.service [req-d5493fa4-58ae-4233-b4a5-dbde22c70912 - - - - -] compute.vmdk_allowed_types = ['streamOptimized', 'monolithicSparse'] log_opt_values /usr/lib/python3/dist-packages/oslo_config/cfg.py:2609
2025-08-14 00:37:01.716 135654 DEBUG nova.service [req-edbc7a24-e159-44a0-9fa2-6f6dc9efb321 - - - - -] Creating RPC server for service conductor start /usr/lib/python3/dist-packages/nova/service.py:182
2025-08-14 00:37:01.716 134257 DEBUG oslo_service.service [req-d5493fa4-58ae-4233-b4a5-dbde22c70912 - - - - -] conductor.workers = 4 log_opt_values /usr/lib/python3/dist-packages/oslo_config/cfg.py:2609
2025-08-14 00:37:01.717 134257 DEBUG oslo_service.service [req-d5493fa4-58ae-4233-b4a5-dbde22c70912 - - - - -] console.allowed_origins = [] log_opt_values /usr/lib/python3/dist-packages/oslo_config/cfg.py:2609
2025-08-14 00:37:01.717 134257 DEBUG oslo_service.service [req-d5493fa4-58ae-4233-b4a5-dbde22c70912 - - - - -] console.ssl_ciphers = None log_opt_values /usr/lib/python3/dist-packages/oslo_config/cfg.py:2609
2025-08-14 00:37:01.718 134257 DEBUG oslo_service.service [req-d5493fa4-58ae-4233-b4a5-dbde22c70912 - - - - -] console.ssl_minimum_version = default log_opt_values /usr/lib/python3/dist-packages/oslo_config/cfg.py:2609
2025-08-14 00:37:01.718 134257 DEBUG oslo_service.service [req-d5493fa4-58ae-4233-b4a5-dbde22c70912 - - - - -] consoleauth.token_ttl = 600 log_opt_values /usr/lib/python3/dist-packages/oslo_config/cfg.py:2609
2025-08-14 00:37:01.718 134257 DEBUG oslo_service.service [req-d5493fa4-58ae-4233-b4a5-dbde22c70912 - - - - -] cyborg.cafile = None log_opt_values /usr/lib/python3/dist-packages/oslo_config/cfg.py:2609
2025-08-14 00:37:01.718 134257 DEBUG oslo_service.service [req-d5493fa4-58ae-4233-b4a5-dbde22c70912 - - - - -] cyborg.certfile = None log_opt_values /usr/lib/python3/dist-packages/oslo_config/cfg.py:2609
2025-08-14 00:37:01.718 134257 DEBUG oslo_service.service [req-d5493fa4-58ae-4233-b4a5-dbde22c70912 - - - - -] cyborg.collect_timing = False log_opt_values /usr/lib/python3/dist-packages/oslo_config/cfg.py:2609
2025-08-14 00:37:01.718 134257 DEBUG oslo_service.service [req-d5493fa4-58ae-4233-b4a5-dbde22c70912 - - - - -] cyborg.connect_retries = None log_opt_values /usr/lib/python3/dist-packages/oslo_config/cfg.py:2609
2025-08-14 00:37:01.719 134257 DEBUG oslo_service.service [req-d5493fa4-58ae-4233-b4a5-dbde22c70912 - - - - -] cyborg.connect_retry_delay = None log_opt_values /usr/lib/python3/dist-packages/oslo_config/cfg.py:2609
2025-08-14 00:37:01.719 134257 DEBUG oslo_service.service [req-d5493fa4-58ae-4233-b4a5-dbde22c70912 - - - - -] cyborg.endpoint_override = None log_opt_values /usr/lib/python3/dist-packages/oslo_config/cfg.py:2609
2025-08-14 00:37:01.719 134257 DEBUG oslo_service.service [req-d5493fa4-58ae-4233-b4a5-dbde22c70912 - - - - -] cyborg.insecure = False log_opt_values /usr/lib/python3/dist-packages/oslo_config/cfg.py:2609
2025-08-14 00:37:01.720 134257 DEBUG oslo_service.service [req-d5493fa4-58ae-4233-b4a5-dbde22c70912 - - - - -] cyborg.keyfile = None log_opt_values /usr/lib/python3/dist-packages/oslo_config/cfg.py:2609
2025-08-14 00:37:01.720 134257 DEBUG oslo_service.service [req-d5493fa4-58ae-4233-b4a5-dbde22c70912 - - - - -] cyborg.max_version = None log_opt_values /usr/lib/python3/dist-packages/oslo_config/cfg.py:2609
2025-08-14 00:37:01.720 134257 DEBUG oslo_service.service [req-d5493fa4-58ae-4233-b4a5-dbde22c70912 - - - - -] cyborg.min_version = None log_opt_values /usr/lib/python3/dist-packages/oslo_config/cfg.py:2609
2025-08-14 00:37:01.720 134257 DEBUG oslo_service.service [req-d5493fa4-58ae-4233-b4a5-dbde22c70912 - - - - -] cyborg.region_name = None log_opt_values /usr/lib/python3/dist-packages/oslo_config/cfg.py:2609
2025-08-14 00:37:01.721 134257 DEBUG oslo_service.service [req-d5493fa4-58ae-4233-b4a5-dbde22c70912 - - - - -] cyborg.service_name = None log_opt_values /usr/lib/python3/dist-packages/oslo_config/cfg.py:2609
2025-08-14 00:37:01.721 134257 DEBUG oslo_service.service [req-d5493fa4-58ae-4233-b4a5-dbde22c70912 - - - - -] cyborg.service_type = accelerator log_opt_values /usr/lib/python3/dist-packages/oslo_config/cfg.py:2609
2025-08-14 00:37:01.721 134257 DEBUG oslo_service.service [req-d5493fa4-58ae-4233-b4a5-dbde22c70912 - - - - -] cyborg.split_loggers = False log_opt_values /usr/lib/python3/dist-packages/oslo_config/cfg.py:2609
2025-08-14 00:37:01.721 134257 DEBUG oslo_service.service [req-d5493fa4-58ae-4233-b4a5-dbde22c70912 - - - - -] cyborg.status_code_retries = None log_opt_values /usr/lib/python3/dist-packages/oslo_config/cfg.py:2609
2025-08-14 00:37:01.722 134257 DEBUG oslo_service.service [req-d5493fa4-58ae-4233-b4a5-dbde22c70912 - - - - -] cyborg.status_code_retry_delay = None log_opt_values /usr/lib/python3/dist-packages/oslo_config/cfg.py:2609
2025-08-14 00:37:01.722 134257 DEBUG oslo_service.service [req-d5493fa4-58ae-4233-b4a5-dbde22c70912 - - - - -] cyborg.timeout = None log_opt_values /usr/lib/python3/dist-packages/oslo_config/cfg.py:2609
2025-08-14 00:37:01.722 134257 DEBUG oslo_service.service [req-d5493fa4-58ae-4233-b4a5-dbde22c70912 - - - - -] cyborg.valid_interfaces = ['internal', 'public'] log_opt_values /usr/lib/python3/dist-packages/oslo_config/cfg.py:2609
2025-08-14 00:37:01.722 134257 DEBUG oslo_service.service [req-d5493fa4-58ae-4233-b4a5-dbde22c70912 - - - - -] cyborg.version = None log_opt_values /usr/lib/python3/dist-packages/oslo_config/cfg.py:2609
2025-08-14 00:37:01.723 134257 DEBUG oslo_service.service [req-d5493fa4-58ae-4233-b4a5-dbde22c70912 - - - - -] database.backend = sqlalchemy log_opt_values /usr/lib/python3/dist-packages/oslo_config/cfg.py:2609
2025-08-14 00:37:01.723 134257 DEBUG oslo_service.service [req-d5493fa4-58ae-4233-b4a5-dbde22c70912 - - - - -] database.connection = **** log_opt_values /usr/lib/python3/dist-packages/oslo_config/cfg.py:2609
2025-08-14 00:37:01.723 134257 DEBUG oslo_service.service [req-d5493fa4-58ae-4233-b4a5-dbde22c70912 - - - - -] database.connection_debug = 0 log_opt_values /usr/lib/python3/dist-packages/oslo_config/cfg.py:2609
2025-08-14 00:37:01.724 134257 DEBUG oslo_service.service [req-d5493fa4-58ae-4233-b4a5-dbde22c70912 - - - - -] database.connection_parameters = log_opt_values /usr/lib/python3/dist-packages/oslo_config/cfg.py:2609
2025-08-14 00:37:01.724 134257 DEBUG oslo_service.service [req-d5493fa4-58ae-4233-b4a5-dbde22c70912 - - - - -] database.connection_recycle_time = 3600 log_opt_values /usr/lib/python3/dist-packages/oslo_config/cfg.py:2609
2025-08-14 00:37:01.724 134257 DEBUG oslo_service.service [req-d5493fa4-58ae-4233-b4a5-dbde22c70912 - - - - -] database.connection_trace = False log_opt_values /usr/lib/python3/dist-packages/oslo_config/cfg.py:2609
2025-08-14 00:37:01.724 134257 DEBUG oslo_service.service [req-d5493fa4-58ae-4233-b4a5-dbde22c70912 - - - - -] database.db_inc_retry_interval = True log_opt_values /usr/lib/python3/dist-packages/oslo_config/cfg.py:2609
2025-08-14 00:37:01.724 134257 DEBUG oslo_service.service [req-d5493fa4-58ae-4233-b4a5-dbde22c70912 - - - - -] database.db_max_retries = 20 log_opt_values /usr/lib/python3/dist-packages/oslo_config/cfg.py:2609
2025-08-14 00:37:01.725 134257 DEBUG oslo_service.service [req-d5493fa4-58ae-4233-b4a5-dbde22c70912 - - - - -] database.db_max_retry_interval = 10 log_opt_values /usr/lib/python3/dist-packages/oslo_config/cfg.py:2609
2025-08-14 00:37:01.725 134257 DEBUG oslo_service.service [req-d5493fa4-58ae-4233-b4a5-dbde22c70912 - - - - -] database.db_retry_interval = 1 log_opt_values /usr/lib/python3/dist-packages/oslo_config/cfg.py:2609
2025-08-14 00:37:01.725 134257 DEBUG oslo_service.service [req-d5493fa4-58ae-4233-b4a5-dbde22c70912 - - - - -] database.max_overflow = 50 log_opt_values /usr/lib/python3/dist-packages/oslo_config/cfg.py:2609
2025-08-14 00:37:01.726 134257 DEBUG oslo_service.service [req-d5493fa4-58ae-4233-b4a5-dbde22c70912 - - - - -] database.max_pool_size = 4 log_opt_values /usr/lib/python3/dist-packages/oslo_config/cfg.py:2609
2025-08-14 00:37:01.726 134257 DEBUG oslo_service.service [req-d5493fa4-58ae-4233-b4a5-dbde22c70912 - - - - -] database.max_retries = 10 log_opt_values /usr/lib/python3/dist-packages/oslo_config/cfg.py:2609
2025-08-14 00:37:01.726 134257 DEBUG oslo_service.service [req-d5493fa4-58ae-4233-b4a5-dbde22c70912 - - - - -] database.mysql_enable_ndb = False log_opt_values /usr/lib/python3/dist-packages/oslo_config/cfg.py:2609
2025-08-14 00:37:01.727 134257 DEBUG oslo_service.service [req-d5493fa4-58ae-4233-b4a5-dbde22c70912 - - - - -] database.mysql_sql_mode = TRADITIONAL log_opt_values /usr/lib/python3/dist-packages/oslo_config/cfg.py:2609
2025-08-14 00:37:01.727 134257 DEBUG oslo_service.service [req-d5493fa4-58ae-4233-b4a5-dbde22c70912 - - - - -] database.pool_timeout = None log_opt_values /usr/lib/python3/dist-packages/oslo_config/cfg.py:2609
2025-08-14 00:37:01.727 134257 DEBUG oslo_service.service [req-d5493fa4-58ae-4233-b4a5-dbde22c70912 - - - - -] database.retry_interval = 10 log_opt_values /usr/lib/python3/dist-packages/oslo_config/cfg.py:2609
2025-08-14 00:37:01.727 134257 DEBUG oslo_service.service [req-d5493fa4-58ae-4233-b4a5-dbde22c70912 - - - - -] database.slave_connection = **** log_opt_values /usr/lib/python3/dist-packages/oslo_config/cfg.py:2609
2025-08-14 00:37:01.727 134257 DEBUG oslo_service.service [req-d5493fa4-58ae-4233-b4a5-dbde22c70912 - - - - -] database.sqlite_synchronous = True log_opt_values /usr/lib/python3/dist-packages/oslo_config/cfg.py:2609
2025-08-14 00:37:01.728 134257 DEBUG oslo_service.service [req-d5493fa4-58ae-4233-b4a5-dbde22c70912 - - - - -] database.use_db_reconnect = False log_opt_values /usr/lib/python3/dist-packages/oslo_config/cfg.py:2609
2025-08-14 00:37:01.728 134257 DEBUG oslo_service.service [req-d5493fa4-58ae-4233-b4a5-dbde22c70912 - - - - -] api_database.backend = sqlalchemy log_opt_values /usr/lib/python3/dist-packages/oslo_config/cfg.py:2609
2025-08-14 00:37:01.728 134257 DEBUG oslo_service.service [req-d5493fa4-58ae-4233-b4a5-dbde22c70912 - - - - -] api_database.connection = **** log_opt_values /usr/lib/python3/dist-packages/oslo_config/cfg.py:2609
2025-08-14 00:37:01.728 134257 DEBUG oslo_service.service [req-d5493fa4-58ae-4233-b4a5-dbde22c70912 - - - - -] api_database.connection_debug = 0 log_opt_values /usr/lib/python3/dist-packages/oslo_config/cfg.py:2609
2025-08-14 00:37:01.728 134257 DEBUG oslo_service.service [req-d5493fa4-58ae-4233-b4a5-dbde22c70912 - - - - -] api_database.connection_parameters = log_opt_values /usr/lib/python3/dist-packages/oslo_config/cfg.py:2609
2025-08-14 00:37:01.729 134257 DEBUG oslo_service.service [req-d5493fa4-58ae-4233-b4a5-dbde22c70912 - - - - -] api_database.connection_recycle_time = 3600 log_opt_values /usr/lib/python3/dist-packages/oslo_config/cfg.py:2609
2025-08-14 00:37:01.729 134257 DEBUG oslo_service.service [req-d5493fa4-58ae-4233-b4a5-dbde22c70912 - - - - -] api_database.connection_trace = False log_opt_values /usr/lib/python3/dist-packages/oslo_config/cfg.py:2609
2025-08-14 00:37:01.729 134257 DEBUG oslo_service.service [req-d5493fa4-58ae-4233-b4a5-dbde22c70912 - - - - -] api_database.db_inc_retry_interval = True log_opt_values /usr/lib/python3/dist-packages/oslo_config/cfg.py:2609
2025-08-14 00:37:01.729 134257 DEBUG oslo_service.service [req-d5493fa4-58ae-4233-b4a5-dbde22c70912 - - - - -] api_database.db_max_retries = 20 log_opt_values /usr/lib/python3/dist-packages/oslo_config/cfg.py:2609
2025-08-14 00:37:01.729 134257 DEBUG oslo_service.service [req-d5493fa4-58ae-4233-b4a5-dbde22c70912 - - - - -] api_database.db_max_retry_interval = 10 log_opt_values /usr/lib/python3/dist-packages/oslo_config/cfg.py:2609
2025-08-14 00:37:01.729 134257 DEBUG oslo_service.service [req-d5493fa4-58ae-4233-b4a5-dbde22c70912 - - - - -] api_database.db_retry_interval = 1 log_opt_values /usr/lib/python3/dist-packages/oslo_config/cfg.py:2609
2025-08-14 00:37:01.730 134257 DEBUG oslo_service.service [req-d5493fa4-58ae-4233-b4a5-dbde22c70912 - - - - -] api_database.max_overflow = 50 log_opt_values /usr/lib/python3/dist-packages/oslo_config/cfg.py:2609
2025-08-14 00:37:01.730 134257 DEBUG oslo_service.service [req-d5493fa4-58ae-4233-b4a5-dbde22c70912 - - - - -] api_database.max_pool_size = 4 log_opt_values /usr/lib/python3/dist-packages/oslo_config/cfg.py:2609
2025-08-14 00:37:01.731 134257 DEBUG oslo_service.service [req-d5493fa4-58ae-4233-b4a5-dbde22c70912 - - - - -] api_database.max_retries = 10 log_opt_values /usr/lib/python3/dist-packages/oslo_config/cfg.py:2609
2025-08-14 00:37:01.732 134257 DEBUG oslo_service.service [req-d5493fa4-58ae-4233-b4a5-dbde22c70912 - - - - -] api_database.mysql_enable_ndb = False log_opt_values /usr/lib/python3/dist-packages/oslo_config/cfg.py:2609
2025-08-14 00:37:01.733 134257 DEBUG oslo_service.service [req-d5493fa4-58ae-4233-b4a5-dbde22c70912 - - - - -] api_database.mysql_sql_mode = TRADITIONAL log_opt_values /usr/lib/python3/dist-packages/oslo_config/cfg.py:2609
2025-08-14 00:37:01.734 134257 DEBUG oslo_service.service [req-d5493fa4-58ae-4233-b4a5-dbde22c70912 - - - - -] api_database.pool_timeout = None log_opt_values /usr/lib/python3/dist-packages/oslo_config/cfg.py:2609
2025-08-14 00:37:01.735 134257 DEBUG oslo_service.service [req-d5493fa4-58ae-4233-b4a5-dbde22c70912 - - - - -] api_database.retry_interval = 10 log_opt_values /usr/lib/python3/dist-packages/oslo_config/cfg.py:2609
2025-08-14 00:37:01.735 134257 DEBUG oslo_service.service [req-d5493fa4-58ae-4233-b4a5-dbde22c70912 - - - - -] api_database.slave_connection = **** log_opt_values /usr/lib/python3/dist-packages/oslo_config/cfg.py:2609
2025-08-14 00:37:01.736 134257 DEBUG oslo_service.service [req-d5493fa4-58ae-4233-b4a5-dbde22c70912 - - - - -] api_database.sqlite_synchronous = True log_opt_values /usr/lib/python3/dist-packages/oslo_config/cfg.py:2609
2025-08-14 00:37:01.736 134257 DEBUG oslo_service.service [req-d5493fa4-58ae-4233-b4a5-dbde22c70912 - - - - -] devices.enabled_mdev_types = [] log_opt_values /usr/lib/python3/dist-packages/oslo_config/cfg.py:2609
2025-08-14 00:37:01.736 134257 DEBUG oslo_service.service [req-d5493fa4-58ae-4233-b4a5-dbde22c70912 - - - - -] ephemeral_storage_encryption.cipher = aes-xts-plain64 log_opt_values /usr/lib/python3/dist-packages/oslo_config/cfg.py:2609
2025-08-14 00:37:01.737 134257 DEBUG oslo_service.service [req-d5493fa4-58ae-4233-b4a5-dbde22c70912 - - - - -] ephemeral_storage_encryption.enabled = False log_opt_values /usr/lib/python3/dist-packages/oslo_config/cfg.py:2609
2025-08-14 00:37:01.737 134257 DEBUG oslo_service.service [req-d5493fa4-58ae-4233-b4a5-dbde22c70912 - - - - -] ephemeral_storage_encryption.key_size = 512 log_opt_values /usr/lib/python3/dist-packages/oslo_config/cfg.py:2609
2025-08-14 00:37:01.737 134257 WARNING oslo_config.cfg [req-d5493fa4-58ae-4233-b4a5-dbde22c70912 - - - - -] Deprecated: Option "api_servers" from group "glance" is deprecated for removal ( Support for image service configuration via standard keystoneauth1 Adapter options was added in the 17.0.0 Queens release. The api_servers option was retained temporarily to allow consumers time to cut over to a real load balancing solution. ). Its value may be silently ignored in the future.
2025-08-14 00:37:01.737 134257 DEBUG oslo_service.service [req-d5493fa4-58ae-4233-b4a5-dbde22c70912 - - - - -] glance.api_servers = ['http://252.241.239.8:9292'] log_opt_values /usr/lib/python3/dist-packages/oslo_config/cfg.py:2609
2025-08-14 00:37:01.738 134257 DEBUG oslo_service.service [req-d5493fa4-58ae-4233-b4a5-dbde22c70912 - - - - -] glance.cafile = None log_opt_values /usr/lib/python3/dist-packages/oslo_config/cfg.py:2609
2025-08-14 00:37:01.738 134257 DEBUG oslo_service.service [req-d5493fa4-58ae-4233-b4a5-dbde22c70912 - - - - -] glance.certfile = None log_opt_values /usr/lib/python3/dist-packages/oslo_config/cfg.py:2609
2025-08-14 00:37:01.738 134257 DEBUG oslo_service.service [req-d5493fa4-58ae-4233-b4a5-dbde22c70912 - - - - -] glance.collect_timing = False log_opt_values /usr/lib/python3/dist-packages/oslo_config/cfg.py:2609
2025-08-14 00:37:01.738 134257 DEBUG oslo_service.service [req-d5493fa4-58ae-4233-b4a5-dbde22c70912 - - - - -] glance.connect_retries = None log_opt_values /usr/lib/python3/dist-packages/oslo_config/cfg.py:2609
2025-08-14 00:37:01.738 134257 DEBUG oslo_service.service [req-d5493fa4-58ae-4233-b4a5-dbde22c70912 - - - - -] glance.connect_retry_delay = None log_opt_values /usr/lib/python3/dist-packages/oslo_config/cfg.py:2609
2025-08-14 00:37:01.739 134257 DEBUG oslo_service.service [req-d5493fa4-58ae-4233-b4a5-dbde22c70912 - - - - -] glance.debug = False log_opt_values /usr/lib/python3/dist-packages/oslo_config/cfg.py:2609
2025-08-14 00:37:01.739 134257 DEBUG oslo_service.service [req-d5493fa4-58ae-4233-b4a5-dbde22c70912 - - - - -] glance.default_trusted_certificate_ids = [] log_opt_values /usr/lib/python3/dist-packages/oslo_config/cfg.py:2609
2025-08-14 00:37:01.739 134257 DEBUG oslo_service.service [req-d5493fa4-58ae-4233-b4a5-dbde22c70912 - - - - -] glance.enable_certificate_validation = False log_opt_values /usr/lib/python3/dist-packages/oslo_config/cfg.py:2609
2025-08-14 00:37:01.739 134257 DEBUG oslo_service.service [req-d5493fa4-58ae-4233-b4a5-dbde22c70912 - - - - -] glance.enable_rbd_download = False log_opt_values /usr/lib/python3/dist-packages/oslo_config/cfg.py:2609
2025-08-14 00:37:01.739 134257 DEBUG oslo_service.service [req-d5493fa4-58ae-4233-b4a5-dbde22c70912 - - - - -] glance.endpoint_override = None log_opt_values /usr/lib/python3/dist-packages/oslo_config/cfg.py:2609
2025-08-14 00:37:01.740 135654 DEBUG oslo_messaging._drivers.amqpdriver [-] Listener is running poll /usr/lib/python3/dist-packages/oslo_messaging/_drivers/amqpdriver.py:343
2025-08-14 00:37:01.740 134257 DEBUG oslo_service.service [req-d5493fa4-58ae-4233-b4a5-dbde22c70912 - - - - -] glance.insecure = False log_opt_values /usr/lib/python3/dist-packages/oslo_config/cfg.py:2609
2025-08-14 00:37:01.740 135654 DEBUG oslo_messaging._drivers.amqpdriver [-] AMQPListener connection consume poll /usr/lib/python3/dist-packages/oslo_messaging/_drivers/amqpdriver.py:357
2025-08-14 00:37:01.740 134257 DEBUG oslo_service.service [req-d5493fa4-58ae-4233-b4a5-dbde22c70912 - - - - -] glance.keyfile = None log_opt_values /usr/lib/python3/dist-packages/oslo_config/cfg.py:2609
2025-08-14 00:37:01.740 134257 DEBUG oslo_service.service [req-d5493fa4-58ae-4233-b4a5-dbde22c70912 - - - - -] glance.max_version = None log_opt_values /usr/lib/python3/dist-packages/oslo_config/cfg.py:2609
2025-08-14 00:37:01.740 134257 DEBUG oslo_service.service [req-d5493fa4-58ae-4233-b4a5-dbde22c70912 - - - - -] glance.min_version = None log_opt_values /usr/lib/python3/dist-packages/oslo_config/cfg.py:2609
2025-08-14 00:37:01.741 134257 DEBUG oslo_service.service [req-d5493fa4-58ae-4233-b4a5-dbde22c70912 - - - - -] glance.num_retries = 3 log_opt_values /usr/lib/python3/dist-packages/oslo_config/cfg.py:2609
2025-08-14 00:37:01.741 134257 DEBUG oslo_service.service [req-d5493fa4-58ae-4233-b4a5-dbde22c70912 - - - - -] glance.rbd_ceph_conf = log_opt_values /usr/lib/python3/dist-packages/oslo_config/cfg.py:2609
2025-08-14 00:37:01.741 134257 DEBUG oslo_service.service [req-d5493fa4-58ae-4233-b4a5-dbde22c70912 - - - - -] glance.rbd_connect_timeout = 5 log_opt_values /usr/lib/python3/dist-packages/oslo_config/cfg.py:2609
2025-08-14 00:37:01.741 135654 DEBUG nova.service [req-edbc7a24-e159-44a0-9fa2-6f6dc9efb321 - - - - -] Join ServiceGroup membership for this service conductor start /usr/lib/python3/dist-packages/nova/service.py:199
2025-08-14 00:37:01.741 134257 DEBUG oslo_service.service [req-d5493fa4-58ae-4233-b4a5-dbde22c70912 - - - - -] glance.rbd_pool = log_opt_values /usr/lib/python3/dist-packages/oslo_config/cfg.py:2609
2025-08-14 00:37:01.741 134257 DEBUG oslo_service.service [req-d5493fa4-58ae-4233-b4a5-dbde22c70912 - - - - -] glance.rbd_user = log_opt_values /usr/lib/python3/dist-packages/oslo_config/cfg.py:2609
2025-08-14 00:37:01.741 135654 DEBUG nova.servicegroup.drivers.db [req-edbc7a24-e159-44a0-9fa2-6f6dc9efb321 - - - - -] DB_Driver: join new ServiceGroup member juju-8659d3-0-lxd-7 to the conductor group, service = join /usr/lib/python3/dist-packages/nova/servicegroup/drivers/db.py:44
2025-08-14 00:37:01.742 134257 DEBUG oslo_service.service [req-d5493fa4-58ae-4233-b4a5-dbde22c70912 - - - - -] glance.region_name = None log_opt_values /usr/lib/python3/dist-packages/oslo_config/cfg.py:2609
2025-08-14 00:37:01.742 134257 DEBUG oslo_service.service [req-d5493fa4-58ae-4233-b4a5-dbde22c70912 - - - - -] glance.service_name = None log_opt_values /usr/lib/python3/dist-packages/oslo_config/cfg.py:2609
2025-08-14 00:37:01.742 134257 DEBUG oslo_service.service [req-d5493fa4-58ae-4233-b4a5-dbde22c70912 - - - - -] glance.service_type = image log_opt_values /usr/lib/python3/dist-packages/oslo_config/cfg.py:2609
2025-08-14 00:37:01.742 134257 DEBUG oslo_service.service [req-d5493fa4-58ae-4233-b4a5-dbde22c70912 - - - - -] glance.split_loggers = False log_opt_values /usr/lib/python3/dist-packages/oslo_config/cfg.py:2609
2025-08-14 00:37:01.742 134257 DEBUG oslo_service.service [req-d5493fa4-58ae-4233-b4a5-dbde22c70912 - - - - -] glance.status_code_retries = None log_opt_values /usr/lib/python3/dist-packages/oslo_config/cfg.py:2609
2025-08-14 00:37:01.742 134257 DEBUG oslo_service.service [req-d5493fa4-58ae-4233-b4a5-dbde22c70912 - - - - -] glance.status_code_retry_delay = None log_opt_values /usr/lib/python3/dist-packages/oslo_config/cfg.py:2609
2025-08-14 00:37:01.743 134257 DEBUG oslo_service.service [req-d5493fa4-58ae-4233-b4a5-dbde22c70912 - - - - -] glance.timeout = None log_opt_values /usr/lib/python3/dist-packages/oslo_config/cfg.py:2609
2025-08-14 00:37:01.743 134257 DEBUG oslo_service.service [req-d5493fa4-58ae-4233-b4a5-dbde22c70912 - - - - -] glance.valid_interfaces = ['internal', 'public'] log_opt_values /usr/lib/python3/dist-packages/oslo_config/cfg.py:2609
2025-08-14 00:37:01.743 134257 DEBUG oslo_service.service [req-d5493fa4-58ae-4233-b4a5-dbde22c70912 - - - - -] glance.verify_glance_signatures = False log_opt_values /usr/lib/python3/dist-packages/oslo_config/cfg.py:2609
2025-08-14 00:37:01.743 134257 DEBUG oslo_service.service [req-d5493fa4-58ae-4233-b4a5-dbde22c70912 - - - - -] glance.version = None log_opt_values /usr/lib/python3/dist-packages/oslo_config/cfg.py:2609
2025-08-14 00:37:01.743 134257 DEBUG oslo_service.service [req-d5493fa4-58ae-4233-b4a5-dbde22c70912 - - - - -] guestfs.debug = False log_opt_values /usr/lib/python3/dist-packages/oslo_config/cfg.py:2609
2025-08-14 00:37:01.744 134257 DEBUG oslo_service.service [req-d5493fa4-58ae-4233-b4a5-dbde22c70912 - - - - -] hyperv.config_drive_cdrom = False log_opt_values /usr/lib/python3/dist-packages/oslo_config/cfg.py:2609
2025-08-14 00:37:01.744 135654 DEBUG oslo_messaging._drivers.amqpdriver [-] AMQPListener connection timeout poll /usr/lib/python3/dist-packages/oslo_messaging/_drivers/amqpdriver.py:360
2025-08-14 00:37:01.744 134257 DEBUG oslo_service.service [req-d5493fa4-58ae-4233-b4a5-dbde22c70912 - - - - -] hyperv.config_drive_inject_password = False log_opt_values /usr/lib/python3/dist-packages/oslo_config/cfg.py:2609
2025-08-14 00:37:01.744 135654 DEBUG oslo_messaging._drivers.amqpdriver [-] Listener is running poll /usr/lib/python3/dist-packages/oslo_messaging/_drivers/amqpdriver.py:343
2025-08-14 00:37:01.744 135654 DEBUG oslo_messaging._drivers.amqpdriver [-] AMQPListener connection consume poll /usr/lib/python3/dist-packages/oslo_messaging/_drivers/amqpdriver.py:357
2025-08-14 00:37:01.744 134257 DEBUG oslo_service.service [req-d5493fa4-58ae-4233-b4a5-dbde22c70912 - - - - -] hyperv.dynamic_memory_ratio = 1.0 log_opt_values /usr/lib/python3/dist-packages/oslo_config/cfg.py:2609
2025-08-14 00:37:01.744 134257 DEBUG oslo_service.service [req-d5493fa4-58ae-4233-b4a5-dbde22c70912 - - - - -] hyperv.enable_instance_metrics_collection = False log_opt_values /usr/lib/python3/dist-packages/oslo_config/cfg.py:2609
2025-08-14 00:37:01.744 134257 DEBUG oslo_service.service [req-d5493fa4-58ae-4233-b4a5-dbde22c70912 - - - - -] hyperv.enable_remotefx = False log_opt_values /usr/lib/python3/dist-packages/oslo_config/cfg.py:2609
2025-08-14 00:37:01.744 134257 DEBUG oslo_service.service [req-d5493fa4-58ae-4233-b4a5-dbde22c70912 - - - - -] hyperv.instances_path_share = log_opt_values /usr/lib/python3/dist-packages/oslo_config/cfg.py:2609
2025-08-14 00:37:01.745 134257 DEBUG oslo_service.service [req-d5493fa4-58ae-4233-b4a5-dbde22c70912 - - - - -] hyperv.iscsi_initiator_list = [] log_opt_values /usr/lib/python3/dist-packages/oslo_config/cfg.py:2609
2025-08-14 00:37:01.745 134257 DEBUG oslo_service.service [req-d5493fa4-58ae-4233-b4a5-dbde22c70912 - - - - -] hyperv.limit_cpu_features = False log_opt_values /usr/lib/python3/dist-packages/oslo_config/cfg.py:2609
2025-08-14 00:37:01.745 134257 DEBUG oslo_service.service [req-d5493fa4-58ae-4233-b4a5-dbde22c70912 - - - - -] hyperv.mounted_disk_query_retry_count = 10 log_opt_values /usr/lib/python3/dist-packages/oslo_config/cfg.py:2609
2025-08-14 00:37:01.745 134257 DEBUG oslo_service.service [req-d5493fa4-58ae-4233-b4a5-dbde22c70912 - - - - -] hyperv.mounted_disk_query_retry_interval = 5 log_opt_values /usr/lib/python3/dist-packages/oslo_config/cfg.py:2609
2025-08-14 00:37:01.745 134257 DEBUG oslo_service.service [req-d5493fa4-58ae-4233-b4a5-dbde22c70912 - - - - -] hyperv.power_state_check_timeframe = 60 log_opt_values /usr/lib/python3/dist-packages/oslo_config/cfg.py:2609
2025-08-14 00:37:01.746 134257 DEBUG oslo_service.service [req-d5493fa4-58ae-4233-b4a5-dbde22c70912 - - - - -] hyperv.power_state_event_polling_interval = 2 log_opt_values /usr/lib/python3/dist-packages/oslo_config/cfg.py:2609
2025-08-14 00:37:01.746 134257 DEBUG oslo_service.service [req-d5493fa4-58ae-4233-b4a5-dbde22c70912 - - - - -] hyperv.qemu_img_cmd = qemu-img.exe log_opt_values /usr/lib/python3/dist-packages/oslo_config/cfg.py:2609
2025-08-14 00:37:01.746 134257 DEBUG oslo_service.service [req-d5493fa4-58ae-4233-b4a5-dbde22c70912 - - - - -] hyperv.use_multipath_io = False log_opt_values /usr/lib/python3/dist-packages/oslo_config/cfg.py:2609
2025-08-14 00:37:01.746 134257 DEBUG oslo_service.service [req-d5493fa4-58ae-4233-b4a5-dbde22c70912 - - - - -] hyperv.volume_attach_retry_count = 10 log_opt_values /usr/lib/python3/dist-packages/oslo_config/cfg.py:2609
2025-08-14 00:37:01.746 134257 DEBUG oslo_service.service [req-d5493fa4-58ae-4233-b4a5-dbde22c70912 - - - - -] hyperv.volume_attach_retry_interval = 5 log_opt_values /usr/lib/python3/dist-packages/oslo_config/cfg.py:2609
2025-08-14 00:37:01.746 134257 DEBUG oslo_service.service [req-d5493fa4-58ae-4233-b4a5-dbde22c70912 - - - - -] hyperv.vswitch_name = None log_opt_values /usr/lib/python3/dist-packages/oslo_config/cfg.py:2609
2025-08-14 00:37:01.746 134257 DEBUG oslo_service.service [req-d5493fa4-58ae-4233-b4a5-dbde22c70912 - - - - -] hyperv.wait_soft_reboot_seconds = 60 log_opt_values /usr/lib/python3/dist-packages/oslo_config/cfg.py:2609
2025-08-14 00:37:01.747 134257 DEBUG oslo_service.service [req-d5493fa4-58ae-4233-b4a5-dbde22c70912 - - - - -] mks.enabled = False log_opt_values /usr/lib/python3/dist-packages/oslo_config/cfg.py:2609
2025-08-14 00:37:01.748 134257 DEBUG oslo_service.service [req-d5493fa4-58ae-4233-b4a5-dbde22c70912 - - - - -] mks.mksproxy_base_url = http://127.0.0.1:6090/ log_opt_values /usr/lib/python3/dist-packages/oslo_config/cfg.py:2609
2025-08-14 00:37:01.748 134257 DEBUG oslo_service.service [req-d5493fa4-58ae-4233-b4a5-dbde22c70912 - - - - -] image_cache.manager_interval = 2400 log_opt_values /usr/lib/python3/dist-packages/oslo_config/cfg.py:2609
2025-08-14 00:37:01.748 134257 DEBUG oslo_service.service [req-d5493fa4-58ae-4233-b4a5-dbde22c70912 - - - - -] image_cache.precache_concurrency = 1 log_opt_values /usr/lib/python3/dist-packages/oslo_config/cfg.py:2609
2025-08-14 00:37:01.748 134257 DEBUG oslo_service.service [req-d5493fa4-58ae-4233-b4a5-dbde22c70912 - - - - -] image_cache.remove_unused_base_images = True log_opt_values /usr/lib/python3/dist-packages/oslo_config/cfg.py:2609
2025-08-14 00:37:01.749 134257 DEBUG oslo_service.service [req-d5493fa4-58ae-4233-b4a5-dbde22c70912 - - - - -] image_cache.remove_unused_original_minimum_age_seconds = 86400 log_opt_values /usr/lib/python3/dist-packages/oslo_config/cfg.py:2609
2025-08-14 00:37:01.749 134257 DEBUG oslo_service.service [req-d5493fa4-58ae-4233-b4a5-dbde22c70912 - - - - -] image_cache.remove_unused_resized_minimum_age_seconds = 3600 log_opt_values /usr/lib/python3/dist-packages/oslo_config/cfg.py:2609
2025-08-14 00:37:01.749 134257 DEBUG oslo_service.service [req-d5493fa4-58ae-4233-b4a5-dbde22c70912 - - - - -] image_cache.subdirectory_name = _base log_opt_values /usr/lib/python3/dist-packages/oslo_config/cfg.py:2609
2025-08-14 00:37:01.749 134257 DEBUG oslo_service.service [req-d5493fa4-58ae-4233-b4a5-dbde22c70912 - - - - -] ironic.api_max_retries = 60 log_opt_values /usr/lib/python3/dist-packages/oslo_config/cfg.py:2609
2025-08-14 00:37:01.749 134257 DEBUG oslo_service.service [req-d5493fa4-58ae-4233-b4a5-dbde22c70912 - - - - -] ironic.api_retry_interval = 2 log_opt_values /usr/lib/python3/dist-packages/oslo_config/cfg.py:2609
2025-08-14 00:37:01.750 134257 DEBUG oslo_service.service [req-d5493fa4-58ae-4233-b4a5-dbde22c70912 - - - - -] ironic.auth_section = None log_opt_values /usr/lib/python3/dist-packages/oslo_config/cfg.py:2609
2025-08-14 00:37:01.750 134257 DEBUG oslo_service.service [req-d5493fa4-58ae-4233-b4a5-dbde22c70912 - - - - -] ironic.auth_type = None log_opt_values /usr/lib/python3/dist-packages/oslo_config/cfg.py:2609
2025-08-14 00:37:01.750 134257 DEBUG oslo_service.service [req-d5493fa4-58ae-4233-b4a5-dbde22c70912 - - - - -] ironic.cafile = None log_opt_values /usr/lib/python3/dist-packages/oslo_config/cfg.py:2609
2025-08-14 00:37:01.750 134257 DEBUG oslo_service.service [req-d5493fa4-58ae-4233-b4a5-dbde22c70912 - - - - -] ironic.certfile = None log_opt_values /usr/lib/python3/dist-packages/oslo_config/cfg.py:2609
2025-08-14 00:37:01.750 134257 DEBUG oslo_service.service [req-d5493fa4-58ae-4233-b4a5-dbde22c70912 - - - - -] ironic.collect_timing = False log_opt_values /usr/lib/python3/dist-packages/oslo_config/cfg.py:2609
2025-08-14 00:37:01.750 134257 DEBUG oslo_service.service [req-d5493fa4-58ae-4233-b4a5-dbde22c70912 - - - - -] ironic.connect_retries = None log_opt_values /usr/lib/python3/dist-packages/oslo_config/cfg.py:2609
