2025-08-11 00:37:07.329 133109 DEBUG oslo_service.service [req-99b760ba-d3a4-4e69-ba85-8fe6abfefcb6 - - - - -] api.vendordata_jsonfile_path = None log_opt_values /usr/lib/python3/dist-packages/oslo_config/cfg.py:2609
2025-08-11 00:37:07.329 133109 DEBUG oslo_service.service [req-99b760ba-d3a4-4e69-ba85-8fe6abfefcb6 - - - - -] api.vendordata_providers = ['StaticJSON'] log_opt_values /usr/lib/python3/dist-packages/oslo_config/cfg.py:2609
2025-08-11 00:37:07.329 134728 DEBUG nova.service [req-9787b70c-1f9e-461b-9cc7-ef2a407a0614 - - - - -] Creating RPC server for service scheduler start /usr/lib/python3/dist-packages/nova/service.py:182
2025-08-11 00:37:07.329 133109 DEBUG oslo_service.service [req-99b760ba-d3a4-4e69-ba85-8fe6abfefcb6 - - - - -] cache.backend = dogpile.cache.null log_opt_values /usr/lib/python3/dist-packages/oslo_config/cfg.py:2609
2025-08-11 00:37:07.329 133109 DEBUG oslo_service.service [req-99b760ba-d3a4-4e69-ba85-8fe6abfefcb6 - - - - -] cache.backend_argument = **** log_opt_values /usr/lib/python3/dist-packages/oslo_config/cfg.py:2609
2025-08-11 00:37:07.329 133109 DEBUG oslo_service.service [req-99b760ba-d3a4-4e69-ba85-8fe6abfefcb6 - - - - -] cache.config_prefix = cache.oslo log_opt_values /usr/lib/python3/dist-packages/oslo_config/cfg.py:2609
2025-08-11 00:37:07.330 133109 DEBUG oslo_service.service [req-99b760ba-d3a4-4e69-ba85-8fe6abfefcb6 - - - - -] cache.debug_cache_backend = False log_opt_values /usr/lib/python3/dist-packages/oslo_config/cfg.py:2609
2025-08-11 00:37:07.330 133109 DEBUG oslo_service.service [req-99b760ba-d3a4-4e69-ba85-8fe6abfefcb6 - - - - -] cache.enabled = False log_opt_values /usr/lib/python3/dist-packages/oslo_config/cfg.py:2609
2025-08-11 00:37:07.330 134721 DEBUG oslo_messaging._drivers.amqpdriver [-] Listener is running poll /usr/lib/python3/dist-packages/oslo_messaging/_drivers/amqpdriver.py:343
2025-08-11 00:37:07.330 133109 DEBUG oslo_service.service [req-99b760ba-d3a4-4e69-ba85-8fe6abfefcb6 - - - - -] cache.expiration_time = 600 log_opt_values /usr/lib/python3/dist-packages/oslo_config/cfg.py:2609
2025-08-11 00:37:07.330 134721 DEBUG oslo_messaging._drivers.amqpdriver [-] AMQPListener connection consume poll /usr/lib/python3/dist-packages/oslo_messaging/_drivers/amqpdriver.py:357
2025-08-11 00:37:07.330 133109 DEBUG oslo_service.service [req-99b760ba-d3a4-4e69-ba85-8fe6abfefcb6 - - - - -] cache.memcache_dead_retry = 300 log_opt_values /usr/lib/python3/dist-packages/oslo_config/cfg.py:2609
2025-08-11 00:37:07.330 133109 DEBUG oslo_service.service [req-99b760ba-d3a4-4e69-ba85-8fe6abfefcb6 - - - - -] cache.memcache_pool_connection_get_timeout = 10 log_opt_values /usr/lib/python3/dist-packages/oslo_config/cfg.py:2609
2025-08-11 00:37:07.330 133109 DEBUG oslo_service.service [req-99b760ba-d3a4-4e69-ba85-8fe6abfefcb6 - - - - -] cache.memcache_pool_flush_on_reconnect = False log_opt_values /usr/lib/python3/dist-packages/oslo_config/cfg.py:2609
2025-08-11 00:37:07.331 133109 DEBUG oslo_service.service [req-99b760ba-d3a4-4e69-ba85-8fe6abfefcb6 - - - - -] cache.memcache_pool_maxsize = 10 log_opt_values /usr/lib/python3/dist-packages/oslo_config/cfg.py:2609
2025-08-11 00:37:07.331 134721 DEBUG nova.service [req-d0bb24ba-3fd8-4d68-a3e6-b7cf3d6a7a91 - - - - -] Join ServiceGroup membership for this service scheduler start /usr/lib/python3/dist-packages/nova/service.py:199
2025-08-11 00:37:07.331 134721 DEBUG nova.servicegroup.drivers.db [req-d0bb24ba-3fd8-4d68-a3e6-b7cf3d6a7a91 - - - - -] DB_Driver: join new ServiceGroup member juju-3da246-0-lxd-7 to the scheduler group, service = join /usr/lib/python3/dist-packages/nova/servicegroup/drivers/db.py:44
2025-08-11 00:37:07.331 133109 DEBUG oslo_service.service [req-99b760ba-d3a4-4e69-ba85-8fe6abfefcb6 - - - - -] cache.memcache_pool_unused_timeout = 60 log_opt_values /usr/lib/python3/dist-packages/oslo_config/cfg.py:2609
2025-08-11 00:37:07.331 133109 DEBUG oslo_service.service [req-99b760ba-d3a4-4e69-ba85-8fe6abfefcb6 - - - - -] cache.memcache_servers = ['localhost:11211'] log_opt_values /usr/lib/python3/dist-packages/oslo_config/cfg.py:2609
2025-08-11 00:37:07.332 133109 DEBUG oslo_service.service [req-99b760ba-d3a4-4e69-ba85-8fe6abfefcb6 - - - - -] cache.memcache_socket_timeout = 1.0 log_opt_values /usr/lib/python3/dist-packages/oslo_config/cfg.py:2609
2025-08-11 00:37:07.332 133109 DEBUG oslo_service.service [req-99b760ba-d3a4-4e69-ba85-8fe6abfefcb6 - - - - -] cache.proxies = [] log_opt_values /usr/lib/python3/dist-packages/oslo_config/cfg.py:2609
2025-08-11 00:37:07.332 133109 DEBUG oslo_service.service [req-99b760ba-d3a4-4e69-ba85-8fe6abfefcb6 - - - - -] cache.tls_allowed_ciphers = None log_opt_values /usr/lib/python3/dist-packages/oslo_config/cfg.py:2609
2025-08-11 00:37:07.332 133109 DEBUG oslo_service.service [req-99b760ba-d3a4-4e69-ba85-8fe6abfefcb6 - - - - -] cache.tls_cafile = None log_opt_values /usr/lib/python3/dist-packages/oslo_config/cfg.py:2609
2025-08-11 00:37:07.332 133109 DEBUG oslo_service.service [req-99b760ba-d3a4-4e69-ba85-8fe6abfefcb6 - - - - -] cache.tls_certfile = None log_opt_values /usr/lib/python3/dist-packages/oslo_config/cfg.py:2609
2025-08-11 00:37:07.332 133109 DEBUG oslo_service.service [req-99b760ba-d3a4-4e69-ba85-8fe6abfefcb6 - - - - -] cache.tls_enabled = False log_opt_values /usr/lib/python3/dist-packages/oslo_config/cfg.py:2609
2025-08-11 00:37:07.333 133109 DEBUG oslo_service.service [req-99b760ba-d3a4-4e69-ba85-8fe6abfefcb6 - - - - -] cache.tls_keyfile = None log_opt_values /usr/lib/python3/dist-packages/oslo_config/cfg.py:2609
2025-08-11 00:37:07.333 133109 DEBUG oslo_service.service [req-99b760ba-d3a4-4e69-ba85-8fe6abfefcb6 - - - - -] cinder.auth_section = None log_opt_values /usr/lib/python3/dist-packages/oslo_config/cfg.py:2609
2025-08-11 00:37:07.333 133109 DEBUG oslo_service.service [req-99b760ba-d3a4-4e69-ba85-8fe6abfefcb6 - - - - -] cinder.auth_type = None log_opt_values /usr/lib/python3/dist-packages/oslo_config/cfg.py:2609
2025-08-11 00:37:07.333 133109 DEBUG oslo_service.service [req-99b760ba-d3a4-4e69-ba85-8fe6abfefcb6 - - - - -] cinder.cafile = None log_opt_values /usr/lib/python3/dist-packages/oslo_config/cfg.py:2609
2025-08-11 00:37:07.333 133109 DEBUG oslo_service.service [req-99b760ba-d3a4-4e69-ba85-8fe6abfefcb6 - - - - -] cinder.catalog_info = volumev3::publicURL log_opt_values /usr/lib/python3/dist-packages/oslo_config/cfg.py:2609
2025-08-11 00:37:07.333 133109 DEBUG oslo_service.service [req-99b760ba-d3a4-4e69-ba85-8fe6abfefcb6 - - - - -] cinder.certfile = None log_opt_values /usr/lib/python3/dist-packages/oslo_config/cfg.py:2609
2025-08-11 00:37:07.334 133109 DEBUG oslo_service.service [req-99b760ba-d3a4-4e69-ba85-8fe6abfefcb6 - - - - -] cinder.collect_timing = False log_opt_values /usr/lib/python3/dist-packages/oslo_config/cfg.py:2609
2025-08-11 00:37:07.334 134721 DEBUG oslo_messaging._drivers.amqpdriver [-] AMQPListener connection timeout poll /usr/lib/python3/dist-packages/oslo_messaging/_drivers/amqpdriver.py:360
2025-08-11 00:37:07.334 133109 DEBUG oslo_service.service [req-99b760ba-d3a4-4e69-ba85-8fe6abfefcb6 - - - - -] cinder.cross_az_attach = True log_opt_values /usr/lib/python3/dist-packages/oslo_config/cfg.py:2609
2025-08-11 00:37:07.334 134721 DEBUG oslo_messaging._drivers.amqpdriver [-] Listener is running poll /usr/lib/python3/dist-packages/oslo_messaging/_drivers/amqpdriver.py:343
2025-08-11 00:37:07.334 134721 DEBUG oslo_messaging._drivers.amqpdriver [-] AMQPListener connection consume poll /usr/lib/python3/dist-packages/oslo_messaging/_drivers/amqpdriver.py:357
2025-08-11 00:37:07.335 134729 DEBUG oslo_messaging._drivers.amqpdriver [-] Listener is running poll /usr/lib/python3/dist-packages/oslo_messaging/_drivers/amqpdriver.py:343
2025-08-11 00:37:07.335 134729 DEBUG oslo_messaging._drivers.amqpdriver [-] AMQPListener connection consume poll /usr/lib/python3/dist-packages/oslo_messaging/_drivers/amqpdriver.py:357
2025-08-11 00:37:07.336 134722 DEBUG oslo_messaging._drivers.amqpdriver [-] Listener is running poll /usr/lib/python3/dist-packages/oslo_messaging/_drivers/amqpdriver.py:343
2025-08-11 00:37:07.334 133109 DEBUG oslo_service.service [req-99b760ba-d3a4-4e69-ba85-8fe6abfefcb6 - - - - -] cinder.debug = False log_opt_values /usr/lib/python3/dist-packages/oslo_config/cfg.py:2609
2025-08-11 00:37:07.336 134722 DEBUG oslo_messaging._drivers.amqpdriver [-] AMQPListener connection consume poll /usr/lib/python3/dist-packages/oslo_messaging/_drivers/amqpdriver.py:357
2025-08-11 00:37:07.336 133109 DEBUG oslo_service.service [req-99b760ba-d3a4-4e69-ba85-8fe6abfefcb6 - - - - -] cinder.endpoint_template = None log_opt_values /usr/lib/python3/dist-packages/oslo_config/cfg.py:2609
2025-08-11 00:37:07.336 133109 DEBUG oslo_service.service [req-99b760ba-d3a4-4e69-ba85-8fe6abfefcb6 - - - - -] cinder.http_retries = 3 log_opt_values /usr/lib/python3/dist-packages/oslo_config/cfg.py:2609
2025-08-11 00:37:07.336 133109 DEBUG oslo_service.service [req-99b760ba-d3a4-4e69-ba85-8fe6abfefcb6 - - - - -] cinder.insecure = False log_opt_values /usr/lib/python3/dist-packages/oslo_config/cfg.py:2609
2025-08-11 00:37:07.337 133109 DEBUG oslo_service.service [req-99b760ba-d3a4-4e69-ba85-8fe6abfefcb6 - - - - -] cinder.keyfile = None log_opt_values /usr/lib/python3/dist-packages/oslo_config/cfg.py:2609
2025-08-11 00:37:07.337 133109 DEBUG oslo_service.service [req-99b760ba-d3a4-4e69-ba85-8fe6abfefcb6 - - - - -] cinder.os_region_name = None log_opt_values /usr/lib/python3/dist-packages/oslo_config/cfg.py:2609
2025-08-11 00:37:07.337 134722 DEBUG nova.service [req-fbcb75a6-3c4c-4fcb-803e-7e0d577f95e5 - - - - -] Join ServiceGroup membership for this service scheduler start /usr/lib/python3/dist-packages/nova/service.py:199
2025-08-11 00:37:07.337 133109 DEBUG oslo_service.service [req-99b760ba-d3a4-4e69-ba85-8fe6abfefcb6 - - - - -] cinder.split_loggers = False log_opt_values /usr/lib/python3/dist-packages/oslo_config/cfg.py:2609
2025-08-11 00:37:07.337 133109 DEBUG oslo_service.service [req-99b760ba-d3a4-4e69-ba85-8fe6abfefcb6 - - - - -] cinder.timeout = None log_opt_values /usr/lib/python3/dist-packages/oslo_config/cfg.py:2609
2025-08-11 00:37:07.337 134722 DEBUG nova.servicegroup.drivers.db [req-fbcb75a6-3c4c-4fcb-803e-7e0d577f95e5 - - - - -] DB_Driver: join new ServiceGroup member juju-3da246-0-lxd-7 to the scheduler group, service = join /usr/lib/python3/dist-packages/nova/servicegroup/drivers/db.py:44
2025-08-11 00:37:07.337 134729 DEBUG nova.service [req-d644dc6a-f895-46b0-b92e-7f49be3a41c2 - - - - -] Join ServiceGroup membership for this service scheduler start /usr/lib/python3/dist-packages/nova/service.py:199
2025-08-11 00:37:07.337 133109 DEBUG oslo_service.service [req-99b760ba-d3a4-4e69-ba85-8fe6abfefcb6 - - - - -] compute.consecutive_build_service_disable_threshold = 10 log_opt_values /usr/lib/python3/dist-packages/oslo_config/cfg.py:2609
2025-08-11 00:37:07.338 133109 DEBUG oslo_service.service [req-99b760ba-d3a4-4e69-ba85-8fe6abfefcb6 - - - - -] compute.cpu_dedicated_set = None log_opt_values /usr/lib/python3/dist-packages/oslo_config/cfg.py:2609
2025-08-11 00:37:07.338 133109 DEBUG oslo_service.service [req-99b760ba-d3a4-4e69-ba85-8fe6abfefcb6 - - - - -] compute.cpu_shared_set = None log_opt_values /usr/lib/python3/dist-packages/oslo_config/cfg.py:2609
2025-08-11 00:37:07.338 133109 DEBUG oslo_service.service [req-99b760ba-d3a4-4e69-ba85-8fe6abfefcb6 - - - - -] compute.image_type_exclude_list = [] log_opt_values /usr/lib/python3/dist-packages/oslo_config/cfg.py:2609
2025-08-11 00:37:07.337 134729 DEBUG nova.servicegroup.drivers.db [req-d644dc6a-f895-46b0-b92e-7f49be3a41c2 - - - - -] DB_Driver: join new ServiceGroup member juju-3da246-0-lxd-7 to the scheduler group, service = join /usr/lib/python3/dist-packages/nova/servicegroup/drivers/db.py:44
2025-08-11 00:37:07.338 133109 DEBUG oslo_service.service [req-99b760ba-d3a4-4e69-ba85-8fe6abfefcb6 - - - - -] compute.live_migration_wait_for_vif_plug = True log_opt_values /usr/lib/python3/dist-packages/oslo_config/cfg.py:2609
2025-08-11 00:37:07.338 133109 DEBUG oslo_service.service [req-99b760ba-d3a4-4e69-ba85-8fe6abfefcb6 - - - - -] compute.max_concurrent_disk_ops = 0 log_opt_values /usr/lib/python3/dist-packages/oslo_config/cfg.py:2609
2025-08-11 00:37:07.338 134729 DEBUG oslo_messaging._drivers.amqpdriver [-] AMQPListener connection timeout poll /usr/lib/python3/dist-packages/oslo_messaging/_drivers/amqpdriver.py:360
2025-08-11 00:37:07.339 134729 DEBUG oslo_messaging._drivers.amqpdriver [-] Listener is running poll /usr/lib/python3/dist-packages/oslo_messaging/_drivers/amqpdriver.py:343
2025-08-11 00:37:07.339 134729 DEBUG oslo_messaging._drivers.amqpdriver [-] AMQPListener connection consume poll /usr/lib/python3/dist-packages/oslo_messaging/_drivers/amqpdriver.py:357
2025-08-11 00:37:07.338 133109 DEBUG oslo_service.service [req-99b760ba-d3a4-4e69-ba85-8fe6abfefcb6 - - - - -] compute.max_disk_devices_to_attach = -1 log_opt_values /usr/lib/python3/dist-packages/oslo_config/cfg.py:2609
2025-08-11 00:37:07.339 133109 DEBUG oslo_service.service [req-99b760ba-d3a4-4e69-ba85-8fe6abfefcb6 - - - - -] compute.packing_host_numa_cells_allocation_strategy = True log_opt_values /usr/lib/python3/dist-packages/oslo_config/cfg.py:2609
2025-08-11 00:37:07.339 133109 DEBUG oslo_service.service [req-99b760ba-d3a4-4e69-ba85-8fe6abfefcb6 - - - - -] compute.provider_config_location = /etc/nova/provider_config/ log_opt_values /usr/lib/python3/dist-packages/oslo_config/cfg.py:2609
2025-08-11 00:37:07.339 133109 DEBUG oslo_service.service [req-99b760ba-d3a4-4e69-ba85-8fe6abfefcb6 - - - - -] compute.resource_provider_association_refresh = 300 log_opt_values /usr/lib/python3/dist-packages/oslo_config/cfg.py:2609
2025-08-11 00:37:07.340 133109 DEBUG oslo_service.service [req-99b760ba-d3a4-4e69-ba85-8fe6abfefcb6 - - - - -] compute.shutdown_retry_interval = 10 log_opt_values /usr/lib/python3/dist-packages/oslo_config/cfg.py:2609
2025-08-11 00:37:07.340 133109 DEBUG oslo_service.service [req-99b760ba-d3a4-4e69-ba85-8fe6abfefcb6 - - - - -] compute.vmdk_allowed_types = ['streamOptimized', 'monolithicSparse'] log_opt_values /usr/lib/python3/dist-packages/oslo_config/cfg.py:2609
2025-08-11 00:37:07.340 134722 DEBUG oslo_messaging._drivers.amqpdriver [-] AMQPListener connection timeout poll /usr/lib/python3/dist-packages/oslo_messaging/_drivers/amqpdriver.py:360
2025-08-11 00:37:07.340 133109 DEBUG oslo_service.service [req-99b760ba-d3a4-4e69-ba85-8fe6abfefcb6 - - - - -] conductor.workers = 4 log_opt_values /usr/lib/python3/dist-packages/oslo_config/cfg.py:2609
2025-08-11 00:37:07.340 134722 DEBUG oslo_messaging._drivers.amqpdriver [-] Listener is running poll /usr/lib/python3/dist-packages/oslo_messaging/_drivers/amqpdriver.py:343
2025-08-11 00:37:07.340 134722 DEBUG oslo_messaging._drivers.amqpdriver [-] AMQPListener connection consume poll /usr/lib/python3/dist-packages/oslo_messaging/_drivers/amqpdriver.py:357
2025-08-11 00:37:07.340 133109 DEBUG oslo_service.service [req-99b760ba-d3a4-4e69-ba85-8fe6abfefcb6 - - - - -] console.allowed_origins = [] log_opt_values /usr/lib/python3/dist-packages/oslo_config/cfg.py:2609
2025-08-11 00:37:07.340 133109 DEBUG oslo_service.service [req-99b760ba-d3a4-4e69-ba85-8fe6abfefcb6 - - - - -] console.ssl_ciphers = None log_opt_values /usr/lib/python3/dist-packages/oslo_config/cfg.py:2609
2025-08-11 00:37:07.341 133109 DEBUG oslo_service.service [req-99b760ba-d3a4-4e69-ba85-8fe6abfefcb6 - - - - -] console.ssl_minimum_version = default log_opt_values /usr/lib/python3/dist-packages/oslo_config/cfg.py:2609
2025-08-11 00:37:07.341 133109 DEBUG oslo_service.service [req-99b760ba-d3a4-4e69-ba85-8fe6abfefcb6 - - - - -] consoleauth.token_ttl = 600 log_opt_values /usr/lib/python3/dist-packages/oslo_config/cfg.py:2609
2025-08-11 00:37:07.341 133109 DEBUG oslo_service.service [req-99b760ba-d3a4-4e69-ba85-8fe6abfefcb6 - - - - -] cyborg.cafile = None log_opt_values /usr/lib/python3/dist-packages/oslo_config/cfg.py:2609
2025-08-11 00:37:07.341 133109 DEBUG oslo_service.service [req-99b760ba-d3a4-4e69-ba85-8fe6abfefcb6 - - - - -] cyborg.certfile = None log_opt_values /usr/lib/python3/dist-packages/oslo_config/cfg.py:2609
2025-08-11 00:37:07.341 133109 DEBUG oslo_service.service [req-99b760ba-d3a4-4e69-ba85-8fe6abfefcb6 - - - - -] cyborg.collect_timing = False log_opt_values /usr/lib/python3/dist-packages/oslo_config/cfg.py:2609
2025-08-11 00:37:07.342 133109 DEBUG oslo_service.service [req-99b760ba-d3a4-4e69-ba85-8fe6abfefcb6 - - - - -] cyborg.connect_retries = None log_opt_values /usr/lib/python3/dist-packages/oslo_config/cfg.py:2609
2025-08-11 00:37:07.342 133109 DEBUG oslo_service.service [req-99b760ba-d3a4-4e69-ba85-8fe6abfefcb6 - - - - -] cyborg.connect_retry_delay = None log_opt_values /usr/lib/python3/dist-packages/oslo_config/cfg.py:2609
2025-08-11 00:37:07.342 133109 DEBUG oslo_service.service [req-99b760ba-d3a4-4e69-ba85-8fe6abfefcb6 - - - - -] cyborg.endpoint_override = None log_opt_values /usr/lib/python3/dist-packages/oslo_config/cfg.py:2609
2025-08-11 00:37:07.342 133109 DEBUG oslo_service.service [req-99b760ba-d3a4-4e69-ba85-8fe6abfefcb6 - - - - -] cyborg.insecure = False log_opt_values /usr/lib/python3/dist-packages/oslo_config/cfg.py:2609
2025-08-11 00:37:07.342 133109 DEBUG oslo_service.service [req-99b760ba-d3a4-4e69-ba85-8fe6abfefcb6 - - - - -] cyborg.keyfile = None log_opt_values /usr/lib/python3/dist-packages/oslo_config/cfg.py:2609
2025-08-11 00:37:07.342 133109 DEBUG oslo_service.service [req-99b760ba-d3a4-4e69-ba85-8fe6abfefcb6 - - - - -] cyborg.max_version = None log_opt_values /usr/lib/python3/dist-packages/oslo_config/cfg.py:2609
2025-08-11 00:37:07.343 133109 DEBUG oslo_service.service [req-99b760ba-d3a4-4e69-ba85-8fe6abfefcb6 - - - - -] cyborg.min_version = None log_opt_values /usr/lib/python3/dist-packages/oslo_config/cfg.py:2609
2025-08-11 00:37:07.343 133109 DEBUG oslo_service.service [req-99b760ba-d3a4-4e69-ba85-8fe6abfefcb6 - - - - -] cyborg.region_name = None log_opt_values /usr/lib/python3/dist-packages/oslo_config/cfg.py:2609
2025-08-11 00:37:07.343 133109 DEBUG oslo_service.service [req-99b760ba-d3a4-4e69-ba85-8fe6abfefcb6 - - - - -] cyborg.service_name = None log_opt_values /usr/lib/python3/dist-packages/oslo_config/cfg.py:2609
2025-08-11 00:37:07.343 133109 DEBUG oslo_service.service [req-99b760ba-d3a4-4e69-ba85-8fe6abfefcb6 - - - - -] cyborg.service_type = accelerator log_opt_values /usr/lib/python3/dist-packages/oslo_config/cfg.py:2609
2025-08-11 00:37:07.343 133109 DEBUG oslo_service.service [req-99b760ba-d3a4-4e69-ba85-8fe6abfefcb6 - - - - -] cyborg.split_loggers = False log_opt_values /usr/lib/python3/dist-packages/oslo_config/cfg.py:2609
2025-08-11 00:37:07.343 133109 DEBUG oslo_service.service [req-99b760ba-d3a4-4e69-ba85-8fe6abfefcb6 - - - - -] cyborg.status_code_retries = None log_opt_values /usr/lib/python3/dist-packages/oslo_config/cfg.py:2609
2025-08-11 00:37:07.344 133109 DEBUG oslo_service.service [req-99b760ba-d3a4-4e69-ba85-8fe6abfefcb6 - - - - -] cyborg.status_code_retry_delay = None log_opt_values /usr/lib/python3/dist-packages/oslo_config/cfg.py:2609
2025-08-11 00:37:07.344 133109 DEBUG oslo_service.service [req-99b760ba-d3a4-4e69-ba85-8fe6abfefcb6 - - - - -] cyborg.timeout = None log_opt_values /usr/lib/python3/dist-packages/oslo_config/cfg.py:2609
2025-08-11 00:37:07.344 133109 DEBUG oslo_service.service [req-99b760ba-d3a4-4e69-ba85-8fe6abfefcb6 - - - - -] cyborg.valid_interfaces = ['internal', 'public'] log_opt_values /usr/lib/python3/dist-packages/oslo_config/cfg.py:2609
2025-08-11 00:37:07.344 133109 DEBUG oslo_service.service [req-99b760ba-d3a4-4e69-ba85-8fe6abfefcb6 - - - - -] cyborg.version = None log_opt_values /usr/lib/python3/dist-packages/oslo_config/cfg.py:2609
2025-08-11 00:37:07.344 133109 DEBUG oslo_service.service [req-99b760ba-d3a4-4e69-ba85-8fe6abfefcb6 - - - - -] database.backend = sqlalchemy log_opt_values /usr/lib/python3/dist-packages/oslo_config/cfg.py:2609
2025-08-11 00:37:07.345 133109 DEBUG oslo_service.service [req-99b760ba-d3a4-4e69-ba85-8fe6abfefcb6 - - - - -] database.connection = **** log_opt_values /usr/lib/python3/dist-packages/oslo_config/cfg.py:2609
2025-08-11 00:37:07.345 133109 DEBUG oslo_service.service [req-99b760ba-d3a4-4e69-ba85-8fe6abfefcb6 - - - - -] database.connection_debug = 0 log_opt_values /usr/lib/python3/dist-packages/oslo_config/cfg.py:2609
2025-08-11 00:37:07.346 133109 DEBUG oslo_service.service [req-99b760ba-d3a4-4e69-ba85-8fe6abfefcb6 - - - - -] database.connection_parameters = log_opt_values /usr/lib/python3/dist-packages/oslo_config/cfg.py:2609
2025-08-11 00:37:07.346 133109 DEBUG oslo_service.service [req-99b760ba-d3a4-4e69-ba85-8fe6abfefcb6 - - - - -] database.connection_recycle_time = 3600 log_opt_values /usr/lib/python3/dist-packages/oslo_config/cfg.py:2609
2025-08-11 00:37:07.347 133109 DEBUG oslo_service.service [req-99b760ba-d3a4-4e69-ba85-8fe6abfefcb6 - - - - -] database.connection_trace = False log_opt_values /usr/lib/python3/dist-packages/oslo_config/cfg.py:2609
2025-08-11 00:37:07.347 133109 DEBUG oslo_service.service [req-99b760ba-d3a4-4e69-ba85-8fe6abfefcb6 - - - - -] database.db_inc_retry_interval = True log_opt_values /usr/lib/python3/dist-packages/oslo_config/cfg.py:2609
2025-08-11 00:37:07.347 133109 DEBUG oslo_service.service [req-99b760ba-d3a4-4e69-ba85-8fe6abfefcb6 - - - - -] database.db_max_retries = 20 log_opt_values /usr/lib/python3/dist-packages/oslo_config/cfg.py:2609
2025-08-11 00:37:07.347 133109 DEBUG oslo_service.service [req-99b760ba-d3a4-4e69-ba85-8fe6abfefcb6 - - - - -] database.db_max_retry_interval = 10 log_opt_values /usr/lib/python3/dist-packages/oslo_config/cfg.py:2609
2025-08-11 00:37:07.348 133109 DEBUG oslo_service.service [req-99b760ba-d3a4-4e69-ba85-8fe6abfefcb6 - - - - -] database.db_retry_interval = 1 log_opt_values /usr/lib/python3/dist-packages/oslo_config/cfg.py:2609
2025-08-11 00:37:07.348 133109 DEBUG oslo_service.service [req-99b760ba-d3a4-4e69-ba85-8fe6abfefcb6 - - - - -] database.max_overflow = 50 log_opt_values /usr/lib/python3/dist-packages/oslo_config/cfg.py:2609
2025-08-11 00:37:07.349 133109 DEBUG oslo_service.service [req-99b760ba-d3a4-4e69-ba85-8fe6abfefcb6 - - - - -] database.max_pool_size = 4 log_opt_values /usr/lib/python3/dist-packages/oslo_config/cfg.py:2609
2025-08-11 00:37:07.349 133109 DEBUG oslo_service.service [req-99b760ba-d3a4-4e69-ba85-8fe6abfefcb6 - - - - -] database.max_retries = 10 log_opt_values /usr/lib/python3/dist-packages/oslo_config/cfg.py:2609
2025-08-11 00:37:07.349 133109 DEBUG oslo_service.service [req-99b760ba-d3a4-4e69-ba85-8fe6abfefcb6 - - - - -] database.mysql_enable_ndb = False log_opt_values /usr/lib/python3/dist-packages/oslo_config/cfg.py:2609
2025-08-11 00:37:07.350 133109 DEBUG oslo_service.service [req-99b760ba-d3a4-4e69-ba85-8fe6abfefcb6 - - - - -] database.mysql_sql_mode = TRADITIONAL log_opt_values /usr/lib/python3/dist-packages/oslo_config/cfg.py:2609
2025-08-11 00:37:07.350 133109 DEBUG oslo_service.service [req-99b760ba-d3a4-4e69-ba85-8fe6abfefcb6 - - - - -] database.pool_timeout = None log_opt_values /usr/lib/python3/dist-packages/oslo_config/cfg.py:2609
2025-08-11 00:37:07.350 133109 DEBUG oslo_service.service [req-99b760ba-d3a4-4e69-ba85-8fe6abfefcb6 - - - - -] database.retry_interval = 10 log_opt_values /usr/lib/python3/dist-packages/oslo_config/cfg.py:2609
2025-08-11 00:37:07.350 133109 DEBUG oslo_service.service [req-99b760ba-d3a4-4e69-ba85-8fe6abfefcb6 - - - - -] database.slave_connection = **** log_opt_values /usr/lib/python3/dist-packages/oslo_config/cfg.py:2609
2025-08-11 00:37:07.351 133109 DEBUG oslo_service.service [req-99b760ba-d3a4-4e69-ba85-8fe6abfefcb6 - - - - -] database.sqlite_synchronous = True log_opt_values /usr/lib/python3/dist-packages/oslo_config/cfg.py:2609
2025-08-11 00:37:07.351 133109 DEBUG oslo_service.service [req-99b760ba-d3a4-4e69-ba85-8fe6abfefcb6 - - - - -] database.use_db_reconnect = False log_opt_values /usr/lib/python3/dist-packages/oslo_config/cfg.py:2609
2025-08-11 00:37:07.351 133109 DEBUG oslo_service.service [req-99b760ba-d3a4-4e69-ba85-8fe6abfefcb6 - - - - -] api_database.backend = sqlalchemy log_opt_values /usr/lib/python3/dist-packages/oslo_config/cfg.py:2609
2025-08-11 00:37:07.352 133109 DEBUG oslo_service.service [req-99b760ba-d3a4-4e69-ba85-8fe6abfefcb6 - - - - -] api_database.connection = **** log_opt_values /usr/lib/python3/dist-packages/oslo_config/cfg.py:2609
2025-08-11 00:37:07.352 133109 DEBUG oslo_service.service [req-99b760ba-d3a4-4e69-ba85-8fe6abfefcb6 - - - - -] api_database.connection_debug = 0 log_opt_values /usr/lib/python3/dist-packages/oslo_config/cfg.py:2609
2025-08-11 00:37:07.353 133109 DEBUG oslo_service.service [req-99b760ba-d3a4-4e69-ba85-8fe6abfefcb6 - - - - -] api_database.connection_parameters = log_opt_values /usr/lib/python3/dist-packages/oslo_config/cfg.py:2609
2025-08-11 00:37:07.353 133109 DEBUG oslo_service.service [req-99b760ba-d3a4-4e69-ba85-8fe6abfefcb6 - - - - -] api_database.connection_recycle_time = 3600 log_opt_values /usr/lib/python3/dist-packages/oslo_config/cfg.py:2609
2025-08-11 00:37:07.353 133109 DEBUG oslo_service.service [req-99b760ba-d3a4-4e69-ba85-8fe6abfefcb6 - - - - -] api_database.connection_trace = False log_opt_values /usr/lib/python3/dist-packages/oslo_config/cfg.py:2609
2025-08-11 00:37:07.353 133109 DEBUG oslo_service.service [req-99b760ba-d3a4-4e69-ba85-8fe6abfefcb6 - - - - -] api_database.db_inc_retry_interval = True log_opt_values /usr/lib/python3/dist-packages/oslo_config/cfg.py:2609
2025-08-11 00:37:07.353 133109 DEBUG oslo_service.service [req-99b760ba-d3a4-4e69-ba85-8fe6abfefcb6 - - - - -] api_database.db_max_retries = 20 log_opt_values /usr/lib/python3/dist-packages/oslo_config/cfg.py:2609
2025-08-11 00:37:07.353 133109 DEBUG oslo_service.service [req-99b760ba-d3a4-4e69-ba85-8fe6abfefcb6 - - - - -] api_database.db_max_retry_interval = 10 log_opt_values /usr/lib/python3/dist-packages/oslo_config/cfg.py:2609
2025-08-11 00:37:07.353 133109 DEBUG oslo_service.service [req-99b760ba-d3a4-4e69-ba85-8fe6abfefcb6 - - - - -] api_database.db_retry_interval = 1 log_opt_values /usr/lib/python3/dist-packages/oslo_config/cfg.py:2609
2025-08-11 00:37:07.354 133109 DEBUG oslo_service.service [req-99b760ba-d3a4-4e69-ba85-8fe6abfefcb6 - - - - -] api_database.max_overflow = 50 log_opt_values /usr/lib/python3/dist-packages/oslo_config/cfg.py:2609
2025-08-11 00:37:07.354 133109 DEBUG oslo_service.service [req-99b760ba-d3a4-4e69-ba85-8fe6abfefcb6 - - - - -] api_database.max_pool_size = 4 log_opt_values /usr/lib/python3/dist-packages/oslo_config/cfg.py:2609
2025-08-11 00:37:07.354 133109 DEBUG oslo_service.service [req-99b760ba-d3a4-4e69-ba85-8fe6abfefcb6 - - - - -] api_database.max_retries = 10 log_opt_values /usr/lib/python3/dist-packages/oslo_config/cfg.py:2609
2025-08-11 00:37:07.354 133109 DEBUG oslo_service.service [req-99b760ba-d3a4-4e69-ba85-8fe6abfefcb6 - - - - -] api_database.mysql_enable_ndb = False log_opt_values /usr/lib/python3/dist-packages/oslo_config/cfg.py:2609
2025-08-11 00:37:07.354 133109 DEBUG oslo_service.service [req-99b760ba-d3a4-4e69-ba85-8fe6abfefcb6 - - - - -] api_database.mysql_sql_mode = TRADITIONAL log_opt_values /usr/lib/python3/dist-packages/oslo_config/cfg.py:2609
2025-08-11 00:37:07.355 133109 DEBUG oslo_service.service [req-99b760ba-d3a4-4e69-ba85-8fe6abfefcb6 - - - - -] api_database.pool_timeout = None log_opt_values /usr/lib/python3/dist-packages/oslo_config/cfg.py:2609
2025-08-11 00:37:07.355 133109 DEBUG oslo_service.service [req-99b760ba-d3a4-4e69-ba85-8fe6abfefcb6 - - - - -] api_database.retry_interval = 10 log_opt_values /usr/lib/python3/dist-packages/oslo_config/cfg.py:2609
2025-08-11 00:37:07.355 133109 DEBUG oslo_service.service [req-99b760ba-d3a4-4e69-ba85-8fe6abfefcb6 - - - - -] api_database.slave_connection = **** log_opt_values /usr/lib/python3/dist-packages/oslo_config/cfg.py:2609
2025-08-11 00:37:07.355 133109 DEBUG oslo_service.service [req-99b760ba-d3a4-4e69-ba85-8fe6abfefcb6 - - - - -] api_database.sqlite_synchronous = True log_opt_values /usr/lib/python3/dist-packages/oslo_config/cfg.py:2609
2025-08-11 00:37:07.355 133109 DEBUG oslo_service.service [req-99b760ba-d3a4-4e69-ba85-8fe6abfefcb6 - - - - -] devices.enabled_mdev_types = [] log_opt_values /usr/lib/python3/dist-packages/oslo_config/cfg.py:2609
2025-08-11 00:37:07.355 133109 DEBUG oslo_service.service [req-99b760ba-d3a4-4e69-ba85-8fe6abfefcb6 - - - - -] ephemeral_storage_encryption.cipher = aes-xts-plain64 log_opt_values /usr/lib/python3/dist-packages/oslo_config/cfg.py:2609
2025-08-11 00:37:07.356 133109 DEBUG oslo_service.service [req-99b760ba-d3a4-4e69-ba85-8fe6abfefcb6 - - - - -] ephemeral_storage_encryption.enabled = False log_opt_values /usr/lib/python3/dist-packages/oslo_config/cfg.py:2609
2025-08-11 00:37:07.356 133109 DEBUG oslo_service.service [req-99b760ba-d3a4-4e69-ba85-8fe6abfefcb6 - - - - -] ephemeral_storage_encryption.key_size = 512 log_opt_values /usr/lib/python3/dist-packages/oslo_config/cfg.py:2609
2025-08-11 00:37:07.356 133109 WARNING oslo_config.cfg [req-99b760ba-d3a4-4e69-ba85-8fe6abfefcb6 - - - - -] Deprecated: Option "api_servers" from group "glance" is deprecated for removal ( Support for image service configuration via standard keystoneauth1 Adapter options was added in the 17.0.0 Queens release. The api_servers option was retained temporarily to allow consumers time to cut over to a real load balancing solution. ). Its value may be silently ignored in the future.
2025-08-11 00:37:07.356 133109 DEBUG oslo_service.service [req-99b760ba-d3a4-4e69-ba85-8fe6abfefcb6 - - - - -] glance.api_servers = ['http://252.129.163.75:9292'] log_opt_values /usr/lib/python3/dist-packages/oslo_config/cfg.py:2609
2025-08-11 00:37:07.357 133109 DEBUG oslo_service.service [req-99b760ba-d3a4-4e69-ba85-8fe6abfefcb6 - - - - -] glance.cafile = None log_opt_values /usr/lib/python3/dist-packages/oslo_config/cfg.py:2609
2025-08-11 00:37:07.357 133109 DEBUG oslo_service.service [req-99b760ba-d3a4-4e69-ba85-8fe6abfefcb6 - - - - -] glance.certfile = None log_opt_values /usr/lib/python3/dist-packages/oslo_config/cfg.py:2609
2025-08-11 00:37:07.357 133109 DEBUG oslo_service.service [req-99b760ba-d3a4-4e69-ba85-8fe6abfefcb6 - - - - -] glance.collect_timing = False log_opt_values /usr/lib/python3/dist-packages/oslo_config/cfg.py:2609
2025-08-11 00:37:07.357 133109 DEBUG oslo_service.service [req-99b760ba-d3a4-4e69-ba85-8fe6abfefcb6 - - - - -] glance.connect_retries = None log_opt_values /usr/lib/python3/dist-packages/oslo_config/cfg.py:2609
2025-08-11 00:37:07.357 133109 DEBUG oslo_service.service [req-99b760ba-d3a4-4e69-ba85-8fe6abfefcb6 - - - - -] glance.connect_retry_delay = None log_opt_values /usr/lib/python3/dist-packages/oslo_config/cfg.py:2609
2025-08-11 00:37:07.358 133109 DEBUG oslo_service.service [req-99b760ba-d3a4-4e69-ba85-8fe6abfefcb6 - - - - -] glance.debug = False log_opt_values /usr/lib/python3/dist-packages/oslo_config/cfg.py:2609
2025-08-11 00:37:07.358 133109 DEBUG oslo_service.service [req-99b760ba-d3a4-4e69-ba85-8fe6abfefcb6 - - - - -] glance.default_trusted_certificate_ids = [] log_opt_values /usr/lib/python3/dist-packages/oslo_config/cfg.py:2609
2025-08-11 00:37:07.358 133109 DEBUG oslo_service.service [req-99b760ba-d3a4-4e69-ba85-8fe6abfefcb6 - - - - -] glance.enable_certificate_validation = False log_opt_values /usr/lib/python3/dist-packages/oslo_config/cfg.py:2609
2025-08-11 00:37:07.358 133109 DEBUG oslo_service.service [req-99b760ba-d3a4-4e69-ba85-8fe6abfefcb6 - - - - -] glance.enable_rbd_download = False log_opt_values /usr/lib/python3/dist-packages/oslo_config/cfg.py:2609
2025-08-11 00:37:07.358 133109 DEBUG oslo_service.service [req-99b760ba-d3a4-4e69-ba85-8fe6abfefcb6 - - - - -] glance.endpoint_override = None log_opt_values /usr/lib/python3/dist-packages/oslo_config/cfg.py:2609
2025-08-11 00:37:07.358 133109 DEBUG oslo_service.service [req-99b760ba-d3a4-4e69-ba85-8fe6abfefcb6 - - - - -] glance.insecure = False log_opt_values /usr/lib/python3/dist-packages/oslo_config/cfg.py:2609
2025-08-11 00:37:07.359 133109 DEBUG oslo_service.service [req-99b760ba-d3a4-4e69-ba85-8fe6abfefcb6 - - - - -] glance.keyfile = None log_opt_values /usr/lib/python3/dist-packages/oslo_config/cfg.py:2609
2025-08-11 00:37:07.359 133109 DEBUG oslo_service.service [req-99b760ba-d3a4-4e69-ba85-8fe6abfefcb6 - - - - -] glance.max_version = None log_opt_values /usr/lib/python3/dist-packages/oslo_config/cfg.py:2609
2025-08-11 00:37:07.359 133109 DEBUG oslo_service.service [req-99b760ba-d3a4-4e69-ba85-8fe6abfefcb6 - - - - -] glance.min_version = None log_opt_values /usr/lib/python3/dist-packages/oslo_config/cfg.py:2609
2025-08-11 00:37:07.359 133109 DEBUG oslo_service.service [req-99b760ba-d3a4-4e69-ba85-8fe6abfefcb6 - - - - -] glance.num_retries = 3 log_opt_values /usr/lib/python3/dist-packages/oslo_config/cfg.py:2609
2025-08-11 00:37:07.359 133109 DEBUG oslo_service.service [req-99b760ba-d3a4-4e69-ba85-8fe6abfefcb6 - - - - -] glance.rbd_ceph_conf = log_opt_values /usr/lib/python3/dist-packages/oslo_config/cfg.py:2609
2025-08-11 00:37:07.359 133109 DEBUG oslo_service.service [req-99b760ba-d3a4-4e69-ba85-8fe6abfefcb6 - - - - -] glance.rbd_connect_timeout = 5 log_opt_values /usr/lib/python3/dist-packages/oslo_config/cfg.py:2609
2025-08-11 00:37:07.360 133109 DEBUG oslo_service.service [req-99b760ba-d3a4-4e69-ba85-8fe6abfefcb6 - - - - -] glance.rbd_pool = log_opt_values /usr/lib/python3/dist-packages/oslo_config/cfg.py:2609
2025-08-11 00:37:07.360 133109 DEBUG oslo_service.service [req-99b760ba-d3a4-4e69-ba85-8fe6abfefcb6 - - - - -] glance.rbd_user = log_opt_values /usr/lib/python3/dist-packages/oslo_config/cfg.py:2609
2025-08-11 00:37:07.360 133109 DEBUG oslo_service.service [req-99b760ba-d3a4-4e69-ba85-8fe6abfefcb6 - - - - -] glance.region_name = None log_opt_values /usr/lib/python3/dist-packages/oslo_config/cfg.py:2609
2025-08-11 00:37:07.360 133109 DEBUG oslo_service.service [req-99b760ba-d3a4-4e69-ba85-8fe6abfefcb6 - - - - -] glance.service_name = None log_opt_values /usr/lib/python3/dist-packages/oslo_config/cfg.py:2609
2025-08-11 00:37:07.360 133109 DEBUG oslo_service.service [req-99b760ba-d3a4-4e69-ba85-8fe6abfefcb6 - - - - -] glance.service_type = image log_opt_values /usr/lib/python3/dist-packages/oslo_config/cfg.py:2609
2025-08-11 00:37:07.360 133109 DEBUG oslo_service.service [req-99b760ba-d3a4-4e69-ba85-8fe6abfefcb6 - - - - -] glance.split_loggers = False log_opt_values /usr/lib/python3/dist-packages/oslo_config/cfg.py:2609
2025-08-11 00:37:07.361 133109 DEBUG oslo_service.service [req-99b760ba-d3a4-4e69-ba85-8fe6abfefcb6 - - - - -] glance.status_code_retries = None log_opt_values /usr/lib/python3/dist-packages/oslo_config/cfg.py:2609
2025-08-11 00:37:07.361 133109 DEBUG oslo_service.service [req-99b760ba-d3a4-4e69-ba85-8fe6abfefcb6 - - - - -] glance.status_code_retry_delay = None log_opt_values /usr/lib/python3/dist-packages/oslo_config/cfg.py:2609
2025-08-11 00:37:07.361 133109 DEBUG oslo_service.service [req-99b760ba-d3a4-4e69-ba85-8fe6abfefcb6 - - - - -] glance.timeout = None log_opt_values /usr/lib/python3/dist-packages/oslo_config/cfg.py:2609
2025-08-11 00:37:07.361 133109 DEBUG oslo_service.service [req-99b760ba-d3a4-4e69-ba85-8fe6abfefcb6 - - - - -] glance.valid_interfaces = ['internal', 'public'] log_opt_values /usr/lib/python3/dist-packages/oslo_config/cfg.py:2609
2025-08-11 00:37:07.361 133109 DEBUG oslo_service.service [req-99b760ba-d3a4-4e69-ba85-8fe6abfefcb6 - - - - -] glance.verify_glance_signatures = False log_opt_values /usr/lib/python3/dist-packages/oslo_config/cfg.py:2609
2025-08-11 00:37:07.362 133109 DEBUG oslo_service.service [req-99b760ba-d3a4-4e69-ba85-8fe6abfefcb6 - - - - -] glance.version = None log_opt_values /usr/lib/python3/dist-packages/oslo_config/cfg.py:2609
2025-08-11 00:37:07.362 133109 DEBUG oslo_service.service [req-99b760ba-d3a4-4e69-ba85-8fe6abfefcb6 - - - - -] guestfs.debug = False log_opt_values /usr/lib/python3/dist-packages/oslo_config/cfg.py:2609
2025-08-11 00:37:07.362 133109 DEBUG oslo_service.service [req-99b760ba-d3a4-4e69-ba85-8fe6abfefcb6 - - - - -] hyperv.config_drive_cdrom = False log_opt_values /usr/lib/python3/dist-packages/oslo_config/cfg.py:2609
2025-08-11 00:37:07.362 133109 DEBUG oslo_service.service [req-99b760ba-d3a4-4e69-ba85-8fe6abfefcb6 - - - - -] hyperv.config_drive_inject_password = False log_opt_values /usr/lib/python3/dist-packages/oslo_config/cfg.py:2609
2025-08-11 00:37:07.362 133109 DEBUG oslo_service.service [req-99b760ba-d3a4-4e69-ba85-8fe6abfefcb6 - - - - -] hyperv.dynamic_memory_ratio = 1.0 log_opt_values /usr/lib/python3/dist-packages/oslo_config/cfg.py:2609
2025-08-11 00:37:07.363 133109 DEBUG oslo_service.service [req-99b760ba-d3a4-4e69-ba85-8fe6abfefcb6 - - - - -] hyperv.enable_instance_metrics_collection = False log_opt_values /usr/lib/python3/dist-packages/oslo_config/cfg.py:2609
2025-08-11 00:37:07.363 133109 DEBUG oslo_service.service [req-99b760ba-d3a4-4e69-ba85-8fe6abfefcb6 - - - - -] hyperv.enable_remotefx = False log_opt_values /usr/lib/python3/dist-packages/oslo_config/cfg.py:2609
2025-08-11 00:37:07.363 133109 DEBUG oslo_service.service [req-99b760ba-d3a4-4e69-ba85-8fe6abfefcb6 - - - - -] hyperv.instances_path_share = log_opt_values /usr/lib/python3/dist-packages/oslo_config/cfg.py:2609
2025-08-11 00:37:07.363 133109 DEBUG oslo_service.service [req-99b760ba-d3a4-4e69-ba85-8fe6abfefcb6 - - - - -] hyperv.iscsi_initiator_list = [] log_opt_values /usr/lib/python3/dist-packages/oslo_config/cfg.py:2609
2025-08-11 00:37:07.363 133109 DEBUG oslo_service.service [req-99b760ba-d3a4-4e69-ba85-8fe6abfefcb6 - - - - -] hyperv.limit_cpu_features = False log_opt_values /usr/lib/python3/dist-packages/oslo_config/cfg.py:2609
2025-08-11 00:37:07.363 133109 DEBUG oslo_service.service [req-99b760ba-d3a4-4e69-ba85-8fe6abfefcb6 - - - - -] hyperv.mounted_disk_query_retry_count = 10 log_opt_values /usr/lib/python3/dist-packages/oslo_config/cfg.py:2609
2025-08-11 00:37:07.364 133109 DEBUG oslo_service.service [req-99b760ba-d3a4-4e69-ba85-8fe6abfefcb6 - - - - -] hyperv.mounted_disk_query_retry_interval = 5 log_opt_values /usr/lib/python3/dist-packages/oslo_config/cfg.py:2609
2025-08-11 00:37:07.364 133109 DEBUG oslo_service.service [req-99b760ba-d3a4-4e69-ba85-8fe6abfefcb6 - - - - -] hyperv.power_state_check_timeframe = 60 log_opt_values /usr/lib/python3/dist-packages/oslo_config/cfg.py:2609
2025-08-11 00:37:07.364 133109 DEBUG oslo_service.service [req-99b760ba-d3a4-4e69-ba85-8fe6abfefcb6 - - - - -] hyperv.power_state_event_polling_interval = 2 log_opt_values /usr/lib/python3/dist-packages/oslo_config/cfg.py:2609
2025-08-11 00:37:07.364 133109 DEBUG oslo_service.service [req-99b760ba-d3a4-4e69-ba85-8fe6abfefcb6 - - - - -] hyperv.qemu_img_cmd = qemu-img.exe log_opt_values /usr/lib/python3/dist-packages/oslo_config/cfg.py:2609
2025-08-11 00:37:07.364 133109 DEBUG oslo_service.service [req-99b760ba-d3a4-4e69-ba85-8fe6abfefcb6 - - - - -] hyperv.use_multipath_io = False log_opt_values /usr/lib/python3/dist-packages/oslo_config/cfg.py:2609
2025-08-11 00:37:07.365 133109 DEBUG oslo_service.service [req-99b760ba-d3a4-4e69-ba85-8fe6abfefcb6 - - - - -] hyperv.volume_attach_retry_count = 10 log_opt_values /usr/lib/python3/dist-packages/oslo_config/cfg.py:2609
2025-08-11 00:37:07.365 133109 DEBUG oslo_service.service [req-99b760ba-d3a4-4e69-ba85-8fe6abfefcb6 - - - - -] hyperv.volume_attach_retry_interval = 5 log_opt_values /usr/lib/python3/dist-packages/oslo_config/cfg.py:2609
2025-08-11 00:37:07.365 133109 DEBUG oslo_service.service [req-99b760ba-d3a4-4e69-ba85-8fe6abfefcb6 - - - - -] hyperv.vswitch_name = None log_opt_values /usr/lib/python3/dist-packages/oslo_config/cfg.py:2609
2025-08-11 00:37:07.365 133109 DEBUG oslo_service.service [req-99b760ba-d3a4-4e69-ba85-8fe6abfefcb6 - - - - -] hyperv.wait_soft_reboot_seconds = 60 log_opt_values /usr/lib/python3/dist-packages/oslo_config/cfg.py:2609
2025-08-11 00:37:07.365 133109 DEBUG oslo_service.service [req-99b760ba-d3a4-4e69-ba85-8fe6abfefcb6 - - - - -] mks.enabled = False log_opt_values /usr/lib/python3/dist-packages/oslo_config/cfg.py:2609
2025-08-11 00:37:07.366 133109 DEBUG oslo_service.service [req-99b760ba-d3a4-4e69-ba85-8fe6abfefcb6 - - - - -] mks.mksproxy_base_url = http://127.0.0.1:6090/ log_opt_values /usr/lib/python3/dist-packages/oslo_config/cfg.py:2609
2025-08-11 00:37:07.366 133109 DEBUG oslo_service.service [req-99b760ba-d3a4-4e69-ba85-8fe6abfefcb6 - - - - -] image_cache.manager_interval = 2400 log_opt_values /usr/lib/python3/dist-packages/oslo_config/cfg.py:2609
2025-08-11 00:37:07.366 133109 DEBUG oslo_service.service [req-99b760ba-d3a4-4e69-ba85-8fe6abfefcb6 - - - - -] image_cache.precache_concurrency = 1 log_opt_values /usr/lib/python3/dist-packages/oslo_config/cfg.py:2609
2025-08-11 00:37:07.366 133109 DEBUG oslo_service.service [req-99b760ba-d3a4-4e69-ba85-8fe6abfefcb6 - - - - -] image_cache.remove_unused_base_images = True log_opt_values /usr/lib/python3/dist-packages/oslo_config/cfg.py:2609
2025-08-11 00:37:07.367 133109 DEBUG oslo_service.service [req-99b760ba-d3a4-4e69-ba85-8fe6abfefcb6 - - - - -] image_cache.remove_unused_original_minimum_age_seconds = 86400 log_opt_values /usr/lib/python3/dist-packages/oslo_config/cfg.py:2609
2025-08-11 00:37:07.367 133109 DEBUG oslo_service.service [req-99b760ba-d3a4-4e69-ba85-8fe6abfefcb6 - - - - -] image_cache.remove_unused_resized_minimum_age_seconds = 3600 log_opt_values /usr/lib/python3/dist-packages/oslo_config/cfg.py:2609
2025-08-11 00:37:07.367 133109 DEBUG oslo_service.service [req-99b760ba-d3a4-4e69-ba85-8fe6abfefcb6 - - - - -] image_cache.subdirectory_name = _base log_opt_values /usr/lib/python3/dist-packages/oslo_config/cfg.py:2609
2025-08-11 00:37:07.367 134728 DEBUG oslo_messaging._drivers.amqpdriver [-] Listener is running poll /usr/lib/python3/dist-packages/oslo_messaging/_drivers/amqpdriver.py:343
2025-08-11 00:37:07.367 133109 DEBUG oslo_service.service [req-99b760ba-d3a4-4e69-ba85-8fe6abfefcb6 - - - - -] ironic.api_max_retries = 60 log_opt_values /usr/lib/python3/dist-packages/oslo_config/cfg.py:2609
2025-08-11 00:37:07.367 134728 DEBUG oslo_messaging._drivers.amqpdriver [-] AMQPListener connection consume poll /usr/lib/python3/dist-packages/oslo_messaging/_drivers/amqpdriver.py:357
2025-08-11 00:37:07.367 133109 DEBUG oslo_service.service [req-99b760ba-d3a4-4e69-ba85-8fe6abfefcb6 - - - - -] ironic.api_retry_interval = 2 log_opt_values /usr/lib/python3/dist-packages/oslo_config/cfg.py:2609
2025-08-11 00:37:07.367 133109 DEBUG oslo_service.service [req-99b760ba-d3a4-4e69-ba85-8fe6abfefcb6 - - - - -] ironic.auth_section = None log_opt_values /usr/lib/python3/dist-packages/oslo_config/cfg.py:2609
2025-08-11 00:37:07.368 133109 DEBUG oslo_service.service [req-99b760ba-d3a4-4e69-ba85-8fe6abfefcb6 - - - - -] ironic.auth_type = None log_opt_values /usr/lib/python3/dist-packages/oslo_config/cfg.py:2609
2025-08-11 00:37:07.368 133109 DEBUG oslo_service.service [req-99b760ba-d3a4-4e69-ba85-8fe6abfefcb6 - - - - -] ironic.cafile = None log_opt_values /usr/lib/python3/dist-packages/oslo_config/cfg.py:2609
2025-08-11 00:37:07.368 134728 DEBUG nova.service [req-9787b70c-1f9e-461b-9cc7-ef2a407a0614 - - - - -] Join ServiceGroup membership for this service scheduler start /usr/lib/python3/dist-packages/nova/service.py:199
2025-08-11 00:37:07.368 133109 DEBUG oslo_service.service [req-99b760ba-d3a4-4e69-ba85-8fe6abfefcb6 - - - - -] ironic.certfile = None log_opt_values /usr/lib/python3/dist-packages/oslo_config/cfg.py:2609
2025-08-11 00:37:07.368 134728 DEBUG nova.servicegroup.drivers.db [req-9787b70c-1f9e-461b-9cc7-ef2a407a0614 - - - - -] DB_Driver: join new ServiceGroup member juju-3da246-0-lxd-7 to the scheduler group, service = join /usr/lib/python3/dist-packages/nova/servicegroup/drivers/db.py:44
2025-08-11 00:37:07.368 133109 DEBUG oslo_service.service [req-99b760ba-d3a4-4e69-ba85-8fe6abfefcb6 - - - - -] ironic.collect_timing = False log_opt_values /usr/lib/python3/dist-packages/oslo_config/cfg.py:2609
2025-08-11 00:37:07.368 133109 DEBUG oslo_service.service [req-99b760ba-d3a4-4e69-ba85-8fe6abfefcb6 - - - - -] ironic.connect_retries = None log_opt_values /usr/lib/python3/dist-packages/oslo_config/cfg.py:2609
2025-08-11 00:37:07.369 133109 DEBUG oslo_service.service [req-99b760ba-d3a4-4e69-ba85-8fe6abfefcb6 - - - - -] ironic.connect_retry_delay = None log_opt_values /usr/lib/python3/dist-packages/oslo_config/cfg.py:2609
2025-08-11 00:37:07.369 133109 DEBUG oslo_service.service [req-99b760ba-d3a4-4e69-ba85-8fe6abfefcb6 - - - - -] ironic.endpoint_override = None log_opt_values /usr/lib/python3/dist-packages/oslo_config/cfg.py:2609
2025-08-11 00:37:07.369 133109 DEBUG oslo_service.service [req-99b760ba-d3a4-4e69-ba85-8fe6abfefcb6 - - - - -] ironic.insecure = False log_opt_values /usr/lib/python3/dist-packages/oslo_config/cfg.py:2609
2025-08-11 00:37:07.369 133109 DEBUG oslo_service.service [req-99b760ba-d3a4-4e69-ba85-8fe6abfefcb6 - - - - -] ironic.keyfile = None log_opt_values /usr/lib/python3/dist-packages/oslo_config/cfg.py:2609
2025-08-11 00:37:07.369 133109 DEBUG oslo_service.service [req-99b760ba-d3a4-4e69-ba85-8fe6abfefcb6 - - - - -] ironic.max_version = None log_opt_values /usr/lib/python3/dist-packages/oslo_config/cfg.py:2609
2025-08-11 00:37:07.369 133109 DEBUG oslo_service.service [req-99b760ba-d3a4-4e69-ba85-8fe6abfefcb6 - - - - -] ironic.min_version = None log_opt_values /usr/lib/python3/dist-packages/oslo_config/cfg.py:2609
2025-08-11 00:37:07.369 133109 DEBUG oslo_service.service [req-99b760ba-d3a4-4e69-ba85-8fe6abfefcb6 - - - - -] ironic.partition_key = None log_opt_values /usr/lib/python3/dist-packages/oslo_config/cfg.py:2609
2025-08-11 00:37:07.370 133109 DEBUG oslo_service.service [req-99b760ba-d3a4-4e69-ba85-8fe6abfefcb6 - - - - -] ironic.peer_list = [] log_opt_values /usr/lib/python3/dist-packages/oslo_config/cfg.py:2609
2025-08-11 00:37:07.370 133109 DEBUG oslo_service.service [req-99b760ba-d3a4-4e69-ba85-8fe6abfefcb6 - - - - -] ironic.region_name = None log_opt_values /usr/lib/python3/dist-packages/oslo_config/cfg.py:2609
2025-08-11 00:37:07.370 133109 DEBUG oslo_service.service [req-99b760ba-d3a4-4e69-ba85-8fe6abfefcb6 - - - - -] ironic.serial_console_state_timeout = 10 log_opt_values /usr/lib/python3/dist-packages/oslo_config/cfg.py:2609
2025-08-11 00:37:07.370 133109 DEBUG oslo_service.service [req-99b760ba-d3a4-4e69-ba85-8fe6abfefcb6 - - - - -] ironic.service_name = None log_opt_values /usr/lib/python3/dist-packages/oslo_config/cfg.py:2609
2025-08-11 00:37:07.370 133109 DEBUG oslo_service.service [req-99b760ba-d3a4-4e69-ba85-8fe6abfefcb6 - - - - -] ironic.service_type = baremetal log_opt_values /usr/lib/python3/dist-packages/oslo_config/cfg.py:2609
2025-08-11 00:37:07.370 133109 DEBUG oslo_service.service [req-99b760ba-d3a4-4e69-ba85-8fe6abfefcb6 - - - - -] ironic.split_loggers = False log_opt_values /usr/lib/python3/dist-packages/oslo_config/cfg.py:2609
2025-08-11 00:37:07.370 134728 DEBUG oslo_messaging._drivers.amqpdriver [-] AMQPListener connection timeout poll /usr/lib/python3/dist-packages/oslo_messaging/_drivers/amqpdriver.py:360
2025-08-11 00:37:07.371 133109 DEBUG oslo_service.service [req-99b760ba-d3a4-4e69-ba85-8fe6abfefcb6 - - - - -] ironic.status_code_retries = None log_opt_values /usr/lib/python3/dist-packages/oslo_config/cfg.py:2609
2025-08-11 00:37:07.371 134728 DEBUG oslo_messaging._drivers.amqpdriver [-] Listener is running poll /usr/lib/python3/dist-packages/oslo_messaging/_drivers/amqpdriver.py:343
2025-08-11 00:37:07.371 133109 DEBUG oslo_service.service [req-99b760ba-d3a4-4e69-ba85-8fe6abfefcb6 - - - - -] ironic.status_code_retry_delay = None log_opt_values /usr/lib/python3/dist-packages/oslo_config/cfg.py:2609
2025-08-11 00:37:07.371 134728 DEBUG oslo_messaging._drivers.amqpdriver [-] AMQPListener connection consume poll /usr/lib/python3/dist-packages/oslo_messaging/_drivers/amqpdriver.py:357
2025-08-11 00:37:07.371 133109 DEBUG oslo_service.service [req-99b760ba-d3a4-4e69-ba85-8fe6abfefcb6 - - - - -] ironic.timeout = None log_opt_values /usr/lib/python3/dist-packages/oslo_config/cfg.py:2609
2025-08-11 00:37:07.371 133109 DEBUG oslo_service.service [req-99b760ba-d3a4-4e69-ba85-8fe6abfefcb6 - - - - -] ironic.valid_interfaces = ['internal', 'public'] log_opt_values /usr/lib/python3/dist-packages/oslo_config/cfg.py:2609
2025-08-11 00:37:07.371 133109 DEBUG oslo_service.service [req-99b760ba-d3a4-4e69-ba85-8fe6abfefcb6 - - - - -] ironic.version = None log_opt_values /usr/lib/python3/dist-packages/oslo_config/cfg.py:2609
2025-08-11 00:37:07.372 133109 DEBUG oslo_service.service [req-99b760ba-d3a4-4e69-ba85-8fe6abfefcb6 - - - - -] key_manager.backend = barbican log_opt_values /usr/lib/python3/dist-packages/oslo_config/cfg.py:2609
2025-08-11 00:37:07.372 133109 DEBUG oslo_service.service [req-99b760ba-d3a4-4e69-ba85-8fe6abfefcb6 - - - - -] key_manager.fixed_key = **** log_opt_values /usr/lib/python3/dist-packages/oslo_config/cfg.py:2609
2025-08-11 00:37:07.372 133109 DEBUG oslo_service.service [req-99b760ba-d3a4-4e69-ba85-8fe6abfefcb6 - - - - -] barbican.auth_endpoint = http://localhost/identity/v3 log_opt_values /usr/lib/python3/dist-packages/oslo_config/cfg.py:2609
2025-08-11 00:37:07.372 133109 DEBUG oslo_service.service [req-99b760ba-d3a4-4e69-ba85-8fe6abfefcb6 - - - - -] barbican.barbican_api_version = None log_opt_values /usr/lib/python3/dist-packages/oslo_config/cfg.py:2609
2025-08-11 00:37:07.372 133109 DEBUG oslo_service.service [req-99b760ba-d3a4-4e69-ba85-8fe6abfefcb6 - - - - -] barbican.barbican_endpoint = None log_opt_values /usr/lib/python3/dist-packages/oslo_config/cfg.py:2609
2025-08-11 00:37:07.373 133109 DEBUG oslo_service.service [req-99b760ba-d3a4-4e69-ba85-8fe6abfefcb6 - - - - -] barbican.barbican_endpoint_type = public log_opt_values /usr/lib/python3/dist-packages/oslo_config/cfg.py:2609
