2025-08-11 00:38:59.748 154414 DEBUG oslo_service.service [req-16dda411-1496-4a1d-b7df-213d89066257 - - - - -] cyborg.split_loggers = False log_opt_values /usr/lib/python3/dist-packages/oslo_config/cfg.py:2609
2025-08-11 00:38:59.748 154414 DEBUG oslo_service.service [req-16dda411-1496-4a1d-b7df-213d89066257 - - - - -] cyborg.status_code_retries = None log_opt_values /usr/lib/python3/dist-packages/oslo_config/cfg.py:2609
2025-08-11 00:38:59.748 154414 DEBUG oslo_service.service [req-16dda411-1496-4a1d-b7df-213d89066257 - - - - -] cyborg.status_code_retry_delay = None log_opt_values /usr/lib/python3/dist-packages/oslo_config/cfg.py:2609
2025-08-11 00:38:59.748 154414 DEBUG oslo_service.service [req-16dda411-1496-4a1d-b7df-213d89066257 - - - - -] cyborg.timeout = None log_opt_values /usr/lib/python3/dist-packages/oslo_config/cfg.py:2609
2025-08-11 00:38:59.748 154414 DEBUG oslo_service.service [req-16dda411-1496-4a1d-b7df-213d89066257 - - - - -] cyborg.valid_interfaces = ['internal', 'public'] log_opt_values /usr/lib/python3/dist-packages/oslo_config/cfg.py:2609
2025-08-11 00:38:59.749 154414 DEBUG oslo_service.service [req-16dda411-1496-4a1d-b7df-213d89066257 - - - - -] cyborg.version = None log_opt_values /usr/lib/python3/dist-packages/oslo_config/cfg.py:2609
2025-08-11 00:38:59.748 154859 DEBUG nova.service [req-0b849a97-10e7-4396-afec-6df479717c67 - - - - -] Join ServiceGroup membership for this service scheduler start /usr/lib/python3/dist-packages/nova/service.py:199
2025-08-11 00:38:59.749 154414 DEBUG oslo_service.service [req-16dda411-1496-4a1d-b7df-213d89066257 - - - - -] database.backend = sqlalchemy log_opt_values /usr/lib/python3/dist-packages/oslo_config/cfg.py:2609
2025-08-11 00:38:59.749 154414 DEBUG oslo_service.service [req-16dda411-1496-4a1d-b7df-213d89066257 - - - - -] database.connection = **** log_opt_values /usr/lib/python3/dist-packages/oslo_config/cfg.py:2609
2025-08-11 00:38:59.749 154859 DEBUG nova.servicegroup.drivers.db [req-0b849a97-10e7-4396-afec-6df479717c67 - - - - -] DB_Driver: join new ServiceGroup member juju-3da246-0-lxd-7 to the scheduler group, service = join /usr/lib/python3/dist-packages/nova/servicegroup/drivers/db.py:44
2025-08-11 00:38:59.749 154414 DEBUG oslo_service.service [req-16dda411-1496-4a1d-b7df-213d89066257 - - - - -] database.connection_debug = 0 log_opt_values /usr/lib/python3/dist-packages/oslo_config/cfg.py:2609
2025-08-11 00:38:59.749 154414 DEBUG oslo_service.service [req-16dda411-1496-4a1d-b7df-213d89066257 - - - - -] database.connection_parameters = log_opt_values /usr/lib/python3/dist-packages/oslo_config/cfg.py:2609
2025-08-11 00:38:59.750 154414 DEBUG oslo_service.service [req-16dda411-1496-4a1d-b7df-213d89066257 - - - - -] database.connection_recycle_time = 3600 log_opt_values /usr/lib/python3/dist-packages/oslo_config/cfg.py:2609
2025-08-11 00:38:59.750 154414 DEBUG oslo_service.service [req-16dda411-1496-4a1d-b7df-213d89066257 - - - - -] database.connection_trace = False log_opt_values /usr/lib/python3/dist-packages/oslo_config/cfg.py:2609
2025-08-11 00:38:59.750 154414 DEBUG oslo_service.service [req-16dda411-1496-4a1d-b7df-213d89066257 - - - - -] database.db_inc_retry_interval = True log_opt_values /usr/lib/python3/dist-packages/oslo_config/cfg.py:2609
2025-08-11 00:38:59.751 154414 DEBUG oslo_service.service [req-16dda411-1496-4a1d-b7df-213d89066257 - - - - -] database.db_max_retries = 20 log_opt_values /usr/lib/python3/dist-packages/oslo_config/cfg.py:2609
2025-08-11 00:38:59.751 154414 DEBUG oslo_service.service [req-16dda411-1496-4a1d-b7df-213d89066257 - - - - -] database.db_max_retry_interval = 10 log_opt_values /usr/lib/python3/dist-packages/oslo_config/cfg.py:2609
2025-08-11 00:38:59.751 154414 DEBUG oslo_service.service [req-16dda411-1496-4a1d-b7df-213d89066257 - - - - -] database.db_retry_interval = 1 log_opt_values /usr/lib/python3/dist-packages/oslo_config/cfg.py:2609
2025-08-11 00:38:59.751 154861 DEBUG oslo_messaging._drivers.amqpdriver [-] Listener is running poll /usr/lib/python3/dist-packages/oslo_messaging/_drivers/amqpdriver.py:343
2025-08-11 00:38:59.751 154414 DEBUG oslo_service.service [req-16dda411-1496-4a1d-b7df-213d89066257 - - - - -] database.max_overflow = 50 log_opt_values /usr/lib/python3/dist-packages/oslo_config/cfg.py:2609
2025-08-11 00:38:59.751 154861 DEBUG oslo_messaging._drivers.amqpdriver [-] AMQPListener connection consume poll /usr/lib/python3/dist-packages/oslo_messaging/_drivers/amqpdriver.py:357
2025-08-11 00:38:59.751 154414 DEBUG oslo_service.service [req-16dda411-1496-4a1d-b7df-213d89066257 - - - - -] database.max_pool_size = 4 log_opt_values /usr/lib/python3/dist-packages/oslo_config/cfg.py:2609
2025-08-11 00:38:59.751 154859 DEBUG oslo_messaging._drivers.amqpdriver [-] AMQPListener connection timeout poll /usr/lib/python3/dist-packages/oslo_messaging/_drivers/amqpdriver.py:360
2025-08-11 00:38:59.751 154414 DEBUG oslo_service.service [req-16dda411-1496-4a1d-b7df-213d89066257 - - - - -] database.max_retries = 10 log_opt_values /usr/lib/python3/dist-packages/oslo_config/cfg.py:2609
2025-08-11 00:38:59.752 154859 DEBUG oslo_messaging._drivers.amqpdriver [-] Listener is running poll /usr/lib/python3/dist-packages/oslo_messaging/_drivers/amqpdriver.py:343
2025-08-11 00:38:59.752 154861 DEBUG nova.service [req-0396d33b-7c3a-4b7a-965f-97e33185edfe - - - - -] Join ServiceGroup membership for this service scheduler start /usr/lib/python3/dist-packages/nova/service.py:199
2025-08-11 00:38:59.752 154414 DEBUG oslo_service.service [req-16dda411-1496-4a1d-b7df-213d89066257 - - - - -] database.mysql_enable_ndb = False log_opt_values /usr/lib/python3/dist-packages/oslo_config/cfg.py:2609
2025-08-11 00:38:59.752 154859 DEBUG oslo_messaging._drivers.amqpdriver [-] AMQPListener connection consume poll /usr/lib/python3/dist-packages/oslo_messaging/_drivers/amqpdriver.py:357
2025-08-11 00:38:59.752 154414 DEBUG oslo_service.service [req-16dda411-1496-4a1d-b7df-213d89066257 - - - - -] database.mysql_sql_mode = TRADITIONAL log_opt_values /usr/lib/python3/dist-packages/oslo_config/cfg.py:2609
2025-08-11 00:38:59.752 154861 DEBUG nova.servicegroup.drivers.db [req-0396d33b-7c3a-4b7a-965f-97e33185edfe - - - - -] DB_Driver: join new ServiceGroup member juju-3da246-0-lxd-7 to the scheduler group, service = join /usr/lib/python3/dist-packages/nova/servicegroup/drivers/db.py:44
2025-08-11 00:38:59.752 154414 DEBUG oslo_service.service [req-16dda411-1496-4a1d-b7df-213d89066257 - - - - -] database.pool_timeout = None log_opt_values /usr/lib/python3/dist-packages/oslo_config/cfg.py:2609
2025-08-11 00:38:59.752 154858 DEBUG nova.service [req-2d6461da-32fb-4159-aa93-c48f9e28e602 - - - - -] Join ServiceGroup membership for this service scheduler start /usr/lib/python3/dist-packages/nova/service.py:199
2025-08-11 00:38:59.752 154414 DEBUG oslo_service.service [req-16dda411-1496-4a1d-b7df-213d89066257 - - - - -] database.retry_interval = 10 log_opt_values /usr/lib/python3/dist-packages/oslo_config/cfg.py:2609
2025-08-11 00:38:59.753 154414 DEBUG oslo_service.service [req-16dda411-1496-4a1d-b7df-213d89066257 - - - - -] database.slave_connection = **** log_opt_values /usr/lib/python3/dist-packages/oslo_config/cfg.py:2609
2025-08-11 00:38:59.753 154858 DEBUG nova.servicegroup.drivers.db [req-2d6461da-32fb-4159-aa93-c48f9e28e602 - - - - -] DB_Driver: join new ServiceGroup member juju-3da246-0-lxd-7 to the scheduler group, service = join /usr/lib/python3/dist-packages/nova/servicegroup/drivers/db.py:44
2025-08-11 00:38:59.753 154414 DEBUG oslo_service.service [req-16dda411-1496-4a1d-b7df-213d89066257 - - - - -] database.sqlite_synchronous = True log_opt_values /usr/lib/python3/dist-packages/oslo_config/cfg.py:2609
2025-08-11 00:38:59.754 154414 DEBUG oslo_service.service [req-16dda411-1496-4a1d-b7df-213d89066257 - - - - -] database.use_db_reconnect = False log_opt_values /usr/lib/python3/dist-packages/oslo_config/cfg.py:2609
2025-08-11 00:38:59.754 154414 DEBUG oslo_service.service [req-16dda411-1496-4a1d-b7df-213d89066257 - - - - -] api_database.backend = sqlalchemy log_opt_values /usr/lib/python3/dist-packages/oslo_config/cfg.py:2609
2025-08-11 00:38:59.754 154414 DEBUG oslo_service.service [req-16dda411-1496-4a1d-b7df-213d89066257 - - - - -] api_database.connection = **** log_opt_values /usr/lib/python3/dist-packages/oslo_config/cfg.py:2609
2025-08-11 00:38:59.754 154414 DEBUG oslo_service.service [req-16dda411-1496-4a1d-b7df-213d89066257 - - - - -] api_database.connection_debug = 0 log_opt_values /usr/lib/python3/dist-packages/oslo_config/cfg.py:2609
2025-08-11 00:38:59.754 154861 DEBUG oslo_messaging._drivers.amqpdriver [-] AMQPListener connection timeout poll /usr/lib/python3/dist-packages/oslo_messaging/_drivers/amqpdriver.py:360
2025-08-11 00:38:59.755 154414 DEBUG oslo_service.service [req-16dda411-1496-4a1d-b7df-213d89066257 - - - - -] api_database.connection_parameters = log_opt_values /usr/lib/python3/dist-packages/oslo_config/cfg.py:2609
2025-08-11 00:38:59.755 154861 DEBUG oslo_messaging._drivers.amqpdriver [-] Listener is running poll /usr/lib/python3/dist-packages/oslo_messaging/_drivers/amqpdriver.py:343
2025-08-11 00:38:59.755 154414 DEBUG oslo_service.service [req-16dda411-1496-4a1d-b7df-213d89066257 - - - - -] api_database.connection_recycle_time = 3600 log_opt_values /usr/lib/python3/dist-packages/oslo_config/cfg.py:2609
2025-08-11 00:38:59.755 154861 DEBUG oslo_messaging._drivers.amqpdriver [-] AMQPListener connection consume poll /usr/lib/python3/dist-packages/oslo_messaging/_drivers/amqpdriver.py:357
2025-08-11 00:38:59.755 154414 DEBUG oslo_service.service [req-16dda411-1496-4a1d-b7df-213d89066257 - - - - -] api_database.connection_trace = False log_opt_values /usr/lib/python3/dist-packages/oslo_config/cfg.py:2609
2025-08-11 00:38:59.755 154414 DEBUG oslo_service.service [req-16dda411-1496-4a1d-b7df-213d89066257 - - - - -] api_database.db_inc_retry_interval = True log_opt_values /usr/lib/python3/dist-packages/oslo_config/cfg.py:2609
2025-08-11 00:38:59.755 154414 DEBUG oslo_service.service [req-16dda411-1496-4a1d-b7df-213d89066257 - - - - -] api_database.db_max_retries = 20 log_opt_values /usr/lib/python3/dist-packages/oslo_config/cfg.py:2609
2025-08-11 00:38:59.755 154414 DEBUG oslo_service.service [req-16dda411-1496-4a1d-b7df-213d89066257 - - - - -] api_database.db_max_retry_interval = 10 log_opt_values /usr/lib/python3/dist-packages/oslo_config/cfg.py:2609
2025-08-11 00:38:59.756 154414 DEBUG oslo_service.service [req-16dda411-1496-4a1d-b7df-213d89066257 - - - - -] api_database.db_retry_interval = 1 log_opt_values /usr/lib/python3/dist-packages/oslo_config/cfg.py:2609
2025-08-11 00:38:59.756 154414 DEBUG oslo_service.service [req-16dda411-1496-4a1d-b7df-213d89066257 - - - - -] api_database.max_overflow = 50 log_opt_values /usr/lib/python3/dist-packages/oslo_config/cfg.py:2609
2025-08-11 00:38:59.756 154858 DEBUG oslo_messaging._drivers.amqpdriver [-] AMQPListener connection timeout poll /usr/lib/python3/dist-packages/oslo_messaging/_drivers/amqpdriver.py:360
2025-08-11 00:38:59.756 154414 DEBUG oslo_service.service [req-16dda411-1496-4a1d-b7df-213d89066257 - - - - -] api_database.max_pool_size = 4 log_opt_values /usr/lib/python3/dist-packages/oslo_config/cfg.py:2609
2025-08-11 00:38:59.756 154858 DEBUG oslo_messaging._drivers.amqpdriver [-] Listener is running poll /usr/lib/python3/dist-packages/oslo_messaging/_drivers/amqpdriver.py:343
2025-08-11 00:38:59.756 154414 DEBUG oslo_service.service [req-16dda411-1496-4a1d-b7df-213d89066257 - - - - -] api_database.max_retries = 10 log_opt_values /usr/lib/python3/dist-packages/oslo_config/cfg.py:2609
2025-08-11 00:38:59.756 154858 DEBUG oslo_messaging._drivers.amqpdriver [-] AMQPListener connection consume poll /usr/lib/python3/dist-packages/oslo_messaging/_drivers/amqpdriver.py:357
2025-08-11 00:38:59.756 154414 DEBUG oslo_service.service [req-16dda411-1496-4a1d-b7df-213d89066257 - - - - -] api_database.mysql_enable_ndb = False log_opt_values /usr/lib/python3/dist-packages/oslo_config/cfg.py:2609
2025-08-11 00:38:59.756 154414 DEBUG oslo_service.service [req-16dda411-1496-4a1d-b7df-213d89066257 - - - - -] api_database.mysql_sql_mode = TRADITIONAL log_opt_values /usr/lib/python3/dist-packages/oslo_config/cfg.py:2609
2025-08-11 00:38:59.757 154414 DEBUG oslo_service.service [req-16dda411-1496-4a1d-b7df-213d89066257 - - - - -] api_database.pool_timeout = None log_opt_values /usr/lib/python3/dist-packages/oslo_config/cfg.py:2609
2025-08-11 00:38:59.757 154414 DEBUG oslo_service.service [req-16dda411-1496-4a1d-b7df-213d89066257 - - - - -] api_database.retry_interval = 10 log_opt_values /usr/lib/python3/dist-packages/oslo_config/cfg.py:2609
2025-08-11 00:38:59.757 154414 DEBUG oslo_service.service [req-16dda411-1496-4a1d-b7df-213d89066257 - - - - -] api_database.slave_connection = **** log_opt_values /usr/lib/python3/dist-packages/oslo_config/cfg.py:2609
2025-08-11 00:38:59.757 154414 DEBUG oslo_service.service [req-16dda411-1496-4a1d-b7df-213d89066257 - - - - -] api_database.sqlite_synchronous = True log_opt_values /usr/lib/python3/dist-packages/oslo_config/cfg.py:2609
2025-08-11 00:38:59.757 154414 DEBUG oslo_service.service [req-16dda411-1496-4a1d-b7df-213d89066257 - - - - -] devices.enabled_mdev_types = [] log_opt_values /usr/lib/python3/dist-packages/oslo_config/cfg.py:2609
2025-08-11 00:38:59.757 154414 DEBUG oslo_service.service [req-16dda411-1496-4a1d-b7df-213d89066257 - - - - -] ephemeral_storage_encryption.cipher = aes-xts-plain64 log_opt_values /usr/lib/python3/dist-packages/oslo_config/cfg.py:2609
2025-08-11 00:38:59.758 154414 DEBUG oslo_service.service [req-16dda411-1496-4a1d-b7df-213d89066257 - - - - -] ephemeral_storage_encryption.enabled = False log_opt_values /usr/lib/python3/dist-packages/oslo_config/cfg.py:2609
2025-08-11 00:38:59.758 154414 DEBUG oslo_service.service [req-16dda411-1496-4a1d-b7df-213d89066257 - - - - -] ephemeral_storage_encryption.key_size = 512 log_opt_values /usr/lib/python3/dist-packages/oslo_config/cfg.py:2609
2025-08-11 00:38:59.758 154414 WARNING oslo_config.cfg [req-16dda411-1496-4a1d-b7df-213d89066257 - - - - -] Deprecated: Option "api_servers" from group "glance" is deprecated for removal ( Support for image service configuration via standard keystoneauth1 Adapter options was added in the 17.0.0 Queens release. The api_servers option was retained temporarily to allow consumers time to cut over to a real load balancing solution. ). Its value may be silently ignored in the future.
2025-08-11 00:38:59.758 154414 DEBUG oslo_service.service [req-16dda411-1496-4a1d-b7df-213d89066257 - - - - -] glance.api_servers = ['http://252.129.163.75:9292'] log_opt_values /usr/lib/python3/dist-packages/oslo_config/cfg.py:2609
2025-08-11 00:38:59.758 154414 DEBUG oslo_service.service [req-16dda411-1496-4a1d-b7df-213d89066257 - - - - -] glance.cafile = None log_opt_values /usr/lib/python3/dist-packages/oslo_config/cfg.py:2609
2025-08-11 00:38:59.759 154414 DEBUG oslo_service.service [req-16dda411-1496-4a1d-b7df-213d89066257 - - - - -] glance.certfile = None log_opt_values /usr/lib/python3/dist-packages/oslo_config/cfg.py:2609
2025-08-11 00:38:59.759 154414 DEBUG oslo_service.service [req-16dda411-1496-4a1d-b7df-213d89066257 - - - - -] glance.collect_timing = False log_opt_values /usr/lib/python3/dist-packages/oslo_config/cfg.py:2609
2025-08-11 00:38:59.759 154414 DEBUG oslo_service.service [req-16dda411-1496-4a1d-b7df-213d89066257 - - - - -] glance.connect_retries = None log_opt_values /usr/lib/python3/dist-packages/oslo_config/cfg.py:2609
2025-08-11 00:38:59.759 154414 DEBUG oslo_service.service [req-16dda411-1496-4a1d-b7df-213d89066257 - - - - -] glance.connect_retry_delay = None log_opt_values /usr/lib/python3/dist-packages/oslo_config/cfg.py:2609
2025-08-11 00:38:59.759 154414 DEBUG oslo_service.service [req-16dda411-1496-4a1d-b7df-213d89066257 - - - - -] glance.debug = False log_opt_values /usr/lib/python3/dist-packages/oslo_config/cfg.py:2609
2025-08-11 00:38:59.759 154414 DEBUG oslo_service.service [req-16dda411-1496-4a1d-b7df-213d89066257 - - - - -] glance.default_trusted_certificate_ids = [] log_opt_values /usr/lib/python3/dist-packages/oslo_config/cfg.py:2609
2025-08-11 00:38:59.759 154414 DEBUG oslo_service.service [req-16dda411-1496-4a1d-b7df-213d89066257 - - - - -] glance.enable_certificate_validation = False log_opt_values /usr/lib/python3/dist-packages/oslo_config/cfg.py:2609
2025-08-11 00:38:59.760 154414 DEBUG oslo_service.service [req-16dda411-1496-4a1d-b7df-213d89066257 - - - - -] glance.enable_rbd_download = False log_opt_values /usr/lib/python3/dist-packages/oslo_config/cfg.py:2609
2025-08-11 00:38:59.760 154414 DEBUG oslo_service.service [req-16dda411-1496-4a1d-b7df-213d89066257 - - - - -] glance.endpoint_override = None log_opt_values /usr/lib/python3/dist-packages/oslo_config/cfg.py:2609
2025-08-11 00:38:59.760 154414 DEBUG oslo_service.service [req-16dda411-1496-4a1d-b7df-213d89066257 - - - - -] glance.insecure = False log_opt_values /usr/lib/python3/dist-packages/oslo_config/cfg.py:2609
2025-08-11 00:38:59.760 154414 DEBUG oslo_service.service [req-16dda411-1496-4a1d-b7df-213d89066257 - - - - -] glance.keyfile = None log_opt_values /usr/lib/python3/dist-packages/oslo_config/cfg.py:2609
2025-08-11 00:38:59.760 154414 DEBUG oslo_service.service [req-16dda411-1496-4a1d-b7df-213d89066257 - - - - -] glance.max_version = None log_opt_values /usr/lib/python3/dist-packages/oslo_config/cfg.py:2609
2025-08-11 00:38:59.760 154414 DEBUG oslo_service.service [req-16dda411-1496-4a1d-b7df-213d89066257 - - - - -] glance.min_version = None log_opt_values /usr/lib/python3/dist-packages/oslo_config/cfg.py:2609
2025-08-11 00:38:59.761 154414 DEBUG oslo_service.service [req-16dda411-1496-4a1d-b7df-213d89066257 - - - - -] glance.num_retries = 3 log_opt_values /usr/lib/python3/dist-packages/oslo_config/cfg.py:2609
2025-08-11 00:38:59.761 154414 DEBUG oslo_service.service [req-16dda411-1496-4a1d-b7df-213d89066257 - - - - -] glance.rbd_ceph_conf = log_opt_values /usr/lib/python3/dist-packages/oslo_config/cfg.py:2609
2025-08-11 00:38:59.761 154414 DEBUG oslo_service.service [req-16dda411-1496-4a1d-b7df-213d89066257 - - - - -] glance.rbd_connect_timeout = 5 log_opt_values /usr/lib/python3/dist-packages/oslo_config/cfg.py:2609
2025-08-11 00:38:59.761 154414 DEBUG oslo_service.service [req-16dda411-1496-4a1d-b7df-213d89066257 - - - - -] glance.rbd_pool = log_opt_values /usr/lib/python3/dist-packages/oslo_config/cfg.py:2609
2025-08-11 00:38:59.761 154414 DEBUG oslo_service.service [req-16dda411-1496-4a1d-b7df-213d89066257 - - - - -] glance.rbd_user = log_opt_values /usr/lib/python3/dist-packages/oslo_config/cfg.py:2609
2025-08-11 00:38:59.761 154414 DEBUG oslo_service.service [req-16dda411-1496-4a1d-b7df-213d89066257 - - - - -] glance.region_name = None log_opt_values /usr/lib/python3/dist-packages/oslo_config/cfg.py:2609
2025-08-11 00:38:59.762 154414 DEBUG oslo_service.service [req-16dda411-1496-4a1d-b7df-213d89066257 - - - - -] glance.service_name = None log_opt_values /usr/lib/python3/dist-packages/oslo_config/cfg.py:2609
2025-08-11 00:38:59.762 154414 DEBUG oslo_service.service [req-16dda411-1496-4a1d-b7df-213d89066257 - - - - -] glance.service_type = image log_opt_values /usr/lib/python3/dist-packages/oslo_config/cfg.py:2609
2025-08-11 00:38:59.762 154414 DEBUG oslo_service.service [req-16dda411-1496-4a1d-b7df-213d89066257 - - - - -] glance.split_loggers = False log_opt_values /usr/lib/python3/dist-packages/oslo_config/cfg.py:2609
2025-08-11 00:38:59.762 154414 DEBUG oslo_service.service [req-16dda411-1496-4a1d-b7df-213d89066257 - - - - -] glance.status_code_retries = None log_opt_values /usr/lib/python3/dist-packages/oslo_config/cfg.py:2609
2025-08-11 00:38:59.762 154414 DEBUG oslo_service.service [req-16dda411-1496-4a1d-b7df-213d89066257 - - - - -] glance.status_code_retry_delay = None log_opt_values /usr/lib/python3/dist-packages/oslo_config/cfg.py:2609
2025-08-11 00:38:59.762 154414 DEBUG oslo_service.service [req-16dda411-1496-4a1d-b7df-213d89066257 - - - - -] glance.timeout = None log_opt_values /usr/lib/python3/dist-packages/oslo_config/cfg.py:2609
2025-08-11 00:38:59.763 154414 DEBUG oslo_service.service [req-16dda411-1496-4a1d-b7df-213d89066257 - - - - -] glance.valid_interfaces = ['internal', 'public'] log_opt_values /usr/lib/python3/dist-packages/oslo_config/cfg.py:2609
2025-08-11 00:38:59.763 154414 DEBUG oslo_service.service [req-16dda411-1496-4a1d-b7df-213d89066257 - - - - -] glance.verify_glance_signatures = False log_opt_values /usr/lib/python3/dist-packages/oslo_config/cfg.py:2609
2025-08-11 00:38:59.763 154414 DEBUG oslo_service.service [req-16dda411-1496-4a1d-b7df-213d89066257 - - - - -] glance.version = None log_opt_values /usr/lib/python3/dist-packages/oslo_config/cfg.py:2609
2025-08-11 00:38:59.763 154414 DEBUG oslo_service.service [req-16dda411-1496-4a1d-b7df-213d89066257 - - - - -] guestfs.debug = False log_opt_values /usr/lib/python3/dist-packages/oslo_config/cfg.py:2609
2025-08-11 00:38:59.763 154414 DEBUG oslo_service.service [req-16dda411-1496-4a1d-b7df-213d89066257 - - - - -] hyperv.config_drive_cdrom = False log_opt_values /usr/lib/python3/dist-packages/oslo_config/cfg.py:2609
2025-08-11 00:38:59.763 154414 DEBUG oslo_service.service [req-16dda411-1496-4a1d-b7df-213d89066257 - - - - -] hyperv.config_drive_inject_password = False log_opt_values /usr/lib/python3/dist-packages/oslo_config/cfg.py:2609
2025-08-11 00:38:59.764 154414 DEBUG oslo_service.service [req-16dda411-1496-4a1d-b7df-213d89066257 - - - - -] hyperv.dynamic_memory_ratio = 1.0 log_opt_values /usr/lib/python3/dist-packages/oslo_config/cfg.py:2609
2025-08-11 00:38:59.764 154414 DEBUG oslo_service.service [req-16dda411-1496-4a1d-b7df-213d89066257 - - - - -] hyperv.enable_instance_metrics_collection = False log_opt_values /usr/lib/python3/dist-packages/oslo_config/cfg.py:2609
2025-08-11 00:38:59.764 154414 DEBUG oslo_service.service [req-16dda411-1496-4a1d-b7df-213d89066257 - - - - -] hyperv.enable_remotefx = False log_opt_values /usr/lib/python3/dist-packages/oslo_config/cfg.py:2609
2025-08-11 00:38:59.764 154414 DEBUG oslo_service.service [req-16dda411-1496-4a1d-b7df-213d89066257 - - - - -] hyperv.instances_path_share = log_opt_values /usr/lib/python3/dist-packages/oslo_config/cfg.py:2609
2025-08-11 00:38:59.764 154414 DEBUG oslo_service.service [req-16dda411-1496-4a1d-b7df-213d89066257 - - - - -] hyperv.iscsi_initiator_list = [] log_opt_values /usr/lib/python3/dist-packages/oslo_config/cfg.py:2609
2025-08-11 00:38:59.764 154414 DEBUG oslo_service.service [req-16dda411-1496-4a1d-b7df-213d89066257 - - - - -] hyperv.limit_cpu_features = False log_opt_values /usr/lib/python3/dist-packages/oslo_config/cfg.py:2609
2025-08-11 00:38:59.765 154414 DEBUG oslo_service.service [req-16dda411-1496-4a1d-b7df-213d89066257 - - - - -] hyperv.mounted_disk_query_retry_count = 10 log_opt_values /usr/lib/python3/dist-packages/oslo_config/cfg.py:2609
2025-08-11 00:38:59.765 154414 DEBUG oslo_service.service [req-16dda411-1496-4a1d-b7df-213d89066257 - - - - -] hyperv.mounted_disk_query_retry_interval = 5 log_opt_values /usr/lib/python3/dist-packages/oslo_config/cfg.py:2609
2025-08-11 00:38:59.765 154414 DEBUG oslo_service.service [req-16dda411-1496-4a1d-b7df-213d89066257 - - - - -] hyperv.power_state_check_timeframe = 60 log_opt_values /usr/lib/python3/dist-packages/oslo_config/cfg.py:2609
2025-08-11 00:38:59.765 154414 DEBUG oslo_service.service [req-16dda411-1496-4a1d-b7df-213d89066257 - - - - -] hyperv.power_state_event_polling_interval = 2 log_opt_values /usr/lib/python3/dist-packages/oslo_config/cfg.py:2609
2025-08-11 00:38:59.766 154414 DEBUG oslo_service.service [req-16dda411-1496-4a1d-b7df-213d89066257 - - - - -] hyperv.qemu_img_cmd = qemu-img.exe log_opt_values /usr/lib/python3/dist-packages/oslo_config/cfg.py:2609
2025-08-11 00:38:59.766 154414 DEBUG oslo_service.service [req-16dda411-1496-4a1d-b7df-213d89066257 - - - - -] hyperv.use_multipath_io = False log_opt_values /usr/lib/python3/dist-packages/oslo_config/cfg.py:2609
2025-08-11 00:38:59.766 154414 DEBUG oslo_service.service [req-16dda411-1496-4a1d-b7df-213d89066257 - - - - -] hyperv.volume_attach_retry_count = 10 log_opt_values /usr/lib/python3/dist-packages/oslo_config/cfg.py:2609
2025-08-11 00:38:59.766 154414 DEBUG oslo_service.service [req-16dda411-1496-4a1d-b7df-213d89066257 - - - - -] hyperv.volume_attach_retry_interval = 5 log_opt_values /usr/lib/python3/dist-packages/oslo_config/cfg.py:2609
2025-08-11 00:38:59.766 154414 DEBUG oslo_service.service [req-16dda411-1496-4a1d-b7df-213d89066257 - - - - -] hyperv.vswitch_name = None log_opt_values /usr/lib/python3/dist-packages/oslo_config/cfg.py:2609
2025-08-11 00:38:59.767 154414 DEBUG oslo_service.service [req-16dda411-1496-4a1d-b7df-213d89066257 - - - - -] hyperv.wait_soft_reboot_seconds = 60 log_opt_values /usr/lib/python3/dist-packages/oslo_config/cfg.py:2609
2025-08-11 00:38:59.767 154414 DEBUG oslo_service.service [req-16dda411-1496-4a1d-b7df-213d89066257 - - - - -] mks.enabled = False log_opt_values /usr/lib/python3/dist-packages/oslo_config/cfg.py:2609
2025-08-11 00:38:59.768 154414 DEBUG oslo_service.service [req-16dda411-1496-4a1d-b7df-213d89066257 - - - - -] mks.mksproxy_base_url = http://127.0.0.1:6090/ log_opt_values /usr/lib/python3/dist-packages/oslo_config/cfg.py:2609
2025-08-11 00:38:59.768 154414 DEBUG oslo_service.service [req-16dda411-1496-4a1d-b7df-213d89066257 - - - - -] image_cache.manager_interval = 2400 log_opt_values /usr/lib/python3/dist-packages/oslo_config/cfg.py:2609
2025-08-11 00:38:59.768 154414 DEBUG oslo_service.service [req-16dda411-1496-4a1d-b7df-213d89066257 - - - - -] image_cache.precache_concurrency = 1 log_opt_values /usr/lib/python3/dist-packages/oslo_config/cfg.py:2609
2025-08-11 00:38:59.768 154414 DEBUG oslo_service.service [req-16dda411-1496-4a1d-b7df-213d89066257 - - - - -] image_cache.remove_unused_base_images = True log_opt_values /usr/lib/python3/dist-packages/oslo_config/cfg.py:2609
2025-08-11 00:38:59.768 154414 DEBUG oslo_service.service [req-16dda411-1496-4a1d-b7df-213d89066257 - - - - -] image_cache.remove_unused_original_minimum_age_seconds = 86400 log_opt_values /usr/lib/python3/dist-packages/oslo_config/cfg.py:2609
2025-08-11 00:38:59.769 154414 DEBUG oslo_service.service [req-16dda411-1496-4a1d-b7df-213d89066257 - - - - -] image_cache.remove_unused_resized_minimum_age_seconds = 3600 log_opt_values /usr/lib/python3/dist-packages/oslo_config/cfg.py:2609
2025-08-11 00:38:59.769 154414 DEBUG oslo_service.service [req-16dda411-1496-4a1d-b7df-213d89066257 - - - - -] image_cache.subdirectory_name = _base log_opt_values /usr/lib/python3/dist-packages/oslo_config/cfg.py:2609
2025-08-11 00:38:59.769 154414 DEBUG oslo_service.service [req-16dda411-1496-4a1d-b7df-213d89066257 - - - - -] ironic.api_max_retries = 60 log_opt_values /usr/lib/python3/dist-packages/oslo_config/cfg.py:2609
2025-08-11 00:38:59.769 154414 DEBUG oslo_service.service [req-16dda411-1496-4a1d-b7df-213d89066257 - - - - -] ironic.api_retry_interval = 2 log_opt_values /usr/lib/python3/dist-packages/oslo_config/cfg.py:2609
2025-08-11 00:38:59.769 154414 DEBUG oslo_service.service [req-16dda411-1496-4a1d-b7df-213d89066257 - - - - -] ironic.auth_section = None log_opt_values /usr/lib/python3/dist-packages/oslo_config/cfg.py:2609
2025-08-11 00:38:59.769 154414 DEBUG oslo_service.service [req-16dda411-1496-4a1d-b7df-213d89066257 - - - - -] ironic.auth_type = None log_opt_values /usr/lib/python3/dist-packages/oslo_config/cfg.py:2609
2025-08-11 00:38:59.770 154414 DEBUG oslo_service.service [req-16dda411-1496-4a1d-b7df-213d89066257 - - - - -] ironic.cafile = None log_opt_values /usr/lib/python3/dist-packages/oslo_config/cfg.py:2609
2025-08-11 00:38:59.770 154414 DEBUG oslo_service.service [req-16dda411-1496-4a1d-b7df-213d89066257 - - - - -] ironic.certfile = None log_opt_values /usr/lib/python3/dist-packages/oslo_config/cfg.py:2609
2025-08-11 00:38:59.770 154414 DEBUG oslo_service.service [req-16dda411-1496-4a1d-b7df-213d89066257 - - - - -] ironic.collect_timing = False log_opt_values /usr/lib/python3/dist-packages/oslo_config/cfg.py:2609
2025-08-11 00:38:59.770 154414 DEBUG oslo_service.service [req-16dda411-1496-4a1d-b7df-213d89066257 - - - - -] ironic.connect_retries = None log_opt_values /usr/lib/python3/dist-packages/oslo_config/cfg.py:2609
2025-08-11 00:38:59.770 154414 DEBUG oslo_service.service [req-16dda411-1496-4a1d-b7df-213d89066257 - - - - -] ironic.connect_retry_delay = None log_opt_values /usr/lib/python3/dist-packages/oslo_config/cfg.py:2609
2025-08-11 00:38:59.770 154414 DEBUG oslo_service.service [req-16dda411-1496-4a1d-b7df-213d89066257 - - - - -] ironic.endpoint_override = None log_opt_values /usr/lib/python3/dist-packages/oslo_config/cfg.py:2609
2025-08-11 00:38:59.770 154414 DEBUG oslo_service.service [req-16dda411-1496-4a1d-b7df-213d89066257 - - - - -] ironic.insecure = False log_opt_values /usr/lib/python3/dist-packages/oslo_config/cfg.py:2609
2025-08-11 00:38:59.771 154414 DEBUG oslo_service.service [req-16dda411-1496-4a1d-b7df-213d89066257 - - - - -] ironic.keyfile = None log_opt_values /usr/lib/python3/dist-packages/oslo_config/cfg.py:2609
2025-08-11 00:38:59.771 154414 DEBUG oslo_service.service [req-16dda411-1496-4a1d-b7df-213d89066257 - - - - -] ironic.max_version = None log_opt_values /usr/lib/python3/dist-packages/oslo_config/cfg.py:2609
2025-08-11 00:38:59.771 154414 DEBUG oslo_service.service [req-16dda411-1496-4a1d-b7df-213d89066257 - - - - -] ironic.min_version = None log_opt_values /usr/lib/python3/dist-packages/oslo_config/cfg.py:2609
2025-08-11 00:38:59.771 154414 DEBUG oslo_service.service [req-16dda411-1496-4a1d-b7df-213d89066257 - - - - -] ironic.partition_key = None log_opt_values /usr/lib/python3/dist-packages/oslo_config/cfg.py:2609
2025-08-11 00:38:59.771 154860 DEBUG oslo_messaging._drivers.amqpdriver [-] Listener is running poll /usr/lib/python3/dist-packages/oslo_messaging/_drivers/amqpdriver.py:343
2025-08-11 00:38:59.771 154414 DEBUG oslo_service.service [req-16dda411-1496-4a1d-b7df-213d89066257 - - - - -] ironic.peer_list = [] log_opt_values /usr/lib/python3/dist-packages/oslo_config/cfg.py:2609
2025-08-11 00:38:59.771 154860 DEBUG oslo_messaging._drivers.amqpdriver [-] AMQPListener connection consume poll /usr/lib/python3/dist-packages/oslo_messaging/_drivers/amqpdriver.py:357
2025-08-11 00:38:59.771 154414 DEBUG oslo_service.service [req-16dda411-1496-4a1d-b7df-213d89066257 - - - - -] ironic.region_name = None log_opt_values /usr/lib/python3/dist-packages/oslo_config/cfg.py:2609
2025-08-11 00:38:59.772 154414 DEBUG oslo_service.service [req-16dda411-1496-4a1d-b7df-213d89066257 - - - - -] ironic.serial_console_state_timeout = 10 log_opt_values /usr/lib/python3/dist-packages/oslo_config/cfg.py:2609
2025-08-11 00:38:59.772 154414 DEBUG oslo_service.service [req-16dda411-1496-4a1d-b7df-213d89066257 - - - - -] ironic.service_name = None log_opt_values /usr/lib/python3/dist-packages/oslo_config/cfg.py:2609
2025-08-11 00:38:59.772 154414 DEBUG oslo_service.service [req-16dda411-1496-4a1d-b7df-213d89066257 - - - - -] ironic.service_type = baremetal log_opt_values /usr/lib/python3/dist-packages/oslo_config/cfg.py:2609
2025-08-11 00:38:59.772 154860 DEBUG nova.service [req-1558934d-e4f2-44d9-a85e-7d9809a90a6c - - - - -] Join ServiceGroup membership for this service scheduler start /usr/lib/python3/dist-packages/nova/service.py:199
2025-08-11 00:38:59.772 154414 DEBUG oslo_service.service [req-16dda411-1496-4a1d-b7df-213d89066257 - - - - -] ironic.split_loggers = False log_opt_values /usr/lib/python3/dist-packages/oslo_config/cfg.py:2609
2025-08-11 00:38:59.772 154860 DEBUG nova.servicegroup.drivers.db [req-1558934d-e4f2-44d9-a85e-7d9809a90a6c - - - - -] DB_Driver: join new ServiceGroup member juju-3da246-0-lxd-7 to the scheduler group, service = join /usr/lib/python3/dist-packages/nova/servicegroup/drivers/db.py:44
2025-08-11 00:38:59.772 154414 DEBUG oslo_service.service [req-16dda411-1496-4a1d-b7df-213d89066257 - - - - -] ironic.status_code_retries = None log_opt_values /usr/lib/python3/dist-packages/oslo_config/cfg.py:2609
2025-08-11 00:38:59.773 154414 DEBUG oslo_service.service [req-16dda411-1496-4a1d-b7df-213d89066257 - - - - -] ironic.status_code_retry_delay = None log_opt_values /usr/lib/python3/dist-packages/oslo_config/cfg.py:2609
2025-08-11 00:38:59.774 154414 DEBUG oslo_service.service [req-16dda411-1496-4a1d-b7df-213d89066257 - - - - -] ironic.timeout = None log_opt_values /usr/lib/python3/dist-packages/oslo_config/cfg.py:2609
2025-08-11 00:38:59.774 154414 DEBUG oslo_service.service [req-16dda411-1496-4a1d-b7df-213d89066257 - - - - -] ironic.valid_interfaces = ['internal', 'public'] log_opt_values /usr/lib/python3/dist-packages/oslo_config/cfg.py:2609
2025-08-11 00:38:59.774 154414 DEBUG oslo_service.service [req-16dda411-1496-4a1d-b7df-213d89066257 - - - - -] ironic.version = None log_opt_values /usr/lib/python3/dist-packages/oslo_config/cfg.py:2609
2025-08-11 00:38:59.774 154414 DEBUG oslo_service.service [req-16dda411-1496-4a1d-b7df-213d89066257 - - - - -] key_manager.backend = barbican log_opt_values /usr/lib/python3/dist-packages/oslo_config/cfg.py:2609
2025-08-11 00:38:59.774 154414 DEBUG oslo_service.service [req-16dda411-1496-4a1d-b7df-213d89066257 - - - - -] key_manager.fixed_key = **** log_opt_values /usr/lib/python3/dist-packages/oslo_config/cfg.py:2609
2025-08-11 00:38:59.774 154414 DEBUG oslo_service.service [req-16dda411-1496-4a1d-b7df-213d89066257 - - - - -] barbican.auth_endpoint = http://localhost/identity/v3 log_opt_values /usr/lib/python3/dist-packages/oslo_config/cfg.py:2609
2025-08-11 00:38:59.775 154414 DEBUG oslo_service.service [req-16dda411-1496-4a1d-b7df-213d89066257 - - - - -] barbican.barbican_api_version = None log_opt_values /usr/lib/python3/dist-packages/oslo_config/cfg.py:2609
2025-08-11 00:38:59.775 154860 DEBUG oslo_messaging._drivers.amqpdriver [-] AMQPListener connection timeout poll /usr/lib/python3/dist-packages/oslo_messaging/_drivers/amqpdriver.py:360
2025-08-11 00:38:59.775 154860 DEBUG oslo_messaging._drivers.amqpdriver [-] Listener is running poll /usr/lib/python3/dist-packages/oslo_messaging/_drivers/amqpdriver.py:343
2025-08-11 00:38:59.775 154414 DEBUG oslo_service.service [req-16dda411-1496-4a1d-b7df-213d89066257 - - - - -] barbican.barbican_endpoint = None log_opt_values /usr/lib/python3/dist-packages/oslo_config/cfg.py:2609
2025-08-11 00:38:59.775 154860 DEBUG oslo_messaging._drivers.amqpdriver [-] AMQPListener connection consume poll /usr/lib/python3/dist-packages/oslo_messaging/_drivers/amqpdriver.py:357
2025-08-11 00:38:59.775 154414 DEBUG oslo_service.service [req-16dda411-1496-4a1d-b7df-213d89066257 - - - - -] barbican.barbican_endpoint_type = public log_opt_values /usr/lib/python3/dist-packages/oslo_config/cfg.py:2609
2025-08-11 00:38:59.775 154414 DEBUG oslo_service.service [req-16dda411-1496-4a1d-b7df-213d89066257 - - - - -] barbican.barbican_region_name = None log_opt_values /usr/lib/python3/dist-packages/oslo_config/cfg.py:2609
2025-08-11 00:38:59.775 154414 DEBUG oslo_service.service [req-16dda411-1496-4a1d-b7df-213d89066257 - - - - -] barbican.cafile = None log_opt_values /usr/lib/python3/dist-packages/oslo_config/cfg.py:2609
2025-08-11 00:38:59.776 154414 DEBUG oslo_service.service [req-16dda411-1496-4a1d-b7df-213d89066257 - - - - -] barbican.certfile = None log_opt_values /usr/lib/python3/dist-packages/oslo_config/cfg.py:2609
2025-08-11 00:38:59.776 154414 DEBUG oslo_service.service [req-16dda411-1496-4a1d-b7df-213d89066257 - - - - -] barbican.collect_timing = False log_opt_values /usr/lib/python3/dist-packages/oslo_config/cfg.py:2609
2025-08-11 00:38:59.776 154414 DEBUG oslo_service.service [req-16dda411-1496-4a1d-b7df-213d89066257 - - - - -] barbican.insecure = False log_opt_values /usr/lib/python3/dist-packages/oslo_config/cfg.py:2609
2025-08-11 00:38:59.776 154414 DEBUG oslo_service.service [req-16dda411-1496-4a1d-b7df-213d89066257 - - - - -] barbican.keyfile = None log_opt_values /usr/lib/python3/dist-packages/oslo_config/cfg.py:2609
2025-08-11 00:38:59.776 154414 DEBUG oslo_service.service [req-16dda411-1496-4a1d-b7df-213d89066257 - - - - -] barbican.number_of_retries = 60 log_opt_values /usr/lib/python3/dist-packages/oslo_config/cfg.py:2609
2025-08-11 00:38:59.776 154414 DEBUG oslo_service.service [req-16dda411-1496-4a1d-b7df-213d89066257 - - - - -] barbican.retry_delay = 1 log_opt_values /usr/lib/python3/dist-packages/oslo_config/cfg.py:2609
2025-08-11 00:38:59.776 154414 DEBUG oslo_service.service [req-16dda411-1496-4a1d-b7df-213d89066257 - - - - -] barbican.send_service_user_token = False log_opt_values /usr/lib/python3/dist-packages/oslo_config/cfg.py:2609
2025-08-11 00:38:59.777 154414 DEBUG oslo_service.service [req-16dda411-1496-4a1d-b7df-213d89066257 - - - - -] barbican.split_loggers = False log_opt_values /usr/lib/python3/dist-packages/oslo_config/cfg.py:2609
2025-08-11 00:38:59.777 154414 DEBUG oslo_service.service [req-16dda411-1496-4a1d-b7df-213d89066257 - - - - -] barbican.timeout = None log_opt_values /usr/lib/python3/dist-packages/oslo_config/cfg.py:2609
2025-08-11 00:38:59.777 154414 DEBUG oslo_service.service [req-16dda411-1496-4a1d-b7df-213d89066257 - - - - -] barbican.verify_ssl = True log_opt_values /usr/lib/python3/dist-packages/oslo_config/cfg.py:2609
2025-08-11 00:38:59.777 154414 DEBUG oslo_service.service [req-16dda411-1496-4a1d-b7df-213d89066257 - - - - -] barbican.verify_ssl_path = None log_opt_values /usr/lib/python3/dist-packages/oslo_config/cfg.py:2609
2025-08-11 00:38:59.777 154414 DEBUG oslo_service.service [req-16dda411-1496-4a1d-b7df-213d89066257 - - - - -] barbican_service_user.auth_section = None log_opt_values /usr/lib/python3/dist-packages/oslo_config/cfg.py:2609
2025-08-11 00:38:59.778 154414 DEBUG oslo_service.service [req-16dda411-1496-4a1d-b7df-213d89066257 - - - - -] barbican_service_user.auth_type = None log_opt_values /usr/lib/python3/dist-packages/oslo_config/cfg.py:2609
2025-08-11 00:38:59.778 154414 DEBUG oslo_service.service [req-16dda411-1496-4a1d-b7df-213d89066257 - - - - -] barbican_service_user.cafile = None log_opt_values /usr/lib/python3/dist-packages/oslo_config/cfg.py:2609
2025-08-11 00:38:59.778 154414 DEBUG oslo_service.service [req-16dda411-1496-4a1d-b7df-213d89066257 - - - - -] barbican_service_user.certfile = None log_opt_values /usr/lib/python3/dist-packages/oslo_config/cfg.py:2609
2025-08-11 00:38:59.778 154414 DEBUG oslo_service.service [req-16dda411-1496-4a1d-b7df-213d89066257 - - - - -] barbican_service_user.collect_timing = False log_opt_values /usr/lib/python3/dist-packages/oslo_config/cfg.py:2609
2025-08-11 00:38:59.778 154414 DEBUG oslo_service.service [req-16dda411-1496-4a1d-b7df-213d89066257 - - - - -] barbican_service_user.insecure = False log_opt_values /usr/lib/python3/dist-packages/oslo_config/cfg.py:2609
2025-08-11 00:38:59.778 154414 DEBUG oslo_service.service [req-16dda411-1496-4a1d-b7df-213d89066257 - - - - -] barbican_service_user.keyfile = None log_opt_values /usr/lib/python3/dist-packages/oslo_config/cfg.py:2609
2025-08-11 00:38:59.778 154414 DEBUG oslo_service.service [req-16dda411-1496-4a1d-b7df-213d89066257 - - - - -] barbican_service_user.split_loggers = False log_opt_values /usr/lib/python3/dist-packages/oslo_config/cfg.py:2609
2025-08-11 00:38:59.779 154414 DEBUG oslo_service.service [req-16dda411-1496-4a1d-b7df-213d89066257 - - - - -] barbican_service_user.timeout = None log_opt_values /usr/lib/python3/dist-packages/oslo_config/cfg.py:2609
2025-08-11 00:38:59.779 154414 DEBUG oslo_service.service [req-16dda411-1496-4a1d-b7df-213d89066257 - - - - -] vault.approle_role_id = None log_opt_values /usr/lib/python3/dist-packages/oslo_config/cfg.py:2609
2025-08-11 00:38:59.779 154414 DEBUG oslo_service.service [req-16dda411-1496-4a1d-b7df-213d89066257 - - - - -] vault.approle_secret_id = None log_opt_values /usr/lib/python3/dist-packages/oslo_config/cfg.py:2609
2025-08-11 00:38:59.779 154414 DEBUG oslo_service.service [req-16dda411-1496-4a1d-b7df-213d89066257 - - - - -] vault.cafile = None log_opt_values /usr/lib/python3/dist-packages/oslo_config/cfg.py:2609
2025-08-11 00:38:59.779 154414 DEBUG oslo_service.service [req-16dda411-1496-4a1d-b7df-213d89066257 - - - - -] vault.certfile = None log_opt_values /usr/lib/python3/dist-packages/oslo_config/cfg.py:2609
2025-08-11 00:38:59.779 154414 DEBUG oslo_service.service [req-16dda411-1496-4a1d-b7df-213d89066257 - - - - -] vault.collect_timing = False log_opt_values /usr/lib/python3/dist-packages/oslo_config/cfg.py:2609
2025-08-11 00:38:59.780 154414 DEBUG oslo_service.service [req-16dda411-1496-4a1d-b7df-213d89066257 - - - - -] vault.insecure = False log_opt_values /usr/lib/python3/dist-packages/oslo_config/cfg.py:2609
2025-08-11 00:38:59.780 154414 DEBUG oslo_service.service [req-16dda411-1496-4a1d-b7df-213d89066257 - - - - -] vault.keyfile = None log_opt_values /usr/lib/python3/dist-packages/oslo_config/cfg.py:2609
2025-08-11 00:38:59.780 154414 DEBUG oslo_service.service [req-16dda411-1496-4a1d-b7df-213d89066257 - - - - -] vault.kv_mountpoint = secret log_opt_values /usr/lib/python3/dist-packages/oslo_config/cfg.py:2609
2025-08-11 00:38:59.780 154414 DEBUG oslo_service.service [req-16dda411-1496-4a1d-b7df-213d89066257 - - - - -] vault.kv_version = 2 log_opt_values /usr/lib/python3/dist-packages/oslo_config/cfg.py:2609
2025-08-11 00:38:59.780 154414 DEBUG oslo_service.service [req-16dda411-1496-4a1d-b7df-213d89066257 - - - - -] vault.namespace = None log_opt_values /usr/lib/python3/dist-packages/oslo_config/cfg.py:2609
2025-08-11 00:38:59.780 154414 DEBUG oslo_service.service [req-16dda411-1496-4a1d-b7df-213d89066257 - - - - -] vault.root_token_id = None log_opt_values /usr/lib/python3/dist-packages/oslo_config/cfg.py:2609
2025-08-11 00:38:59.780 154414 DEBUG oslo_service.service [req-16dda411-1496-4a1d-b7df-213d89066257 - - - - -] vault.split_loggers = False log_opt_values /usr/lib/python3/dist-packages/oslo_config/cfg.py:2609
2025-08-11 00:38:59.781 154414 DEBUG oslo_service.service [req-16dda411-1496-4a1d-b7df-213d89066257 - - - - -] vault.ssl_ca_crt_file = None log_opt_values /usr/lib/python3/dist-packages/oslo_config/cfg.py:2609
2025-08-11 00:38:59.781 154414 DEBUG oslo_service.service [req-16dda411-1496-4a1d-b7df-213d89066257 - - - - -] vault.timeout = None log_opt_values /usr/lib/python3/dist-packages/oslo_config/cfg.py:2609
2025-08-11 00:38:59.781 154414 DEBUG oslo_service.service [req-16dda411-1496-4a1d-b7df-213d89066257 - - - - -] vault.use_ssl = False log_opt_values /usr/lib/python3/dist-packages/oslo_config/cfg.py:2609
2025-08-11 00:38:59.781 154414 DEBUG oslo_service.service [req-16dda411-1496-4a1d-b7df-213d89066257 - - - - -] vault.vault_url = http://127.0.0.1:8200 log_opt_values /usr/lib/python3/dist-packages/oslo_config/cfg.py:2609
2025-08-11 00:38:59.781 154414 DEBUG oslo_service.service [req-16dda411-1496-4a1d-b7df-213d89066257 - - - - -] keystone.cafile = None log_opt_values /usr/lib/python3/dist-packages/oslo_config/cfg.py:2609
2025-08-11 00:38:59.781 154414 DEBUG oslo_service.service [req-16dda411-1496-4a1d-b7df-213d89066257 - - - - -] keystone.certfile = None log_opt_values /usr/lib/python3/dist-packages/oslo_config/cfg.py:2609
2025-08-11 00:38:59.782 154414 DEBUG oslo_service.service [req-16dda411-1496-4a1d-b7df-213d89066257 - - - - -] keystone.collect_timing = False log_opt_values /usr/lib/python3/dist-packages/oslo_config/cfg.py:2609
2025-08-11 00:38:59.782 154414 DEBUG oslo_service.service [req-16dda411-1496-4a1d-b7df-213d89066257 - - - - -] keystone.connect_retries = None log_opt_values /usr/lib/python3/dist-packages/oslo_config/cfg.py:2609
2025-08-11 00:38:59.782 154414 DEBUG oslo_service.service [req-16dda411-1496-4a1d-b7df-213d89066257 - - - - -] keystone.connect_retry_delay = None log_opt_values /usr/lib/python3/dist-packages/oslo_config/cfg.py:2609
2025-08-11 00:38:59.782 154414 DEBUG oslo_service.service [req-16dda411-1496-4a1d-b7df-213d89066257 - - - - -] keystone.endpoint_override = None log_opt_values /usr/lib/python3/dist-packages/oslo_config/cfg.py:2609
2025-08-11 00:38:59.782 154414 DEBUG oslo_service.service [req-16dda411-1496-4a1d-b7df-213d89066257 - - - - -] keystone.insecure = False log_opt_values /usr/lib/python3/dist-packages/oslo_config/cfg.py:2609
2025-08-11 00:38:59.782 154414 DEBUG oslo_service.service [req-16dda411-1496-4a1d-b7df-213d89066257 - - - - -] keystone.keyfile = None log_opt_values /usr/lib/python3/dist-packages/oslo_config/cfg.py:2609
2025-08-11 00:38:59.782 154414 DEBUG oslo_service.service [req-16dda411-1496-4a1d-b7df-213d89066257 - - - - -] keystone.max_version = None log_opt_values /usr/lib/python3/dist-packages/oslo_config/cfg.py:2609
2025-08-11 00:38:59.783 154414 DEBUG oslo_service.service [req-16dda411-1496-4a1d-b7df-213d89066257 - - - - -] keystone.min_version = None log_opt_values /usr/lib/python3/dist-packages/oslo_config/cfg.py:2609
2025-08-11 00:38:59.783 154414 DEBUG oslo_service.service [req-16dda411-1496-4a1d-b7df-213d89066257 - - - - -] keystone.region_name = None log_opt_values /usr/lib/python3/dist-packages/oslo_config/cfg.py:2609
2025-08-11 00:38:59.783 154414 DEBUG oslo_service.service [req-16dda411-1496-4a1d-b7df-213d89066257 - - - - -] keystone.service_name = None log_opt_values /usr/lib/python3/dist-packages/oslo_config/cfg.py:2609
2025-08-11 00:38:59.783 154414 DEBUG oslo_service.service [req-16dda411-1496-4a1d-b7df-213d89066257 - - - - -] keystone.service_type = identity log_opt_values /usr/lib/python3/dist-packages/oslo_config/cfg.py:2609
2025-08-11 00:38:59.783 154414 DEBUG oslo_service.service [req-16dda411-1496-4a1d-b7df-213d89066257 - - - - -] keystone.split_loggers = False log_opt_values /usr/lib/python3/dist-packages/oslo_config/cfg.py:2609
2025-08-11 00:38:59.783 154414 DEBUG oslo_service.service [req-16dda411-1496-4a1d-b7df-213d89066257 - - - - -] keystone.status_code_retries = None log_opt_values /usr/lib/python3/dist-packages/oslo_config/cfg.py:2609
2025-08-11 00:38:59.784 154414 DEBUG oslo_service.service [req-16dda411-1496-4a1d-b7df-213d89066257 - - - - -] keystone.status_code_retry_delay = None log_opt_values /usr/lib/python3/dist-packages/oslo_config/cfg.py:2609
2025-08-11 00:38:59.784 154414 DEBUG oslo_service.service [req-16dda411-1496-4a1d-b7df-213d89066257 - - - - -] keystone.timeout = None log_opt_values /usr/lib/python3/dist-packages/oslo_config/cfg.py:2609
2025-08-11 00:38:59.784 154414 DEBUG oslo_service.service [req-16dda411-1496-4a1d-b7df-213d89066257 - - - - -] keystone.valid_interfaces = ['internal', 'public'] log_opt_values /usr/lib/python3/dist-packages/oslo_config/cfg.py:2609
2025-08-11 00:38:59.784 154414 DEBUG oslo_service.service [req-16dda411-1496-4a1d-b7df-213d89066257 - - - - -] keystone.version = None log_opt_values /usr/lib/python3/dist-packages/oslo_config/cfg.py:2609
2025-08-11 00:38:59.784 154414 DEBUG oslo_service.service [req-16dda411-1496-4a1d-b7df-213d89066257 - - - - -] libvirt.connection_uri = log_opt_values /usr/lib/python3/dist-packages/oslo_config/cfg.py:2609
2025-08-11 00:38:59.784 154414 DEBUG oslo_service.service [req-16dda411-1496-4a1d-b7df-213d89066257 - - - - -] libvirt.cpu_mode = None log_opt_values /usr/lib/python3/dist-packages/oslo_config/cfg.py:2609
2025-08-11 00:38:59.785 154414 DEBUG oslo_service.service [req-16dda411-1496-4a1d-b7df-213d89066257 - - - - -] libvirt.cpu_model_extra_flags = [] log_opt_values /usr/lib/python3/dist-packages/oslo_config/cfg.py:2609
2025-08-11 00:38:59.785 154414 DEBUG oslo_service.service [req-16dda411-1496-4a1d-b7df-213d89066257 - - - - -] libvirt.cpu_models = [] log_opt_values /usr/lib/python3/dist-packages/oslo_config/cfg.py:2609
2025-08-11 00:38:59.785 154414 DEBUG oslo_service.service [req-16dda411-1496-4a1d-b7df-213d89066257 - - - - -] libvirt.device_detach_attempts = 8 log_opt_values /usr/lib/python3/dist-packages/oslo_config/cfg.py:2609
2025-08-11 00:38:59.785 154414 DEBUG oslo_service.service [req-16dda411-1496-4a1d-b7df-213d89066257 - - - - -] libvirt.device_detach_timeout = 20 log_opt_values /usr/lib/python3/dist-packages/oslo_config/cfg.py:2609
2025-08-11 00:38:59.785 154414 DEBUG oslo_service.service [req-16dda411-1496-4a1d-b7df-213d89066257 - - - - -] libvirt.disk_cachemodes = [] log_opt_values /usr/lib/python3/dist-packages/oslo_config/cfg.py:2609
2025-08-11 00:38:59.785 154414 DEBUG oslo_service.service [req-16dda411-1496-4a1d-b7df-213d89066257 - - - - -] libvirt.disk_prefix = None log_opt_values /usr/lib/python3/dist-packages/oslo_config/cfg.py:2609
2025-08-11 00:38:59.786 154414 DEBUG oslo_service.service [req-16dda411-1496-4a1d-b7df-213d89066257 - - - - -] libvirt.enabled_perf_events = [] log_opt_values /usr/lib/python3/dist-packages/oslo_config/cfg.py:2609
2025-08-11 00:38:59.786 154414 DEBUG oslo_service.service [req-16dda411-1496-4a1d-b7df-213d89066257 - - - - -] libvirt.file_backed_memory = 0 log_opt_values /usr/lib/python3/dist-packages/oslo_config/cfg.py:2609
2025-08-11 00:38:59.786 154414 DEBUG oslo_service.service [req-16dda411-1496-4a1d-b7df-213d89066257 - - - - -] libvirt.gid_maps = [] log_opt_values /usr/lib/python3/dist-packages/oslo_config/cfg.py:2609
2025-08-11 00:38:59.786 154414 DEBUG oslo_service.service [req-16dda411-1496-4a1d-b7df-213d89066257 - - - - -] libvirt.hw_disk_discard = None log_opt_values /usr/lib/python3/dist-packages/oslo_config/cfg.py:2609
2025-08-11 00:38:59.786 154414 DEBUG oslo_service.service [req-16dda411-1496-4a1d-b7df-213d89066257 - - - - -] libvirt.hw_machine_type = None log_opt_values /usr/lib/python3/dist-packages/oslo_config/cfg.py:2609
2025-08-11 00:38:59.786 154414 DEBUG oslo_service.service [req-16dda411-1496-4a1d-b7df-213d89066257 - - - - -] libvirt.images_rbd_ceph_conf = log_opt_values /usr/lib/python3/dist-packages/oslo_config/cfg.py:2609
