2025-08-11 00:37:07.463 133109 DEBUG oslo_service.service [req-99b760ba-d3a4-4e69-ba85-8fe6abfefcb6 - - - - -] oslo_limit.timeout = None log_opt_values /usr/lib/python3/dist-packages/oslo_config/cfg.py:2609
2025-08-11 00:37:07.463 133109 DEBUG oslo_service.service [req-99b760ba-d3a4-4e69-ba85-8fe6abfefcb6 - - - - -] oslo_limit.valid_interfaces = None log_opt_values /usr/lib/python3/dist-packages/oslo_config/cfg.py:2609
2025-08-11 00:37:07.463 133109 DEBUG oslo_service.service [req-99b760ba-d3a4-4e69-ba85-8fe6abfefcb6 - - - - -] oslo_limit.version = None log_opt_values /usr/lib/python3/dist-packages/oslo_config/cfg.py:2609
2025-08-11 00:37:07.464 133109 DEBUG oslo_service.service [req-99b760ba-d3a4-4e69-ba85-8fe6abfefcb6 - - - - -] oslo_reports.file_event_handler = None log_opt_values /usr/lib/python3/dist-packages/oslo_config/cfg.py:2609
2025-08-11 00:37:07.464 133109 DEBUG oslo_service.service [req-99b760ba-d3a4-4e69-ba85-8fe6abfefcb6 - - - - -] oslo_reports.file_event_handler_interval = 1 log_opt_values /usr/lib/python3/dist-packages/oslo_config/cfg.py:2609
2025-08-11 00:37:07.464 133109 DEBUG oslo_service.service [req-99b760ba-d3a4-4e69-ba85-8fe6abfefcb6 - - - - -] oslo_reports.log_dir = None log_opt_values /usr/lib/python3/dist-packages/oslo_config/cfg.py:2609
2025-08-11 00:37:07.464 133109 DEBUG oslo_service.service [req-99b760ba-d3a4-4e69-ba85-8fe6abfefcb6 - - - - -] ******************************************************************************** log_opt_values /usr/lib/python3/dist-packages/oslo_config/cfg.py:2613
2025-08-11 00:37:08.335 134721 DEBUG oslo_messaging._drivers.amqpdriver [-] AMQPListener connection timeout poll /usr/lib/python3/dist-packages/oslo_messaging/_drivers/amqpdriver.py:360
2025-08-11 00:37:08.336 134721 DEBUG oslo_messaging._drivers.amqpdriver [-] Listener is running poll /usr/lib/python3/dist-packages/oslo_messaging/_drivers/amqpdriver.py:343
2025-08-11 00:37:08.336 134721 DEBUG oslo_messaging._drivers.amqpdriver [-] AMQPListener connection consume poll /usr/lib/python3/dist-packages/oslo_messaging/_drivers/amqpdriver.py:357
2025-08-11 00:37:08.340 134729 DEBUG oslo_messaging._drivers.amqpdriver [-] AMQPListener connection timeout poll /usr/lib/python3/dist-packages/oslo_messaging/_drivers/amqpdriver.py:360
2025-08-11 00:37:08.340 134729 DEBUG oslo_messaging._drivers.amqpdriver [-] Listener is running poll /usr/lib/python3/dist-packages/oslo_messaging/_drivers/amqpdriver.py:343
2025-08-11 00:37:08.341 134729 DEBUG oslo_messaging._drivers.amqpdriver [-] AMQPListener connection consume poll /usr/lib/python3/dist-packages/oslo_messaging/_drivers/amqpdriver.py:357
2025-08-11 00:37:08.341 134722 DEBUG oslo_messaging._drivers.amqpdriver [-] AMQPListener connection timeout poll /usr/lib/python3/dist-packages/oslo_messaging/_drivers/amqpdriver.py:360
2025-08-11 00:37:08.341 134722 DEBUG oslo_messaging._drivers.amqpdriver [-] Listener is running poll /usr/lib/python3/dist-packages/oslo_messaging/_drivers/amqpdriver.py:343
2025-08-11 00:37:08.341 134722 DEBUG oslo_messaging._drivers.amqpdriver [-] AMQPListener connection consume poll /usr/lib/python3/dist-packages/oslo_messaging/_drivers/amqpdriver.py:357
2025-08-11 00:37:08.371 134728 DEBUG oslo_messaging._drivers.amqpdriver [-] AMQPListener connection timeout poll /usr/lib/python3/dist-packages/oslo_messaging/_drivers/amqpdriver.py:360
2025-08-11 00:37:08.372 134728 DEBUG oslo_messaging._drivers.amqpdriver [-] Listener is running poll /usr/lib/python3/dist-packages/oslo_messaging/_drivers/amqpdriver.py:343
2025-08-11 00:37:08.372 134728 DEBUG oslo_messaging._drivers.amqpdriver [-] AMQPListener connection consume poll /usr/lib/python3/dist-packages/oslo_messaging/_drivers/amqpdriver.py:357
2025-08-11 00:37:10.338 134721 DEBUG oslo_messaging._drivers.amqpdriver [-] AMQPListener connection timeout poll /usr/lib/python3/dist-packages/oslo_messaging/_drivers/amqpdriver.py:360
2025-08-11 00:37:10.338 134721 DEBUG oslo_messaging._drivers.amqpdriver [-] Listener is running poll /usr/lib/python3/dist-packages/oslo_messaging/_drivers/amqpdriver.py:343
2025-08-11 00:37:10.338 134721 DEBUG oslo_messaging._drivers.amqpdriver [-] AMQPListener connection consume poll /usr/lib/python3/dist-packages/oslo_messaging/_drivers/amqpdriver.py:357
2025-08-11 00:37:10.343 134729 DEBUG oslo_messaging._drivers.amqpdriver [-] AMQPListener connection timeout poll /usr/lib/python3/dist-packages/oslo_messaging/_drivers/amqpdriver.py:360
2025-08-11 00:37:10.345 134729 DEBUG oslo_messaging._drivers.amqpdriver [-] Listener is running poll /usr/lib/python3/dist-packages/oslo_messaging/_drivers/amqpdriver.py:343
2025-08-11 00:37:10.345 134729 DEBUG oslo_messaging._drivers.amqpdriver [-] AMQPListener connection consume poll /usr/lib/python3/dist-packages/oslo_messaging/_drivers/amqpdriver.py:357
2025-08-11 00:37:10.344 134722 DEBUG oslo_messaging._drivers.amqpdriver [-] AMQPListener connection timeout poll /usr/lib/python3/dist-packages/oslo_messaging/_drivers/amqpdriver.py:360
2025-08-11 00:37:10.345 134722 DEBUG oslo_messaging._drivers.amqpdriver [-] Listener is running poll /usr/lib/python3/dist-packages/oslo_messaging/_drivers/amqpdriver.py:343
2025-08-11 00:37:10.345 134722 DEBUG oslo_messaging._drivers.amqpdriver [-] AMQPListener connection consume poll /usr/lib/python3/dist-packages/oslo_messaging/_drivers/amqpdriver.py:357
2025-08-11 00:37:10.374 134728 DEBUG oslo_messaging._drivers.amqpdriver [-] AMQPListener connection timeout poll /usr/lib/python3/dist-packages/oslo_messaging/_drivers/amqpdriver.py:360
2025-08-11 00:37:10.374 134728 DEBUG oslo_messaging._drivers.amqpdriver [-] Listener is running poll /usr/lib/python3/dist-packages/oslo_messaging/_drivers/amqpdriver.py:343
2025-08-11 00:37:10.374 134728 DEBUG oslo_messaging._drivers.amqpdriver [-] AMQPListener connection consume poll /usr/lib/python3/dist-packages/oslo_messaging/_drivers/amqpdriver.py:357
2025-08-11 00:37:14.341 134721 DEBUG oslo_messaging._drivers.amqpdriver [-] AMQPListener connection timeout poll /usr/lib/python3/dist-packages/oslo_messaging/_drivers/amqpdriver.py:360
2025-08-11 00:37:14.342 134721 DEBUG oslo_messaging._drivers.amqpdriver [-] Listener is running poll /usr/lib/python3/dist-packages/oslo_messaging/_drivers/amqpdriver.py:343
2025-08-11 00:37:14.342 134721 DEBUG oslo_messaging._drivers.amqpdriver [-] AMQPListener connection consume poll /usr/lib/python3/dist-packages/oslo_messaging/_drivers/amqpdriver.py:357
2025-08-11 00:37:14.347 134729 DEBUG oslo_messaging._drivers.amqpdriver [-] AMQPListener connection timeout poll /usr/lib/python3/dist-packages/oslo_messaging/_drivers/amqpdriver.py:360
2025-08-11 00:37:14.348 134729 DEBUG oslo_messaging._drivers.amqpdriver [-] Listener is running poll /usr/lib/python3/dist-packages/oslo_messaging/_drivers/amqpdriver.py:343
2025-08-11 00:37:14.348 134729 DEBUG oslo_messaging._drivers.amqpdriver [-] AMQPListener connection consume poll /usr/lib/python3/dist-packages/oslo_messaging/_drivers/amqpdriver.py:357
2025-08-11 00:37:14.348 134722 DEBUG oslo_messaging._drivers.amqpdriver [-] AMQPListener connection timeout poll /usr/lib/python3/dist-packages/oslo_messaging/_drivers/amqpdriver.py:360
2025-08-11 00:37:14.348 134722 DEBUG oslo_messaging._drivers.amqpdriver [-] Listener is running poll /usr/lib/python3/dist-packages/oslo_messaging/_drivers/amqpdriver.py:343
2025-08-11 00:37:14.348 134722 DEBUG oslo_messaging._drivers.amqpdriver [-] AMQPListener connection consume poll /usr/lib/python3/dist-packages/oslo_messaging/_drivers/amqpdriver.py:357
2025-08-11 00:37:14.376 134728 DEBUG oslo_messaging._drivers.amqpdriver [-] AMQPListener connection timeout poll /usr/lib/python3/dist-packages/oslo_messaging/_drivers/amqpdriver.py:360
2025-08-11 00:37:14.376 134728 DEBUG oslo_messaging._drivers.amqpdriver [-] Listener is running poll /usr/lib/python3/dist-packages/oslo_messaging/_drivers/amqpdriver.py:343
2025-08-11 00:37:14.377 134728 DEBUG oslo_messaging._drivers.amqpdriver [-] AMQPListener connection consume poll /usr/lib/python3/dist-packages/oslo_messaging/_drivers/amqpdriver.py:357
2025-08-11 00:37:22.343 134721 DEBUG oslo_messaging._drivers.amqpdriver [-] AMQPListener connection timeout poll /usr/lib/python3/dist-packages/oslo_messaging/_drivers/amqpdriver.py:360
2025-08-11 00:37:22.343 134721 DEBUG oslo_messaging._drivers.amqpdriver [-] Listener is running poll /usr/lib/python3/dist-packages/oslo_messaging/_drivers/amqpdriver.py:343
2025-08-11 00:37:22.344 134721 DEBUG oslo_messaging._drivers.amqpdriver [-] AMQPListener connection consume poll /usr/lib/python3/dist-packages/oslo_messaging/_drivers/amqpdriver.py:357
2025-08-11 00:37:22.349 134722 DEBUG oslo_messaging._drivers.amqpdriver [-] AMQPListener connection timeout poll /usr/lib/python3/dist-packages/oslo_messaging/_drivers/amqpdriver.py:360
2025-08-11 00:37:22.349 134722 DEBUG oslo_messaging._drivers.amqpdriver [-] Listener is running poll /usr/lib/python3/dist-packages/oslo_messaging/_drivers/amqpdriver.py:343
2025-08-11 00:37:22.350 134722 DEBUG oslo_messaging._drivers.amqpdriver [-] AMQPListener connection consume poll /usr/lib/python3/dist-packages/oslo_messaging/_drivers/amqpdriver.py:357
2025-08-11 00:37:22.351 134729 DEBUG oslo_messaging._drivers.amqpdriver [-] AMQPListener connection timeout poll /usr/lib/python3/dist-packages/oslo_messaging/_drivers/amqpdriver.py:360
2025-08-11 00:37:22.351 134729 DEBUG oslo_messaging._drivers.amqpdriver [-] Listener is running poll /usr/lib/python3/dist-packages/oslo_messaging/_drivers/amqpdriver.py:343
2025-08-11 00:37:22.351 134729 DEBUG oslo_messaging._drivers.amqpdriver [-] AMQPListener connection consume poll /usr/lib/python3/dist-packages/oslo_messaging/_drivers/amqpdriver.py:357
2025-08-11 00:37:22.378 134728 DEBUG oslo_messaging._drivers.amqpdriver [-] AMQPListener connection timeout poll /usr/lib/python3/dist-packages/oslo_messaging/_drivers/amqpdriver.py:360
2025-08-11 00:37:22.378 134728 DEBUG oslo_messaging._drivers.amqpdriver [-] Listener is running poll /usr/lib/python3/dist-packages/oslo_messaging/_drivers/amqpdriver.py:343
2025-08-11 00:37:22.378 134728 DEBUG oslo_messaging._drivers.amqpdriver [-] AMQPListener connection consume poll /usr/lib/python3/dist-packages/oslo_messaging/_drivers/amqpdriver.py:357
2025-08-11 00:37:27.344 134729 DEBUG oslo_service.periodic_task [req-dbcbea57-4622-41a5-9741-0d7041642206 - - - - -] Running periodic task SchedulerManager._discover_hosts_in_cells run_periodic_tasks /usr/lib/python3/dist-packages/oslo_service/periodic_task.py:210
2025-08-11 00:37:27.345 134729 DEBUG oslo_db.sqlalchemy.engines [req-dbcbea57-4622-41a5-9741-0d7041642206 - - - - -] Parent process 133109 forked (134729) with an open database connection, which is being discarded and recreated. checkout /usr/lib/python3/dist-packages/oslo_db/sqlalchemy/engines.py:413
2025-08-11 00:37:27.352 134729 DEBUG oslo_concurrency.lockutils [req-dbcbea57-4622-41a5-9741-0d7041642206 - - - - -] Lock "6ba9bf18-5864-4605-bfe3-7feef1a2e63e" acquired by "nova.context.set_target_cell..get_or_set_cached_cell_and_set_connections" :: waited 0.000s inner /usr/lib/python3/dist-packages/oslo_concurrency/lockutils.py:386
2025-08-11 00:37:27.354 134729 DEBUG oslo_concurrency.lockutils [req-dbcbea57-4622-41a5-9741-0d7041642206 - - - - -] Lock "6ba9bf18-5864-4605-bfe3-7feef1a2e63e" "released" by "nova.context.set_target_cell..get_or_set_cached_cell_and_set_connections" :: held 0.002s inner /usr/lib/python3/dist-packages/oslo_concurrency/lockutils.py:400
2025-08-11 00:37:27.359 134729 DEBUG oslo_db.sqlalchemy.engines [req-dbcbea57-4622-41a5-9741-0d7041642206 - - - - -] MySQL server mode set to STRICT_TRANS_TABLES,STRICT_ALL_TABLES,NO_ZERO_IN_DATE,NO_ZERO_DATE,ERROR_FOR_DIVISION_BY_ZERO,TRADITIONAL,NO_ENGINE_SUBSTITUTION _check_effective_sql_mode /usr/lib/python3/dist-packages/oslo_db/sqlalchemy/engines.py:314
2025-08-11 00:37:29.377 134728 DEBUG oslo_service.periodic_task [req-632a1dec-2cb9-497c-813f-96854ccfad6d - - - - -] Running periodic task SchedulerManager._discover_hosts_in_cells run_periodic_tasks /usr/lib/python3/dist-packages/oslo_service/periodic_task.py:210
2025-08-11 00:37:29.379 134728 DEBUG oslo_db.sqlalchemy.engines [req-632a1dec-2cb9-497c-813f-96854ccfad6d - - - - -] Parent process 133109 forked (134728) with an open database connection, which is being discarded and recreated. checkout /usr/lib/python3/dist-packages/oslo_db/sqlalchemy/engines.py:413
2025-08-11 00:37:29.387 134728 DEBUG oslo_concurrency.lockutils [req-632a1dec-2cb9-497c-813f-96854ccfad6d - - - - -] Lock "6ba9bf18-5864-4605-bfe3-7feef1a2e63e" acquired by "nova.context.set_target_cell..get_or_set_cached_cell_and_set_connections" :: waited 0.000s inner /usr/lib/python3/dist-packages/oslo_concurrency/lockutils.py:386
2025-08-11 00:37:29.389 134728 DEBUG oslo_concurrency.lockutils [req-632a1dec-2cb9-497c-813f-96854ccfad6d - - - - -] Lock "6ba9bf18-5864-4605-bfe3-7feef1a2e63e" "released" by "nova.context.set_target_cell..get_or_set_cached_cell_and_set_connections" :: held 0.002s inner /usr/lib/python3/dist-packages/oslo_concurrency/lockutils.py:400
2025-08-11 00:37:29.397 134728 DEBUG oslo_db.sqlalchemy.engines [req-632a1dec-2cb9-497c-813f-96854ccfad6d - - - - -] MySQL server mode set to STRICT_TRANS_TABLES,STRICT_ALL_TABLES,NO_ZERO_IN_DATE,NO_ZERO_DATE,ERROR_FOR_DIVISION_BY_ZERO,TRADITIONAL,NO_ENGINE_SUBSTITUTION _check_effective_sql_mode /usr/lib/python3/dist-packages/oslo_db/sqlalchemy/engines.py:314
2025-08-11 00:37:38.339 134722 DEBUG oslo_service.periodic_task [req-ab48fd1a-a633-482a-861c-092c0a96ec2b - - - - -] Running periodic task SchedulerManager._discover_hosts_in_cells run_periodic_tasks /usr/lib/python3/dist-packages/oslo_service/periodic_task.py:210
2025-08-11 00:37:38.340 134722 DEBUG oslo_db.sqlalchemy.engines [req-ab48fd1a-a633-482a-861c-092c0a96ec2b - - - - -] Parent process 133109 forked (134722) with an open database connection, which is being discarded and recreated. checkout /usr/lib/python3/dist-packages/oslo_db/sqlalchemy/engines.py:413
2025-08-11 00:37:38.346 134722 DEBUG oslo_concurrency.lockutils [req-ab48fd1a-a633-482a-861c-092c0a96ec2b - - - - -] Lock "6ba9bf18-5864-4605-bfe3-7feef1a2e63e" acquired by "nova.context.set_target_cell..get_or_set_cached_cell_and_set_connections" :: waited 0.000s inner /usr/lib/python3/dist-packages/oslo_concurrency/lockutils.py:386
2025-08-11 00:37:38.348 134722 DEBUG oslo_concurrency.lockutils [req-ab48fd1a-a633-482a-861c-092c0a96ec2b - - - - -] Lock "6ba9bf18-5864-4605-bfe3-7feef1a2e63e" "released" by "nova.context.set_target_cell..get_or_set_cached_cell_and_set_connections" :: held 0.002s inner /usr/lib/python3/dist-packages/oslo_concurrency/lockutils.py:400
2025-08-11 00:37:38.353 134722 DEBUG oslo_db.sqlalchemy.engines [req-ab48fd1a-a633-482a-861c-092c0a96ec2b - - - - -] MySQL server mode set to STRICT_TRANS_TABLES,STRICT_ALL_TABLES,NO_ZERO_IN_DATE,NO_ZERO_DATE,ERROR_FOR_DIVISION_BY_ZERO,TRADITIONAL,NO_ENGINE_SUBSTITUTION _check_effective_sql_mode /usr/lib/python3/dist-packages/oslo_db/sqlalchemy/engines.py:314
2025-08-11 00:37:41.336 134721 DEBUG oslo_service.periodic_task [req-e0acb11d-5795-498c-a441-385430924c5f - - - - -] Running periodic task SchedulerManager._discover_hosts_in_cells run_periodic_tasks /usr/lib/python3/dist-packages/oslo_service/periodic_task.py:210
2025-08-11 00:37:41.337 134721 DEBUG oslo_db.sqlalchemy.engines [req-e0acb11d-5795-498c-a441-385430924c5f - - - - -] Parent process 133109 forked (134721) with an open database connection, which is being discarded and recreated. checkout /usr/lib/python3/dist-packages/oslo_db/sqlalchemy/engines.py:413
2025-08-11 00:37:41.343 134721 DEBUG oslo_concurrency.lockutils [req-e0acb11d-5795-498c-a441-385430924c5f - - - - -] Lock "6ba9bf18-5864-4605-bfe3-7feef1a2e63e" acquired by "nova.context.set_target_cell..get_or_set_cached_cell_and_set_connections" :: waited 0.000s inner /usr/lib/python3/dist-packages/oslo_concurrency/lockutils.py:386
2025-08-11 00:37:41.345 134721 DEBUG oslo_concurrency.lockutils [req-e0acb11d-5795-498c-a441-385430924c5f - - - - -] Lock "6ba9bf18-5864-4605-bfe3-7feef1a2e63e" "released" by "nova.context.set_target_cell..get_or_set_cached_cell_and_set_connections" :: held 0.002s inner /usr/lib/python3/dist-packages/oslo_concurrency/lockutils.py:400
2025-08-11 00:37:41.350 134721 DEBUG oslo_db.sqlalchemy.engines [req-e0acb11d-5795-498c-a441-385430924c5f - - - - -] MySQL server mode set to STRICT_TRANS_TABLES,STRICT_ALL_TABLES,NO_ZERO_IN_DATE,NO_ZERO_DATE,ERROR_FOR_DIVISION_BY_ZERO,TRADITIONAL,NO_ENGINE_SUBSTITUTION _check_effective_sql_mode /usr/lib/python3/dist-packages/oslo_db/sqlalchemy/engines.py:314
2025-08-11 00:37:52.317 134721 DEBUG oslo_messaging._drivers.amqpdriver [-] AMQPListener connection timeout poll /usr/lib/python3/dist-packages/oslo_messaging/_drivers/amqpdriver.py:360
2025-08-11 00:37:52.317 134721 DEBUG oslo_messaging._drivers.amqpdriver [-] Listener is running poll /usr/lib/python3/dist-packages/oslo_messaging/_drivers/amqpdriver.py:343
2025-08-11 00:37:52.317 134721 DEBUG oslo_messaging._drivers.amqpdriver [-] AMQPListener connection consume poll /usr/lib/python3/dist-packages/oslo_messaging/_drivers/amqpdriver.py:357
2025-08-11 00:37:52.327 134729 DEBUG oslo_messaging._drivers.amqpdriver [-] AMQPListener connection timeout poll /usr/lib/python3/dist-packages/oslo_messaging/_drivers/amqpdriver.py:360
2025-08-11 00:37:52.328 134729 DEBUG oslo_messaging._drivers.amqpdriver [-] Listener is running poll /usr/lib/python3/dist-packages/oslo_messaging/_drivers/amqpdriver.py:343
2025-08-11 00:37:52.328 134729 DEBUG oslo_messaging._drivers.amqpdriver [-] AMQPListener connection consume poll /usr/lib/python3/dist-packages/oslo_messaging/_drivers/amqpdriver.py:357
2025-08-11 00:37:52.329 134722 DEBUG oslo_messaging._drivers.amqpdriver [-] AMQPListener connection timeout poll /usr/lib/python3/dist-packages/oslo_messaging/_drivers/amqpdriver.py:360
2025-08-11 00:37:52.330 134722 DEBUG oslo_messaging._drivers.amqpdriver [-] Listener is running poll /usr/lib/python3/dist-packages/oslo_messaging/_drivers/amqpdriver.py:343
2025-08-11 00:37:52.330 134722 DEBUG oslo_messaging._drivers.amqpdriver [-] AMQPListener connection consume poll /usr/lib/python3/dist-packages/oslo_messaging/_drivers/amqpdriver.py:357
2025-08-11 00:37:52.368 134728 DEBUG oslo_messaging._drivers.amqpdriver [-] AMQPListener connection timeout poll /usr/lib/python3/dist-packages/oslo_messaging/_drivers/amqpdriver.py:360
2025-08-11 00:37:52.369 134728 DEBUG oslo_messaging._drivers.amqpdriver [-] Listener is running poll /usr/lib/python3/dist-packages/oslo_messaging/_drivers/amqpdriver.py:343
2025-08-11 00:37:52.369 134728 DEBUG oslo_messaging._drivers.amqpdriver [-] AMQPListener connection consume poll /usr/lib/python3/dist-packages/oslo_messaging/_drivers/amqpdriver.py:357
2025-08-11 00:37:57.375 134729 DEBUG oslo_service.periodic_task [req-dbcbea57-4622-41a5-9741-0d7041642206 - - - - -] Running periodic task SchedulerManager._discover_hosts_in_cells run_periodic_tasks /usr/lib/python3/dist-packages/oslo_service/periodic_task.py:210
2025-08-11 00:37:57.380 134729 DEBUG oslo_concurrency.lockutils [req-29b3d1f1-8b1c-44a3-a639-bce6e2dbe6a9 - - - - -] Lock "6ba9bf18-5864-4605-bfe3-7feef1a2e63e" acquired by "nova.context.set_target_cell..get_or_set_cached_cell_and_set_connections" :: waited 0.000s inner /usr/lib/python3/dist-packages/oslo_concurrency/lockutils.py:386
2025-08-11 00:37:57.380 134729 DEBUG oslo_concurrency.lockutils [req-29b3d1f1-8b1c-44a3-a639-bce6e2dbe6a9 - - - - -] Lock "6ba9bf18-5864-4605-bfe3-7feef1a2e63e" "released" by "nova.context.set_target_cell..get_or_set_cached_cell_and_set_connections" :: held 0.000s inner /usr/lib/python3/dist-packages/oslo_concurrency/lockutils.py:400
2025-08-11 00:37:59.423 134728 DEBUG oslo_service.periodic_task [req-632a1dec-2cb9-497c-813f-96854ccfad6d - - - - -] Running periodic task SchedulerManager._discover_hosts_in_cells run_periodic_tasks /usr/lib/python3/dist-packages/oslo_service/periodic_task.py:210
2025-08-11 00:37:59.428 134728 DEBUG oslo_concurrency.lockutils [req-bcd57309-2310-4906-b4c4-99568ff0573f - - - - -] Lock "6ba9bf18-5864-4605-bfe3-7feef1a2e63e" acquired by "nova.context.set_target_cell..get_or_set_cached_cell_and_set_connections" :: waited 0.000s inner /usr/lib/python3/dist-packages/oslo_concurrency/lockutils.py:386
2025-08-11 00:37:59.428 134728 DEBUG oslo_concurrency.lockutils [req-bcd57309-2310-4906-b4c4-99568ff0573f - - - - -] Lock "6ba9bf18-5864-4605-bfe3-7feef1a2e63e" "released" by "nova.context.set_target_cell..get_or_set_cached_cell_and_set_connections" :: held 0.000s inner /usr/lib/python3/dist-packages/oslo_concurrency/lockutils.py:400
2025-08-11 00:38:08.363 134722 DEBUG oslo_service.periodic_task [req-ab48fd1a-a633-482a-861c-092c0a96ec2b - - - - -] Running periodic task SchedulerManager._discover_hosts_in_cells run_periodic_tasks /usr/lib/python3/dist-packages/oslo_service/periodic_task.py:210
2025-08-11 00:38:08.367 134722 DEBUG oslo_concurrency.lockutils [req-a3e040f5-de4e-4c86-ab44-ae1840e15131 - - - - -] Lock "6ba9bf18-5864-4605-bfe3-7feef1a2e63e" acquired by "nova.context.set_target_cell..get_or_set_cached_cell_and_set_connections" :: waited 0.000s inner /usr/lib/python3/dist-packages/oslo_concurrency/lockutils.py:386
2025-08-11 00:38:08.368 134722 DEBUG oslo_concurrency.lockutils [req-a3e040f5-de4e-4c86-ab44-ae1840e15131 - - - - -] Lock "6ba9bf18-5864-4605-bfe3-7feef1a2e63e" "released" by "nova.context.set_target_cell..get_or_set_cached_cell_and_set_connections" :: held 0.000s inner /usr/lib/python3/dist-packages/oslo_concurrency/lockutils.py:400
2025-08-11 00:38:11.363 134721 DEBUG oslo_service.periodic_task [req-e0acb11d-5795-498c-a441-385430924c5f - - - - -] Running periodic task SchedulerManager._discover_hosts_in_cells run_periodic_tasks /usr/lib/python3/dist-packages/oslo_service/periodic_task.py:210
2025-08-11 00:38:11.368 134721 DEBUG oslo_concurrency.lockutils [req-7da7520a-d438-4c86-a1b9-72cc54743e57 - - - - -] Lock "6ba9bf18-5864-4605-bfe3-7feef1a2e63e" acquired by "nova.context.set_target_cell..get_or_set_cached_cell_and_set_connections" :: waited 0.000s inner /usr/lib/python3/dist-packages/oslo_concurrency/lockutils.py:386
2025-08-11 00:38:11.368 134721 DEBUG oslo_concurrency.lockutils [req-7da7520a-d438-4c86-a1b9-72cc54743e57 - - - - -] Lock "6ba9bf18-5864-4605-bfe3-7feef1a2e63e" "released" by "nova.context.set_target_cell..get_or_set_cached_cell_and_set_connections" :: held 0.000s inner /usr/lib/python3/dist-packages/oslo_concurrency/lockutils.py:400
2025-08-11 00:38:17.376 133109 INFO oslo_service.service [req-99b760ba-d3a4-4e69-ba85-8fe6abfefcb6 - - - - -] Caught SIGTERM, stopping children
2025-08-11 00:38:17.377 133109 DEBUG oslo_concurrency.lockutils [req-99b760ba-d3a4-4e69-ba85-8fe6abfefcb6 - - - - -] Acquired lock "singleton_lock" lock /usr/lib/python3/dist-packages/oslo_concurrency/lockutils.py:294
2025-08-11 00:38:17.377 133109 DEBUG oslo_concurrency.lockutils [req-99b760ba-d3a4-4e69-ba85-8fe6abfefcb6 - - - - -] Releasing lock "singleton_lock" lock /usr/lib/python3/dist-packages/oslo_concurrency/lockutils.py:312
2025-08-11 00:38:17.377 133109 DEBUG oslo_service.service [req-99b760ba-d3a4-4e69-ba85-8fe6abfefcb6 - - - - -] Stop services. stop /usr/lib/python3/dist-packages/oslo_service/service.py:695
2025-08-11 00:38:17.377 133109 DEBUG oslo_service.service [req-99b760ba-d3a4-4e69-ba85-8fe6abfefcb6 - - - - -] Killing children. stop /usr/lib/python3/dist-packages/oslo_service/service.py:700
2025-08-11 00:38:17.378 133109 INFO oslo_service.service [req-99b760ba-d3a4-4e69-ba85-8fe6abfefcb6 - - - - -] Waiting on 4 children to exit
2025-08-11 00:38:17.385 133109 INFO oslo_service.service [req-99b760ba-d3a4-4e69-ba85-8fe6abfefcb6 - - - - -] Child 134721 killed by signal 15
2025-08-11 00:38:17.385 133109 INFO oslo_service.service [req-99b760ba-d3a4-4e69-ba85-8fe6abfefcb6 - - - - -] Child 134722 killed by signal 15
2025-08-11 00:38:17.390 133109 INFO oslo_service.service [req-99b760ba-d3a4-4e69-ba85-8fe6abfefcb6 - - - - -] Child 134728 killed by signal 15
2025-08-11 00:38:17.390 133109 INFO oslo_service.service [req-99b760ba-d3a4-4e69-ba85-8fe6abfefcb6 - - - - -] Child 134729 killed by signal 15
2025-08-11 00:38:19.625 138977 DEBUG oslo_db.sqlalchemy.engines [req-e44a8760-9039-41ad-b9e8-5a267db214be - - - - -] MySQL server mode set to STRICT_TRANS_TABLES,STRICT_ALL_TABLES,NO_ZERO_IN_DATE,NO_ZERO_DATE,ERROR_FOR_DIVISION_BY_ZERO,TRADITIONAL,NO_ENGINE_SUBSTITUTION _check_effective_sql_mode /usr/lib/python3/dist-packages/oslo_db/sqlalchemy/engines.py:314
2025-08-11 00:38:19.659 138977 DEBUG nova.scheduler.host_manager [req-e44a8760-9039-41ad-b9e8-5a267db214be - - - - -] Found 1 cells: 6ba9bf18-5864-4605-bfe3-7feef1a2e63e refresh_cells_caches /usr/lib/python3/dist-packages/nova/scheduler/host_manager.py:730
2025-08-11 00:38:19.660 138977 DEBUG nova.scheduler.host_manager [req-e44a8760-9039-41ad-b9e8-5a267db214be - - - - -] Found 0 disabled cells: refresh_cells_caches /usr/lib/python3/dist-packages/nova/scheduler/host_manager.py:742
2025-08-11 00:38:19.666 138977 WARNING nova.scheduler.filters.availability_zone_filter [req-e44a8760-9039-41ad-b9e8-5a267db214be - - - - -] The 'AvailabilityZoneFilter' is deprecated since the 24.0.0 (Xena) release. Since the 18.0.0 (Rocky) release, nova has supported mapping AZs to placement aggregates. The feature is enabled by the 'query_placement_for_availability_zone' config option and is now enabled by default. As such, the 'AvailabilityZoneFilter' is no longer required. Nova is currently configured to use both placement and the AvailabilityZoneFilter for AZ enforcement.
2025-08-11 00:38:19.791 138977 DEBUG nova.scheduler.host_manager [req-e44a8760-9039-41ad-b9e8-5a267db214be - - - - -] START:_async_init_instance_info _async_init_instance_info /usr/lib/python3/dist-packages/nova/scheduler/host_manager.py:411
2025-08-11 00:38:19.793 138977 DEBUG oslo_concurrency.lockutils [req-421c5e26-8f52-483b-8975-e75f55c2334f - - - - -] Lock "6ba9bf18-5864-4605-bfe3-7feef1a2e63e" acquired by "nova.context.set_target_cell..get_or_set_cached_cell_and_set_connections" :: waited 0.000s inner /usr/lib/python3/dist-packages/oslo_concurrency/lockutils.py:386
2025-08-11 00:38:19.795 138977 DEBUG oslo_concurrency.lockutils [req-421c5e26-8f52-483b-8975-e75f55c2334f - - - - -] Lock "6ba9bf18-5864-4605-bfe3-7feef1a2e63e" "released" by "nova.context.set_target_cell..get_or_set_cached_cell_and_set_connections" :: held 0.001s inner /usr/lib/python3/dist-packages/oslo_concurrency/lockutils.py:400
2025-08-11 00:38:19.800 138977 DEBUG oslo_db.sqlalchemy.engines [req-421c5e26-8f52-483b-8975-e75f55c2334f - - - - -] MySQL server mode set to STRICT_TRANS_TABLES,STRICT_ALL_TABLES,NO_ZERO_IN_DATE,NO_ZERO_DATE,ERROR_FOR_DIVISION_BY_ZERO,TRADITIONAL,NO_ENGINE_SUBSTITUTION _check_effective_sql_mode /usr/lib/python3/dist-packages/oslo_db/sqlalchemy/engines.py:314
2025-08-11 00:38:19.811 138977 DEBUG nova.scheduler.host_manager [req-421c5e26-8f52-483b-8975-e75f55c2334f - - - - -] Total number of compute nodes: 0 _async_init_instance_info /usr/lib/python3/dist-packages/nova/scheduler/host_manager.py:424
2025-08-11 00:38:19.811 138977 DEBUG oslo_concurrency.lockutils [req-421c5e26-8f52-483b-8975-e75f55c2334f - - - - -] Lock "6ba9bf18-5864-4605-bfe3-7feef1a2e63e" acquired by "nova.context.set_target_cell..get_or_set_cached_cell_and_set_connections" :: waited 0.000s inner /usr/lib/python3/dist-packages/oslo_concurrency/lockutils.py:386
2025-08-11 00:38:19.812 138977 DEBUG oslo_concurrency.lockutils [req-421c5e26-8f52-483b-8975-e75f55c2334f - - - - -] Lock "6ba9bf18-5864-4605-bfe3-7feef1a2e63e" "released" by "nova.context.set_target_cell..get_or_set_cached_cell_and_set_connections" :: held 0.000s inner /usr/lib/python3/dist-packages/oslo_concurrency/lockutils.py:400
2025-08-11 00:38:19.882 138977 DEBUG nova.scheduler.host_manager [req-421c5e26-8f52-483b-8975-e75f55c2334f - - - - -] Adding 0 instances for hosts 10-20 _async_init_instance_info /usr/lib/python3/dist-packages/nova/scheduler/host_manager.py:443
2025-08-11 00:38:19.884 138977 DEBUG nova.scheduler.host_manager [req-421c5e26-8f52-483b-8975-e75f55c2334f - - - - -] END:_async_init_instance_info _async_init_instance_info /usr/lib/python3/dist-packages/nova/scheduler/host_manager.py:454
2025-08-11 00:38:21.460 138977 DEBUG nova.context [req-e44a8760-9039-41ad-b9e8-5a267db214be - - - - -] Found 2 cells: 00000000-0000-0000-0000-000000000000(cell0),6ba9bf18-5864-4605-bfe3-7feef1a2e63e(cell1) load_cells /usr/lib/python3/dist-packages/nova/context.py:464
2025-08-11 00:38:21.461 138977 DEBUG oslo_concurrency.lockutils [req-391780c2-88bd-40d5-b18c-326ef87761c6 - - - - -] Lock "00000000-0000-0000-0000-000000000000" acquired by "nova.context.set_target_cell..get_or_set_cached_cell_and_set_connections" :: waited 0.000s inner /usr/lib/python3/dist-packages/oslo_concurrency/lockutils.py:386
2025-08-11 00:38:21.461 138977 DEBUG oslo_concurrency.lockutils [req-391780c2-88bd-40d5-b18c-326ef87761c6 - - - - -] Lock "00000000-0000-0000-0000-000000000000" "released" by "nova.context.set_target_cell..get_or_set_cached_cell_and_set_connections" :: held 0.001s inner /usr/lib/python3/dist-packages/oslo_concurrency/lockutils.py:400
2025-08-11 00:38:21.462 138977 DEBUG oslo_concurrency.lockutils [req-391780c2-88bd-40d5-b18c-326ef87761c6 - - - - -] Lock "6ba9bf18-5864-4605-bfe3-7feef1a2e63e" acquired by "nova.context.set_target_cell..get_or_set_cached_cell_and_set_connections" :: waited 0.000s inner /usr/lib/python3/dist-packages/oslo_concurrency/lockutils.py:386
2025-08-11 00:38:21.462 138977 DEBUG oslo_concurrency.lockutils [req-391780c2-88bd-40d5-b18c-326ef87761c6 - - - - -] Lock "6ba9bf18-5864-4605-bfe3-7feef1a2e63e" "released" by "nova.context.set_target_cell..get_or_set_cached_cell_and_set_connections" :: held 0.000s inner /usr/lib/python3/dist-packages/oslo_concurrency/lockutils.py:400
2025-08-11 00:38:21.493 138977 DEBUG oslo_db.sqlalchemy.engines [req-391780c2-88bd-40d5-b18c-326ef87761c6 - - - - -] MySQL server mode set to STRICT_TRANS_TABLES,STRICT_ALL_TABLES,NO_ZERO_IN_DATE,NO_ZERO_DATE,ERROR_FOR_DIVISION_BY_ZERO,TRADITIONAL,NO_ENGINE_SUBSTITUTION _check_effective_sql_mode /usr/lib/python3/dist-packages/oslo_db/sqlalchemy/engines.py:314
2025-08-11 00:38:21.501 138977 DEBUG oslo_concurrency.lockutils [req-391780c2-88bd-40d5-b18c-326ef87761c6 - - - - -] Acquired lock "singleton_lock" lock /usr/lib/python3/dist-packages/oslo_concurrency/lockutils.py:294
2025-08-11 00:38:21.501 138977 DEBUG oslo_concurrency.lockutils [req-391780c2-88bd-40d5-b18c-326ef87761c6 - - - - -] Releasing lock "singleton_lock" lock /usr/lib/python3/dist-packages/oslo_concurrency/lockutils.py:312
2025-08-11 00:38:21.501 138977 INFO oslo_service.service [req-391780c2-88bd-40d5-b18c-326ef87761c6 - - - - -] Starting 4 workers
2025-08-11 00:38:21.505 138977 DEBUG oslo_service.service [req-391780c2-88bd-40d5-b18c-326ef87761c6 - - - - -] Started child 139753 _start_child /usr/lib/python3/dist-packages/oslo_service/service.py:575
2025-08-11 00:38:21.509 139753 INFO nova.service [-] Starting scheduler node (version 25.2.1)
2025-08-11 00:38:21.510 138977 DEBUG oslo_service.service [req-391780c2-88bd-40d5-b18c-326ef87761c6 - - - - -] Started child 139754 _start_child /usr/lib/python3/dist-packages/oslo_service/service.py:575
2025-08-11 00:38:21.514 139754 INFO nova.service [-] Starting scheduler node (version 25.2.1)
2025-08-11 00:38:21.514 138977 DEBUG oslo_service.service [req-391780c2-88bd-40d5-b18c-326ef87761c6 - - - - -] Started child 139755 _start_child /usr/lib/python3/dist-packages/oslo_service/service.py:575
2025-08-11 00:38:21.518 138977 DEBUG oslo_service.service [req-391780c2-88bd-40d5-b18c-326ef87761c6 - - - - -] Started child 139756 _start_child /usr/lib/python3/dist-packages/oslo_service/service.py:575
2025-08-11 00:38:21.520 138977 DEBUG oslo_service.service [req-391780c2-88bd-40d5-b18c-326ef87761c6 - - - - -] Full set of CONF: wait /usr/lib/python3/dist-packages/oslo_service/service.py:649
2025-08-11 00:38:21.520 138977 DEBUG oslo_service.service [req-391780c2-88bd-40d5-b18c-326ef87761c6 - - - - -] ******************************************************************************** log_opt_values /usr/lib/python3/dist-packages/oslo_config/cfg.py:2589
2025-08-11 00:38:21.519 139755 INFO nova.service [-] Starting scheduler node (version 25.2.1)
2025-08-11 00:38:21.520 138977 DEBUG oslo_service.service [req-391780c2-88bd-40d5-b18c-326ef87761c6 - - - - -] Configuration options gathered from: log_opt_values /usr/lib/python3/dist-packages/oslo_config/cfg.py:2590
2025-08-11 00:38:21.520 138977 DEBUG oslo_service.service [req-391780c2-88bd-40d5-b18c-326ef87761c6 - - - - -] command line args: ['--config-file=/etc/nova/nova.conf', '--log-file=/var/log/nova/nova-scheduler.log'] log_opt_values /usr/lib/python3/dist-packages/oslo_config/cfg.py:2591
2025-08-11 00:38:21.521 138977 DEBUG oslo_service.service [req-391780c2-88bd-40d5-b18c-326ef87761c6 - - - - -] config files: ['/etc/nova/nova.conf'] log_opt_values /usr/lib/python3/dist-packages/oslo_config/cfg.py:2592
2025-08-11 00:38:21.521 138977 DEBUG oslo_service.service [req-391780c2-88bd-40d5-b18c-326ef87761c6 - - - - -] ================================================================================ log_opt_values /usr/lib/python3/dist-packages/oslo_config/cfg.py:2594
2025-08-11 00:38:21.522 138977 DEBUG oslo_service.service [req-391780c2-88bd-40d5-b18c-326ef87761c6 - - - - -] allow_resize_to_same_host = False log_opt_values /usr/lib/python3/dist-packages/oslo_config/cfg.py:2602
2025-08-11 00:38:21.522 138977 DEBUG oslo_service.service [req-391780c2-88bd-40d5-b18c-326ef87761c6 - - - - -] arq_binding_timeout = 300 log_opt_values /usr/lib/python3/dist-packages/oslo_config/cfg.py:2602
2025-08-11 00:38:21.523 138977 DEBUG oslo_service.service [req-391780c2-88bd-40d5-b18c-326ef87761c6 - - - - -] block_device_allocate_retries = 60 log_opt_values /usr/lib/python3/dist-packages/oslo_config/cfg.py:2602
2025-08-11 00:38:21.523 138977 DEBUG oslo_service.service [req-391780c2-88bd-40d5-b18c-326ef87761c6 - - - - -] block_device_allocate_retries_interval = 3 log_opt_values /usr/lib/python3/dist-packages/oslo_config/cfg.py:2602
2025-08-11 00:38:21.521 139753 DEBUG oslo_db.sqlalchemy.engines [req-32c3b340-1c8c-45f6-bce6-7f03f5d103b1 - - - - -] MySQL server mode set to STRICT_TRANS_TABLES,STRICT_ALL_TABLES,NO_ZERO_IN_DATE,NO_ZERO_DATE,ERROR_FOR_DIVISION_BY_ZERO,TRADITIONAL,NO_ENGINE_SUBSTITUTION _check_effective_sql_mode /usr/lib/python3/dist-packages/oslo_db/sqlalchemy/engines.py:314
2025-08-11 00:38:21.523 138977 DEBUG oslo_service.service [req-391780c2-88bd-40d5-b18c-326ef87761c6 - - - - -] cert = self.pem log_opt_values /usr/lib/python3/dist-packages/oslo_config/cfg.py:2602
2025-08-11 00:38:21.523 138977 DEBUG oslo_service.service [req-391780c2-88bd-40d5-b18c-326ef87761c6 - - - - -] compute_driver = libvirt.LibvirtDriver log_opt_values /usr/lib/python3/dist-packages/oslo_config/cfg.py:2602
2025-08-11 00:38:21.524 138977 DEBUG oslo_service.service [req-391780c2-88bd-40d5-b18c-326ef87761c6 - - - - -] compute_monitors = [] log_opt_values /usr/lib/python3/dist-packages/oslo_config/cfg.py:2602
2025-08-11 00:38:21.524 138977 DEBUG oslo_service.service [req-391780c2-88bd-40d5-b18c-326ef87761c6 - - - - -] config_dir = [] log_opt_values /usr/lib/python3/dist-packages/oslo_config/cfg.py:2602
2025-08-11 00:38:21.524 138977 DEBUG oslo_service.service [req-391780c2-88bd-40d5-b18c-326ef87761c6 - - - - -] config_drive_format = iso9660 log_opt_values /usr/lib/python3/dist-packages/oslo_config/cfg.py:2602
2025-08-11 00:38:21.524 138977 DEBUG oslo_service.service [req-391780c2-88bd-40d5-b18c-326ef87761c6 - - - - -] config_file = ['/etc/nova/nova.conf'] log_opt_values /usr/lib/python3/dist-packages/oslo_config/cfg.py:2602
2025-08-11 00:38:21.524 139756 INFO nova.service [-] Starting scheduler node (version 25.2.1)
2025-08-11 00:38:21.525 138977 DEBUG oslo_service.service [req-391780c2-88bd-40d5-b18c-326ef87761c6 - - - - -] config_source = [] log_opt_values /usr/lib/python3/dist-packages/oslo_config/cfg.py:2602
2025-08-11 00:38:21.525 138977 DEBUG oslo_service.service [req-391780c2-88bd-40d5-b18c-326ef87761c6 - - - - -] console_host = juju-3da246-0-lxd-7 log_opt_values /usr/lib/python3/dist-packages/oslo_config/cfg.py:2602
2025-08-11 00:38:21.525 138977 DEBUG oslo_service.service [req-391780c2-88bd-40d5-b18c-326ef87761c6 - - - - -] control_exchange = nova log_opt_values /usr/lib/python3/dist-packages/oslo_config/cfg.py:2602
2025-08-11 00:38:21.525 138977 DEBUG oslo_service.service [req-391780c2-88bd-40d5-b18c-326ef87761c6 - - - - -] cpu_allocation_ratio = 2.0 log_opt_values /usr/lib/python3/dist-packages/oslo_config/cfg.py:2602
2025-08-11 00:38:21.525 138977 DEBUG oslo_service.service [req-391780c2-88bd-40d5-b18c-326ef87761c6 - - - - -] daemon = False log_opt_values /usr/lib/python3/dist-packages/oslo_config/cfg.py:2602
2025-08-11 00:38:21.525 138977 DEBUG oslo_service.service [req-391780c2-88bd-40d5-b18c-326ef87761c6 - - - - -] debug = True log_opt_values /usr/lib/python3/dist-packages/oslo_config/cfg.py:2602
2025-08-11 00:38:21.525 139754 DEBUG oslo_db.sqlalchemy.engines [req-1ef1b557-cad5-4ebf-8443-de3c09022376 - - - - -] MySQL server mode set to STRICT_TRANS_TABLES,STRICT_ALL_TABLES,NO_ZERO_IN_DATE,NO_ZERO_DATE,ERROR_FOR_DIVISION_BY_ZERO,TRADITIONAL,NO_ENGINE_SUBSTITUTION _check_effective_sql_mode /usr/lib/python3/dist-packages/oslo_db/sqlalchemy/engines.py:314
2025-08-11 00:38:21.526 138977 DEBUG oslo_service.service [req-391780c2-88bd-40d5-b18c-326ef87761c6 - - - - -] default_access_ip_network_name = None log_opt_values /usr/lib/python3/dist-packages/oslo_config/cfg.py:2602
2025-08-11 00:38:21.526 138977 DEBUG oslo_service.service [req-391780c2-88bd-40d5-b18c-326ef87761c6 - - - - -] default_availability_zone = nova log_opt_values /usr/lib/python3/dist-packages/oslo_config/cfg.py:2602
2025-08-11 00:38:21.526 138977 DEBUG oslo_service.service [req-391780c2-88bd-40d5-b18c-326ef87761c6 - - - - -] default_ephemeral_format = None log_opt_values /usr/lib/python3/dist-packages/oslo_config/cfg.py:2602
2025-08-11 00:38:21.526 138977 DEBUG oslo_service.service [req-391780c2-88bd-40d5-b18c-326ef87761c6 - - - - -] default_log_levels = ['amqp=WARN', 'amqplib=WARN', 'boto=WARN', 'qpid=WARN', 'sqlalchemy=WARN', 'suds=INFO', 'oslo.messaging=INFO', 'oslo_messaging=DEBUG', 'iso8601=WARN', 'requests.packages.urllib3.connectionpool=WARN', 'urllib3.connectionpool=WARN', 'websocket=WARN', 'requests.packages.urllib3.util.retry=WARN', 'urllib3.util.retry=WARN', 'keystonemiddleware=WARN', 'routes.middleware=WARN', 'stevedore=WARN', 'taskflow=WARN', 'keystoneauth=WARN', 'oslo.cache=INFO', 'dogpile.core.dogpile=INFO', 'glanceclient=WARN', 'oslo.privsep.daemon=INFO'] log_opt_values /usr/lib/python3/dist-packages/oslo_config/cfg.py:2602
2025-08-11 00:38:21.526 138977 DEBUG oslo_service.service [req-391780c2-88bd-40d5-b18c-326ef87761c6 - - - - -] default_schedule_zone = None log_opt_values /usr/lib/python3/dist-packages/oslo_config/cfg.py:2602
2025-08-11 00:38:21.527 138977 DEBUG oslo_service.service [req-391780c2-88bd-40d5-b18c-326ef87761c6 - - - - -] disk_allocation_ratio = 1.0 log_opt_values /usr/lib/python3/dist-packages/oslo_config/cfg.py:2602
2025-08-11 00:38:21.527 138977 DEBUG oslo_service.service [req-391780c2-88bd-40d5-b18c-326ef87761c6 - - - - -] enable_new_services = True log_opt_values /usr/lib/python3/dist-packages/oslo_config/cfg.py:2602
2025-08-11 00:38:21.527 138977 DEBUG oslo_service.service [req-391780c2-88bd-40d5-b18c-326ef87761c6 - - - - -] enabled_apis = ['osapi_compute', 'metadata'] log_opt_values /usr/lib/python3/dist-packages/oslo_config/cfg.py:2602
2025-08-11 00:38:21.527 138977 DEBUG oslo_service.service [req-391780c2-88bd-40d5-b18c-326ef87761c6 - - - - -] enabled_ssl_apis = [] log_opt_values /usr/lib/python3/dist-packages/oslo_config/cfg.py:2602
2025-08-11 00:38:21.527 138977 DEBUG oslo_service.service [req-391780c2-88bd-40d5-b18c-326ef87761c6 - - - - -] fatal_deprecations = False log_opt_values /usr/lib/python3/dist-packages/oslo_config/cfg.py:2602
2025-08-11 00:38:21.528 138977 DEBUG oslo_service.service [req-391780c2-88bd-40d5-b18c-326ef87761c6 - - - - -] flat_injected = False log_opt_values /usr/lib/python3/dist-packages/oslo_config/cfg.py:2602
2025-08-11 00:38:21.528 138977 DEBUG oslo_service.service [req-391780c2-88bd-40d5-b18c-326ef87761c6 - - - - -] force_config_drive = False log_opt_values /usr/lib/python3/dist-packages/oslo_config/cfg.py:2602
2025-08-11 00:38:21.528 138977 DEBUG oslo_service.service [req-391780c2-88bd-40d5-b18c-326ef87761c6 - - - - -] force_raw_images = True log_opt_values /usr/lib/python3/dist-packages/oslo_config/cfg.py:2602
2025-08-11 00:38:21.528 138977 DEBUG oslo_service.service [req-391780c2-88bd-40d5-b18c-326ef87761c6 - - - - -] graceful_shutdown_timeout = 60 log_opt_values /usr/lib/python3/dist-packages/oslo_config/cfg.py:2602
2025-08-11 00:38:21.528 138977 DEBUG oslo_service.service [req-391780c2-88bd-40d5-b18c-326ef87761c6 - - - - -] heal_instance_info_cache_interval = 60 log_opt_values /usr/lib/python3/dist-packages/oslo_config/cfg.py:2602
2025-08-11 00:38:21.529 138977 DEBUG oslo_service.service [req-391780c2-88bd-40d5-b18c-326ef87761c6 - - - - -] host = juju-3da246-0-lxd-7 log_opt_values /usr/lib/python3/dist-packages/oslo_config/cfg.py:2602
2025-08-11 00:38:21.529 138977 DEBUG oslo_service.service [req-391780c2-88bd-40d5-b18c-326ef87761c6 - - - - -] initial_cpu_allocation_ratio = 16.0 log_opt_values /usr/lib/python3/dist-packages/oslo_config/cfg.py:2602
2025-08-11 00:38:21.529 138977 DEBUG oslo_service.service [req-391780c2-88bd-40d5-b18c-326ef87761c6 - - - - -] initial_disk_allocation_ratio = 1.0 log_opt_values /usr/lib/python3/dist-packages/oslo_config/cfg.py:2602
2025-08-11 00:38:21.529 138977 DEBUG oslo_service.service [req-391780c2-88bd-40d5-b18c-326ef87761c6 - - - - -] initial_ram_allocation_ratio = 1.5 log_opt_values /usr/lib/python3/dist-packages/oslo_config/cfg.py:2602
2025-08-11 00:38:21.530 138977 DEBUG oslo_service.service [req-391780c2-88bd-40d5-b18c-326ef87761c6 - - - - -] injected_network_template = /usr/lib/python3/dist-packages/nova/virt/interfaces.template log_opt_values /usr/lib/python3/dist-packages/oslo_config/cfg.py:2602
2025-08-11 00:38:21.530 138977 DEBUG oslo_service.service [req-391780c2-88bd-40d5-b18c-326ef87761c6 - - - - -] instance_build_timeout = 0 log_opt_values /usr/lib/python3/dist-packages/oslo_config/cfg.py:2602
2025-08-11 00:38:21.530 138977 DEBUG oslo_service.service [req-391780c2-88bd-40d5-b18c-326ef87761c6 - - - - -] instance_delete_interval = 300 log_opt_values /usr/lib/python3/dist-packages/oslo_config/cfg.py:2602
2025-08-11 00:38:21.530 138977 DEBUG oslo_service.service [req-391780c2-88bd-40d5-b18c-326ef87761c6 - - - - -] instance_format = [instance: %(uuid)s] log_opt_values /usr/lib/python3/dist-packages/oslo_config/cfg.py:2602
2025-08-11 00:38:21.530 138977 DEBUG oslo_service.service [req-391780c2-88bd-40d5-b18c-326ef87761c6 - - - - -] instance_name_template = instance-%08x log_opt_values /usr/lib/python3/dist-packages/oslo_config/cfg.py:2602
2025-08-11 00:38:21.530 138977 DEBUG oslo_service.service [req-391780c2-88bd-40d5-b18c-326ef87761c6 - - - - -] instance_usage_audit = False log_opt_values /usr/lib/python3/dist-packages/oslo_config/cfg.py:2602
2025-08-11 00:38:21.531 138977 DEBUG oslo_service.service [req-391780c2-88bd-40d5-b18c-326ef87761c6 - - - - -] instance_usage_audit_period = month log_opt_values /usr/lib/python3/dist-packages/oslo_config/cfg.py:2602
2025-08-11 00:38:21.531 138977 DEBUG oslo_service.service [req-391780c2-88bd-40d5-b18c-326ef87761c6 - - - - -] instance_uuid_format = [instance: %(uuid)s] log_opt_values /usr/lib/python3/dist-packages/oslo_config/cfg.py:2602
2025-08-11 00:38:21.531 138977 DEBUG oslo_service.service [req-391780c2-88bd-40d5-b18c-326ef87761c6 - - - - -] instances_path = /var/lib/nova/instances log_opt_values /usr/lib/python3/dist-packages/oslo_config/cfg.py:2602
2025-08-11 00:38:21.531 138977 DEBUG oslo_service.service [req-391780c2-88bd-40d5-b18c-326ef87761c6 - - - - -] internal_service_availability_zone = internal log_opt_values /usr/lib/python3/dist-packages/oslo_config/cfg.py:2602
2025-08-11 00:38:21.531 138977 DEBUG oslo_service.service [req-391780c2-88bd-40d5-b18c-326ef87761c6 - - - - -] key = None log_opt_values /usr/lib/python3/dist-packages/oslo_config/cfg.py:2602
2025-08-11 00:38:21.532 138977 DEBUG oslo_service.service [req-391780c2-88bd-40d5-b18c-326ef87761c6 - - - - -] live_migration_retry_count = 30 log_opt_values /usr/lib/python3/dist-packages/oslo_config/cfg.py:2602
2025-08-11 00:38:21.532 138977 DEBUG oslo_service.service [req-391780c2-88bd-40d5-b18c-326ef87761c6 - - - - -] log_config_append = None log_opt_values /usr/lib/python3/dist-packages/oslo_config/cfg.py:2602
2025-08-11 00:38:21.532 138977 DEBUG oslo_service.service [req-391780c2-88bd-40d5-b18c-326ef87761c6 - - - - -] log_date_format = %Y-%m-%d %H:%M:%S log_opt_values /usr/lib/python3/dist-packages/oslo_config/cfg.py:2602
2025-08-11 00:38:21.532 138977 DEBUG oslo_service.service [req-391780c2-88bd-40d5-b18c-326ef87761c6 - - - - -] log_dir = /var/log/nova log_opt_values /usr/lib/python3/dist-packages/oslo_config/cfg.py:2602
2025-08-11 00:38:21.533 138977 DEBUG oslo_service.service [req-391780c2-88bd-40d5-b18c-326ef87761c6 - - - - -] log_file = /var/log/nova/nova-scheduler.log log_opt_values /usr/lib/python3/dist-packages/oslo_config/cfg.py:2602
2025-08-11 00:38:21.533 138977 DEBUG oslo_service.service [req-391780c2-88bd-40d5-b18c-326ef87761c6 - - - - -] log_options = True log_opt_values /usr/lib/python3/dist-packages/oslo_config/cfg.py:2602
2025-08-11 00:38:21.532 139755 DEBUG oslo_db.sqlalchemy.engines [req-38a6fca7-d3ca-4b86-91bf-92b607dcb083 - - - - -] MySQL server mode set to STRICT_TRANS_TABLES,STRICT_ALL_TABLES,NO_ZERO_IN_DATE,NO_ZERO_DATE,ERROR_FOR_DIVISION_BY_ZERO,TRADITIONAL,NO_ENGINE_SUBSTITUTION _check_effective_sql_mode /usr/lib/python3/dist-packages/oslo_db/sqlalchemy/engines.py:314
2025-08-11 00:38:21.533 138977 DEBUG oslo_service.service [req-391780c2-88bd-40d5-b18c-326ef87761c6 - - - - -] log_rotate_interval = 1 log_opt_values /usr/lib/python3/dist-packages/oslo_config/cfg.py:2602
2025-08-11 00:38:21.533 138977 DEBUG oslo_service.service [req-391780c2-88bd-40d5-b18c-326ef87761c6 - - - - -] log_rotate_interval_type = days log_opt_values /usr/lib/python3/dist-packages/oslo_config/cfg.py:2602
2025-08-11 00:38:21.533 138977 DEBUG oslo_service.service [req-391780c2-88bd-40d5-b18c-326ef87761c6 - - - - -] log_rotation_type = none log_opt_values /usr/lib/python3/dist-packages/oslo_config/cfg.py:2602
2025-08-11 00:38:21.533 138977 DEBUG oslo_service.service [req-391780c2-88bd-40d5-b18c-326ef87761c6 - - - - -] logging_context_format_string = %(asctime)s.%(msecs)03d %(process)d %(levelname)s %(name)s [%(request_id)s %(user_identity)s] %(instance)s%(message)s log_opt_values /usr/lib/python3/dist-packages/oslo_config/cfg.py:2602
2025-08-11 00:38:21.534 138977 DEBUG oslo_service.service [req-391780c2-88bd-40d5-b18c-326ef87761c6 - - - - -] logging_debug_format_suffix = %(funcName)s %(pathname)s:%(lineno)d log_opt_values /usr/lib/python3/dist-packages/oslo_config/cfg.py:2602
2025-08-11 00:38:21.534 138977 DEBUG oslo_service.service [req-391780c2-88bd-40d5-b18c-326ef87761c6 - - - - -] logging_default_format_string = %(asctime)s.%(msecs)03d %(process)d %(levelname)s %(name)s [-] %(instance)s%(message)s log_opt_values /usr/lib/python3/dist-packages/oslo_config/cfg.py:2602
2025-08-11 00:38:21.534 138977 DEBUG oslo_service.service [req-391780c2-88bd-40d5-b18c-326ef87761c6 - - - - -] logging_exception_prefix = %(asctime)s.%(msecs)03d %(process)d ERROR %(name)s %(instance)s log_opt_values /usr/lib/python3/dist-packages/oslo_config/cfg.py:2602
2025-08-11 00:38:21.534 138977 DEBUG oslo_service.service [req-391780c2-88bd-40d5-b18c-326ef87761c6 - - - - -] logging_user_identity_format = %(user)s %(project)s %(domain)s %(user_domain)s %(project_domain)s log_opt_values /usr/lib/python3/dist-packages/oslo_config/cfg.py:2602
2025-08-11 00:38:21.534 138977 DEBUG oslo_service.service [req-391780c2-88bd-40d5-b18c-326ef87761c6 - - - - -] long_rpc_timeout = 1800 log_opt_values /usr/lib/python3/dist-packages/oslo_config/cfg.py:2602
2025-08-11 00:38:21.535 138977 DEBUG oslo_service.service [req-391780c2-88bd-40d5-b18c-326ef87761c6 - - - - -] max_concurrent_builds = 10 log_opt_values /usr/lib/python3/dist-packages/oslo_config/cfg.py:2602
2025-08-11 00:38:21.535 138977 DEBUG oslo_service.service [req-391780c2-88bd-40d5-b18c-326ef87761c6 - - - - -] max_concurrent_live_migrations = 1 log_opt_values /usr/lib/python3/dist-packages/oslo_config/cfg.py:2602
2025-08-11 00:38:21.535 138977 DEBUG oslo_service.service [req-391780c2-88bd-40d5-b18c-326ef87761c6 - - - - -] max_concurrent_snapshots = 5 log_opt_values /usr/lib/python3/dist-packages/oslo_config/cfg.py:2602
2025-08-11 00:38:21.535 138977 DEBUG oslo_service.service [req-391780c2-88bd-40d5-b18c-326ef87761c6 - - - - -] max_local_block_devices = 3 log_opt_values /usr/lib/python3/dist-packages/oslo_config/cfg.py:2602
2025-08-11 00:38:21.535 138977 DEBUG oslo_service.service [req-391780c2-88bd-40d5-b18c-326ef87761c6 - - - - -] max_logfile_count = 30 log_opt_values /usr/lib/python3/dist-packages/oslo_config/cfg.py:2602
2025-08-11 00:38:21.535 138977 DEBUG oslo_service.service [req-391780c2-88bd-40d5-b18c-326ef87761c6 - - - - -] max_logfile_size_mb = 200 log_opt_values /usr/lib/python3/dist-packages/oslo_config/cfg.py:2602
2025-08-11 00:38:21.536 138977 DEBUG oslo_service.service [req-391780c2-88bd-40d5-b18c-326ef87761c6 - - - - -] maximum_instance_delete_attempts = 5 log_opt_values /usr/lib/python3/dist-packages/oslo_config/cfg.py:2602
