2025-08-11 00:39:00.490 154439 DEBUG oslo_service.service [req-19a2859a-3e3a-4f4e-a3b4-db457706cb87 - - - - -] scheduler_instance_sync_interval = 120 log_opt_values /usr/lib/python3/dist-packages/oslo_config/cfg.py:2602
2025-08-11 00:39:00.490 154439 DEBUG oslo_service.service [req-19a2859a-3e3a-4f4e-a3b4-db457706cb87 - - - - -] service_down_time = 60 log_opt_values /usr/lib/python3/dist-packages/oslo_config/cfg.py:2602
2025-08-11 00:39:00.491 154439 DEBUG oslo_service.service [req-19a2859a-3e3a-4f4e-a3b4-db457706cb87 - - - - -] servicegroup_driver = db log_opt_values /usr/lib/python3/dist-packages/oslo_config/cfg.py:2602
2025-08-11 00:39:00.491 154439 DEBUG oslo_service.service [req-19a2859a-3e3a-4f4e-a3b4-db457706cb87 - - - - -] shelved_offload_time = 0 log_opt_values /usr/lib/python3/dist-packages/oslo_config/cfg.py:2602
2025-08-11 00:39:00.491 154439 DEBUG oslo_service.service [req-19a2859a-3e3a-4f4e-a3b4-db457706cb87 - - - - -] shelved_poll_interval = 3600 log_opt_values /usr/lib/python3/dist-packages/oslo_config/cfg.py:2602
2025-08-11 00:39:00.491 154439 DEBUG oslo_service.service [req-19a2859a-3e3a-4f4e-a3b4-db457706cb87 - - - - -] shutdown_timeout = 60 log_opt_values /usr/lib/python3/dist-packages/oslo_config/cfg.py:2602
2025-08-11 00:39:00.491 154439 DEBUG oslo_service.service [req-19a2859a-3e3a-4f4e-a3b4-db457706cb87 - - - - -] source_is_ipv6 = False log_opt_values /usr/lib/python3/dist-packages/oslo_config/cfg.py:2602
2025-08-11 00:39:00.492 154439 DEBUG oslo_service.service [req-19a2859a-3e3a-4f4e-a3b4-db457706cb87 - - - - -] ssl_only = False log_opt_values /usr/lib/python3/dist-packages/oslo_config/cfg.py:2602
2025-08-11 00:39:00.492 154439 DEBUG oslo_service.service [req-19a2859a-3e3a-4f4e-a3b4-db457706cb87 - - - - -] state_path = /var/lib/nova log_opt_values /usr/lib/python3/dist-packages/oslo_config/cfg.py:2602
2025-08-11 00:39:00.492 154439 DEBUG oslo_service.service [req-19a2859a-3e3a-4f4e-a3b4-db457706cb87 - - - - -] sync_power_state_interval = 600 log_opt_values /usr/lib/python3/dist-packages/oslo_config/cfg.py:2602
2025-08-11 00:39:00.492 154439 DEBUG oslo_service.service [req-19a2859a-3e3a-4f4e-a3b4-db457706cb87 - - - - -] sync_power_state_pool_size = 1000 log_opt_values /usr/lib/python3/dist-packages/oslo_config/cfg.py:2602
2025-08-11 00:39:00.492 154865 DEBUG nova.service [req-4fee9c7a-1887-4adf-96d8-b326fe16d7af - - - - -] Creating RPC server for service conductor start /usr/lib/python3/dist-packages/nova/service.py:182
2025-08-11 00:39:00.492 154439 DEBUG oslo_service.service [req-19a2859a-3e3a-4f4e-a3b4-db457706cb87 - - - - -] syslog_log_facility = LOG_USER log_opt_values /usr/lib/python3/dist-packages/oslo_config/cfg.py:2602
2025-08-11 00:39:00.492 154439 DEBUG oslo_service.service [req-19a2859a-3e3a-4f4e-a3b4-db457706cb87 - - - - -] tempdir = None log_opt_values /usr/lib/python3/dist-packages/oslo_config/cfg.py:2602
2025-08-11 00:39:00.492 154439 DEBUG oslo_service.service [req-19a2859a-3e3a-4f4e-a3b4-db457706cb87 - - - - -] timeout_nbd = 10 log_opt_values /usr/lib/python3/dist-packages/oslo_config/cfg.py:2602
2025-08-11 00:39:00.493 154439 DEBUG oslo_service.service [req-19a2859a-3e3a-4f4e-a3b4-db457706cb87 - - - - -] transport_url = **** log_opt_values /usr/lib/python3/dist-packages/oslo_config/cfg.py:2602
2025-08-11 00:39:00.493 154439 DEBUG oslo_service.service [req-19a2859a-3e3a-4f4e-a3b4-db457706cb87 - - - - -] update_resources_interval = 0 log_opt_values /usr/lib/python3/dist-packages/oslo_config/cfg.py:2602
2025-08-11 00:39:00.493 154439 DEBUG oslo_service.service [req-19a2859a-3e3a-4f4e-a3b4-db457706cb87 - - - - -] use_cow_images = True log_opt_values /usr/lib/python3/dist-packages/oslo_config/cfg.py:2602
2025-08-11 00:39:00.493 154439 DEBUG oslo_service.service [req-19a2859a-3e3a-4f4e-a3b4-db457706cb87 - - - - -] use_eventlog = False log_opt_values /usr/lib/python3/dist-packages/oslo_config/cfg.py:2602
2025-08-11 00:39:00.493 154439 DEBUG oslo_service.service [req-19a2859a-3e3a-4f4e-a3b4-db457706cb87 - - - - -] use_journal = False log_opt_values /usr/lib/python3/dist-packages/oslo_config/cfg.py:2602
2025-08-11 00:39:00.493 154439 DEBUG oslo_service.service [req-19a2859a-3e3a-4f4e-a3b4-db457706cb87 - - - - -] use_json = False log_opt_values /usr/lib/python3/dist-packages/oslo_config/cfg.py:2602
2025-08-11 00:39:00.494 154439 DEBUG oslo_service.service [req-19a2859a-3e3a-4f4e-a3b4-db457706cb87 - - - - -] use_rootwrap_daemon = False log_opt_values /usr/lib/python3/dist-packages/oslo_config/cfg.py:2602
2025-08-11 00:39:00.494 154439 DEBUG oslo_service.service [req-19a2859a-3e3a-4f4e-a3b4-db457706cb87 - - - - -] use_stderr = False log_opt_values /usr/lib/python3/dist-packages/oslo_config/cfg.py:2602
2025-08-11 00:39:00.494 154439 DEBUG oslo_service.service [req-19a2859a-3e3a-4f4e-a3b4-db457706cb87 - - - - -] use_syslog = False log_opt_values /usr/lib/python3/dist-packages/oslo_config/cfg.py:2602
2025-08-11 00:39:00.494 154439 DEBUG oslo_service.service [req-19a2859a-3e3a-4f4e-a3b4-db457706cb87 - - - - -] vcpu_pin_set = None log_opt_values /usr/lib/python3/dist-packages/oslo_config/cfg.py:2602
2025-08-11 00:39:00.494 154439 DEBUG oslo_service.service [req-19a2859a-3e3a-4f4e-a3b4-db457706cb87 - - - - -] vif_plugging_is_fatal = True log_opt_values /usr/lib/python3/dist-packages/oslo_config/cfg.py:2602
2025-08-11 00:39:00.495 154439 DEBUG oslo_service.service [req-19a2859a-3e3a-4f4e-a3b4-db457706cb87 - - - - -] vif_plugging_timeout = 300 log_opt_values /usr/lib/python3/dist-packages/oslo_config/cfg.py:2602
2025-08-11 00:39:00.495 154439 DEBUG oslo_service.service [req-19a2859a-3e3a-4f4e-a3b4-db457706cb87 - - - - -] virt_mkfs = [] log_opt_values /usr/lib/python3/dist-packages/oslo_config/cfg.py:2602
2025-08-11 00:39:00.495 154439 DEBUG oslo_service.service [req-19a2859a-3e3a-4f4e-a3b4-db457706cb87 - - - - -] volume_usage_poll_interval = 0 log_opt_values /usr/lib/python3/dist-packages/oslo_config/cfg.py:2602
2025-08-11 00:39:00.495 154439 DEBUG oslo_service.service [req-19a2859a-3e3a-4f4e-a3b4-db457706cb87 - - - - -] watch_log_file = False log_opt_values /usr/lib/python3/dist-packages/oslo_config/cfg.py:2602
2025-08-11 00:39:00.495 154439 DEBUG oslo_service.service [req-19a2859a-3e3a-4f4e-a3b4-db457706cb87 - - - - -] web = /usr/share/spice-html5 log_opt_values /usr/lib/python3/dist-packages/oslo_config/cfg.py:2602
2025-08-11 00:39:00.495 154439 DEBUG oslo_service.service [req-19a2859a-3e3a-4f4e-a3b4-db457706cb87 - - - - -] oslo_concurrency.disable_process_locking = False log_opt_values /usr/lib/python3/dist-packages/oslo_config/cfg.py:2609
2025-08-11 00:39:00.496 154439 DEBUG oslo_service.service [req-19a2859a-3e3a-4f4e-a3b4-db457706cb87 - - - - -] oslo_concurrency.lock_path = /var/lock/nova log_opt_values /usr/lib/python3/dist-packages/oslo_config/cfg.py:2609
2025-08-11 00:39:00.496 154439 DEBUG oslo_service.service [req-19a2859a-3e3a-4f4e-a3b4-db457706cb87 - - - - -] oslo_messaging_metrics.metrics_buffer_size = 1000 log_opt_values /usr/lib/python3/dist-packages/oslo_config/cfg.py:2609
2025-08-11 00:39:00.496 154439 DEBUG oslo_service.service [req-19a2859a-3e3a-4f4e-a3b4-db457706cb87 - - - - -] oslo_messaging_metrics.metrics_enabled = False log_opt_values /usr/lib/python3/dist-packages/oslo_config/cfg.py:2609
2025-08-11 00:39:00.496 154439 DEBUG oslo_service.service [req-19a2859a-3e3a-4f4e-a3b4-db457706cb87 - - - - -] oslo_messaging_metrics.metrics_process_name = log_opt_values /usr/lib/python3/dist-packages/oslo_config/cfg.py:2609
2025-08-11 00:39:00.496 154439 DEBUG oslo_service.service [req-19a2859a-3e3a-4f4e-a3b4-db457706cb87 - - - - -] oslo_messaging_metrics.metrics_socket_file = /var/tmp/metrics_collector.sock log_opt_values /usr/lib/python3/dist-packages/oslo_config/cfg.py:2609
2025-08-11 00:39:00.496 154439 DEBUG oslo_service.service [req-19a2859a-3e3a-4f4e-a3b4-db457706cb87 - - - - -] oslo_messaging_metrics.metrics_thread_stop_timeout = 10 log_opt_values /usr/lib/python3/dist-packages/oslo_config/cfg.py:2609
2025-08-11 00:39:00.497 154439 WARNING oslo_config.cfg [req-19a2859a-3e3a-4f4e-a3b4-db457706cb87 - - - - -] Deprecated: Option "auth_strategy" from group "api" is deprecated for removal ( The only non-default choice, ``noauth2``, is for internal development and testing purposes only and should not be used in deployments. This option and its middleware, NoAuthMiddleware[V2_18], will be removed in a future release. ). Its value may be silently ignored in the future.
2025-08-11 00:39:00.497 154439 DEBUG oslo_service.service [req-19a2859a-3e3a-4f4e-a3b4-db457706cb87 - - - - -] api.auth_strategy = keystone log_opt_values /usr/lib/python3/dist-packages/oslo_config/cfg.py:2609
2025-08-11 00:39:00.497 154439 DEBUG oslo_service.service [req-19a2859a-3e3a-4f4e-a3b4-db457706cb87 - - - - -] api.compute_link_prefix = None log_opt_values /usr/lib/python3/dist-packages/oslo_config/cfg.py:2609
2025-08-11 00:39:00.497 154439 DEBUG oslo_service.service [req-19a2859a-3e3a-4f4e-a3b4-db457706cb87 - - - - -] api.config_drive_skip_versions = 1.0 2007-01-19 2007-03-01 2007-08-29 2007-10-10 2007-12-15 2008-02-01 2008-09-01 log_opt_values /usr/lib/python3/dist-packages/oslo_config/cfg.py:2609
2025-08-11 00:39:00.498 154439 DEBUG oslo_service.service [req-19a2859a-3e3a-4f4e-a3b4-db457706cb87 - - - - -] api.dhcp_domain = novalocal log_opt_values /usr/lib/python3/dist-packages/oslo_config/cfg.py:2609
2025-08-11 00:39:00.498 154439 DEBUG oslo_service.service [req-19a2859a-3e3a-4f4e-a3b4-db457706cb87 - - - - -] api.enable_instance_password = True log_opt_values /usr/lib/python3/dist-packages/oslo_config/cfg.py:2609
2025-08-11 00:39:00.498 154439 DEBUG oslo_service.service [req-19a2859a-3e3a-4f4e-a3b4-db457706cb87 - - - - -] api.glance_link_prefix = None log_opt_values /usr/lib/python3/dist-packages/oslo_config/cfg.py:2609
2025-08-11 00:39:00.498 154439 DEBUG oslo_service.service [req-19a2859a-3e3a-4f4e-a3b4-db457706cb87 - - - - -] api.instance_list_cells_batch_fixed_size = 100 log_opt_values /usr/lib/python3/dist-packages/oslo_config/cfg.py:2609
2025-08-11 00:39:00.498 154439 DEBUG oslo_service.service [req-19a2859a-3e3a-4f4e-a3b4-db457706cb87 - - - - -] api.instance_list_cells_batch_strategy = distributed log_opt_values /usr/lib/python3/dist-packages/oslo_config/cfg.py:2609
2025-08-11 00:39:00.499 154439 DEBUG oslo_service.service [req-19a2859a-3e3a-4f4e-a3b4-db457706cb87 - - - - -] api.instance_list_per_project_cells = False log_opt_values /usr/lib/python3/dist-packages/oslo_config/cfg.py:2609
2025-08-11 00:39:00.499 154439 DEBUG oslo_service.service [req-19a2859a-3e3a-4f4e-a3b4-db457706cb87 - - - - -] api.list_records_by_skipping_down_cells = True log_opt_values /usr/lib/python3/dist-packages/oslo_config/cfg.py:2609
2025-08-11 00:39:00.499 154439 DEBUG oslo_service.service [req-19a2859a-3e3a-4f4e-a3b4-db457706cb87 - - - - -] api.local_metadata_per_cell = False log_opt_values /usr/lib/python3/dist-packages/oslo_config/cfg.py:2609
2025-08-11 00:39:00.499 154439 DEBUG oslo_service.service [req-19a2859a-3e3a-4f4e-a3b4-db457706cb87 - - - - -] api.max_limit = 1000 log_opt_values /usr/lib/python3/dist-packages/oslo_config/cfg.py:2609
2025-08-11 00:39:00.499 154439 DEBUG oslo_service.service [req-19a2859a-3e3a-4f4e-a3b4-db457706cb87 - - - - -] api.metadata_cache_expiration = 15 log_opt_values /usr/lib/python3/dist-packages/oslo_config/cfg.py:2609
2025-08-11 00:39:00.499 154439 DEBUG oslo_service.service [req-19a2859a-3e3a-4f4e-a3b4-db457706cb87 - - - - -] api.neutron_default_tenant_id = default log_opt_values /usr/lib/python3/dist-packages/oslo_config/cfg.py:2609
2025-08-11 00:39:00.500 154439 DEBUG oslo_service.service [req-19a2859a-3e3a-4f4e-a3b4-db457706cb87 - - - - -] api.use_forwarded_for = False log_opt_values /usr/lib/python3/dist-packages/oslo_config/cfg.py:2609
2025-08-11 00:39:00.500 154439 DEBUG oslo_service.service [req-19a2859a-3e3a-4f4e-a3b4-db457706cb87 - - - - -] api.use_neutron_default_nets = False log_opt_values /usr/lib/python3/dist-packages/oslo_config/cfg.py:2609
2025-08-11 00:39:00.500 154439 DEBUG oslo_service.service [req-19a2859a-3e3a-4f4e-a3b4-db457706cb87 - - - - -] api.vendordata_dynamic_connect_timeout = 5 log_opt_values /usr/lib/python3/dist-packages/oslo_config/cfg.py:2609
2025-08-11 00:39:00.500 154439 DEBUG oslo_service.service [req-19a2859a-3e3a-4f4e-a3b4-db457706cb87 - - - - -] api.vendordata_dynamic_failure_fatal = False log_opt_values /usr/lib/python3/dist-packages/oslo_config/cfg.py:2609
2025-08-11 00:39:00.500 154439 DEBUG oslo_service.service [req-19a2859a-3e3a-4f4e-a3b4-db457706cb87 - - - - -] api.vendordata_dynamic_read_timeout = 5 log_opt_values /usr/lib/python3/dist-packages/oslo_config/cfg.py:2609
2025-08-11 00:39:00.500 154439 DEBUG oslo_service.service [req-19a2859a-3e3a-4f4e-a3b4-db457706cb87 - - - - -] api.vendordata_dynamic_ssl_certfile = log_opt_values /usr/lib/python3/dist-packages/oslo_config/cfg.py:2609
2025-08-11 00:39:00.501 154439 DEBUG oslo_service.service [req-19a2859a-3e3a-4f4e-a3b4-db457706cb87 - - - - -] api.vendordata_dynamic_targets = [] log_opt_values /usr/lib/python3/dist-packages/oslo_config/cfg.py:2609
2025-08-11 00:39:00.501 154439 DEBUG oslo_service.service [req-19a2859a-3e3a-4f4e-a3b4-db457706cb87 - - - - -] api.vendordata_jsonfile_path = None log_opt_values /usr/lib/python3/dist-packages/oslo_config/cfg.py:2609
2025-08-11 00:39:00.501 154439 DEBUG oslo_service.service [req-19a2859a-3e3a-4f4e-a3b4-db457706cb87 - - - - -] api.vendordata_providers = ['StaticJSON'] log_opt_values /usr/lib/python3/dist-packages/oslo_config/cfg.py:2609
2025-08-11 00:39:00.501 154439 DEBUG oslo_service.service [req-19a2859a-3e3a-4f4e-a3b4-db457706cb87 - - - - -] cache.backend = dogpile.cache.null log_opt_values /usr/lib/python3/dist-packages/oslo_config/cfg.py:2609
2025-08-11 00:39:00.501 154439 DEBUG oslo_service.service [req-19a2859a-3e3a-4f4e-a3b4-db457706cb87 - - - - -] cache.backend_argument = **** log_opt_values /usr/lib/python3/dist-packages/oslo_config/cfg.py:2609
2025-08-11 00:39:00.501 154439 DEBUG oslo_service.service [req-19a2859a-3e3a-4f4e-a3b4-db457706cb87 - - - - -] cache.config_prefix = cache.oslo log_opt_values /usr/lib/python3/dist-packages/oslo_config/cfg.py:2609
2025-08-11 00:39:00.502 154439 DEBUG oslo_service.service [req-19a2859a-3e3a-4f4e-a3b4-db457706cb87 - - - - -] cache.debug_cache_backend = False log_opt_values /usr/lib/python3/dist-packages/oslo_config/cfg.py:2609
2025-08-11 00:39:00.502 154439 DEBUG oslo_service.service [req-19a2859a-3e3a-4f4e-a3b4-db457706cb87 - - - - -] cache.enabled = False log_opt_values /usr/lib/python3/dist-packages/oslo_config/cfg.py:2609
2025-08-11 00:39:00.502 154439 DEBUG oslo_service.service [req-19a2859a-3e3a-4f4e-a3b4-db457706cb87 - - - - -] cache.expiration_time = 600 log_opt_values /usr/lib/python3/dist-packages/oslo_config/cfg.py:2609
2025-08-11 00:39:00.502 154439 DEBUG oslo_service.service [req-19a2859a-3e3a-4f4e-a3b4-db457706cb87 - - - - -] cache.memcache_dead_retry = 300 log_opt_values /usr/lib/python3/dist-packages/oslo_config/cfg.py:2609
2025-08-11 00:39:00.502 154439 DEBUG oslo_service.service [req-19a2859a-3e3a-4f4e-a3b4-db457706cb87 - - - - -] cache.memcache_pool_connection_get_timeout = 10 log_opt_values /usr/lib/python3/dist-packages/oslo_config/cfg.py:2609
2025-08-11 00:39:00.502 154439 DEBUG oslo_service.service [req-19a2859a-3e3a-4f4e-a3b4-db457706cb87 - - - - -] cache.memcache_pool_flush_on_reconnect = False log_opt_values /usr/lib/python3/dist-packages/oslo_config/cfg.py:2609
2025-08-11 00:39:00.503 154439 DEBUG oslo_service.service [req-19a2859a-3e3a-4f4e-a3b4-db457706cb87 - - - - -] cache.memcache_pool_maxsize = 10 log_opt_values /usr/lib/python3/dist-packages/oslo_config/cfg.py:2609
2025-08-11 00:39:00.503 154439 DEBUG oslo_service.service [req-19a2859a-3e3a-4f4e-a3b4-db457706cb87 - - - - -] cache.memcache_pool_unused_timeout = 60 log_opt_values /usr/lib/python3/dist-packages/oslo_config/cfg.py:2609
2025-08-11 00:39:00.503 154439 DEBUG oslo_service.service [req-19a2859a-3e3a-4f4e-a3b4-db457706cb87 - - - - -] cache.memcache_servers = ['localhost:11211'] log_opt_values /usr/lib/python3/dist-packages/oslo_config/cfg.py:2609
2025-08-11 00:39:00.503 154439 DEBUG oslo_service.service [req-19a2859a-3e3a-4f4e-a3b4-db457706cb87 - - - - -] cache.memcache_socket_timeout = 1.0 log_opt_values /usr/lib/python3/dist-packages/oslo_config/cfg.py:2609
2025-08-11 00:39:00.503 154439 DEBUG oslo_service.service [req-19a2859a-3e3a-4f4e-a3b4-db457706cb87 - - - - -] cache.proxies = [] log_opt_values /usr/lib/python3/dist-packages/oslo_config/cfg.py:2609
2025-08-11 00:39:00.504 154439 DEBUG oslo_service.service [req-19a2859a-3e3a-4f4e-a3b4-db457706cb87 - - - - -] cache.tls_allowed_ciphers = None log_opt_values /usr/lib/python3/dist-packages/oslo_config/cfg.py:2609
2025-08-11 00:39:00.504 154439 DEBUG oslo_service.service [req-19a2859a-3e3a-4f4e-a3b4-db457706cb87 - - - - -] cache.tls_cafile = None log_opt_values /usr/lib/python3/dist-packages/oslo_config/cfg.py:2609
2025-08-11 00:39:00.504 154863 DEBUG oslo_messaging._drivers.amqpdriver [-] Listener is running poll /usr/lib/python3/dist-packages/oslo_messaging/_drivers/amqpdriver.py:343
2025-08-11 00:39:00.504 154862 DEBUG oslo_messaging._drivers.amqpdriver [-] Listener is running poll /usr/lib/python3/dist-packages/oslo_messaging/_drivers/amqpdriver.py:343
2025-08-11 00:39:00.504 154439 DEBUG oslo_service.service [req-19a2859a-3e3a-4f4e-a3b4-db457706cb87 - - - - -] cache.tls_certfile = None log_opt_values /usr/lib/python3/dist-packages/oslo_config/cfg.py:2609
2025-08-11 00:39:00.504 154863 DEBUG oslo_messaging._drivers.amqpdriver [-] AMQPListener connection consume poll /usr/lib/python3/dist-packages/oslo_messaging/_drivers/amqpdriver.py:357
2025-08-11 00:39:00.504 154862 DEBUG oslo_messaging._drivers.amqpdriver [-] AMQPListener connection consume poll /usr/lib/python3/dist-packages/oslo_messaging/_drivers/amqpdriver.py:357
2025-08-11 00:39:00.504 154439 DEBUG oslo_service.service [req-19a2859a-3e3a-4f4e-a3b4-db457706cb87 - - - - -] cache.tls_enabled = False log_opt_values /usr/lib/python3/dist-packages/oslo_config/cfg.py:2609
2025-08-11 00:39:00.504 154439 DEBUG oslo_service.service [req-19a2859a-3e3a-4f4e-a3b4-db457706cb87 - - - - -] cache.tls_keyfile = None log_opt_values /usr/lib/python3/dist-packages/oslo_config/cfg.py:2609
2025-08-11 00:39:00.504 154439 DEBUG oslo_service.service [req-19a2859a-3e3a-4f4e-a3b4-db457706cb87 - - - - -] cinder.auth_section = None log_opt_values /usr/lib/python3/dist-packages/oslo_config/cfg.py:2609
2025-08-11 00:39:00.504 154863 DEBUG nova.service [req-aed47d73-1f4d-4e9a-8b16-554484b32cf8 - - - - -] Join ServiceGroup membership for this service conductor start /usr/lib/python3/dist-packages/nova/service.py:199
2025-08-11 00:39:00.505 154439 DEBUG oslo_service.service [req-19a2859a-3e3a-4f4e-a3b4-db457706cb87 - - - - -] cinder.auth_type = None log_opt_values /usr/lib/python3/dist-packages/oslo_config/cfg.py:2609
2025-08-11 00:39:00.504 154862 DEBUG nova.service [req-9b46154a-d521-4152-accd-02aec24ef914 - - - - -] Join ServiceGroup membership for this service conductor start /usr/lib/python3/dist-packages/nova/service.py:199
2025-08-11 00:39:00.505 154439 DEBUG oslo_service.service [req-19a2859a-3e3a-4f4e-a3b4-db457706cb87 - - - - -] cinder.cafile = None log_opt_values /usr/lib/python3/dist-packages/oslo_config/cfg.py:2609
2025-08-11 00:39:00.505 154863 DEBUG nova.servicegroup.drivers.db [req-aed47d73-1f4d-4e9a-8b16-554484b32cf8 - - - - -] DB_Driver: join new ServiceGroup member juju-3da246-0-lxd-7 to the conductor group, service = join /usr/lib/python3/dist-packages/nova/servicegroup/drivers/db.py:44
2025-08-11 00:39:00.505 154439 DEBUG oslo_service.service [req-19a2859a-3e3a-4f4e-a3b4-db457706cb87 - - - - -] cinder.catalog_info = volumev3::publicURL log_opt_values /usr/lib/python3/dist-packages/oslo_config/cfg.py:2609
2025-08-11 00:39:00.505 154862 DEBUG nova.servicegroup.drivers.db [req-9b46154a-d521-4152-accd-02aec24ef914 - - - - -] DB_Driver: join new ServiceGroup member juju-3da246-0-lxd-7 to the conductor group, service = join /usr/lib/python3/dist-packages/nova/servicegroup/drivers/db.py:44
2025-08-11 00:39:00.505 154439 DEBUG oslo_service.service [req-19a2859a-3e3a-4f4e-a3b4-db457706cb87 - - - - -] cinder.certfile = None log_opt_values /usr/lib/python3/dist-packages/oslo_config/cfg.py:2609
2025-08-11 00:39:00.505 154439 DEBUG oslo_service.service [req-19a2859a-3e3a-4f4e-a3b4-db457706cb87 - - - - -] cinder.collect_timing = False log_opt_values /usr/lib/python3/dist-packages/oslo_config/cfg.py:2609
2025-08-11 00:39:00.505 154439 DEBUG oslo_service.service [req-19a2859a-3e3a-4f4e-a3b4-db457706cb87 - - - - -] cinder.cross_az_attach = True log_opt_values /usr/lib/python3/dist-packages/oslo_config/cfg.py:2609
2025-08-11 00:39:00.505 154439 DEBUG oslo_service.service [req-19a2859a-3e3a-4f4e-a3b4-db457706cb87 - - - - -] cinder.debug = False log_opt_values /usr/lib/python3/dist-packages/oslo_config/cfg.py:2609
2025-08-11 00:39:00.506 154439 DEBUG oslo_service.service [req-19a2859a-3e3a-4f4e-a3b4-db457706cb87 - - - - -] cinder.endpoint_template = None log_opt_values /usr/lib/python3/dist-packages/oslo_config/cfg.py:2609
2025-08-11 00:39:00.506 154439 DEBUG oslo_service.service [req-19a2859a-3e3a-4f4e-a3b4-db457706cb87 - - - - -] cinder.http_retries = 3 log_opt_values /usr/lib/python3/dist-packages/oslo_config/cfg.py:2609
2025-08-11 00:39:00.506 154439 DEBUG oslo_service.service [req-19a2859a-3e3a-4f4e-a3b4-db457706cb87 - - - - -] cinder.insecure = False log_opt_values /usr/lib/python3/dist-packages/oslo_config/cfg.py:2609
2025-08-11 00:39:00.506 154439 DEBUG oslo_service.service [req-19a2859a-3e3a-4f4e-a3b4-db457706cb87 - - - - -] cinder.keyfile = None log_opt_values /usr/lib/python3/dist-packages/oslo_config/cfg.py:2609
2025-08-11 00:39:00.506 154439 DEBUG oslo_service.service [req-19a2859a-3e3a-4f4e-a3b4-db457706cb87 - - - - -] cinder.os_region_name = None log_opt_values /usr/lib/python3/dist-packages/oslo_config/cfg.py:2609
2025-08-11 00:39:00.506 154439 DEBUG oslo_service.service [req-19a2859a-3e3a-4f4e-a3b4-db457706cb87 - - - - -] cinder.split_loggers = False log_opt_values /usr/lib/python3/dist-packages/oslo_config/cfg.py:2609
2025-08-11 00:39:00.507 154439 DEBUG oslo_service.service [req-19a2859a-3e3a-4f4e-a3b4-db457706cb87 - - - - -] cinder.timeout = None log_opt_values /usr/lib/python3/dist-packages/oslo_config/cfg.py:2609
2025-08-11 00:39:00.507 154439 DEBUG oslo_service.service [req-19a2859a-3e3a-4f4e-a3b4-db457706cb87 - - - - -] compute.consecutive_build_service_disable_threshold = 10 log_opt_values /usr/lib/python3/dist-packages/oslo_config/cfg.py:2609
2025-08-11 00:39:00.507 154439 DEBUG oslo_service.service [req-19a2859a-3e3a-4f4e-a3b4-db457706cb87 - - - - -] compute.cpu_dedicated_set = None log_opt_values /usr/lib/python3/dist-packages/oslo_config/cfg.py:2609
2025-08-11 00:39:00.507 154863 DEBUG oslo_messaging._drivers.amqpdriver [-] AMQPListener connection timeout poll /usr/lib/python3/dist-packages/oslo_messaging/_drivers/amqpdriver.py:360
2025-08-11 00:39:00.507 154439 DEBUG oslo_service.service [req-19a2859a-3e3a-4f4e-a3b4-db457706cb87 - - - - -] compute.cpu_shared_set = None log_opt_values /usr/lib/python3/dist-packages/oslo_config/cfg.py:2609
2025-08-11 00:39:00.507 154863 DEBUG oslo_messaging._drivers.amqpdriver [-] Listener is running poll /usr/lib/python3/dist-packages/oslo_messaging/_drivers/amqpdriver.py:343
2025-08-11 00:39:00.507 154862 DEBUG oslo_messaging._drivers.amqpdriver [-] AMQPListener connection timeout poll /usr/lib/python3/dist-packages/oslo_messaging/_drivers/amqpdriver.py:360
2025-08-11 00:39:00.507 154863 DEBUG oslo_messaging._drivers.amqpdriver [-] AMQPListener connection consume poll /usr/lib/python3/dist-packages/oslo_messaging/_drivers/amqpdriver.py:357
2025-08-11 00:39:00.507 154862 DEBUG oslo_messaging._drivers.amqpdriver [-] Listener is running poll /usr/lib/python3/dist-packages/oslo_messaging/_drivers/amqpdriver.py:343
2025-08-11 00:39:00.507 154439 DEBUG oslo_service.service [req-19a2859a-3e3a-4f4e-a3b4-db457706cb87 - - - - -] compute.image_type_exclude_list = [] log_opt_values /usr/lib/python3/dist-packages/oslo_config/cfg.py:2609
2025-08-11 00:39:00.507 154862 DEBUG oslo_messaging._drivers.amqpdriver [-] AMQPListener connection consume poll /usr/lib/python3/dist-packages/oslo_messaging/_drivers/amqpdriver.py:357
2025-08-11 00:39:00.507 154439 DEBUG oslo_service.service [req-19a2859a-3e3a-4f4e-a3b4-db457706cb87 - - - - -] compute.live_migration_wait_for_vif_plug = True log_opt_values /usr/lib/python3/dist-packages/oslo_config/cfg.py:2609
2025-08-11 00:39:00.508 154439 DEBUG oslo_service.service [req-19a2859a-3e3a-4f4e-a3b4-db457706cb87 - - - - -] compute.max_concurrent_disk_ops = 0 log_opt_values /usr/lib/python3/dist-packages/oslo_config/cfg.py:2609
2025-08-11 00:39:00.508 154439 DEBUG oslo_service.service [req-19a2859a-3e3a-4f4e-a3b4-db457706cb87 - - - - -] compute.max_disk_devices_to_attach = -1 log_opt_values /usr/lib/python3/dist-packages/oslo_config/cfg.py:2609
2025-08-11 00:39:00.508 154439 DEBUG oslo_service.service [req-19a2859a-3e3a-4f4e-a3b4-db457706cb87 - - - - -] compute.packing_host_numa_cells_allocation_strategy = True log_opt_values /usr/lib/python3/dist-packages/oslo_config/cfg.py:2609
2025-08-11 00:39:00.508 154439 DEBUG oslo_service.service [req-19a2859a-3e3a-4f4e-a3b4-db457706cb87 - - - - -] compute.provider_config_location = /etc/nova/provider_config/ log_opt_values /usr/lib/python3/dist-packages/oslo_config/cfg.py:2609
2025-08-11 00:39:00.508 154439 DEBUG oslo_service.service [req-19a2859a-3e3a-4f4e-a3b4-db457706cb87 - - - - -] compute.resource_provider_association_refresh = 300 log_opt_values /usr/lib/python3/dist-packages/oslo_config/cfg.py:2609
2025-08-11 00:39:00.508 154439 DEBUG oslo_service.service [req-19a2859a-3e3a-4f4e-a3b4-db457706cb87 - - - - -] compute.shutdown_retry_interval = 10 log_opt_values /usr/lib/python3/dist-packages/oslo_config/cfg.py:2609
2025-08-11 00:39:00.509 154439 DEBUG oslo_service.service [req-19a2859a-3e3a-4f4e-a3b4-db457706cb87 - - - - -] compute.vmdk_allowed_types = ['streamOptimized', 'monolithicSparse'] log_opt_values /usr/lib/python3/dist-packages/oslo_config/cfg.py:2609
2025-08-11 00:39:00.509 154439 DEBUG oslo_service.service [req-19a2859a-3e3a-4f4e-a3b4-db457706cb87 - - - - -] conductor.workers = 4 log_opt_values /usr/lib/python3/dist-packages/oslo_config/cfg.py:2609
2025-08-11 00:39:00.509 154439 DEBUG oslo_service.service [req-19a2859a-3e3a-4f4e-a3b4-db457706cb87 - - - - -] console.allowed_origins = [] log_opt_values /usr/lib/python3/dist-packages/oslo_config/cfg.py:2609
2025-08-11 00:39:00.509 154439 DEBUG oslo_service.service [req-19a2859a-3e3a-4f4e-a3b4-db457706cb87 - - - - -] console.ssl_ciphers = None log_opt_values /usr/lib/python3/dist-packages/oslo_config/cfg.py:2609
2025-08-11 00:39:00.509 154439 DEBUG oslo_service.service [req-19a2859a-3e3a-4f4e-a3b4-db457706cb87 - - - - -] console.ssl_minimum_version = default log_opt_values /usr/lib/python3/dist-packages/oslo_config/cfg.py:2609
2025-08-11 00:39:00.509 154864 DEBUG oslo_messaging._drivers.amqpdriver [-] Listener is running poll /usr/lib/python3/dist-packages/oslo_messaging/_drivers/amqpdriver.py:343
2025-08-11 00:39:00.510 154439 DEBUG oslo_service.service [req-19a2859a-3e3a-4f4e-a3b4-db457706cb87 - - - - -] consoleauth.token_ttl = 600 log_opt_values /usr/lib/python3/dist-packages/oslo_config/cfg.py:2609
2025-08-11 00:39:00.510 154864 DEBUG oslo_messaging._drivers.amqpdriver [-] AMQPListener connection consume poll /usr/lib/python3/dist-packages/oslo_messaging/_drivers/amqpdriver.py:357
2025-08-11 00:39:00.510 154439 DEBUG oslo_service.service [req-19a2859a-3e3a-4f4e-a3b4-db457706cb87 - - - - -] cyborg.cafile = None log_opt_values /usr/lib/python3/dist-packages/oslo_config/cfg.py:2609
2025-08-11 00:39:00.510 154439 DEBUG oslo_service.service [req-19a2859a-3e3a-4f4e-a3b4-db457706cb87 - - - - -] cyborg.certfile = None log_opt_values /usr/lib/python3/dist-packages/oslo_config/cfg.py:2609
2025-08-11 00:39:00.510 154439 DEBUG oslo_service.service [req-19a2859a-3e3a-4f4e-a3b4-db457706cb87 - - - - -] cyborg.collect_timing = False log_opt_values /usr/lib/python3/dist-packages/oslo_config/cfg.py:2609
2025-08-11 00:39:00.510 154864 DEBUG nova.service [req-0f264afe-28e0-48bf-8253-f6f395f587ec - - - - -] Join ServiceGroup membership for this service conductor start /usr/lib/python3/dist-packages/nova/service.py:199
2025-08-11 00:39:00.510 154439 DEBUG oslo_service.service [req-19a2859a-3e3a-4f4e-a3b4-db457706cb87 - - - - -] cyborg.connect_retries = None log_opt_values /usr/lib/python3/dist-packages/oslo_config/cfg.py:2609
2025-08-11 00:39:00.510 154864 DEBUG nova.servicegroup.drivers.db [req-0f264afe-28e0-48bf-8253-f6f395f587ec - - - - -] DB_Driver: join new ServiceGroup member juju-3da246-0-lxd-7 to the conductor group, service = join /usr/lib/python3/dist-packages/nova/servicegroup/drivers/db.py:44
2025-08-11 00:39:00.510 154439 DEBUG oslo_service.service [req-19a2859a-3e3a-4f4e-a3b4-db457706cb87 - - - - -] cyborg.connect_retry_delay = None log_opt_values /usr/lib/python3/dist-packages/oslo_config/cfg.py:2609
2025-08-11 00:39:00.511 154439 DEBUG oslo_service.service [req-19a2859a-3e3a-4f4e-a3b4-db457706cb87 - - - - -] cyborg.endpoint_override = None log_opt_values /usr/lib/python3/dist-packages/oslo_config/cfg.py:2609
2025-08-11 00:39:00.511 154439 DEBUG oslo_service.service [req-19a2859a-3e3a-4f4e-a3b4-db457706cb87 - - - - -] cyborg.insecure = False log_opt_values /usr/lib/python3/dist-packages/oslo_config/cfg.py:2609
2025-08-11 00:39:00.511 154439 DEBUG oslo_service.service [req-19a2859a-3e3a-4f4e-a3b4-db457706cb87 - - - - -] cyborg.keyfile = None log_opt_values /usr/lib/python3/dist-packages/oslo_config/cfg.py:2609
2025-08-11 00:39:00.511 154439 DEBUG oslo_service.service [req-19a2859a-3e3a-4f4e-a3b4-db457706cb87 - - - - -] cyborg.max_version = None log_opt_values /usr/lib/python3/dist-packages/oslo_config/cfg.py:2609
2025-08-11 00:39:00.511 154439 DEBUG oslo_service.service [req-19a2859a-3e3a-4f4e-a3b4-db457706cb87 - - - - -] cyborg.min_version = None log_opt_values /usr/lib/python3/dist-packages/oslo_config/cfg.py:2609
2025-08-11 00:39:00.511 154439 DEBUG oslo_service.service [req-19a2859a-3e3a-4f4e-a3b4-db457706cb87 - - - - -] cyborg.region_name = None log_opt_values /usr/lib/python3/dist-packages/oslo_config/cfg.py:2609
2025-08-11 00:39:00.512 154439 DEBUG oslo_service.service [req-19a2859a-3e3a-4f4e-a3b4-db457706cb87 - - - - -] cyborg.service_name = None log_opt_values /usr/lib/python3/dist-packages/oslo_config/cfg.py:2609
2025-08-11 00:39:00.512 154439 DEBUG oslo_service.service [req-19a2859a-3e3a-4f4e-a3b4-db457706cb87 - - - - -] cyborg.service_type = accelerator log_opt_values /usr/lib/python3/dist-packages/oslo_config/cfg.py:2609
2025-08-11 00:39:00.512 154439 DEBUG oslo_service.service [req-19a2859a-3e3a-4f4e-a3b4-db457706cb87 - - - - -] cyborg.split_loggers = False log_opt_values /usr/lib/python3/dist-packages/oslo_config/cfg.py:2609
2025-08-11 00:39:00.512 154439 DEBUG oslo_service.service [req-19a2859a-3e3a-4f4e-a3b4-db457706cb87 - - - - -] cyborg.status_code_retries = None log_opt_values /usr/lib/python3/dist-packages/oslo_config/cfg.py:2609
2025-08-11 00:39:00.512 154439 DEBUG oslo_service.service [req-19a2859a-3e3a-4f4e-a3b4-db457706cb87 - - - - -] cyborg.status_code_retry_delay = None log_opt_values /usr/lib/python3/dist-packages/oslo_config/cfg.py:2609
2025-08-11 00:39:00.512 154439 DEBUG oslo_service.service [req-19a2859a-3e3a-4f4e-a3b4-db457706cb87 - - - - -] cyborg.timeout = None log_opt_values /usr/lib/python3/dist-packages/oslo_config/cfg.py:2609
2025-08-11 00:39:00.513 154439 DEBUG oslo_service.service [req-19a2859a-3e3a-4f4e-a3b4-db457706cb87 - - - - -] cyborg.valid_interfaces = ['internal', 'public'] log_opt_values /usr/lib/python3/dist-packages/oslo_config/cfg.py:2609
2025-08-11 00:39:00.513 154864 DEBUG oslo_messaging._drivers.amqpdriver [-] AMQPListener connection timeout poll /usr/lib/python3/dist-packages/oslo_messaging/_drivers/amqpdriver.py:360
2025-08-11 00:39:00.514 154864 DEBUG oslo_messaging._drivers.amqpdriver [-] Listener is running poll /usr/lib/python3/dist-packages/oslo_messaging/_drivers/amqpdriver.py:343
2025-08-11 00:39:00.514 154439 DEBUG oslo_service.service [req-19a2859a-3e3a-4f4e-a3b4-db457706cb87 - - - - -] cyborg.version = None log_opt_values /usr/lib/python3/dist-packages/oslo_config/cfg.py:2609
2025-08-11 00:39:00.514 154864 DEBUG oslo_messaging._drivers.amqpdriver [-] AMQPListener connection consume poll /usr/lib/python3/dist-packages/oslo_messaging/_drivers/amqpdriver.py:357
2025-08-11 00:39:00.514 154439 DEBUG oslo_service.service [req-19a2859a-3e3a-4f4e-a3b4-db457706cb87 - - - - -] database.backend = sqlalchemy log_opt_values /usr/lib/python3/dist-packages/oslo_config/cfg.py:2609
2025-08-11 00:39:00.514 154439 DEBUG oslo_service.service [req-19a2859a-3e3a-4f4e-a3b4-db457706cb87 - - - - -] database.connection = **** log_opt_values /usr/lib/python3/dist-packages/oslo_config/cfg.py:2609
2025-08-11 00:39:00.514 154439 DEBUG oslo_service.service [req-19a2859a-3e3a-4f4e-a3b4-db457706cb87 - - - - -] database.connection_debug = 0 log_opt_values /usr/lib/python3/dist-packages/oslo_config/cfg.py:2609
2025-08-11 00:39:00.515 154439 DEBUG oslo_service.service [req-19a2859a-3e3a-4f4e-a3b4-db457706cb87 - - - - -] database.connection_parameters = log_opt_values /usr/lib/python3/dist-packages/oslo_config/cfg.py:2609
2025-08-11 00:39:00.515 154439 DEBUG oslo_service.service [req-19a2859a-3e3a-4f4e-a3b4-db457706cb87 - - - - -] database.connection_recycle_time = 3600 log_opt_values /usr/lib/python3/dist-packages/oslo_config/cfg.py:2609
2025-08-11 00:39:00.515 154439 DEBUG oslo_service.service [req-19a2859a-3e3a-4f4e-a3b4-db457706cb87 - - - - -] database.connection_trace = False log_opt_values /usr/lib/python3/dist-packages/oslo_config/cfg.py:2609
2025-08-11 00:39:00.515 154439 DEBUG oslo_service.service [req-19a2859a-3e3a-4f4e-a3b4-db457706cb87 - - - - -] database.db_inc_retry_interval = True log_opt_values /usr/lib/python3/dist-packages/oslo_config/cfg.py:2609
2025-08-11 00:39:00.515 154439 DEBUG oslo_service.service [req-19a2859a-3e3a-4f4e-a3b4-db457706cb87 - - - - -] database.db_max_retries = 20 log_opt_values /usr/lib/python3/dist-packages/oslo_config/cfg.py:2609
2025-08-11 00:39:00.515 154439 DEBUG oslo_service.service [req-19a2859a-3e3a-4f4e-a3b4-db457706cb87 - - - - -] database.db_max_retry_interval = 10 log_opt_values /usr/lib/python3/dist-packages/oslo_config/cfg.py:2609
2025-08-11 00:39:00.516 154439 DEBUG oslo_service.service [req-19a2859a-3e3a-4f4e-a3b4-db457706cb87 - - - - -] database.db_retry_interval = 1 log_opt_values /usr/lib/python3/dist-packages/oslo_config/cfg.py:2609
2025-08-11 00:39:00.517 154439 DEBUG oslo_service.service [req-19a2859a-3e3a-4f4e-a3b4-db457706cb87 - - - - -] database.max_overflow = 50 log_opt_values /usr/lib/python3/dist-packages/oslo_config/cfg.py:2609
2025-08-11 00:39:00.517 154439 DEBUG oslo_service.service [req-19a2859a-3e3a-4f4e-a3b4-db457706cb87 - - - - -] database.max_pool_size = 4 log_opt_values /usr/lib/python3/dist-packages/oslo_config/cfg.py:2609
2025-08-11 00:39:00.517 154439 DEBUG oslo_service.service [req-19a2859a-3e3a-4f4e-a3b4-db457706cb87 - - - - -] database.max_retries = 10 log_opt_values /usr/lib/python3/dist-packages/oslo_config/cfg.py:2609
2025-08-11 00:39:00.517 154439 DEBUG oslo_service.service [req-19a2859a-3e3a-4f4e-a3b4-db457706cb87 - - - - -] database.mysql_enable_ndb = False log_opt_values /usr/lib/python3/dist-packages/oslo_config/cfg.py:2609
2025-08-11 00:39:00.517 154439 DEBUG oslo_service.service [req-19a2859a-3e3a-4f4e-a3b4-db457706cb87 - - - - -] database.mysql_sql_mode = TRADITIONAL log_opt_values /usr/lib/python3/dist-packages/oslo_config/cfg.py:2609
2025-08-11 00:39:00.518 154439 DEBUG oslo_service.service [req-19a2859a-3e3a-4f4e-a3b4-db457706cb87 - - - - -] database.pool_timeout = None log_opt_values /usr/lib/python3/dist-packages/oslo_config/cfg.py:2609
2025-08-11 00:39:00.518 154439 DEBUG oslo_service.service [req-19a2859a-3e3a-4f4e-a3b4-db457706cb87 - - - - -] database.retry_interval = 10 log_opt_values /usr/lib/python3/dist-packages/oslo_config/cfg.py:2609
2025-08-11 00:39:00.518 154439 DEBUG oslo_service.service [req-19a2859a-3e3a-4f4e-a3b4-db457706cb87 - - - - -] database.slave_connection = **** log_opt_values /usr/lib/python3/dist-packages/oslo_config/cfg.py:2609
2025-08-11 00:39:00.519 154439 DEBUG oslo_service.service [req-19a2859a-3e3a-4f4e-a3b4-db457706cb87 - - - - -] database.sqlite_synchronous = True log_opt_values /usr/lib/python3/dist-packages/oslo_config/cfg.py:2609
2025-08-11 00:39:00.519 154439 DEBUG oslo_service.service [req-19a2859a-3e3a-4f4e-a3b4-db457706cb87 - - - - -] database.use_db_reconnect = False log_opt_values /usr/lib/python3/dist-packages/oslo_config/cfg.py:2609
2025-08-11 00:39:00.519 154439 DEBUG oslo_service.service [req-19a2859a-3e3a-4f4e-a3b4-db457706cb87 - - - - -] api_database.backend = sqlalchemy log_opt_values /usr/lib/python3/dist-packages/oslo_config/cfg.py:2609
2025-08-11 00:39:00.519 154439 DEBUG oslo_service.service [req-19a2859a-3e3a-4f4e-a3b4-db457706cb87 - - - - -] api_database.connection = **** log_opt_values /usr/lib/python3/dist-packages/oslo_config/cfg.py:2609
2025-08-11 00:39:00.519 154439 DEBUG oslo_service.service [req-19a2859a-3e3a-4f4e-a3b4-db457706cb87 - - - - -] api_database.connection_debug = 0 log_opt_values /usr/lib/python3/dist-packages/oslo_config/cfg.py:2609
2025-08-11 00:39:00.519 154439 DEBUG oslo_service.service [req-19a2859a-3e3a-4f4e-a3b4-db457706cb87 - - - - -] api_database.connection_parameters = log_opt_values /usr/lib/python3/dist-packages/oslo_config/cfg.py:2609
2025-08-11 00:39:00.520 154439 DEBUG oslo_service.service [req-19a2859a-3e3a-4f4e-a3b4-db457706cb87 - - - - -] api_database.connection_recycle_time = 3600 log_opt_values /usr/lib/python3/dist-packages/oslo_config/cfg.py:2609
2025-08-11 00:39:00.520 154439 DEBUG oslo_service.service [req-19a2859a-3e3a-4f4e-a3b4-db457706cb87 - - - - -] api_database.connection_trace = False log_opt_values /usr/lib/python3/dist-packages/oslo_config/cfg.py:2609
2025-08-11 00:39:00.520 154439 DEBUG oslo_service.service [req-19a2859a-3e3a-4f4e-a3b4-db457706cb87 - - - - -] api_database.db_inc_retry_interval = True log_opt_values /usr/lib/python3/dist-packages/oslo_config/cfg.py:2609
2025-08-11 00:39:00.520 154439 DEBUG oslo_service.service [req-19a2859a-3e3a-4f4e-a3b4-db457706cb87 - - - - -] api_database.db_max_retries = 20 log_opt_values /usr/lib/python3/dist-packages/oslo_config/cfg.py:2609
2025-08-11 00:39:00.520 154439 DEBUG oslo_service.service [req-19a2859a-3e3a-4f4e-a3b4-db457706cb87 - - - - -] api_database.db_max_retry_interval = 10 log_opt_values /usr/lib/python3/dist-packages/oslo_config/cfg.py:2609
2025-08-11 00:39:00.520 154439 DEBUG oslo_service.service [req-19a2859a-3e3a-4f4e-a3b4-db457706cb87 - - - - -] api_database.db_retry_interval = 1 log_opt_values /usr/lib/python3/dist-packages/oslo_config/cfg.py:2609
2025-08-11 00:39:00.521 154439 DEBUG oslo_service.service [req-19a2859a-3e3a-4f4e-a3b4-db457706cb87 - - - - -] api_database.max_overflow = 50 log_opt_values /usr/lib/python3/dist-packages/oslo_config/cfg.py:2609
2025-08-11 00:39:00.521 154439 DEBUG oslo_service.service [req-19a2859a-3e3a-4f4e-a3b4-db457706cb87 - - - - -] api_database.max_pool_size = 4 log_opt_values /usr/lib/python3/dist-packages/oslo_config/cfg.py:2609
2025-08-11 00:39:00.521 154439 DEBUG oslo_service.service [req-19a2859a-3e3a-4f4e-a3b4-db457706cb87 - - - - -] api_database.max_retries = 10 log_opt_values /usr/lib/python3/dist-packages/oslo_config/cfg.py:2609
2025-08-11 00:39:00.521 154439 DEBUG oslo_service.service [req-19a2859a-3e3a-4f4e-a3b4-db457706cb87 - - - - -] api_database.mysql_enable_ndb = False log_opt_values /usr/lib/python3/dist-packages/oslo_config/cfg.py:2609
2025-08-11 00:39:00.521 154439 DEBUG oslo_service.service [req-19a2859a-3e3a-4f4e-a3b4-db457706cb87 - - - - -] api_database.mysql_sql_mode = TRADITIONAL log_opt_values /usr/lib/python3/dist-packages/oslo_config/cfg.py:2609
2025-08-11 00:39:00.521 154439 DEBUG oslo_service.service [req-19a2859a-3e3a-4f4e-a3b4-db457706cb87 - - - - -] api_database.pool_timeout = None log_opt_values /usr/lib/python3/dist-packages/oslo_config/cfg.py:2609
2025-08-11 00:39:00.522 154439 DEBUG oslo_service.service [req-19a2859a-3e3a-4f4e-a3b4-db457706cb87 - - - - -] api_database.retry_interval = 10 log_opt_values /usr/lib/python3/dist-packages/oslo_config/cfg.py:2609
2025-08-11 00:39:00.522 154439 DEBUG oslo_service.service [req-19a2859a-3e3a-4f4e-a3b4-db457706cb87 - - - - -] api_database.slave_connection = **** log_opt_values /usr/lib/python3/dist-packages/oslo_config/cfg.py:2609
2025-08-11 00:39:00.522 154439 DEBUG oslo_service.service [req-19a2859a-3e3a-4f4e-a3b4-db457706cb87 - - - - -] api_database.sqlite_synchronous = True log_opt_values /usr/lib/python3/dist-packages/oslo_config/cfg.py:2609
2025-08-11 00:39:00.522 154439 DEBUG oslo_service.service [req-19a2859a-3e3a-4f4e-a3b4-db457706cb87 - - - - -] devices.enabled_mdev_types = [] log_opt_values /usr/lib/python3/dist-packages/oslo_config/cfg.py:2609
2025-08-11 00:39:00.522 154439 DEBUG oslo_service.service [req-19a2859a-3e3a-4f4e-a3b4-db457706cb87 - - - - -] ephemeral_storage_encryption.cipher = aes-xts-plain64 log_opt_values /usr/lib/python3/dist-packages/oslo_config/cfg.py:2609
2025-08-11 00:39:00.522 154439 DEBUG oslo_service.service [req-19a2859a-3e3a-4f4e-a3b4-db457706cb87 - - - - -] ephemeral_storage_encryption.enabled = False log_opt_values /usr/lib/python3/dist-packages/oslo_config/cfg.py:2609
2025-08-11 00:39:00.523 154439 DEBUG oslo_service.service [req-19a2859a-3e3a-4f4e-a3b4-db457706cb87 - - - - -] ephemeral_storage_encryption.key_size = 512 log_opt_values /usr/lib/python3/dist-packages/oslo_config/cfg.py:2609
2025-08-11 00:39:00.523 154439 WARNING oslo_config.cfg [req-19a2859a-3e3a-4f4e-a3b4-db457706cb87 - - - - -] Deprecated: Option "api_servers" from group "glance" is deprecated for removal ( Support for image service configuration via standard keystoneauth1 Adapter options was added in the 17.0.0 Queens release. The api_servers option was retained temporarily to allow consumers time to cut over to a real load balancing solution. ). Its value may be silently ignored in the future.
2025-08-11 00:39:00.523 154439 DEBUG oslo_service.service [req-19a2859a-3e3a-4f4e-a3b4-db457706cb87 - - - - -] glance.api_servers = ['http://252.129.163.75:9292'] log_opt_values /usr/lib/python3/dist-packages/oslo_config/cfg.py:2609
2025-08-11 00:39:00.523 154439 DEBUG oslo_service.service [req-19a2859a-3e3a-4f4e-a3b4-db457706cb87 - - - - -] glance.cafile = None log_opt_values /usr/lib/python3/dist-packages/oslo_config/cfg.py:2609
2025-08-11 00:39:00.523 154439 DEBUG oslo_service.service [req-19a2859a-3e3a-4f4e-a3b4-db457706cb87 - - - - -] glance.certfile = None log_opt_values /usr/lib/python3/dist-packages/oslo_config/cfg.py:2609
2025-08-11 00:39:00.524 154439 DEBUG oslo_service.service [req-19a2859a-3e3a-4f4e-a3b4-db457706cb87 - - - - -] glance.collect_timing = False log_opt_values /usr/lib/python3/dist-packages/oslo_config/cfg.py:2609
2025-08-11 00:39:00.524 154439 DEBUG oslo_service.service [req-19a2859a-3e3a-4f4e-a3b4-db457706cb87 - - - - -] glance.connect_retries = None log_opt_values /usr/lib/python3/dist-packages/oslo_config/cfg.py:2609
2025-08-11 00:39:00.524 154439 DEBUG oslo_service.service [req-19a2859a-3e3a-4f4e-a3b4-db457706cb87 - - - - -] glance.connect_retry_delay = None log_opt_values /usr/lib/python3/dist-packages/oslo_config/cfg.py:2609
2025-08-11 00:39:00.524 154439 DEBUG oslo_service.service [req-19a2859a-3e3a-4f4e-a3b4-db457706cb87 - - - - -] glance.debug = False log_opt_values /usr/lib/python3/dist-packages/oslo_config/cfg.py:2609
2025-08-11 00:39:00.524 154439 DEBUG oslo_service.service [req-19a2859a-3e3a-4f4e-a3b4-db457706cb87 - - - - -] glance.default_trusted_certificate_ids = [] log_opt_values /usr/lib/python3/dist-packages/oslo_config/cfg.py:2609
2025-08-11 00:39:00.524 154439 DEBUG oslo_service.service [req-19a2859a-3e3a-4f4e-a3b4-db457706cb87 - - - - -] glance.enable_certificate_validation = False log_opt_values /usr/lib/python3/dist-packages/oslo_config/cfg.py:2609
2025-08-11 00:39:00.524 154865 DEBUG oslo_messaging._drivers.amqpdriver [-] Listener is running poll /usr/lib/python3/dist-packages/oslo_messaging/_drivers/amqpdriver.py:343
2025-08-11 00:39:00.524 154439 DEBUG oslo_service.service [req-19a2859a-3e3a-4f4e-a3b4-db457706cb87 - - - - -] glance.enable_rbd_download = False log_opt_values /usr/lib/python3/dist-packages/oslo_config/cfg.py:2609
2025-08-11 00:39:00.525 154865 DEBUG oslo_messaging._drivers.amqpdriver [-] AMQPListener connection consume poll /usr/lib/python3/dist-packages/oslo_messaging/_drivers/amqpdriver.py:357
2025-08-11 00:39:00.525 154439 DEBUG oslo_service.service [req-19a2859a-3e3a-4f4e-a3b4-db457706cb87 - - - - -] glance.endpoint_override = None log_opt_values /usr/lib/python3/dist-packages/oslo_config/cfg.py:2609
2025-08-11 00:39:00.525 154439 DEBUG oslo_service.service [req-19a2859a-3e3a-4f4e-a3b4-db457706cb87 - - - - -] glance.insecure = False log_opt_values /usr/lib/python3/dist-packages/oslo_config/cfg.py:2609
2025-08-11 00:39:00.525 154439 DEBUG oslo_service.service [req-19a2859a-3e3a-4f4e-a3b4-db457706cb87 - - - - -] glance.keyfile = None log_opt_values /usr/lib/python3/dist-packages/oslo_config/cfg.py:2609
2025-08-11 00:39:00.525 154439 DEBUG oslo_service.service [req-19a2859a-3e3a-4f4e-a3b4-db457706cb87 - - - - -] glance.max_version = None log_opt_values /usr/lib/python3/dist-packages/oslo_config/cfg.py:2609
2025-08-11 00:39:00.525 154865 DEBUG nova.service [req-4fee9c7a-1887-4adf-96d8-b326fe16d7af - - - - -] Join ServiceGroup membership for this service conductor start /usr/lib/python3/dist-packages/nova/service.py:199
2025-08-11 00:39:00.525 154439 DEBUG oslo_service.service [req-19a2859a-3e3a-4f4e-a3b4-db457706cb87 - - - - -] glance.min_version = None log_opt_values /usr/lib/python3/dist-packages/oslo_config/cfg.py:2609
2025-08-11 00:39:00.525 154439 DEBUG oslo_service.service [req-19a2859a-3e3a-4f4e-a3b4-db457706cb87 - - - - -] glance.num_retries = 3 log_opt_values /usr/lib/python3/dist-packages/oslo_config/cfg.py:2609
2025-08-11 00:39:00.525 154865 DEBUG nova.servicegroup.drivers.db [req-4fee9c7a-1887-4adf-96d8-b326fe16d7af - - - - -] DB_Driver: join new ServiceGroup member juju-3da246-0-lxd-7 to the conductor group, service = join /usr/lib/python3/dist-packages/nova/servicegroup/drivers/db.py:44
2025-08-11 00:39:00.526 154439 DEBUG oslo_service.service [req-19a2859a-3e3a-4f4e-a3b4-db457706cb87 - - - - -] glance.rbd_ceph_conf = log_opt_values /usr/lib/python3/dist-packages/oslo_config/cfg.py:2609
2025-08-11 00:39:00.526 154439 DEBUG oslo_service.service [req-19a2859a-3e3a-4f4e-a3b4-db457706cb87 - - - - -] glance.rbd_connect_timeout = 5 log_opt_values /usr/lib/python3/dist-packages/oslo_config/cfg.py:2609
2025-08-11 00:39:00.526 154439 DEBUG oslo_service.service [req-19a2859a-3e3a-4f4e-a3b4-db457706cb87 - - - - -] glance.rbd_pool = log_opt_values /usr/lib/python3/dist-packages/oslo_config/cfg.py:2609
2025-08-11 00:39:00.526 154439 DEBUG oslo_service.service [req-19a2859a-3e3a-4f4e-a3b4-db457706cb87 - - - - -] glance.rbd_user = log_opt_values /usr/lib/python3/dist-packages/oslo_config/cfg.py:2609
2025-08-11 00:39:00.526 154439 DEBUG oslo_service.service [req-19a2859a-3e3a-4f4e-a3b4-db457706cb87 - - - - -] glance.region_name = None log_opt_values /usr/lib/python3/dist-packages/oslo_config/cfg.py:2609
2025-08-11 00:39:00.526 154439 DEBUG oslo_service.service [req-19a2859a-3e3a-4f4e-a3b4-db457706cb87 - - - - -] glance.service_name = None log_opt_values /usr/lib/python3/dist-packages/oslo_config/cfg.py:2609
2025-08-11 00:39:00.526 154439 DEBUG oslo_service.service [req-19a2859a-3e3a-4f4e-a3b4-db457706cb87 - - - - -] glance.service_type = image log_opt_values /usr/lib/python3/dist-packages/oslo_config/cfg.py:2609
2025-08-11 00:39:00.527 154439 DEBUG oslo_service.service [req-19a2859a-3e3a-4f4e-a3b4-db457706cb87 - - - - -] glance.split_loggers = False log_opt_values /usr/lib/python3/dist-packages/oslo_config/cfg.py:2609
2025-08-11 00:39:00.527 154439 DEBUG oslo_service.service [req-19a2859a-3e3a-4f4e-a3b4-db457706cb87 - - - - -] glance.status_code_retries = None log_opt_values /usr/lib/python3/dist-packages/oslo_config/cfg.py:2609
2025-08-11 00:39:00.527 154439 DEBUG oslo_service.service [req-19a2859a-3e3a-4f4e-a3b4-db457706cb87 - - - - -] glance.status_code_retry_delay = None log_opt_values /usr/lib/python3/dist-packages/oslo_config/cfg.py:2609
2025-08-11 00:39:00.527 154439 DEBUG oslo_service.service [req-19a2859a-3e3a-4f4e-a3b4-db457706cb87 - - - - -] glance.timeout = None log_opt_values /usr/lib/python3/dist-packages/oslo_config/cfg.py:2609
2025-08-11 00:39:00.527 154439 DEBUG oslo_service.service [req-19a2859a-3e3a-4f4e-a3b4-db457706cb87 - - - - -] glance.valid_interfaces = ['internal', 'public'] log_opt_values /usr/lib/python3/dist-packages/oslo_config/cfg.py:2609
2025-08-11 00:39:00.527 154439 DEBUG oslo_service.service [req-19a2859a-3e3a-4f4e-a3b4-db457706cb87 - - - - -] glance.verify_glance_signatures = False log_opt_values /usr/lib/python3/dist-packages/oslo_config/cfg.py:2609
2025-08-11 00:39:00.528 154439 DEBUG oslo_service.service [req-19a2859a-3e3a-4f4e-a3b4-db457706cb87 - - - - -] glance.version = None log_opt_values /usr/lib/python3/dist-packages/oslo_config/cfg.py:2609
2025-08-11 00:39:00.528 154439 DEBUG oslo_service.service [req-19a2859a-3e3a-4f4e-a3b4-db457706cb87 - - - - -] guestfs.debug = False log_opt_values /usr/lib/python3/dist-packages/oslo_config/cfg.py:2609
