2025-08-11 00:38:21.404 138983 DEBUG oslo_service.service [req-3fea79f3-6f1e-4895-8a3f-5e44a61aba24 - - - - -] api.vendordata_dynamic_ssl_certfile = log_opt_values /usr/lib/python3/dist-packages/oslo_config/cfg.py:2609
2025-08-11 00:38:21.404 138983 DEBUG oslo_service.service [req-3fea79f3-6f1e-4895-8a3f-5e44a61aba24 - - - - -] api.vendordata_dynamic_targets = [] log_opt_values /usr/lib/python3/dist-packages/oslo_config/cfg.py:2609
2025-08-11 00:38:21.404 138983 DEBUG oslo_service.service [req-3fea79f3-6f1e-4895-8a3f-5e44a61aba24 - - - - -] api.vendordata_jsonfile_path = None log_opt_values /usr/lib/python3/dist-packages/oslo_config/cfg.py:2609
2025-08-11 00:38:21.405 138983 DEBUG oslo_service.service [req-3fea79f3-6f1e-4895-8a3f-5e44a61aba24 - - - - -] api.vendordata_providers = ['StaticJSON'] log_opt_values /usr/lib/python3/dist-packages/oslo_config/cfg.py:2609
2025-08-11 00:38:21.405 138983 DEBUG oslo_service.service [req-3fea79f3-6f1e-4895-8a3f-5e44a61aba24 - - - - -] cache.backend = dogpile.cache.null log_opt_values /usr/lib/python3/dist-packages/oslo_config/cfg.py:2609
2025-08-11 00:38:21.405 138983 DEBUG oslo_service.service [req-3fea79f3-6f1e-4895-8a3f-5e44a61aba24 - - - - -] cache.backend_argument = **** log_opt_values /usr/lib/python3/dist-packages/oslo_config/cfg.py:2609
2025-08-11 00:38:21.405 138983 DEBUG oslo_service.service [req-3fea79f3-6f1e-4895-8a3f-5e44a61aba24 - - - - -] cache.config_prefix = cache.oslo log_opt_values /usr/lib/python3/dist-packages/oslo_config/cfg.py:2609
2025-08-11 00:38:21.405 138983 DEBUG oslo_service.service [req-3fea79f3-6f1e-4895-8a3f-5e44a61aba24 - - - - -] cache.debug_cache_backend = False log_opt_values /usr/lib/python3/dist-packages/oslo_config/cfg.py:2609
2025-08-11 00:38:21.406 138983 DEBUG oslo_service.service [req-3fea79f3-6f1e-4895-8a3f-5e44a61aba24 - - - - -] cache.enabled = False log_opt_values /usr/lib/python3/dist-packages/oslo_config/cfg.py:2609
2025-08-11 00:38:21.406 138983 DEBUG oslo_service.service [req-3fea79f3-6f1e-4895-8a3f-5e44a61aba24 - - - - -] cache.expiration_time = 600 log_opt_values /usr/lib/python3/dist-packages/oslo_config/cfg.py:2609
2025-08-11 00:38:21.406 138983 DEBUG oslo_service.service [req-3fea79f3-6f1e-4895-8a3f-5e44a61aba24 - - - - -] cache.memcache_dead_retry = 300 log_opt_values /usr/lib/python3/dist-packages/oslo_config/cfg.py:2609
2025-08-11 00:38:21.406 138983 DEBUG oslo_service.service [req-3fea79f3-6f1e-4895-8a3f-5e44a61aba24 - - - - -] cache.memcache_pool_connection_get_timeout = 10 log_opt_values /usr/lib/python3/dist-packages/oslo_config/cfg.py:2609
2025-08-11 00:38:21.406 138983 DEBUG oslo_service.service [req-3fea79f3-6f1e-4895-8a3f-5e44a61aba24 - - - - -] cache.memcache_pool_flush_on_reconnect = False log_opt_values /usr/lib/python3/dist-packages/oslo_config/cfg.py:2609
2025-08-11 00:38:21.406 138983 DEBUG oslo_service.service [req-3fea79f3-6f1e-4895-8a3f-5e44a61aba24 - - - - -] cache.memcache_pool_maxsize = 10 log_opt_values /usr/lib/python3/dist-packages/oslo_config/cfg.py:2609
2025-08-11 00:38:21.407 138983 DEBUG oslo_service.service [req-3fea79f3-6f1e-4895-8a3f-5e44a61aba24 - - - - -] cache.memcache_pool_unused_timeout = 60 log_opt_values /usr/lib/python3/dist-packages/oslo_config/cfg.py:2609
2025-08-11 00:38:21.407 138983 DEBUG oslo_service.service [req-3fea79f3-6f1e-4895-8a3f-5e44a61aba24 - - - - -] cache.memcache_servers = ['localhost:11211'] log_opt_values /usr/lib/python3/dist-packages/oslo_config/cfg.py:2609
2025-08-11 00:38:21.407 138983 DEBUG oslo_service.service [req-3fea79f3-6f1e-4895-8a3f-5e44a61aba24 - - - - -] cache.memcache_socket_timeout = 1.0 log_opt_values /usr/lib/python3/dist-packages/oslo_config/cfg.py:2609
2025-08-11 00:38:21.407 138983 DEBUG oslo_service.service [req-3fea79f3-6f1e-4895-8a3f-5e44a61aba24 - - - - -] cache.proxies = [] log_opt_values /usr/lib/python3/dist-packages/oslo_config/cfg.py:2609
2025-08-11 00:38:21.407 138983 DEBUG oslo_service.service [req-3fea79f3-6f1e-4895-8a3f-5e44a61aba24 - - - - -] cache.tls_allowed_ciphers = None log_opt_values /usr/lib/python3/dist-packages/oslo_config/cfg.py:2609
2025-08-11 00:38:21.407 138983 DEBUG oslo_service.service [req-3fea79f3-6f1e-4895-8a3f-5e44a61aba24 - - - - -] cache.tls_cafile = None log_opt_values /usr/lib/python3/dist-packages/oslo_config/cfg.py:2609
2025-08-11 00:38:21.408 138983 DEBUG oslo_service.service [req-3fea79f3-6f1e-4895-8a3f-5e44a61aba24 - - - - -] cache.tls_certfile = None log_opt_values /usr/lib/python3/dist-packages/oslo_config/cfg.py:2609
2025-08-11 00:38:21.408 138983 DEBUG oslo_service.service [req-3fea79f3-6f1e-4895-8a3f-5e44a61aba24 - - - - -] cache.tls_enabled = False log_opt_values /usr/lib/python3/dist-packages/oslo_config/cfg.py:2609
2025-08-11 00:38:21.408 138983 DEBUG oslo_service.service [req-3fea79f3-6f1e-4895-8a3f-5e44a61aba24 - - - - -] cache.tls_keyfile = None log_opt_values /usr/lib/python3/dist-packages/oslo_config/cfg.py:2609
2025-08-11 00:38:21.408 138983 DEBUG oslo_service.service [req-3fea79f3-6f1e-4895-8a3f-5e44a61aba24 - - - - -] cinder.auth_section = None log_opt_values /usr/lib/python3/dist-packages/oslo_config/cfg.py:2609
2025-08-11 00:38:21.408 138983 DEBUG oslo_service.service [req-3fea79f3-6f1e-4895-8a3f-5e44a61aba24 - - - - -] cinder.auth_type = None log_opt_values /usr/lib/python3/dist-packages/oslo_config/cfg.py:2609
2025-08-11 00:38:21.408 138983 DEBUG oslo_service.service [req-3fea79f3-6f1e-4895-8a3f-5e44a61aba24 - - - - -] cinder.cafile = None log_opt_values /usr/lib/python3/dist-packages/oslo_config/cfg.py:2609
2025-08-11 00:38:21.409 138983 DEBUG oslo_service.service [req-3fea79f3-6f1e-4895-8a3f-5e44a61aba24 - - - - -] cinder.catalog_info = volumev3::publicURL log_opt_values /usr/lib/python3/dist-packages/oslo_config/cfg.py:2609
2025-08-11 00:38:21.409 138983 DEBUG oslo_service.service [req-3fea79f3-6f1e-4895-8a3f-5e44a61aba24 - - - - -] cinder.certfile = None log_opt_values /usr/lib/python3/dist-packages/oslo_config/cfg.py:2609
2025-08-11 00:38:21.409 139747 DEBUG oslo_messaging._drivers.amqpdriver [-] Listener is running poll /usr/lib/python3/dist-packages/oslo_messaging/_drivers/amqpdriver.py:343
2025-08-11 00:38:21.409 138983 DEBUG oslo_service.service [req-3fea79f3-6f1e-4895-8a3f-5e44a61aba24 - - - - -] cinder.collect_timing = False log_opt_values /usr/lib/python3/dist-packages/oslo_config/cfg.py:2609
2025-08-11 00:38:21.409 139747 DEBUG oslo_messaging._drivers.amqpdriver [-] AMQPListener connection consume poll /usr/lib/python3/dist-packages/oslo_messaging/_drivers/amqpdriver.py:357
2025-08-11 00:38:21.409 138983 DEBUG oslo_service.service [req-3fea79f3-6f1e-4895-8a3f-5e44a61aba24 - - - - -] cinder.cross_az_attach = True log_opt_values /usr/lib/python3/dist-packages/oslo_config/cfg.py:2609
2025-08-11 00:38:21.409 138983 DEBUG oslo_service.service [req-3fea79f3-6f1e-4895-8a3f-5e44a61aba24 - - - - -] cinder.debug = False log_opt_values /usr/lib/python3/dist-packages/oslo_config/cfg.py:2609
2025-08-11 00:38:21.410 139747 DEBUG nova.service [req-9066b451-8b9c-45a3-b893-5eb33cb48ed4 - - - - -] Join ServiceGroup membership for this service conductor start /usr/lib/python3/dist-packages/nova/service.py:199
2025-08-11 00:38:21.410 139747 DEBUG nova.servicegroup.drivers.db [req-9066b451-8b9c-45a3-b893-5eb33cb48ed4 - - - - -] DB_Driver: join new ServiceGroup member juju-3da246-0-lxd-7 to the conductor group, service = join /usr/lib/python3/dist-packages/nova/servicegroup/drivers/db.py:44
2025-08-11 00:38:21.409 138983 DEBUG oslo_service.service [req-3fea79f3-6f1e-4895-8a3f-5e44a61aba24 - - - - -] cinder.endpoint_template = None log_opt_values /usr/lib/python3/dist-packages/oslo_config/cfg.py:2609
2025-08-11 00:38:21.410 138983 DEBUG oslo_service.service [req-3fea79f3-6f1e-4895-8a3f-5e44a61aba24 - - - - -] cinder.http_retries = 3 log_opt_values /usr/lib/python3/dist-packages/oslo_config/cfg.py:2609
2025-08-11 00:38:21.410 139748 DEBUG oslo_messaging._drivers.amqpdriver [-] Listener is running poll /usr/lib/python3/dist-packages/oslo_messaging/_drivers/amqpdriver.py:343
2025-08-11 00:38:21.410 138983 DEBUG oslo_service.service [req-3fea79f3-6f1e-4895-8a3f-5e44a61aba24 - - - - -] cinder.insecure = False log_opt_values /usr/lib/python3/dist-packages/oslo_config/cfg.py:2609
2025-08-11 00:38:21.411 139748 DEBUG oslo_messaging._drivers.amqpdriver [-] AMQPListener connection consume poll /usr/lib/python3/dist-packages/oslo_messaging/_drivers/amqpdriver.py:357
2025-08-11 00:38:21.411 139747 DEBUG oslo_messaging._drivers.amqpdriver [-] received message msg_id: d05a206316b841cd9542d0fad6bcc338 reply to reply_98745108b02845469e8856a7b3f8815d __call__ /usr/lib/python3/dist-packages/oslo_messaging/_drivers/amqpdriver.py:320
2025-08-11 00:38:21.411 138983 DEBUG oslo_service.service [req-3fea79f3-6f1e-4895-8a3f-5e44a61aba24 - - - - -] cinder.keyfile = None log_opt_values /usr/lib/python3/dist-packages/oslo_config/cfg.py:2609
2025-08-11 00:38:21.411 138983 DEBUG oslo_service.service [req-3fea79f3-6f1e-4895-8a3f-5e44a61aba24 - - - - -] cinder.os_region_name = None log_opt_values /usr/lib/python3/dist-packages/oslo_config/cfg.py:2609
2025-08-11 00:38:21.411 138983 DEBUG oslo_service.service [req-3fea79f3-6f1e-4895-8a3f-5e44a61aba24 - - - - -] cinder.split_loggers = False log_opt_values /usr/lib/python3/dist-packages/oslo_config/cfg.py:2609
2025-08-11 00:38:21.411 139748 DEBUG nova.service [req-2ac7e2bf-98f1-4f33-898d-e7a1cded984a - - - - -] Join ServiceGroup membership for this service conductor start /usr/lib/python3/dist-packages/nova/service.py:199
2025-08-11 00:38:21.412 138983 DEBUG oslo_service.service [req-3fea79f3-6f1e-4895-8a3f-5e44a61aba24 - - - - -] cinder.timeout = None log_opt_values /usr/lib/python3/dist-packages/oslo_config/cfg.py:2609
2025-08-11 00:38:21.412 139748 DEBUG nova.servicegroup.drivers.db [req-2ac7e2bf-98f1-4f33-898d-e7a1cded984a - - - - -] DB_Driver: join new ServiceGroup member juju-3da246-0-lxd-7 to the conductor group, service = join /usr/lib/python3/dist-packages/nova/servicegroup/drivers/db.py:44
2025-08-11 00:38:21.412 138983 DEBUG oslo_service.service [req-3fea79f3-6f1e-4895-8a3f-5e44a61aba24 - - - - -] compute.consecutive_build_service_disable_threshold = 10 log_opt_values /usr/lib/python3/dist-packages/oslo_config/cfg.py:2609
2025-08-11 00:38:21.412 138983 DEBUG oslo_service.service [req-3fea79f3-6f1e-4895-8a3f-5e44a61aba24 - - - - -] compute.cpu_dedicated_set = None log_opt_values /usr/lib/python3/dist-packages/oslo_config/cfg.py:2609
2025-08-11 00:38:21.412 138983 DEBUG oslo_service.service [req-3fea79f3-6f1e-4895-8a3f-5e44a61aba24 - - - - -] compute.cpu_shared_set = None log_opt_values /usr/lib/python3/dist-packages/oslo_config/cfg.py:2609
2025-08-11 00:38:21.412 138983 DEBUG oslo_service.service [req-3fea79f3-6f1e-4895-8a3f-5e44a61aba24 - - - - -] compute.image_type_exclude_list = [] log_opt_values /usr/lib/python3/dist-packages/oslo_config/cfg.py:2609
2025-08-11 00:38:21.412 138983 DEBUG oslo_service.service [req-3fea79f3-6f1e-4895-8a3f-5e44a61aba24 - - - - -] compute.live_migration_wait_for_vif_plug = True log_opt_values /usr/lib/python3/dist-packages/oslo_config/cfg.py:2609
2025-08-11 00:38:21.413 138983 DEBUG oslo_service.service [req-3fea79f3-6f1e-4895-8a3f-5e44a61aba24 - - - - -] compute.max_concurrent_disk_ops = 0 log_opt_values /usr/lib/python3/dist-packages/oslo_config/cfg.py:2609
2025-08-11 00:38:21.413 139747 DEBUG oslo_messaging._drivers.amqpdriver [-] AMQPListener connection timeout poll /usr/lib/python3/dist-packages/oslo_messaging/_drivers/amqpdriver.py:360
2025-08-11 00:38:21.413 138983 DEBUG oslo_service.service [req-3fea79f3-6f1e-4895-8a3f-5e44a61aba24 - - - - -] compute.max_disk_devices_to_attach = -1 log_opt_values /usr/lib/python3/dist-packages/oslo_config/cfg.py:2609
2025-08-11 00:38:21.413 139747 DEBUG oslo_messaging._drivers.amqpdriver [-] Listener is running poll /usr/lib/python3/dist-packages/oslo_messaging/_drivers/amqpdriver.py:343
2025-08-11 00:38:21.413 139747 DEBUG oslo_messaging._drivers.amqpdriver [-] Poll the incoming message with unique_id: 96f1a8a631434fa0812b78b02dedf665 poll /usr/lib/python3/dist-packages/oslo_messaging/_drivers/amqpdriver.py:346
2025-08-11 00:38:21.413 138983 DEBUG oslo_service.service [req-3fea79f3-6f1e-4895-8a3f-5e44a61aba24 - - - - -] compute.packing_host_numa_cells_allocation_strategy = True log_opt_values /usr/lib/python3/dist-packages/oslo_config/cfg.py:2609
2025-08-11 00:38:21.413 138983 DEBUG oslo_service.service [req-3fea79f3-6f1e-4895-8a3f-5e44a61aba24 - - - - -] compute.provider_config_location = /etc/nova/provider_config/ log_opt_values /usr/lib/python3/dist-packages/oslo_config/cfg.py:2609
2025-08-11 00:38:21.413 139747 DEBUG oslo_messaging._drivers.amqpdriver [-] Listener is running poll /usr/lib/python3/dist-packages/oslo_messaging/_drivers/amqpdriver.py:343
2025-08-11 00:38:21.413 138983 DEBUG oslo_service.service [req-3fea79f3-6f1e-4895-8a3f-5e44a61aba24 - - - - -] compute.resource_provider_association_refresh = 300 log_opt_values /usr/lib/python3/dist-packages/oslo_config/cfg.py:2609
2025-08-11 00:38:21.413 139747 DEBUG oslo_messaging._drivers.amqpdriver [-] AMQPListener connection consume poll /usr/lib/python3/dist-packages/oslo_messaging/_drivers/amqpdriver.py:357
2025-08-11 00:38:21.413 138983 DEBUG oslo_service.service [req-3fea79f3-6f1e-4895-8a3f-5e44a61aba24 - - - - -] compute.shutdown_retry_interval = 10 log_opt_values /usr/lib/python3/dist-packages/oslo_config/cfg.py:2609
2025-08-11 00:38:21.414 138983 DEBUG oslo_service.service [req-3fea79f3-6f1e-4895-8a3f-5e44a61aba24 - - - - -] compute.vmdk_allowed_types = ['streamOptimized', 'monolithicSparse'] log_opt_values /usr/lib/python3/dist-packages/oslo_config/cfg.py:2609
2025-08-11 00:38:21.414 138983 DEBUG oslo_service.service [req-3fea79f3-6f1e-4895-8a3f-5e44a61aba24 - - - - -] conductor.workers = 4 log_opt_values /usr/lib/python3/dist-packages/oslo_config/cfg.py:2609
2025-08-11 00:38:21.414 138983 DEBUG oslo_service.service [req-3fea79f3-6f1e-4895-8a3f-5e44a61aba24 - - - - -] console.allowed_origins = [] log_opt_values /usr/lib/python3/dist-packages/oslo_config/cfg.py:2609
2025-08-11 00:38:21.414 139748 DEBUG oslo_messaging._drivers.amqpdriver [-] AMQPListener connection timeout poll /usr/lib/python3/dist-packages/oslo_messaging/_drivers/amqpdriver.py:360
2025-08-11 00:38:21.414 139748 DEBUG oslo_messaging._drivers.amqpdriver [-] Listener is running poll /usr/lib/python3/dist-packages/oslo_messaging/_drivers/amqpdriver.py:343
2025-08-11 00:38:21.414 138983 DEBUG oslo_service.service [req-3fea79f3-6f1e-4895-8a3f-5e44a61aba24 - - - - -] console.ssl_ciphers = None log_opt_values /usr/lib/python3/dist-packages/oslo_config/cfg.py:2609
2025-08-11 00:38:21.414 138983 DEBUG oslo_service.service [req-3fea79f3-6f1e-4895-8a3f-5e44a61aba24 - - - - -] console.ssl_minimum_version = default log_opt_values /usr/lib/python3/dist-packages/oslo_config/cfg.py:2609
2025-08-11 00:38:21.414 139748 DEBUG oslo_messaging._drivers.amqpdriver [-] AMQPListener connection consume poll /usr/lib/python3/dist-packages/oslo_messaging/_drivers/amqpdriver.py:357
2025-08-11 00:38:21.415 138983 DEBUG oslo_service.service [req-3fea79f3-6f1e-4895-8a3f-5e44a61aba24 - - - - -] consoleauth.token_ttl = 600 log_opt_values /usr/lib/python3/dist-packages/oslo_config/cfg.py:2609
2025-08-11 00:38:21.415 138983 DEBUG oslo_service.service [req-3fea79f3-6f1e-4895-8a3f-5e44a61aba24 - - - - -] cyborg.cafile = None log_opt_values /usr/lib/python3/dist-packages/oslo_config/cfg.py:2609
2025-08-11 00:38:21.415 138983 DEBUG oslo_service.service [req-3fea79f3-6f1e-4895-8a3f-5e44a61aba24 - - - - -] cyborg.certfile = None log_opt_values /usr/lib/python3/dist-packages/oslo_config/cfg.py:2609
2025-08-11 00:38:21.415 138983 DEBUG oslo_service.service [req-3fea79f3-6f1e-4895-8a3f-5e44a61aba24 - - - - -] cyborg.collect_timing = False log_opt_values /usr/lib/python3/dist-packages/oslo_config/cfg.py:2609
2025-08-11 00:38:21.415 138983 DEBUG oslo_service.service [req-3fea79f3-6f1e-4895-8a3f-5e44a61aba24 - - - - -] cyborg.connect_retries = None log_opt_values /usr/lib/python3/dist-packages/oslo_config/cfg.py:2609
2025-08-11 00:38:21.415 138983 DEBUG oslo_service.service [req-3fea79f3-6f1e-4895-8a3f-5e44a61aba24 - - - - -] cyborg.connect_retry_delay = None log_opt_values /usr/lib/python3/dist-packages/oslo_config/cfg.py:2609
2025-08-11 00:38:21.416 138983 DEBUG oslo_service.service [req-3fea79f3-6f1e-4895-8a3f-5e44a61aba24 - - - - -] cyborg.endpoint_override = None log_opt_values /usr/lib/python3/dist-packages/oslo_config/cfg.py:2609
2025-08-11 00:38:21.416 138983 DEBUG oslo_service.service [req-3fea79f3-6f1e-4895-8a3f-5e44a61aba24 - - - - -] cyborg.insecure = False log_opt_values /usr/lib/python3/dist-packages/oslo_config/cfg.py:2609
2025-08-11 00:38:21.416 138983 DEBUG oslo_service.service [req-3fea79f3-6f1e-4895-8a3f-5e44a61aba24 - - - - -] cyborg.keyfile = None log_opt_values /usr/lib/python3/dist-packages/oslo_config/cfg.py:2609
2025-08-11 00:38:21.416 138983 DEBUG oslo_service.service [req-3fea79f3-6f1e-4895-8a3f-5e44a61aba24 - - - - -] cyborg.max_version = None log_opt_values /usr/lib/python3/dist-packages/oslo_config/cfg.py:2609
2025-08-11 00:38:21.416 138983 DEBUG oslo_service.service [req-3fea79f3-6f1e-4895-8a3f-5e44a61aba24 - - - - -] cyborg.min_version = None log_opt_values /usr/lib/python3/dist-packages/oslo_config/cfg.py:2609
2025-08-11 00:38:21.416 138983 DEBUG oslo_service.service [req-3fea79f3-6f1e-4895-8a3f-5e44a61aba24 - - - - -] cyborg.region_name = None log_opt_values /usr/lib/python3/dist-packages/oslo_config/cfg.py:2609
2025-08-11 00:38:21.417 138983 DEBUG oslo_service.service [req-3fea79f3-6f1e-4895-8a3f-5e44a61aba24 - - - - -] cyborg.service_name = None log_opt_values /usr/lib/python3/dist-packages/oslo_config/cfg.py:2609
2025-08-11 00:38:21.417 138983 DEBUG oslo_service.service [req-3fea79f3-6f1e-4895-8a3f-5e44a61aba24 - - - - -] cyborg.service_type = accelerator log_opt_values /usr/lib/python3/dist-packages/oslo_config/cfg.py:2609
2025-08-11 00:38:21.417 138983 DEBUG oslo_service.service [req-3fea79f3-6f1e-4895-8a3f-5e44a61aba24 - - - - -] cyborg.split_loggers = False log_opt_values /usr/lib/python3/dist-packages/oslo_config/cfg.py:2609
2025-08-11 00:38:21.417 138983 DEBUG oslo_service.service [req-3fea79f3-6f1e-4895-8a3f-5e44a61aba24 - - - - -] cyborg.status_code_retries = None log_opt_values /usr/lib/python3/dist-packages/oslo_config/cfg.py:2609
2025-08-11 00:38:21.417 138983 DEBUG oslo_service.service [req-3fea79f3-6f1e-4895-8a3f-5e44a61aba24 - - - - -] cyborg.status_code_retry_delay = None log_opt_values /usr/lib/python3/dist-packages/oslo_config/cfg.py:2609
2025-08-11 00:38:21.417 138983 DEBUG oslo_service.service [req-3fea79f3-6f1e-4895-8a3f-5e44a61aba24 - - - - -] cyborg.timeout = None log_opt_values /usr/lib/python3/dist-packages/oslo_config/cfg.py:2609
2025-08-11 00:38:21.418 138983 DEBUG oslo_service.service [req-3fea79f3-6f1e-4895-8a3f-5e44a61aba24 - - - - -] cyborg.valid_interfaces = ['internal', 'public'] log_opt_values /usr/lib/python3/dist-packages/oslo_config/cfg.py:2609
2025-08-11 00:38:21.418 138983 DEBUG oslo_service.service [req-3fea79f3-6f1e-4895-8a3f-5e44a61aba24 - - - - -] cyborg.version = None log_opt_values /usr/lib/python3/dist-packages/oslo_config/cfg.py:2609
2025-08-11 00:38:21.417 139747 DEBUG oslo_messaging._drivers.amqpdriver [req-b5d8631f-cb35-4129-b0cd-0d04ab302c74 - - - - -] sending reply msg_id: d05a206316b841cd9542d0fad6bcc338 reply queue: reply_98745108b02845469e8856a7b3f8815d time elapsed: 0.006463609000093129s _send_reply /usr/lib/python3/dist-packages/oslo_messaging/_drivers/amqpdriver.py:118
2025-08-11 00:38:21.418 138983 DEBUG oslo_service.service [req-3fea79f3-6f1e-4895-8a3f-5e44a61aba24 - - - - -] database.backend = sqlalchemy log_opt_values /usr/lib/python3/dist-packages/oslo_config/cfg.py:2609
2025-08-11 00:38:21.418 138983 DEBUG oslo_service.service [req-3fea79f3-6f1e-4895-8a3f-5e44a61aba24 - - - - -] database.connection = **** log_opt_values /usr/lib/python3/dist-packages/oslo_config/cfg.py:2609
2025-08-11 00:38:21.418 138983 DEBUG oslo_service.service [req-3fea79f3-6f1e-4895-8a3f-5e44a61aba24 - - - - -] database.connection_debug = 0 log_opt_values /usr/lib/python3/dist-packages/oslo_config/cfg.py:2609
2025-08-11 00:38:21.419 138983 DEBUG oslo_service.service [req-3fea79f3-6f1e-4895-8a3f-5e44a61aba24 - - - - -] database.connection_parameters = log_opt_values /usr/lib/python3/dist-packages/oslo_config/cfg.py:2609
2025-08-11 00:38:21.419 138983 DEBUG oslo_service.service [req-3fea79f3-6f1e-4895-8a3f-5e44a61aba24 - - - - -] database.connection_recycle_time = 3600 log_opt_values /usr/lib/python3/dist-packages/oslo_config/cfg.py:2609
2025-08-11 00:38:21.419 138983 DEBUG oslo_service.service [req-3fea79f3-6f1e-4895-8a3f-5e44a61aba24 - - - - -] database.connection_trace = False log_opt_values /usr/lib/python3/dist-packages/oslo_config/cfg.py:2609
2025-08-11 00:38:21.419 138983 DEBUG oslo_service.service [req-3fea79f3-6f1e-4895-8a3f-5e44a61aba24 - - - - -] database.db_inc_retry_interval = True log_opt_values /usr/lib/python3/dist-packages/oslo_config/cfg.py:2609
2025-08-11 00:38:21.419 138983 DEBUG oslo_service.service [req-3fea79f3-6f1e-4895-8a3f-5e44a61aba24 - - - - -] database.db_max_retries = 20 log_opt_values /usr/lib/python3/dist-packages/oslo_config/cfg.py:2609
2025-08-11 00:38:21.420 138983 DEBUG oslo_service.service [req-3fea79f3-6f1e-4895-8a3f-5e44a61aba24 - - - - -] database.db_max_retry_interval = 10 log_opt_values /usr/lib/python3/dist-packages/oslo_config/cfg.py:2609
2025-08-11 00:38:21.420 138983 DEBUG oslo_service.service [req-3fea79f3-6f1e-4895-8a3f-5e44a61aba24 - - - - -] database.db_retry_interval = 1 log_opt_values /usr/lib/python3/dist-packages/oslo_config/cfg.py:2609
2025-08-11 00:38:21.420 138983 DEBUG oslo_service.service [req-3fea79f3-6f1e-4895-8a3f-5e44a61aba24 - - - - -] database.max_overflow = 50 log_opt_values /usr/lib/python3/dist-packages/oslo_config/cfg.py:2609
2025-08-11 00:38:21.420 138983 DEBUG oslo_service.service [req-3fea79f3-6f1e-4895-8a3f-5e44a61aba24 - - - - -] database.max_pool_size = 4 log_opt_values /usr/lib/python3/dist-packages/oslo_config/cfg.py:2609
2025-08-11 00:38:21.420 138983 DEBUG oslo_service.service [req-3fea79f3-6f1e-4895-8a3f-5e44a61aba24 - - - - -] database.max_retries = 10 log_opt_values /usr/lib/python3/dist-packages/oslo_config/cfg.py:2609
2025-08-11 00:38:21.420 138983 DEBUG oslo_service.service [req-3fea79f3-6f1e-4895-8a3f-5e44a61aba24 - - - - -] database.mysql_enable_ndb = False log_opt_values /usr/lib/python3/dist-packages/oslo_config/cfg.py:2609
2025-08-11 00:38:21.421 138983 DEBUG oslo_service.service [req-3fea79f3-6f1e-4895-8a3f-5e44a61aba24 - - - - -] database.mysql_sql_mode = TRADITIONAL log_opt_values /usr/lib/python3/dist-packages/oslo_config/cfg.py:2609
2025-08-11 00:38:21.421 138983 DEBUG oslo_service.service [req-3fea79f3-6f1e-4895-8a3f-5e44a61aba24 - - - - -] database.pool_timeout = None log_opt_values /usr/lib/python3/dist-packages/oslo_config/cfg.py:2609
2025-08-11 00:38:21.421 138983 DEBUG oslo_service.service [req-3fea79f3-6f1e-4895-8a3f-5e44a61aba24 - - - - -] database.retry_interval = 10 log_opt_values /usr/lib/python3/dist-packages/oslo_config/cfg.py:2609
2025-08-11 00:38:21.421 138983 DEBUG oslo_service.service [req-3fea79f3-6f1e-4895-8a3f-5e44a61aba24 - - - - -] database.slave_connection = **** log_opt_values /usr/lib/python3/dist-packages/oslo_config/cfg.py:2609
2025-08-11 00:38:21.421 138983 DEBUG oslo_service.service [req-3fea79f3-6f1e-4895-8a3f-5e44a61aba24 - - - - -] database.sqlite_synchronous = True log_opt_values /usr/lib/python3/dist-packages/oslo_config/cfg.py:2609
2025-08-11 00:38:21.421 138983 DEBUG oslo_service.service [req-3fea79f3-6f1e-4895-8a3f-5e44a61aba24 - - - - -] database.use_db_reconnect = False log_opt_values /usr/lib/python3/dist-packages/oslo_config/cfg.py:2609
2025-08-11 00:38:21.422 138983 DEBUG oslo_service.service [req-3fea79f3-6f1e-4895-8a3f-5e44a61aba24 - - - - -] api_database.backend = sqlalchemy log_opt_values /usr/lib/python3/dist-packages/oslo_config/cfg.py:2609
2025-08-11 00:38:21.422 138983 DEBUG oslo_service.service [req-3fea79f3-6f1e-4895-8a3f-5e44a61aba24 - - - - -] api_database.connection = **** log_opt_values /usr/lib/python3/dist-packages/oslo_config/cfg.py:2609
2025-08-11 00:38:21.422 138983 DEBUG oslo_service.service [req-3fea79f3-6f1e-4895-8a3f-5e44a61aba24 - - - - -] api_database.connection_debug = 0 log_opt_values /usr/lib/python3/dist-packages/oslo_config/cfg.py:2609
2025-08-11 00:38:21.422 138983 DEBUG oslo_service.service [req-3fea79f3-6f1e-4895-8a3f-5e44a61aba24 - - - - -] api_database.connection_parameters = log_opt_values /usr/lib/python3/dist-packages/oslo_config/cfg.py:2609
2025-08-11 00:38:21.422 138983 DEBUG oslo_service.service [req-3fea79f3-6f1e-4895-8a3f-5e44a61aba24 - - - - -] api_database.connection_recycle_time = 3600 log_opt_values /usr/lib/python3/dist-packages/oslo_config/cfg.py:2609
2025-08-11 00:38:21.423 138983 DEBUG oslo_service.service [req-3fea79f3-6f1e-4895-8a3f-5e44a61aba24 - - - - -] api_database.connection_trace = False log_opt_values /usr/lib/python3/dist-packages/oslo_config/cfg.py:2609
2025-08-11 00:38:21.423 138983 DEBUG oslo_service.service [req-3fea79f3-6f1e-4895-8a3f-5e44a61aba24 - - - - -] api_database.db_inc_retry_interval = True log_opt_values /usr/lib/python3/dist-packages/oslo_config/cfg.py:2609
2025-08-11 00:38:21.423 138983 DEBUG oslo_service.service [req-3fea79f3-6f1e-4895-8a3f-5e44a61aba24 - - - - -] api_database.db_max_retries = 20 log_opt_values /usr/lib/python3/dist-packages/oslo_config/cfg.py:2609
2025-08-11 00:38:21.423 139749 DEBUG oslo_db.sqlalchemy.engines [req-bc48f850-6b1c-4d07-92e5-b41f23e97fd8 - - - - -] MySQL server mode set to STRICT_TRANS_TABLES,STRICT_ALL_TABLES,NO_ZERO_IN_DATE,NO_ZERO_DATE,ERROR_FOR_DIVISION_BY_ZERO,TRADITIONAL,NO_ENGINE_SUBSTITUTION _check_effective_sql_mode /usr/lib/python3/dist-packages/oslo_db/sqlalchemy/engines.py:314
2025-08-11 00:38:21.423 138983 DEBUG oslo_service.service [req-3fea79f3-6f1e-4895-8a3f-5e44a61aba24 - - - - -] api_database.db_max_retry_interval = 10 log_opt_values /usr/lib/python3/dist-packages/oslo_config/cfg.py:2609
2025-08-11 00:38:21.423 138983 DEBUG oslo_service.service [req-3fea79f3-6f1e-4895-8a3f-5e44a61aba24 - - - - -] api_database.db_retry_interval = 1 log_opt_values /usr/lib/python3/dist-packages/oslo_config/cfg.py:2609
2025-08-11 00:38:21.423 138983 DEBUG oslo_service.service [req-3fea79f3-6f1e-4895-8a3f-5e44a61aba24 - - - - -] api_database.max_overflow = 50 log_opt_values /usr/lib/python3/dist-packages/oslo_config/cfg.py:2609
2025-08-11 00:38:21.424 138983 DEBUG oslo_service.service [req-3fea79f3-6f1e-4895-8a3f-5e44a61aba24 - - - - -] api_database.max_pool_size = 4 log_opt_values /usr/lib/python3/dist-packages/oslo_config/cfg.py:2609
2025-08-11 00:38:21.424 138983 DEBUG oslo_service.service [req-3fea79f3-6f1e-4895-8a3f-5e44a61aba24 - - - - -] api_database.max_retries = 10 log_opt_values /usr/lib/python3/dist-packages/oslo_config/cfg.py:2609
2025-08-11 00:38:21.424 138983 DEBUG oslo_service.service [req-3fea79f3-6f1e-4895-8a3f-5e44a61aba24 - - - - -] api_database.mysql_enable_ndb = False log_opt_values /usr/lib/python3/dist-packages/oslo_config/cfg.py:2609
2025-08-11 00:38:21.424 138983 DEBUG oslo_service.service [req-3fea79f3-6f1e-4895-8a3f-5e44a61aba24 - - - - -] api_database.mysql_sql_mode = TRADITIONAL log_opt_values /usr/lib/python3/dist-packages/oslo_config/cfg.py:2609
2025-08-11 00:38:21.424 138983 DEBUG oslo_service.service [req-3fea79f3-6f1e-4895-8a3f-5e44a61aba24 - - - - -] api_database.pool_timeout = None log_opt_values /usr/lib/python3/dist-packages/oslo_config/cfg.py:2609
2025-08-11 00:38:21.424 138983 DEBUG oslo_service.service [req-3fea79f3-6f1e-4895-8a3f-5e44a61aba24 - - - - -] api_database.retry_interval = 10 log_opt_values /usr/lib/python3/dist-packages/oslo_config/cfg.py:2609
2025-08-11 00:38:21.425 138983 DEBUG oslo_service.service [req-3fea79f3-6f1e-4895-8a3f-5e44a61aba24 - - - - -] api_database.slave_connection = **** log_opt_values /usr/lib/python3/dist-packages/oslo_config/cfg.py:2609
2025-08-11 00:38:21.425 138983 DEBUG oslo_service.service [req-3fea79f3-6f1e-4895-8a3f-5e44a61aba24 - - - - -] api_database.sqlite_synchronous = True log_opt_values /usr/lib/python3/dist-packages/oslo_config/cfg.py:2609
2025-08-11 00:38:21.425 138983 DEBUG oslo_service.service [req-3fea79f3-6f1e-4895-8a3f-5e44a61aba24 - - - - -] devices.enabled_mdev_types = [] log_opt_values /usr/lib/python3/dist-packages/oslo_config/cfg.py:2609
2025-08-11 00:38:21.425 138983 DEBUG oslo_service.service [req-3fea79f3-6f1e-4895-8a3f-5e44a61aba24 - - - - -] ephemeral_storage_encryption.cipher = aes-xts-plain64 log_opt_values /usr/lib/python3/dist-packages/oslo_config/cfg.py:2609
2025-08-11 00:38:21.425 138983 DEBUG oslo_service.service [req-3fea79f3-6f1e-4895-8a3f-5e44a61aba24 - - - - -] ephemeral_storage_encryption.enabled = False log_opt_values /usr/lib/python3/dist-packages/oslo_config/cfg.py:2609
2025-08-11 00:38:21.425 138983 DEBUG oslo_service.service [req-3fea79f3-6f1e-4895-8a3f-5e44a61aba24 - - - - -] ephemeral_storage_encryption.key_size = 512 log_opt_values /usr/lib/python3/dist-packages/oslo_config/cfg.py:2609
2025-08-11 00:38:21.426 138983 WARNING oslo_config.cfg [req-3fea79f3-6f1e-4895-8a3f-5e44a61aba24 - - - - -] Deprecated: Option "api_servers" from group "glance" is deprecated for removal ( Support for image service configuration via standard keystoneauth1 Adapter options was added in the 17.0.0 Queens release. The api_servers option was retained temporarily to allow consumers time to cut over to a real load balancing solution. ). Its value may be silently ignored in the future.
2025-08-11 00:38:21.426 138983 DEBUG oslo_service.service [req-3fea79f3-6f1e-4895-8a3f-5e44a61aba24 - - - - -] glance.api_servers = ['http://252.129.163.75:9292'] log_opt_values /usr/lib/python3/dist-packages/oslo_config/cfg.py:2609
2025-08-11 00:38:21.426 138983 DEBUG oslo_service.service [req-3fea79f3-6f1e-4895-8a3f-5e44a61aba24 - - - - -] glance.cafile = None log_opt_values /usr/lib/python3/dist-packages/oslo_config/cfg.py:2609
2025-08-11 00:38:21.426 138983 DEBUG oslo_service.service [req-3fea79f3-6f1e-4895-8a3f-5e44a61aba24 - - - - -] glance.certfile = None log_opt_values /usr/lib/python3/dist-packages/oslo_config/cfg.py:2609
2025-08-11 00:38:21.426 138983 DEBUG oslo_service.service [req-3fea79f3-6f1e-4895-8a3f-5e44a61aba24 - - - - -] glance.collect_timing = False log_opt_values /usr/lib/python3/dist-packages/oslo_config/cfg.py:2609
2025-08-11 00:38:21.427 138983 DEBUG oslo_service.service [req-3fea79f3-6f1e-4895-8a3f-5e44a61aba24 - - - - -] glance.connect_retries = None log_opt_values /usr/lib/python3/dist-packages/oslo_config/cfg.py:2609
2025-08-11 00:38:21.427 138983 DEBUG oslo_service.service [req-3fea79f3-6f1e-4895-8a3f-5e44a61aba24 - - - - -] glance.connect_retry_delay = None log_opt_values /usr/lib/python3/dist-packages/oslo_config/cfg.py:2609
2025-08-11 00:38:21.427 138983 DEBUG oslo_service.service [req-3fea79f3-6f1e-4895-8a3f-5e44a61aba24 - - - - -] glance.debug = False log_opt_values /usr/lib/python3/dist-packages/oslo_config/cfg.py:2609
2025-08-11 00:38:21.427 139750 DEBUG oslo_messaging._drivers.amqpdriver [-] Listener is running poll /usr/lib/python3/dist-packages/oslo_messaging/_drivers/amqpdriver.py:343
2025-08-11 00:38:21.427 139750 DEBUG oslo_messaging._drivers.amqpdriver [-] AMQPListener connection consume poll /usr/lib/python3/dist-packages/oslo_messaging/_drivers/amqpdriver.py:357
2025-08-11 00:38:21.427 138983 DEBUG oslo_service.service [req-3fea79f3-6f1e-4895-8a3f-5e44a61aba24 - - - - -] glance.default_trusted_certificate_ids = [] log_opt_values /usr/lib/python3/dist-packages/oslo_config/cfg.py:2609
2025-08-11 00:38:21.427 138983 DEBUG oslo_service.service [req-3fea79f3-6f1e-4895-8a3f-5e44a61aba24 - - - - -] glance.enable_certificate_validation = False log_opt_values /usr/lib/python3/dist-packages/oslo_config/cfg.py:2609
2025-08-11 00:38:21.428 138983 DEBUG oslo_service.service [req-3fea79f3-6f1e-4895-8a3f-5e44a61aba24 - - - - -] glance.enable_rbd_download = False log_opt_values /usr/lib/python3/dist-packages/oslo_config/cfg.py:2609
2025-08-11 00:38:21.428 138983 DEBUG oslo_service.service [req-3fea79f3-6f1e-4895-8a3f-5e44a61aba24 - - - - -] glance.endpoint_override = None log_opt_values /usr/lib/python3/dist-packages/oslo_config/cfg.py:2609
2025-08-11 00:38:21.428 138983 DEBUG oslo_service.service [req-3fea79f3-6f1e-4895-8a3f-5e44a61aba24 - - - - -] glance.insecure = False log_opt_values /usr/lib/python3/dist-packages/oslo_config/cfg.py:2609
2025-08-11 00:38:21.428 139750 DEBUG nova.service [req-a0115714-b18f-4c82-9118-70210e577dac - - - - -] Join ServiceGroup membership for this service conductor start /usr/lib/python3/dist-packages/nova/service.py:199
2025-08-11 00:38:21.428 138983 DEBUG oslo_service.service [req-3fea79f3-6f1e-4895-8a3f-5e44a61aba24 - - - - -] glance.keyfile = None log_opt_values /usr/lib/python3/dist-packages/oslo_config/cfg.py:2609
2025-08-11 00:38:21.428 139750 DEBUG nova.servicegroup.drivers.db [req-a0115714-b18f-4c82-9118-70210e577dac - - - - -] DB_Driver: join new ServiceGroup member juju-3da246-0-lxd-7 to the conductor group, service = join /usr/lib/python3/dist-packages/nova/servicegroup/drivers/db.py:44
2025-08-11 00:38:21.428 138983 DEBUG oslo_service.service [req-3fea79f3-6f1e-4895-8a3f-5e44a61aba24 - - - - -] glance.max_version = None log_opt_values /usr/lib/python3/dist-packages/oslo_config/cfg.py:2609
2025-08-11 00:38:21.428 138983 DEBUG oslo_service.service [req-3fea79f3-6f1e-4895-8a3f-5e44a61aba24 - - - - -] glance.min_version = None log_opt_values /usr/lib/python3/dist-packages/oslo_config/cfg.py:2609
2025-08-11 00:38:21.429 138983 DEBUG oslo_service.service [req-3fea79f3-6f1e-4895-8a3f-5e44a61aba24 - - - - -] glance.num_retries = 3 log_opt_values /usr/lib/python3/dist-packages/oslo_config/cfg.py:2609
2025-08-11 00:38:21.429 138983 DEBUG oslo_service.service [req-3fea79f3-6f1e-4895-8a3f-5e44a61aba24 - - - - -] glance.rbd_ceph_conf = log_opt_values /usr/lib/python3/dist-packages/oslo_config/cfg.py:2609
2025-08-11 00:38:21.429 138983 DEBUG oslo_service.service [req-3fea79f3-6f1e-4895-8a3f-5e44a61aba24 - - - - -] glance.rbd_connect_timeout = 5 log_opt_values /usr/lib/python3/dist-packages/oslo_config/cfg.py:2609
2025-08-11 00:38:21.429 138983 DEBUG oslo_service.service [req-3fea79f3-6f1e-4895-8a3f-5e44a61aba24 - - - - -] glance.rbd_pool = log_opt_values /usr/lib/python3/dist-packages/oslo_config/cfg.py:2609
2025-08-11 00:38:21.429 138983 DEBUG oslo_service.service [req-3fea79f3-6f1e-4895-8a3f-5e44a61aba24 - - - - -] glance.rbd_user = log_opt_values /usr/lib/python3/dist-packages/oslo_config/cfg.py:2609
2025-08-11 00:38:21.429 138983 DEBUG oslo_service.service [req-3fea79f3-6f1e-4895-8a3f-5e44a61aba24 - - - - -] glance.region_name = None log_opt_values /usr/lib/python3/dist-packages/oslo_config/cfg.py:2609
2025-08-11 00:38:21.430 138983 DEBUG oslo_service.service [req-3fea79f3-6f1e-4895-8a3f-5e44a61aba24 - - - - -] glance.service_name = None log_opt_values /usr/lib/python3/dist-packages/oslo_config/cfg.py:2609
2025-08-11 00:38:21.430 138983 DEBUG oslo_service.service [req-3fea79f3-6f1e-4895-8a3f-5e44a61aba24 - - - - -] glance.service_type = image log_opt_values /usr/lib/python3/dist-packages/oslo_config/cfg.py:2609
2025-08-11 00:38:21.430 138983 DEBUG oslo_service.service [req-3fea79f3-6f1e-4895-8a3f-5e44a61aba24 - - - - -] glance.split_loggers = False log_opt_values /usr/lib/python3/dist-packages/oslo_config/cfg.py:2609
2025-08-11 00:38:21.430 138983 DEBUG oslo_service.service [req-3fea79f3-6f1e-4895-8a3f-5e44a61aba24 - - - - -] glance.status_code_retries = None log_opt_values /usr/lib/python3/dist-packages/oslo_config/cfg.py:2609
2025-08-11 00:38:21.430 138983 DEBUG oslo_service.service [req-3fea79f3-6f1e-4895-8a3f-5e44a61aba24 - - - - -] glance.status_code_retry_delay = None log_opt_values /usr/lib/python3/dist-packages/oslo_config/cfg.py:2609
2025-08-11 00:38:21.430 139750 DEBUG oslo_messaging._drivers.amqpdriver [-] AMQPListener connection timeout poll /usr/lib/python3/dist-packages/oslo_messaging/_drivers/amqpdriver.py:360
2025-08-11 00:38:21.430 138983 DEBUG oslo_service.service [req-3fea79f3-6f1e-4895-8a3f-5e44a61aba24 - - - - -] glance.timeout = None log_opt_values /usr/lib/python3/dist-packages/oslo_config/cfg.py:2609
2025-08-11 00:38:21.431 138983 DEBUG oslo_service.service [req-3fea79f3-6f1e-4895-8a3f-5e44a61aba24 - - - - -] glance.valid_interfaces = ['internal', 'public'] log_opt_values /usr/lib/python3/dist-packages/oslo_config/cfg.py:2609
2025-08-11 00:38:21.431 139750 DEBUG oslo_messaging._drivers.amqpdriver [-] Listener is running poll /usr/lib/python3/dist-packages/oslo_messaging/_drivers/amqpdriver.py:343
2025-08-11 00:38:21.431 139750 DEBUG oslo_messaging._drivers.amqpdriver [-] AMQPListener connection consume poll /usr/lib/python3/dist-packages/oslo_messaging/_drivers/amqpdriver.py:357
2025-08-11 00:38:21.431 138983 DEBUG oslo_service.service [req-3fea79f3-6f1e-4895-8a3f-5e44a61aba24 - - - - -] glance.verify_glance_signatures = False log_opt_values /usr/lib/python3/dist-packages/oslo_config/cfg.py:2609
2025-08-11 00:38:21.431 138983 DEBUG oslo_service.service [req-3fea79f3-6f1e-4895-8a3f-5e44a61aba24 - - - - -] glance.version = None log_opt_values /usr/lib/python3/dist-packages/oslo_config/cfg.py:2609
2025-08-11 00:38:21.431 138983 DEBUG oslo_service.service [req-3fea79f3-6f1e-4895-8a3f-5e44a61aba24 - - - - -] guestfs.debug = False log_opt_values /usr/lib/python3/dist-packages/oslo_config/cfg.py:2609
2025-08-11 00:38:21.431 138983 DEBUG oslo_service.service [req-3fea79f3-6f1e-4895-8a3f-5e44a61aba24 - - - - -] hyperv.config_drive_cdrom = False log_opt_values /usr/lib/python3/dist-packages/oslo_config/cfg.py:2609
2025-08-11 00:38:21.431 138983 DEBUG oslo_service.service [req-3fea79f3-6f1e-4895-8a3f-5e44a61aba24 - - - - -] hyperv.config_drive_inject_password = False log_opt_values /usr/lib/python3/dist-packages/oslo_config/cfg.py:2609
2025-08-11 00:38:21.432 138983 DEBUG oslo_service.service [req-3fea79f3-6f1e-4895-8a3f-5e44a61aba24 - - - - -] hyperv.dynamic_memory_ratio = 1.0 log_opt_values /usr/lib/python3/dist-packages/oslo_config/cfg.py:2609
2025-08-11 00:38:21.432 138983 DEBUG oslo_service.service [req-3fea79f3-6f1e-4895-8a3f-5e44a61aba24 - - - - -] hyperv.enable_instance_metrics_collection = False log_opt_values /usr/lib/python3/dist-packages/oslo_config/cfg.py:2609
2025-08-11 00:38:21.432 138983 DEBUG oslo_service.service [req-3fea79f3-6f1e-4895-8a3f-5e44a61aba24 - - - - -] hyperv.enable_remotefx = False log_opt_values /usr/lib/python3/dist-packages/oslo_config/cfg.py:2609
2025-08-11 00:38:21.432 138983 DEBUG oslo_service.service [req-3fea79f3-6f1e-4895-8a3f-5e44a61aba24 - - - - -] hyperv.instances_path_share = log_opt_values /usr/lib/python3/dist-packages/oslo_config/cfg.py:2609
2025-08-11 00:38:21.432 138983 DEBUG oslo_service.service [req-3fea79f3-6f1e-4895-8a3f-5e44a61aba24 - - - - -] hyperv.iscsi_initiator_list = [] log_opt_values /usr/lib/python3/dist-packages/oslo_config/cfg.py:2609
2025-08-11 00:38:21.432 138983 DEBUG oslo_service.service [req-3fea79f3-6f1e-4895-8a3f-5e44a61aba24 - - - - -] hyperv.limit_cpu_features = False log_opt_values /usr/lib/python3/dist-packages/oslo_config/cfg.py:2609
2025-08-11 00:38:21.433 138983 DEBUG oslo_service.service [req-3fea79f3-6f1e-4895-8a3f-5e44a61aba24 - - - - -] hyperv.mounted_disk_query_retry_count = 10 log_opt_values /usr/lib/python3/dist-packages/oslo_config/cfg.py:2609
2025-08-11 00:38:21.433 138983 DEBUG oslo_service.service [req-3fea79f3-6f1e-4895-8a3f-5e44a61aba24 - - - - -] hyperv.mounted_disk_query_retry_interval = 5 log_opt_values /usr/lib/python3/dist-packages/oslo_config/cfg.py:2609
2025-08-11 00:38:21.433 138983 DEBUG oslo_service.service [req-3fea79f3-6f1e-4895-8a3f-5e44a61aba24 - - - - -] hyperv.power_state_check_timeframe = 60 log_opt_values /usr/lib/python3/dist-packages/oslo_config/cfg.py:2609
2025-08-11 00:38:21.433 138983 DEBUG oslo_service.service [req-3fea79f3-6f1e-4895-8a3f-5e44a61aba24 - - - - -] hyperv.power_state_event_polling_interval = 2 log_opt_values /usr/lib/python3/dist-packages/oslo_config/cfg.py:2609
2025-08-11 00:38:21.433 138983 DEBUG oslo_service.service [req-3fea79f3-6f1e-4895-8a3f-5e44a61aba24 - - - - -] hyperv.qemu_img_cmd = qemu-img.exe log_opt_values /usr/lib/python3/dist-packages/oslo_config/cfg.py:2609
2025-08-11 00:38:21.433 138983 DEBUG oslo_service.service [req-3fea79f3-6f1e-4895-8a3f-5e44a61aba24 - - - - -] hyperv.use_multipath_io = False log_opt_values /usr/lib/python3/dist-packages/oslo_config/cfg.py:2609
2025-08-11 00:38:21.434 138983 DEBUG oslo_service.service [req-3fea79f3-6f1e-4895-8a3f-5e44a61aba24 - - - - -] hyperv.volume_attach_retry_count = 10 log_opt_values /usr/lib/python3/dist-packages/oslo_config/cfg.py:2609
2025-08-11 00:38:21.434 138983 DEBUG oslo_service.service [req-3fea79f3-6f1e-4895-8a3f-5e44a61aba24 - - - - -] hyperv.volume_attach_retry_interval = 5 log_opt_values /usr/lib/python3/dist-packages/oslo_config/cfg.py:2609
2025-08-11 00:38:21.434 138983 DEBUG oslo_service.service [req-3fea79f3-6f1e-4895-8a3f-5e44a61aba24 - - - - -] hyperv.vswitch_name = None log_opt_values /usr/lib/python3/dist-packages/oslo_config/cfg.py:2609
2025-08-11 00:38:21.434 138983 DEBUG oslo_service.service [req-3fea79f3-6f1e-4895-8a3f-5e44a61aba24 - - - - -] hyperv.wait_soft_reboot_seconds = 60 log_opt_values /usr/lib/python3/dist-packages/oslo_config/cfg.py:2609
2025-08-11 00:38:21.434 138983 DEBUG oslo_service.service [req-3fea79f3-6f1e-4895-8a3f-5e44a61aba24 - - - - -] mks.enabled = False log_opt_values /usr/lib/python3/dist-packages/oslo_config/cfg.py:2609
2025-08-11 00:38:21.435 138983 DEBUG oslo_service.service [req-3fea79f3-6f1e-4895-8a3f-5e44a61aba24 - - - - -] mks.mksproxy_base_url = http://127.0.0.1:6090/ log_opt_values /usr/lib/python3/dist-packages/oslo_config/cfg.py:2609
2025-08-11 00:38:21.435 138983 DEBUG oslo_service.service [req-3fea79f3-6f1e-4895-8a3f-5e44a61aba24 - - - - -] image_cache.manager_interval = 2400 log_opt_values /usr/lib/python3/dist-packages/oslo_config/cfg.py:2609
2025-08-11 00:38:21.435 138983 DEBUG oslo_service.service [req-3fea79f3-6f1e-4895-8a3f-5e44a61aba24 - - - - -] image_cache.precache_concurrency = 1 log_opt_values /usr/lib/python3/dist-packages/oslo_config/cfg.py:2609
2025-08-11 00:38:21.435 138983 DEBUG oslo_service.service [req-3fea79f3-6f1e-4895-8a3f-5e44a61aba24 - - - - -] image_cache.remove_unused_base_images = True log_opt_values /usr/lib/python3/dist-packages/oslo_config/cfg.py:2609
2025-08-11 00:38:21.436 138983 DEBUG oslo_service.service [req-3fea79f3-6f1e-4895-8a3f-5e44a61aba24 - - - - -] image_cache.remove_unused_original_minimum_age_seconds = 86400 log_opt_values /usr/lib/python3/dist-packages/oslo_config/cfg.py:2609
2025-08-11 00:38:21.436 138983 DEBUG oslo_service.service [req-3fea79f3-6f1e-4895-8a3f-5e44a61aba24 - - - - -] image_cache.remove_unused_resized_minimum_age_seconds = 3600 log_opt_values /usr/lib/python3/dist-packages/oslo_config/cfg.py:2609
2025-08-11 00:38:21.436 138983 DEBUG oslo_service.service [req-3fea79f3-6f1e-4895-8a3f-5e44a61aba24 - - - - -] image_cache.subdirectory_name = _base log_opt_values /usr/lib/python3/dist-packages/oslo_config/cfg.py:2609
2025-08-11 00:38:21.436 138983 DEBUG oslo_service.service [req-3fea79f3-6f1e-4895-8a3f-5e44a61aba24 - - - - -] ironic.api_max_retries = 60 log_opt_values /usr/lib/python3/dist-packages/oslo_config/cfg.py:2609
2025-08-11 00:38:21.436 138983 DEBUG oslo_service.service [req-3fea79f3-6f1e-4895-8a3f-5e44a61aba24 - - - - -] ironic.api_retry_interval = 2 log_opt_values /usr/lib/python3/dist-packages/oslo_config/cfg.py:2609
2025-08-11 00:38:21.436 138983 DEBUG oslo_service.service [req-3fea79f3-6f1e-4895-8a3f-5e44a61aba24 - - - - -] ironic.auth_section = None log_opt_values /usr/lib/python3/dist-packages/oslo_config/cfg.py:2609
2025-08-11 00:38:21.437 138983 DEBUG oslo_service.service [req-3fea79f3-6f1e-4895-8a3f-5e44a61aba24 - - - - -] ironic.auth_type = None log_opt_values /usr/lib/python3/dist-packages/oslo_config/cfg.py:2609
2025-08-11 00:38:21.437 138983 DEBUG oslo_service.service [req-3fea79f3-6f1e-4895-8a3f-5e44a61aba24 - - - - -] ironic.cafile = None log_opt_values /usr/lib/python3/dist-packages/oslo_config/cfg.py:2609
2025-08-11 00:38:21.437 138983 DEBUG oslo_service.service [req-3fea79f3-6f1e-4895-8a3f-5e44a61aba24 - - - - -] ironic.certfile = None log_opt_values /usr/lib/python3/dist-packages/oslo_config/cfg.py:2609
2025-08-11 00:38:21.437 138983 DEBUG oslo_service.service [req-3fea79f3-6f1e-4895-8a3f-5e44a61aba24 - - - - -] ironic.collect_timing = False log_opt_values /usr/lib/python3/dist-packages/oslo_config/cfg.py:2609
2025-08-11 00:38:21.437 138983 DEBUG oslo_service.service [req-3fea79f3-6f1e-4895-8a3f-5e44a61aba24 - - - - -] ironic.connect_retries = None log_opt_values /usr/lib/python3/dist-packages/oslo_config/cfg.py:2609
2025-08-11 00:38:21.437 138983 DEBUG oslo_service.service [req-3fea79f3-6f1e-4895-8a3f-5e44a61aba24 - - - - -] ironic.connect_retry_delay = None log_opt_values /usr/lib/python3/dist-packages/oslo_config/cfg.py:2609
2025-08-11 00:38:21.438 138983 DEBUG oslo_service.service [req-3fea79f3-6f1e-4895-8a3f-5e44a61aba24 - - - - -] ironic.endpoint_override = None log_opt_values /usr/lib/python3/dist-packages/oslo_config/cfg.py:2609
2025-08-11 00:38:21.438 138983 DEBUG oslo_service.service [req-3fea79f3-6f1e-4895-8a3f-5e44a61aba24 - - - - -] ironic.insecure = False log_opt_values /usr/lib/python3/dist-packages/oslo_config/cfg.py:2609
2025-08-11 00:38:21.438 138983 DEBUG oslo_service.service [req-3fea79f3-6f1e-4895-8a3f-5e44a61aba24 - - - - -] ironic.keyfile = None log_opt_values /usr/lib/python3/dist-packages/oslo_config/cfg.py:2609
2025-08-11 00:38:21.438 138983 DEBUG oslo_service.service [req-3fea79f3-6f1e-4895-8a3f-5e44a61aba24 - - - - -] ironic.max_version = None log_opt_values /usr/lib/python3/dist-packages/oslo_config/cfg.py:2609
2025-08-11 00:38:21.438 138983 DEBUG oslo_service.service [req-3fea79f3-6f1e-4895-8a3f-5e44a61aba24 - - - - -] ironic.min_version = None log_opt_values /usr/lib/python3/dist-packages/oslo_config/cfg.py:2609
2025-08-11 00:38:21.438 138983 DEBUG oslo_service.service [req-3fea79f3-6f1e-4895-8a3f-5e44a61aba24 - - - - -] ironic.partition_key = None log_opt_values /usr/lib/python3/dist-packages/oslo_config/cfg.py:2609
2025-08-11 00:38:21.439 138983 DEBUG oslo_service.service [req-3fea79f3-6f1e-4895-8a3f-5e44a61aba24 - - - - -] ironic.peer_list = [] log_opt_values /usr/lib/python3/dist-packages/oslo_config/cfg.py:2609
2025-08-11 00:38:21.439 138983 DEBUG oslo_service.service [req-3fea79f3-6f1e-4895-8a3f-5e44a61aba24 - - - - -] ironic.region_name = None log_opt_values /usr/lib/python3/dist-packages/oslo_config/cfg.py:2609
2025-08-11 00:38:21.439 138983 DEBUG oslo_service.service [req-3fea79f3-6f1e-4895-8a3f-5e44a61aba24 - - - - -] ironic.serial_console_state_timeout = 10 log_opt_values /usr/lib/python3/dist-packages/oslo_config/cfg.py:2609
2025-08-11 00:38:21.439 138983 DEBUG oslo_service.service [req-3fea79f3-6f1e-4895-8a3f-5e44a61aba24 - - - - -] ironic.service_name = None log_opt_values /usr/lib/python3/dist-packages/oslo_config/cfg.py:2609
2025-08-11 00:38:21.439 138983 DEBUG oslo_service.service [req-3fea79f3-6f1e-4895-8a3f-5e44a61aba24 - - - - -] ironic.service_type = baremetal log_opt_values /usr/lib/python3/dist-packages/oslo_config/cfg.py:2609
2025-08-11 00:38:21.439 138983 DEBUG oslo_service.service [req-3fea79f3-6f1e-4895-8a3f-5e44a61aba24 - - - - -] ironic.split_loggers = False log_opt_values /usr/lib/python3/dist-packages/oslo_config/cfg.py:2609
2025-08-11 00:38:21.440 138983 DEBUG oslo_service.service [req-3fea79f3-6f1e-4895-8a3f-5e44a61aba24 - - - - -] ironic.status_code_retries = None log_opt_values /usr/lib/python3/dist-packages/oslo_config/cfg.py:2609
2025-08-11 00:38:21.440 138983 DEBUG oslo_service.service [req-3fea79f3-6f1e-4895-8a3f-5e44a61aba24 - - - - -] ironic.status_code_retry_delay = None log_opt_values /usr/lib/python3/dist-packages/oslo_config/cfg.py:2609
2025-08-11 00:38:21.440 138983 DEBUG oslo_service.service [req-3fea79f3-6f1e-4895-8a3f-5e44a61aba24 - - - - -] ironic.timeout = None log_opt_values /usr/lib/python3/dist-packages/oslo_config/cfg.py:2609
2025-08-11 00:38:21.440 138983 DEBUG oslo_service.service [req-3fea79f3-6f1e-4895-8a3f-5e44a61aba24 - - - - -] ironic.valid_interfaces = ['internal', 'public'] log_opt_values /usr/lib/python3/dist-packages/oslo_config/cfg.py:2609
2025-08-11 00:38:21.440 139749 DEBUG nova.service [req-bc48f850-6b1c-4d07-92e5-b41f23e97fd8 - - - - -] Creating RPC server for service conductor start /usr/lib/python3/dist-packages/nova/service.py:182
2025-08-11 00:38:21.440 138983 DEBUG oslo_service.service [req-3fea79f3-6f1e-4895-8a3f-5e44a61aba24 - - - - -] ironic.version = None log_opt_values /usr/lib/python3/dist-packages/oslo_config/cfg.py:2609
2025-08-11 00:38:21.440 138983 DEBUG oslo_service.service [req-3fea79f3-6f1e-4895-8a3f-5e44a61aba24 - - - - -] key_manager.backend = barbican log_opt_values /usr/lib/python3/dist-packages/oslo_config/cfg.py:2609
2025-08-11 00:38:21.441 138983 DEBUG oslo_service.service [req-3fea79f3-6f1e-4895-8a3f-5e44a61aba24 - - - - -] key_manager.fixed_key = **** log_opt_values /usr/lib/python3/dist-packages/oslo_config/cfg.py:2609
2025-08-11 00:38:21.441 138983 DEBUG oslo_service.service [req-3fea79f3-6f1e-4895-8a3f-5e44a61aba24 - - - - -] barbican.auth_endpoint = http://localhost/identity/v3 log_opt_values /usr/lib/python3/dist-packages/oslo_config/cfg.py:2609
2025-08-11 00:38:21.441 138983 DEBUG oslo_service.service [req-3fea79f3-6f1e-4895-8a3f-5e44a61aba24 - - - - -] barbican.barbican_api_version = None log_opt_values /usr/lib/python3/dist-packages/oslo_config/cfg.py:2609
