2025-08-11 01:52:18.475 7 DEBUG oslo_service.service [-] ml2_type_gre.tunnel_id_ranges = [] log_opt_values /var/lib/kolla/venv/lib/python3.6/site-packages/oslo_config/cfg.py:2611
2025-08-11 01:52:18.475 7 DEBUG oslo_service.service [-] ml2_type_vlan.network_vlan_ranges = [] log_opt_values /var/lib/kolla/venv/lib/python3.6/site-packages/oslo_config/cfg.py:2611
2025-08-11 01:52:18.475 7 DEBUG oslo_service.service [-] ml2_type_vxlan.vni_ranges = [] log_opt_values /var/lib/kolla/venv/lib/python3.6/site-packages/oslo_config/cfg.py:2611
2025-08-11 01:52:18.475 7 DEBUG oslo_service.service [-] ml2_type_vxlan.vxlan_group = None log_opt_values /var/lib/kolla/venv/lib/python3.6/site-packages/oslo_config/cfg.py:2611
2025-08-11 01:52:18.475 7 DEBUG oslo_service.service [-] database.backend = sqlalchemy log_opt_values /var/lib/kolla/venv/lib/python3.6/site-packages/oslo_config/cfg.py:2611
2025-08-11 01:52:18.475 7 DEBUG oslo_service.service [-] database.connection = **** log_opt_values /var/lib/kolla/venv/lib/python3.6/site-packages/oslo_config/cfg.py:2611
2025-08-11 01:52:18.475 7 DEBUG oslo_service.service [-] database.connection_debug = 0 log_opt_values /var/lib/kolla/venv/lib/python3.6/site-packages/oslo_config/cfg.py:2611
2025-08-11 01:52:18.475 7 DEBUG oslo_service.service [-] database.connection_parameters = log_opt_values /var/lib/kolla/venv/lib/python3.6/site-packages/oslo_config/cfg.py:2611
2025-08-11 01:52:18.475 7 DEBUG oslo_service.service [-] database.connection_recycle_time = 10 log_opt_values /var/lib/kolla/venv/lib/python3.6/site-packages/oslo_config/cfg.py:2611
2025-08-11 01:52:18.475 7 DEBUG oslo_service.service [-] database.connection_trace = False log_opt_values /var/lib/kolla/venv/lib/python3.6/site-packages/oslo_config/cfg.py:2611
2025-08-11 01:52:18.475 7 DEBUG oslo_service.service [-] database.db_inc_retry_interval = True log_opt_values /var/lib/kolla/venv/lib/python3.6/site-packages/oslo_config/cfg.py:2611
2025-08-11 01:52:18.476 7 DEBUG oslo_service.service [-] database.db_max_retries = 20 log_opt_values /var/lib/kolla/venv/lib/python3.6/site-packages/oslo_config/cfg.py:2611
2025-08-11 01:52:18.476 7 DEBUG oslo_service.service [-] database.db_max_retry_interval = 10 log_opt_values /var/lib/kolla/venv/lib/python3.6/site-packages/oslo_config/cfg.py:2611
2025-08-11 01:52:18.476 7 DEBUG oslo_service.service [-] database.db_retry_interval = 1 log_opt_values /var/lib/kolla/venv/lib/python3.6/site-packages/oslo_config/cfg.py:2611
2025-08-11 01:52:18.476 7 DEBUG oslo_service.service [-] database.max_overflow = 50 log_opt_values /var/lib/kolla/venv/lib/python3.6/site-packages/oslo_config/cfg.py:2611
2025-08-11 01:52:18.476 7 DEBUG oslo_service.service [-] database.max_pool_size = 1 log_opt_values /var/lib/kolla/venv/lib/python3.6/site-packages/oslo_config/cfg.py:2611
2025-08-11 01:52:18.476 7 DEBUG oslo_service.service [-] database.max_retries = -1 log_opt_values /var/lib/kolla/venv/lib/python3.6/site-packages/oslo_config/cfg.py:2611
2025-08-11 01:52:18.476 7 DEBUG oslo_service.service [-] database.mysql_enable_ndb = False log_opt_values /var/lib/kolla/venv/lib/python3.6/site-packages/oslo_config/cfg.py:2611
2025-08-11 01:52:18.476 7 DEBUG oslo_service.service [-] database.mysql_sql_mode = TRADITIONAL log_opt_values /var/lib/kolla/venv/lib/python3.6/site-packages/oslo_config/cfg.py:2611
2025-08-11 01:52:18.476 7 DEBUG oslo_service.service [-] database.pool_timeout = None log_opt_values /var/lib/kolla/venv/lib/python3.6/site-packages/oslo_config/cfg.py:2611
2025-08-11 01:52:18.476 7 DEBUG oslo_service.service [-] database.retry_interval = 10 log_opt_values /var/lib/kolla/venv/lib/python3.6/site-packages/oslo_config/cfg.py:2611
2025-08-11 01:52:18.476 7 DEBUG oslo_service.service [-] database.slave_connection = **** log_opt_values /var/lib/kolla/venv/lib/python3.6/site-packages/oslo_config/cfg.py:2611
2025-08-11 01:52:18.476 7 DEBUG oslo_service.service [-] database.sqlite_synchronous = True log_opt_values /var/lib/kolla/venv/lib/python3.6/site-packages/oslo_config/cfg.py:2611
2025-08-11 01:52:18.476 7 DEBUG oslo_service.service [-] database.use_db_reconnect = False log_opt_values /var/lib/kolla/venv/lib/python3.6/site-packages/oslo_config/cfg.py:2611
2025-08-11 01:52:18.476 7 DEBUG oslo_service.service [-] ******************************************************************************** log_opt_values /var/lib/kolla/venv/lib/python3.6/site-packages/oslo_config/cfg.py:2613
2025-08-11 01:52:20.289 22 DEBUG neutron.wsgi [-] (22) accepted ('10.0.0.27', 44782) server /var/lib/kolla/venv/lib/python3.6/site-packages/eventlet/wsgi.py:1004
2025-08-11 01:52:20.295 22 INFO neutron.wsgi [-] 10.0.0.27 "GET / HTTP/1.1" status: 200 len: 227 time: 0.0046816
2025-08-11 01:52:22.155 24 DEBUG neutron.api.rpc.handlers.dhcp_rpc [req-f68051e3-ce39-4f9b-a300-68defb122b61 - - - - -] get_active_networks_info from cn-jenkins-deploy-platform-ansible-os-3793-1 get_active_networks_info /var/lib/kolla/venv/lib/python3.6/site-packages/neutron/api/rpc/handlers/dhcp_rpc.py:159
2025-08-11 01:52:22.176 26 DEBUG neutron_lib.callbacks.manager [req-7483fa62-4bee-4817-ba1d-8ee1bc5e9be2 - - - - -] Publish callbacks ['neutron.services.segments.db._update_segment_host_mapping_for_agent-8759542182720', 'neutron.services.l3_router.l3_router_plugin.DVRResourceOperationHandler.create_fip_agent_gw_ports-3925949'] for agent (d290747e-f081-44b2-a732-a441aeb0e390), after_create _notify_loop /var/lib/kolla/venv/lib/python3.6/site-packages/neutron_lib/callbacks/manager.py:177
2025-08-11 01:52:22.192 24 DEBUG neutron.scheduler.dhcp_agent_scheduler [req-f68051e3-ce39-4f9b-a300-68defb122b61 - - - - -] No non-hosted networks auto_schedule_networks /var/lib/kolla/venv/lib/python3.6/site-packages/neutron/scheduler/dhcp_agent_scheduler.py:60
2025-08-11 01:52:39.567 28 DEBUG neutron_lib.callbacks.manager [req-1ad0227c-2b73-474f-9351-cc4214fb5ee1 - - - - -] Publish callbacks ['neutron.services.segments.db._update_segment_host_mapping_for_agent-8759542182720', 'neutron.services.l3_router.l3_router_plugin.DVRResourceOperationHandler.create_fip_agent_gw_ports-3925949'] for agent (85fb4811-9175-41fb-94c1-912593c1b051), after_create _notify_loop /var/lib/kolla/venv/lib/python3.6/site-packages/neutron_lib/callbacks/manager.py:177
2025-08-11 01:52:50.338 22 DEBUG neutron.wsgi [-] (22) accepted ('10.0.0.27', 58278) server /var/lib/kolla/venv/lib/python3.6/site-packages/eventlet/wsgi.py:1004
2025-08-11 01:52:50.342 22 INFO neutron.wsgi [-] 10.0.0.27 "GET / HTTP/1.1" status: 200 len: 227 time: 0.0031743
2025-08-11 01:52:52.153 24 DEBUG neutron_lib.callbacks.manager [req-067d1a45-c3a7-4106-a3a3-2244209ddb91 - - - - -] Publish callbacks ['neutron.services.segments.db._update_segment_host_mapping_for_agent-8759542182720', 'neutron.plugins.ml2.plugin.Ml2Plugin._retry_binding_revived_agents-1335250'] for agent (d290747e-f081-44b2-a732-a441aeb0e390), after_update _notify_loop /var/lib/kolla/venv/lib/python3.6/site-packages/neutron_lib/callbacks/manager.py:177
2025-08-11 01:53:09.550 23 DEBUG neutron_lib.callbacks.manager [req-1ad0227c-2b73-474f-9351-cc4214fb5ee1 - - - - -] Publish callbacks ['neutron.services.segments.db._update_segment_host_mapping_for_agent-8759542182720', 'neutron.plugins.ml2.plugin.Ml2Plugin._retry_binding_revived_agents-1335250'] for agent (85fb4811-9175-41fb-94c1-912593c1b051), after_update _notify_loop /var/lib/kolla/venv/lib/python3.6/site-packages/neutron_lib/callbacks/manager.py:177
2025-08-11 01:53:20.386 22 DEBUG neutron.wsgi [-] (22) accepted ('10.0.0.27', 55072) server /var/lib/kolla/venv/lib/python3.6/site-packages/eventlet/wsgi.py:1004
2025-08-11 01:53:20.390 22 INFO neutron.wsgi [-] 10.0.0.27 "GET / HTTP/1.1" status: 200 len: 227 time: 0.0030951
2025-08-11 01:53:20.447 29 DEBUG neutron.db.agents_db [req-b410e9fa-f088-4d16-a9fb-2058e56aa41b - - - - -] Agent healthcheck: found 2 active agents agent_health_check /var/lib/kolla/venv/lib/python3.6/site-packages/neutron/db/agents_db.py:318
2025-08-11 01:53:22.163 25 DEBUG neutron_lib.callbacks.manager [req-415edb74-d20e-4bcb-92e8-d8d8c21580cc - - - - -] Publish callbacks ['neutron.services.segments.db._update_segment_host_mapping_for_agent-8759542182720', 'neutron.plugins.ml2.plugin.Ml2Plugin._retry_binding_revived_agents-1335250'] for agent (d290747e-f081-44b2-a732-a441aeb0e390), after_update _notify_loop /var/lib/kolla/venv/lib/python3.6/site-packages/neutron_lib/callbacks/manager.py:177
2025-08-11 01:53:39.553 27 DEBUG neutron_lib.callbacks.manager [req-1ad0227c-2b73-474f-9351-cc4214fb5ee1 - - - - -] Publish callbacks ['neutron.services.segments.db._update_segment_host_mapping_for_agent-8759542182720', 'neutron.plugins.ml2.plugin.Ml2Plugin._retry_binding_revived_agents-1335250'] for agent (85fb4811-9175-41fb-94c1-912593c1b051), after_update _notify_loop /var/lib/kolla/venv/lib/python3.6/site-packages/neutron_lib/callbacks/manager.py:177
2025-08-11 01:53:50.431 22 DEBUG neutron.wsgi [-] (22) accepted ('10.0.0.27', 33682) server /var/lib/kolla/venv/lib/python3.6/site-packages/eventlet/wsgi.py:1004
2025-08-11 01:53:50.434 22 INFO neutron.wsgi [-] 10.0.0.27 "GET / HTTP/1.1" status: 200 len: 227 time: 0.0027165
2025-08-11 01:53:52.156 26 DEBUG neutron_lib.callbacks.manager [req-af5115ca-f869-4821-874e-1090d3972de2 - - - - -] Publish callbacks ['neutron.services.segments.db._update_segment_host_mapping_for_agent-8759542182720', 'neutron.plugins.ml2.plugin.Ml2Plugin._retry_binding_revived_agents-1335250'] for agent (d290747e-f081-44b2-a732-a441aeb0e390), after_update _notify_loop /var/lib/kolla/venv/lib/python3.6/site-packages/neutron_lib/callbacks/manager.py:177
2025-08-11 01:53:57.447 29 DEBUG neutron.db.agents_db [req-b410e9fa-f088-4d16-a9fb-2058e56aa41b - - - - -] Agent healthcheck: found 2 active agents agent_health_check /var/lib/kolla/venv/lib/python3.6/site-packages/neutron/db/agents_db.py:318
2025-08-11 01:54:09.543 28 DEBUG neutron_lib.callbacks.manager [req-1ad0227c-2b73-474f-9351-cc4214fb5ee1 - - - - -] Publish callbacks ['neutron.services.segments.db._update_segment_host_mapping_for_agent-8759542182720', 'neutron.plugins.ml2.plugin.Ml2Plugin._retry_binding_revived_agents-1335250'] for agent (85fb4811-9175-41fb-94c1-912593c1b051), after_update _notify_loop /var/lib/kolla/venv/lib/python3.6/site-packages/neutron_lib/callbacks/manager.py:177
2025-08-11 01:54:20.475 22 DEBUG neutron.wsgi [-] (22) accepted ('10.0.0.27', 39924) server /var/lib/kolla/venv/lib/python3.6/site-packages/eventlet/wsgi.py:1004
2025-08-11 01:54:20.478 22 INFO neutron.wsgi [-] 10.0.0.27 "GET / HTTP/1.1" status: 200 len: 227 time: 0.0026171
2025-08-11 01:54:22.154 24 DEBUG neutron_lib.callbacks.manager [req-dfe21d0d-0575-44e3-8a2d-56a6c267f6a5 - - - - -] Publish callbacks ['neutron.services.segments.db._update_segment_host_mapping_for_agent-8759542182720', 'neutron.plugins.ml2.plugin.Ml2Plugin._retry_binding_revived_agents-1335250'] for agent (d290747e-f081-44b2-a732-a441aeb0e390), after_update _notify_loop /var/lib/kolla/venv/lib/python3.6/site-packages/neutron_lib/callbacks/manager.py:177
2025-08-11 01:54:34.453 29 DEBUG neutron.db.agents_db [req-b410e9fa-f088-4d16-a9fb-2058e56aa41b - - - - -] Agent healthcheck: found 2 active agents agent_health_check /var/lib/kolla/venv/lib/python3.6/site-packages/neutron/db/agents_db.py:318
2025-08-11 01:54:39.544 23 DEBUG neutron_lib.callbacks.manager [req-1ad0227c-2b73-474f-9351-cc4214fb5ee1 - - - - -] Publish callbacks ['neutron.services.segments.db._update_segment_host_mapping_for_agent-8759542182720', 'neutron.plugins.ml2.plugin.Ml2Plugin._retry_binding_revived_agents-1335250'] for agent (85fb4811-9175-41fb-94c1-912593c1b051), after_update _notify_loop /var/lib/kolla/venv/lib/python3.6/site-packages/neutron_lib/callbacks/manager.py:177
2025-08-11 01:54:50.521 22 DEBUG neutron.wsgi [-] (22) accepted ('10.0.0.27', 57750) server /var/lib/kolla/venv/lib/python3.6/site-packages/eventlet/wsgi.py:1004
2025-08-11 01:54:50.527 22 INFO neutron.wsgi [-] 10.0.0.27 "GET / HTTP/1.1" status: 200 len: 227 time: 0.0046670
2025-08-11 01:54:52.150 25 DEBUG neutron_lib.callbacks.manager [req-d02b75fd-4222-4648-9ff3-e78af6927c4e - - - - -] Publish callbacks ['neutron.services.segments.db._update_segment_host_mapping_for_agent-8759542182720', 'neutron.plugins.ml2.plugin.Ml2Plugin._retry_binding_revived_agents-1335250'] for agent (d290747e-f081-44b2-a732-a441aeb0e390), after_update _notify_loop /var/lib/kolla/venv/lib/python3.6/site-packages/neutron_lib/callbacks/manager.py:177
2025-08-11 01:55:09.547 27 DEBUG neutron_lib.callbacks.manager [req-1ad0227c-2b73-474f-9351-cc4214fb5ee1 - - - - -] Publish callbacks ['neutron.services.segments.db._update_segment_host_mapping_for_agent-8759542182720', 'neutron.plugins.ml2.plugin.Ml2Plugin._retry_binding_revived_agents-1335250'] for agent (85fb4811-9175-41fb-94c1-912593c1b051), after_update _notify_loop /var/lib/kolla/venv/lib/python3.6/site-packages/neutron_lib/callbacks/manager.py:177
2025-08-11 01:55:11.455 29 DEBUG neutron.db.agents_db [req-b410e9fa-f088-4d16-a9fb-2058e56aa41b - - - - -] Agent healthcheck: found 2 active agents agent_health_check /var/lib/kolla/venv/lib/python3.6/site-packages/neutron/db/agents_db.py:318
2025-08-11 01:55:20.570 22 DEBUG neutron.wsgi [-] (22) accepted ('10.0.0.27', 57796) server /var/lib/kolla/venv/lib/python3.6/site-packages/eventlet/wsgi.py:1004
2025-08-11 01:55:20.573 22 INFO neutron.wsgi [-] 10.0.0.27 "GET / HTTP/1.1" status: 200 len: 227 time: 0.0026743
2025-08-11 01:55:22.157 26 DEBUG neutron_lib.callbacks.manager [req-07d99b43-c8a9-4ce8-aa64-22dcf6f00150 - - - - -] Publish callbacks ['neutron.services.segments.db._update_segment_host_mapping_for_agent-8759542182720', 'neutron.plugins.ml2.plugin.Ml2Plugin._retry_binding_revived_agents-1335250'] for agent (d290747e-f081-44b2-a732-a441aeb0e390), after_update _notify_loop /var/lib/kolla/venv/lib/python3.6/site-packages/neutron_lib/callbacks/manager.py:177
2025-08-11 01:55:39.559 28 DEBUG neutron_lib.callbacks.manager [req-1ad0227c-2b73-474f-9351-cc4214fb5ee1 - - - - -] Publish callbacks ['neutron.services.segments.db._update_segment_host_mapping_for_agent-8759542182720', 'neutron.plugins.ml2.plugin.Ml2Plugin._retry_binding_revived_agents-1335250'] for agent (85fb4811-9175-41fb-94c1-912593c1b051), after_update _notify_loop /var/lib/kolla/venv/lib/python3.6/site-packages/neutron_lib/callbacks/manager.py:177
2025-08-11 01:55:48.451 29 DEBUG neutron.db.agents_db [req-b410e9fa-f088-4d16-a9fb-2058e56aa41b - - - - -] Agent healthcheck: found 2 active agents agent_health_check /var/lib/kolla/venv/lib/python3.6/site-packages/neutron/db/agents_db.py:318
2025-08-11 01:55:50.628 22 DEBUG neutron.wsgi [-] (22) accepted ('10.0.0.27', 45498) server /var/lib/kolla/venv/lib/python3.6/site-packages/eventlet/wsgi.py:1004
2025-08-11 01:55:50.632 22 INFO neutron.wsgi [-] 10.0.0.27 "GET / HTTP/1.1" status: 200 len: 227 time: 0.0027208
2025-08-11 01:55:52.154 24 DEBUG neutron_lib.callbacks.manager [req-b569bfff-501a-4055-a062-5860c5d209ff - - - - -] Publish callbacks ['neutron.services.segments.db._update_segment_host_mapping_for_agent-8759542182720', 'neutron.plugins.ml2.plugin.Ml2Plugin._retry_binding_revived_agents-1335250'] for agent (d290747e-f081-44b2-a732-a441aeb0e390), after_update _notify_loop /var/lib/kolla/venv/lib/python3.6/site-packages/neutron_lib/callbacks/manager.py:177
2025-08-11 01:56:09.554 23 DEBUG neutron_lib.callbacks.manager [req-1ad0227c-2b73-474f-9351-cc4214fb5ee1 - - - - -] Publish callbacks ['neutron.services.segments.db._update_segment_host_mapping_for_agent-8759542182720', 'neutron.plugins.ml2.plugin.Ml2Plugin._retry_binding_revived_agents-1335250'] for agent (85fb4811-9175-41fb-94c1-912593c1b051), after_update _notify_loop /var/lib/kolla/venv/lib/python3.6/site-packages/neutron_lib/callbacks/manager.py:177
2025-08-11 01:56:20.679 22 DEBUG neutron.wsgi [-] (22) accepted ('10.0.0.27', 44750) server /var/lib/kolla/venv/lib/python3.6/site-packages/eventlet/wsgi.py:1004
2025-08-11 01:56:20.683 22 INFO neutron.wsgi [-] 10.0.0.27 "GET / HTTP/1.1" status: 200 len: 227 time: 0.0031044
2025-08-11 01:56:22.152 25 DEBUG neutron_lib.callbacks.manager [req-0974e3b3-c2d3-4f82-b38e-fd9c18d6c1b3 - - - - -] Publish callbacks ['neutron.services.segments.db._update_segment_host_mapping_for_agent-8759542182720', 'neutron.plugins.ml2.plugin.Ml2Plugin._retry_binding_revived_agents-1335250'] for agent (d290747e-f081-44b2-a732-a441aeb0e390), after_update _notify_loop /var/lib/kolla/venv/lib/python3.6/site-packages/neutron_lib/callbacks/manager.py:177
2025-08-11 01:56:25.446 29 DEBUG neutron.db.agents_db [req-b410e9fa-f088-4d16-a9fb-2058e56aa41b - - - - -] Agent healthcheck: found 2 active agents agent_health_check /var/lib/kolla/venv/lib/python3.6/site-packages/neutron/db/agents_db.py:318
2025-08-11 01:56:39.555 27 DEBUG neutron_lib.callbacks.manager [req-1ad0227c-2b73-474f-9351-cc4214fb5ee1 - - - - -] Publish callbacks ['neutron.services.segments.db._update_segment_host_mapping_for_agent-8759542182720', 'neutron.plugins.ml2.plugin.Ml2Plugin._retry_binding_revived_agents-1335250'] for agent (85fb4811-9175-41fb-94c1-912593c1b051), after_update _notify_loop /var/lib/kolla/venv/lib/python3.6/site-packages/neutron_lib/callbacks/manager.py:177
2025-08-11 01:56:50.727 22 DEBUG neutron.wsgi [-] (22) accepted ('10.0.0.27', 47844) server /var/lib/kolla/venv/lib/python3.6/site-packages/eventlet/wsgi.py:1004
2025-08-11 01:56:50.731 22 INFO neutron.wsgi [-] 10.0.0.27 "GET / HTTP/1.1" status: 200 len: 227 time: 0.0026841
2025-08-11 01:56:52.148 26 DEBUG neutron_lib.callbacks.manager [req-56dd4cd6-e5ff-4cea-b357-8756cdec88bc - - - - -] Publish callbacks ['neutron.services.segments.db._update_segment_host_mapping_for_agent-8759542182720', 'neutron.plugins.ml2.plugin.Ml2Plugin._retry_binding_revived_agents-1335250'] for agent (d290747e-f081-44b2-a732-a441aeb0e390), after_update _notify_loop /var/lib/kolla/venv/lib/python3.6/site-packages/neutron_lib/callbacks/manager.py:177
2025-08-11 01:57:02.456 29 DEBUG neutron.db.agents_db [req-b410e9fa-f088-4d16-a9fb-2058e56aa41b - - - - -] Agent healthcheck: found 2 active agents agent_health_check /var/lib/kolla/venv/lib/python3.6/site-packages/neutron/db/agents_db.py:318
2025-08-11 01:57:09.558 28 DEBUG neutron_lib.callbacks.manager [req-1ad0227c-2b73-474f-9351-cc4214fb5ee1 - - - - -] Publish callbacks ['neutron.services.segments.db._update_segment_host_mapping_for_agent-8759542182720', 'neutron.plugins.ml2.plugin.Ml2Plugin._retry_binding_revived_agents-1335250'] for agent (85fb4811-9175-41fb-94c1-912593c1b051), after_update _notify_loop /var/lib/kolla/venv/lib/python3.6/site-packages/neutron_lib/callbacks/manager.py:177
2025-08-11 01:57:20.776 22 DEBUG neutron.wsgi [-] (22) accepted ('10.0.0.27', 60234) server /var/lib/kolla/venv/lib/python3.6/site-packages/eventlet/wsgi.py:1004
2025-08-11 01:57:20.780 22 INFO neutron.wsgi [-] 10.0.0.27 "GET / HTTP/1.1" status: 200 len: 227 time: 0.0031693
2025-08-11 01:57:22.147 24 DEBUG neutron_lib.callbacks.manager [req-ab0ae240-b58e-44e4-ae03-da8c746a231b - - - - -] Publish callbacks ['neutron.services.segments.db._update_segment_host_mapping_for_agent-8759542182720', 'neutron.plugins.ml2.plugin.Ml2Plugin._retry_binding_revived_agents-1335250'] for agent (d290747e-f081-44b2-a732-a441aeb0e390), after_update _notify_loop /var/lib/kolla/venv/lib/python3.6/site-packages/neutron_lib/callbacks/manager.py:177
2025-08-11 01:57:39.453 29 DEBUG neutron.db.agents_db [req-b410e9fa-f088-4d16-a9fb-2058e56aa41b - - - - -] Agent healthcheck: found 2 active agents agent_health_check /var/lib/kolla/venv/lib/python3.6/site-packages/neutron/db/agents_db.py:318
2025-08-11 01:57:39.561 23 DEBUG neutron_lib.callbacks.manager [req-1ad0227c-2b73-474f-9351-cc4214fb5ee1 - - - - -] Publish callbacks ['neutron.services.segments.db._update_segment_host_mapping_for_agent-8759542182720', 'neutron.plugins.ml2.plugin.Ml2Plugin._retry_binding_revived_agents-1335250'] for agent (85fb4811-9175-41fb-94c1-912593c1b051), after_update _notify_loop /var/lib/kolla/venv/lib/python3.6/site-packages/neutron_lib/callbacks/manager.py:177
2025-08-11 01:57:50.830 22 DEBUG neutron.wsgi [-] (22) accepted ('10.0.0.27', 46976) server /var/lib/kolla/venv/lib/python3.6/site-packages/eventlet/wsgi.py:1004
2025-08-11 01:57:50.833 22 INFO neutron.wsgi [-] 10.0.0.27 "GET / HTTP/1.1" status: 200 len: 227 time: 0.0029168
2025-08-11 01:57:52.148 25 DEBUG neutron_lib.callbacks.manager [req-13599838-e99f-44fd-961f-fc0be32cc6f8 - - - - -] Publish callbacks ['neutron.services.segments.db._update_segment_host_mapping_for_agent-8759542182720', 'neutron.plugins.ml2.plugin.Ml2Plugin._retry_binding_revived_agents-1335250'] for agent (d290747e-f081-44b2-a732-a441aeb0e390), after_update _notify_loop /var/lib/kolla/venv/lib/python3.6/site-packages/neutron_lib/callbacks/manager.py:177
2025-08-11 01:58:09.564 27 DEBUG neutron_lib.callbacks.manager [req-1ad0227c-2b73-474f-9351-cc4214fb5ee1 - - - - -] Publish callbacks ['neutron.services.segments.db._update_segment_host_mapping_for_agent-8759542182720', 'neutron.plugins.ml2.plugin.Ml2Plugin._retry_binding_revived_agents-1335250'] for agent (85fb4811-9175-41fb-94c1-912593c1b051), after_update _notify_loop /var/lib/kolla/venv/lib/python3.6/site-packages/neutron_lib/callbacks/manager.py:177
2025-08-11 01:58:16.453 29 DEBUG neutron.db.agents_db [req-b410e9fa-f088-4d16-a9fb-2058e56aa41b - - - - -] Agent healthcheck: found 2 active agents agent_health_check /var/lib/kolla/venv/lib/python3.6/site-packages/neutron/db/agents_db.py:318
2025-08-11 01:58:20.875 22 DEBUG neutron.wsgi [-] (22) accepted ('10.0.0.27', 40226) server /var/lib/kolla/venv/lib/python3.6/site-packages/eventlet/wsgi.py:1004
2025-08-11 01:58:20.880 22 INFO neutron.wsgi [-] 10.0.0.27 "GET / HTTP/1.1" status: 200 len: 227 time: 0.0040030
2025-08-11 01:58:22.144 26 DEBUG neutron_lib.callbacks.manager [req-b6b04c77-d602-46e8-b0d8-5fbfee864ec0 - - - - -] Publish callbacks ['neutron.services.segments.db._update_segment_host_mapping_for_agent-8759542182720', 'neutron.plugins.ml2.plugin.Ml2Plugin._retry_binding_revived_agents-1335250'] for agent (d290747e-f081-44b2-a732-a441aeb0e390), after_update _notify_loop /var/lib/kolla/venv/lib/python3.6/site-packages/neutron_lib/callbacks/manager.py:177
2025-08-11 01:58:39.570 28 DEBUG neutron_lib.callbacks.manager [req-1ad0227c-2b73-474f-9351-cc4214fb5ee1 - - - - -] Publish callbacks ['neutron.services.segments.db._update_segment_host_mapping_for_agent-8759542182720', 'neutron.plugins.ml2.plugin.Ml2Plugin._retry_binding_revived_agents-1335250'] for agent (85fb4811-9175-41fb-94c1-912593c1b051), after_update _notify_loop /var/lib/kolla/venv/lib/python3.6/site-packages/neutron_lib/callbacks/manager.py:177
2025-08-11 01:58:50.929 22 DEBUG neutron.wsgi [-] (22) accepted ('10.0.0.27', 59684) server /var/lib/kolla/venv/lib/python3.6/site-packages/eventlet/wsgi.py:1004
2025-08-11 01:58:50.933 22 INFO neutron.wsgi [-] 10.0.0.27 "GET / HTTP/1.1" status: 200 len: 227 time: 0.0029507
2025-08-11 01:58:52.143 24 DEBUG neutron_lib.callbacks.manager [req-28690643-1a81-4c7c-ae88-a257dc628291 - - - - -] Publish callbacks ['neutron.services.segments.db._update_segment_host_mapping_for_agent-8759542182720', 'neutron.plugins.ml2.plugin.Ml2Plugin._retry_binding_revived_agents-1335250'] for agent (d290747e-f081-44b2-a732-a441aeb0e390), after_update _notify_loop /var/lib/kolla/venv/lib/python3.6/site-packages/neutron_lib/callbacks/manager.py:177
2025-08-11 01:58:53.453 29 DEBUG neutron.db.agents_db [req-b410e9fa-f088-4d16-a9fb-2058e56aa41b - - - - -] Agent healthcheck: found 2 active agents agent_health_check /var/lib/kolla/venv/lib/python3.6/site-packages/neutron/db/agents_db.py:318
2025-08-11 01:59:09.574 23 DEBUG neutron_lib.callbacks.manager [req-1ad0227c-2b73-474f-9351-cc4214fb5ee1 - - - - -] Publish callbacks ['neutron.services.segments.db._update_segment_host_mapping_for_agent-8759542182720', 'neutron.plugins.ml2.plugin.Ml2Plugin._retry_binding_revived_agents-1335250'] for agent (85fb4811-9175-41fb-94c1-912593c1b051), after_update _notify_loop /var/lib/kolla/venv/lib/python3.6/site-packages/neutron_lib/callbacks/manager.py:177
2025-08-11 01:59:20.991 22 DEBUG neutron.wsgi [-] (22) accepted ('10.0.0.27', 33338) server /var/lib/kolla/venv/lib/python3.6/site-packages/eventlet/wsgi.py:1004
2025-08-11 01:59:20.996 22 INFO neutron.wsgi [-] 10.0.0.27 "GET / HTTP/1.1" status: 200 len: 227 time: 0.0034850
2025-08-11 01:59:22.143 25 DEBUG neutron_lib.callbacks.manager [req-2ae43b2c-e40b-44e5-879b-2e03dd5682c2 - - - - -] Publish callbacks ['neutron.services.segments.db._update_segment_host_mapping_for_agent-8759542182720', 'neutron.plugins.ml2.plugin.Ml2Plugin._retry_binding_revived_agents-1335250'] for agent (d290747e-f081-44b2-a732-a441aeb0e390), after_update _notify_loop /var/lib/kolla/venv/lib/python3.6/site-packages/neutron_lib/callbacks/manager.py:177
2025-08-11 01:59:30.453 29 DEBUG neutron.db.agents_db [req-b410e9fa-f088-4d16-a9fb-2058e56aa41b - - - - -] Agent healthcheck: found 2 active agents agent_health_check /var/lib/kolla/venv/lib/python3.6/site-packages/neutron/db/agents_db.py:318
2025-08-11 01:59:39.575 27 DEBUG neutron_lib.callbacks.manager [req-1ad0227c-2b73-474f-9351-cc4214fb5ee1 - - - - -] Publish callbacks ['neutron.services.segments.db._update_segment_host_mapping_for_agent-8759542182720', 'neutron.plugins.ml2.plugin.Ml2Plugin._retry_binding_revived_agents-1335250'] for agent (85fb4811-9175-41fb-94c1-912593c1b051), after_update _notify_loop /var/lib/kolla/venv/lib/python3.6/site-packages/neutron_lib/callbacks/manager.py:177
2025-08-11 01:59:51.052 22 DEBUG neutron.wsgi [-] (22) accepted ('10.0.0.27', 44144) server /var/lib/kolla/venv/lib/python3.6/site-packages/eventlet/wsgi.py:1004
2025-08-11 01:59:51.057 22 INFO neutron.wsgi [-] 10.0.0.27 "GET / HTTP/1.1" status: 200 len: 227 time: 0.0032723
2025-08-11 01:59:52.140 26 DEBUG neutron_lib.callbacks.manager [req-176c2967-1ea2-43ad-bcea-f479b6c37a51 - - - - -] Publish callbacks ['neutron.services.segments.db._update_segment_host_mapping_for_agent-8759542182720', 'neutron.plugins.ml2.plugin.Ml2Plugin._retry_binding_revived_agents-1335250'] for agent (d290747e-f081-44b2-a732-a441aeb0e390), after_update _notify_loop /var/lib/kolla/venv/lib/python3.6/site-packages/neutron_lib/callbacks/manager.py:177
2025-08-11 02:00:07.452 29 DEBUG neutron.db.agents_db [req-b410e9fa-f088-4d16-a9fb-2058e56aa41b - - - - -] Agent healthcheck: found 2 active agents agent_health_check /var/lib/kolla/venv/lib/python3.6/site-packages/neutron/db/agents_db.py:318
2025-08-11 02:00:09.578 28 DEBUG neutron_lib.callbacks.manager [req-1ad0227c-2b73-474f-9351-cc4214fb5ee1 - - - - -] Publish callbacks ['neutron.services.segments.db._update_segment_host_mapping_for_agent-8759542182720', 'neutron.plugins.ml2.plugin.Ml2Plugin._retry_binding_revived_agents-1335250'] for agent (85fb4811-9175-41fb-94c1-912593c1b051), after_update _notify_loop /var/lib/kolla/venv/lib/python3.6/site-packages/neutron_lib/callbacks/manager.py:177
2025-08-11 02:00:21.112 22 DEBUG neutron.wsgi [-] (22) accepted ('10.0.0.27', 47430) server /var/lib/kolla/venv/lib/python3.6/site-packages/eventlet/wsgi.py:1004
2025-08-11 02:00:21.115 22 INFO neutron.wsgi [-] 10.0.0.27 "GET / HTTP/1.1" status: 200 len: 227 time: 0.0025840
2025-08-11 02:00:22.138 24 DEBUG neutron_lib.callbacks.manager [req-45166abe-0161-4fc6-8d1a-f5a14c84bfe9 - - - - -] Publish callbacks ['neutron.services.segments.db._update_segment_host_mapping_for_agent-8759542182720', 'neutron.plugins.ml2.plugin.Ml2Plugin._retry_binding_revived_agents-1335250'] for agent (d290747e-f081-44b2-a732-a441aeb0e390), after_update _notify_loop /var/lib/kolla/venv/lib/python3.6/site-packages/neutron_lib/callbacks/manager.py:177
2025-08-11 02:00:24.669 7 INFO oslo_service.service [-] Caught SIGTERM, stopping children
2025-08-11 02:00:24.669 7 DEBUG oslo_concurrency.lockutils [-] Acquired lock "singleton_lock" lock /var/lib/kolla/venv/lib/python3.6/site-packages/oslo_concurrency/lockutils.py:294
2025-08-11 02:00:24.670 7 DEBUG oslo_concurrency.lockutils [-] Releasing lock "singleton_lock" lock /var/lib/kolla/venv/lib/python3.6/site-packages/oslo_concurrency/lockutils.py:312
2025-08-11 02:00:24.670 7 DEBUG oslo_service.service [-] Stop services. stop /var/lib/kolla/venv/lib/python3.6/site-packages/oslo_service/service.py:695
2025-08-11 02:00:24.670 7 DEBUG neutron.service [-] calling RpcWorker stop() stop /var/lib/kolla/venv/lib/python3.6/site-packages/neutron/service.py:138
2025-08-11 02:00:24.670 7 DEBUG neutron.service [-] calling RpcWorker stop() stop /var/lib/kolla/venv/lib/python3.6/site-packages/neutron/service.py:138
2025-08-11 02:00:24.670 7 DEBUG oslo_service.service [-] Killing children. stop /var/lib/kolla/venv/lib/python3.6/site-packages/oslo_service/service.py:700
2025-08-11 02:00:24.670 7 INFO oslo_service.service [-] Waiting on 8 children to exit
2025-08-11 02:00:24.671 22 INFO neutron.wsgi [-] (22) wsgi exited, is_accepting=True
2025-08-11 02:00:24.671 26 DEBUG neutron.service [-] calling RpcWorker stop() stop /var/lib/kolla/venv/lib/python3.6/site-packages/neutron/service.py:138
2025-08-11 02:00:24.671 25 DEBUG neutron.service [-] calling RpcWorker stop() stop /var/lib/kolla/venv/lib/python3.6/site-packages/neutron/service.py:138
2025-08-11 02:00:24.671 23 DEBUG neutron.service [-] calling RpcWorker stop() stop /var/lib/kolla/venv/lib/python3.6/site-packages/neutron/service.py:138
2025-08-11 02:00:24.672 22 DEBUG oslo_concurrency.lockutils [req-ce5bbfae-39bb-4d94-adb9-188843238f3e - - - - -] Acquired lock "singleton_lock" lock /var/lib/kolla/venv/lib/python3.6/site-packages/oslo_concurrency/lockutils.py:294
2025-08-11 02:00:24.672 22 DEBUG oslo_concurrency.lockutils [req-ce5bbfae-39bb-4d94-adb9-188843238f3e - - - - -] Releasing lock "singleton_lock" lock /var/lib/kolla/venv/lib/python3.6/site-packages/oslo_concurrency/lockutils.py:312
2025-08-11 02:00:24.671 25 DEBUG neutron.service [-] calling stop on stop /var/lib/kolla/venv/lib/python3.6/site-packages/neutron/service.py:141
2025-08-11 02:00:24.671 26 DEBUG neutron.service [-] calling stop on stop /var/lib/kolla/venv/lib/python3.6/site-packages/neutron/service.py:141
2025-08-11 02:00:24.672 23 DEBUG neutron.service [-] calling stop on stop /var/lib/kolla/venv/lib/python3.6/site-packages/neutron/service.py:141
2025-08-11 02:00:24.676 27 DEBUG neutron.service [-] calling RpcWorker stop() stop /var/lib/kolla/venv/lib/python3.6/site-packages/neutron/service.py:138
2025-08-11 02:00:24.677 24 DEBUG neutron.service [-] calling RpcWorker stop() stop /var/lib/kolla/venv/lib/python3.6/site-packages/neutron/service.py:138
2025-08-11 02:00:24.677 24 DEBUG neutron.service [-] calling stop on stop /var/lib/kolla/venv/lib/python3.6/site-packages/neutron/service.py:141
2025-08-11 02:00:24.677 27 DEBUG neutron.service [-] calling stop on stop /var/lib/kolla/venv/lib/python3.6/site-packages/neutron/service.py:141
2025-08-11 02:00:24.680 29 DEBUG neutron.service [-] calling RpcWorker stop() stop /var/lib/kolla/venv/lib/python3.6/site-packages/neutron/service.py:138
2025-08-11 02:00:24.680 29 DEBUG neutron.service [-] calling stop on stop /var/lib/kolla/venv/lib/python3.6/site-packages/neutron/service.py:141
2025-08-11 02:00:24.682 7 INFO oslo_service.service [-] Child 22 exited with status 0
2025-08-11 02:00:24.686 28 DEBUG neutron.service [-] calling RpcWorker stop() stop /var/lib/kolla/venv/lib/python3.6/site-packages/neutron/service.py:138
2025-08-11 02:00:24.687 28 DEBUG neutron.service [-] calling stop on stop /var/lib/kolla/venv/lib/python3.6/site-packages/neutron/service.py:141
2025-08-11 02:00:25.338 26 DEBUG oslo_concurrency.lockutils [req-ce5bbfae-39bb-4d94-adb9-188843238f3e - - - - -] Acquired lock "singleton_lock" lock /var/lib/kolla/venv/lib/python3.6/site-packages/oslo_concurrency/lockutils.py:294
2025-08-11 02:00:25.339 26 DEBUG oslo_concurrency.lockutils [req-ce5bbfae-39bb-4d94-adb9-188843238f3e - - - - -] Releasing lock "singleton_lock" lock /var/lib/kolla/venv/lib/python3.6/site-packages/oslo_concurrency/lockutils.py:312
2025-08-11 02:00:25.339 26 DEBUG neutron.service [req-ce5bbfae-39bb-4d94-adb9-188843238f3e - - - - -] calling RpcWorker wait() _wait /var/lib/kolla/venv/lib/python3.6/site-packages/neutron/service.py:128
2025-08-11 02:00:25.339 26 DEBUG neutron.service [req-ce5bbfae-39bb-4d94-adb9-188843238f3e - - - - -] calling wait on _wait /var/lib/kolla/venv/lib/python3.6/site-packages/neutron/service.py:131
2025-08-11 02:00:25.347 26 WARNING amqp [req-ce5bbfae-39bb-4d94-adb9-188843238f3e - - - - -] Received method (60, 30) during closing channel 1. This method will be ignored
2025-08-11 02:00:25.348 26 DEBUG neutron.service [req-ce5bbfae-39bb-4d94-adb9-188843238f3e - - - - -] returning from RpcWorker wait() _wait /var/lib/kolla/venv/lib/python3.6/site-packages/neutron/service.py:135
2025-08-11 02:00:25.353 7 INFO oslo_service.service [-] Child 26 exited with status 0
2025-08-11 02:00:27.784 28 DEBUG oslo_concurrency.lockutils [req-ce5bbfae-39bb-4d94-adb9-188843238f3e - - - - -] Acquired lock "singleton_lock" lock /var/lib/kolla/venv/lib/python3.6/site-packages/oslo_concurrency/lockutils.py:294
2025-08-11 02:00:27.784 28 DEBUG oslo_concurrency.lockutils [req-ce5bbfae-39bb-4d94-adb9-188843238f3e - - - - -] Releasing lock "singleton_lock" lock /var/lib/kolla/venv/lib/python3.6/site-packages/oslo_concurrency/lockutils.py:312
2025-08-11 02:00:27.785 28 DEBUG neutron.service [req-ce5bbfae-39bb-4d94-adb9-188843238f3e - - - - -] calling RpcWorker wait() _wait /var/lib/kolla/venv/lib/python3.6/site-packages/neutron/service.py:128
2025-08-11 02:00:27.785 28 DEBUG neutron.service [req-ce5bbfae-39bb-4d94-adb9-188843238f3e - - - - -] calling wait on _wait /var/lib/kolla/venv/lib/python3.6/site-packages/neutron/service.py:131
2025-08-11 02:00:27.792 28 WARNING amqp [req-ce5bbfae-39bb-4d94-adb9-188843238f3e - - - - -] Received method (60, 30) during closing channel 1. This method will be ignored
2025-08-11 02:00:27.793 28 DEBUG neutron.service [req-ce5bbfae-39bb-4d94-adb9-188843238f3e - - - - -] returning from RpcWorker wait() _wait /var/lib/kolla/venv/lib/python3.6/site-packages/neutron/service.py:135
2025-08-11 02:00:27.798 7 INFO oslo_service.service [-] Child 28 exited with status 0
2025-08-11 02:00:28.425 24 DEBUG neutron.service [-] calling stop on stop /var/lib/kolla/venv/lib/python3.6/site-packages/neutron/service.py:141
2025-08-11 02:00:28.428 23 DEBUG neutron.service [-] calling stop on stop /var/lib/kolla/venv/lib/python3.6/site-packages/neutron/service.py:141
2025-08-11 02:00:28.430 25 DEBUG neutron.service [-] calling stop on stop /var/lib/kolla/venv/lib/python3.6/site-packages/neutron/service.py:141
2025-08-11 02:00:28.438 24 DEBUG neutron.service [-] calling stop on stop /var/lib/kolla/venv/lib/python3.6/site-packages/neutron/service.py:141
2025-08-11 02:00:28.440 25 DEBUG neutron.service [-] calling stop on stop /var/lib/kolla/venv/lib/python3.6/site-packages/neutron/service.py:141
2025-08-11 02:00:28.445 23 DEBUG neutron.service [-] calling stop on stop /var/lib/kolla/venv/lib/python3.6/site-packages/neutron/service.py:141
2025-08-11 02:00:28.464 23 DEBUG neutron.service [-] calling stop on stop /var/lib/kolla/venv/lib/python3.6/site-packages/neutron/service.py:141
2025-08-11 02:00:28.464 25 DEBUG neutron.service [-] calling stop on stop /var/lib/kolla/venv/lib/python3.6/site-packages/neutron/service.py:141
2025-08-11 02:00:28.465 29 DEBUG oslo_concurrency.lockutils [req-ce5bbfae-39bb-4d94-adb9-188843238f3e - - - - -] Acquired lock "singleton_lock" lock /var/lib/kolla/venv/lib/python3.6/site-packages/oslo_concurrency/lockutils.py:294
2025-08-11 02:00:28.465 29 DEBUG oslo_concurrency.lockutils [req-ce5bbfae-39bb-4d94-adb9-188843238f3e - - - - -] Releasing lock "singleton_lock" lock /var/lib/kolla/venv/lib/python3.6/site-packages/oslo_concurrency/lockutils.py:312
2025-08-11 02:00:28.465 29 DEBUG neutron.service [req-ce5bbfae-39bb-4d94-adb9-188843238f3e - - - - -] calling RpcWorker wait() _wait /var/lib/kolla/venv/lib/python3.6/site-packages/neutron/service.py:128
2025-08-11 02:00:28.466 29 DEBUG neutron.service [req-ce5bbfae-39bb-4d94-adb9-188843238f3e - - - - -] calling wait on _wait /var/lib/kolla/venv/lib/python3.6/site-packages/neutron/service.py:131
2025-08-11 02:00:28.472 27 DEBUG oslo_concurrency.lockutils [req-ce5bbfae-39bb-4d94-adb9-188843238f3e - - - - -] Acquired lock "singleton_lock" lock /var/lib/kolla/venv/lib/python3.6/site-packages/oslo_concurrency/lockutils.py:294
2025-08-11 02:00:28.473 27 DEBUG oslo_concurrency.lockutils [req-ce5bbfae-39bb-4d94-adb9-188843238f3e - - - - -] Releasing lock "singleton_lock" lock /var/lib/kolla/venv/lib/python3.6/site-packages/oslo_concurrency/lockutils.py:312
2025-08-11 02:00:28.473 29 WARNING amqp [req-ce5bbfae-39bb-4d94-adb9-188843238f3e - - - - -] Received method (60, 30) during closing channel 1. This method will be ignored
2025-08-11 02:00:28.473 27 DEBUG neutron.service [req-ce5bbfae-39bb-4d94-adb9-188843238f3e - - - - -] calling RpcWorker wait() _wait /var/lib/kolla/venv/lib/python3.6/site-packages/neutron/service.py:128
2025-08-11 02:00:28.473 27 DEBUG neutron.service [req-ce5bbfae-39bb-4d94-adb9-188843238f3e - - - - -] calling wait on _wait /var/lib/kolla/venv/lib/python3.6/site-packages/neutron/service.py:131
2025-08-11 02:00:28.474 29 DEBUG neutron.service [req-ce5bbfae-39bb-4d94-adb9-188843238f3e - - - - -] returning from RpcWorker wait() _wait /var/lib/kolla/venv/lib/python3.6/site-packages/neutron/service.py:135
2025-08-11 02:00:28.474 23 DEBUG oslo_concurrency.lockutils [req-ce5bbfae-39bb-4d94-adb9-188843238f3e - - - - -] Acquired lock "singleton_lock" lock /var/lib/kolla/venv/lib/python3.6/site-packages/oslo_concurrency/lockutils.py:294
2025-08-11 02:00:28.474 23 DEBUG oslo_concurrency.lockutils [req-ce5bbfae-39bb-4d94-adb9-188843238f3e - - - - -] Releasing lock "singleton_lock" lock /var/lib/kolla/venv/lib/python3.6/site-packages/oslo_concurrency/lockutils.py:312
2025-08-11 02:00:28.474 23 DEBUG neutron.service [req-ce5bbfae-39bb-4d94-adb9-188843238f3e - - - - -] calling RpcWorker wait() _wait /var/lib/kolla/venv/lib/python3.6/site-packages/neutron/service.py:128
2025-08-11 02:00:28.475 23 DEBUG neutron.service [req-ce5bbfae-39bb-4d94-adb9-188843238f3e - - - - -] calling wait on _wait /var/lib/kolla/venv/lib/python3.6/site-packages/neutron/service.py:131
2025-08-11 02:00:28.476 25 DEBUG oslo_concurrency.lockutils [req-ce5bbfae-39bb-4d94-adb9-188843238f3e - - - - -] Acquired lock "singleton_lock" lock /var/lib/kolla/venv/lib/python3.6/site-packages/oslo_concurrency/lockutils.py:294
2025-08-11 02:00:28.477 25 DEBUG oslo_concurrency.lockutils [req-ce5bbfae-39bb-4d94-adb9-188843238f3e - - - - -] Releasing lock "singleton_lock" lock /var/lib/kolla/venv/lib/python3.6/site-packages/oslo_concurrency/lockutils.py:312
2025-08-11 02:00:28.477 25 DEBUG neutron.service [req-ce5bbfae-39bb-4d94-adb9-188843238f3e - - - - -] calling RpcWorker wait() _wait /var/lib/kolla/venv/lib/python3.6/site-packages/neutron/service.py:128
2025-08-11 02:00:28.477 25 DEBUG neutron.service [req-ce5bbfae-39bb-4d94-adb9-188843238f3e - - - - -] calling wait on _wait /var/lib/kolla/venv/lib/python3.6/site-packages/neutron/service.py:131
2025-08-11 02:00:28.478 27 WARNING amqp [req-ce5bbfae-39bb-4d94-adb9-188843238f3e - - - - -] Received method (60, 30) during closing channel 1. This method will be ignored
2025-08-11 02:00:28.479 27 DEBUG neutron.service [req-ce5bbfae-39bb-4d94-adb9-188843238f3e - - - - -] returning from RpcWorker wait() _wait /var/lib/kolla/venv/lib/python3.6/site-packages/neutron/service.py:135
2025-08-11 02:00:28.479 7 INFO oslo_service.service [-] Child 29 exited with status 0
2025-08-11 02:00:28.483 23 WARNING amqp [req-ce5bbfae-39bb-4d94-adb9-188843238f3e - - - - -] Received method (60, 30) during closing channel 1. This method will be ignored
2025-08-11 02:00:28.483 7 INFO oslo_service.service [-] Child 27 exited with status 0
2025-08-11 02:00:28.484 23 DEBUG neutron.service [req-ce5bbfae-39bb-4d94-adb9-188843238f3e - - - - -] calling wait on _wait /var/lib/kolla/venv/lib/python3.6/site-packages/neutron/service.py:131
2025-08-11 02:00:28.485 25 WARNING amqp [req-ce5bbfae-39bb-4d94-adb9-188843238f3e - - - - -] Received method (60, 30) during closing channel 1. This method will be ignored
2025-08-11 02:00:28.486 25 DEBUG neutron.service [req-ce5bbfae-39bb-4d94-adb9-188843238f3e - - - - -] calling wait on _wait /var/lib/kolla/venv/lib/python3.6/site-packages/neutron/service.py:131
2025-08-11 02:00:28.489 23 WARNING amqp [req-ce5bbfae-39bb-4d94-adb9-188843238f3e - - - - -] Received method (60, 30) during closing channel 1. This method will be ignored
2025-08-11 02:00:28.490 23 DEBUG neutron.service [req-ce5bbfae-39bb-4d94-adb9-188843238f3e - - - - -] calling wait on _wait /var/lib/kolla/venv/lib/python3.6/site-packages/neutron/service.py:131
2025-08-11 02:00:28.492 25 WARNING amqp [req-ce5bbfae-39bb-4d94-adb9-188843238f3e - - - - -] Received method (60, 30) during closing channel 1. This method will be ignored
2025-08-11 02:00:28.493 25 DEBUG neutron.service [req-ce5bbfae-39bb-4d94-adb9-188843238f3e - - - - -] calling wait on _wait /var/lib/kolla/venv/lib/python3.6/site-packages/neutron/service.py:131
2025-08-11 02:00:28.495 23 WARNING amqp [req-ce5bbfae-39bb-4d94-adb9-188843238f3e - - - - -] Received method (60, 30) during closing channel 1. This method will be ignored
2025-08-11 02:00:28.496 23 DEBUG neutron.service [req-ce5bbfae-39bb-4d94-adb9-188843238f3e - - - - -] calling wait on _wait /var/lib/kolla/venv/lib/python3.6/site-packages/neutron/service.py:131
2025-08-11 02:00:28.498 25 WARNING amqp [req-ce5bbfae-39bb-4d94-adb9-188843238f3e - - - - -] Received method (60, 30) during closing channel 1. This method will be ignored
2025-08-11 02:00:28.499 25 DEBUG neutron.service [req-ce5bbfae-39bb-4d94-adb9-188843238f3e - - - - -] calling wait on _wait /var/lib/kolla/venv/lib/python3.6/site-packages/neutron/service.py:131
2025-08-11 02:00:28.501 23 WARNING amqp [req-ce5bbfae-39bb-4d94-adb9-188843238f3e - - - - -] Received method (60, 30) during closing channel 1. This method will be ignored
2025-08-11 02:00:28.502 23 DEBUG neutron.service [req-ce5bbfae-39bb-4d94-adb9-188843238f3e - - - - -] returning from RpcWorker wait() _wait /var/lib/kolla/venv/lib/python3.6/site-packages/neutron/service.py:135
2025-08-11 02:00:28.504 25 WARNING amqp [req-ce5bbfae-39bb-4d94-adb9-188843238f3e - - - - -] Received method (60, 30) during closing channel 1. This method will be ignored
2025-08-11 02:00:28.504 25 DEBUG neutron.service [req-ce5bbfae-39bb-4d94-adb9-188843238f3e - - - - -] returning from RpcWorker wait() _wait /var/lib/kolla/venv/lib/python3.6/site-packages/neutron/service.py:135
2025-08-11 02:00:28.508 7 INFO oslo_service.service [-] Child 23 exited with status 0
2025-08-11 02:00:28.509 7 INFO oslo_service.service [-] Child 25 exited with status 0
2025-08-11 02:00:30.331 24 DEBUG neutron.service [-] calling stop on stop /var/lib/kolla/venv/lib/python3.6/site-packages/neutron/service.py:141
2025-08-11 02:00:33.476 24 DEBUG oslo_concurrency.lockutils [req-ce5bbfae-39bb-4d94-adb9-188843238f3e - - - - -] Acquired lock "singleton_lock" lock /var/lib/kolla/venv/lib/python3.6/site-packages/oslo_concurrency/lockutils.py:294
2025-08-11 02:00:33.476 24 DEBUG oslo_concurrency.lockutils [req-ce5bbfae-39bb-4d94-adb9-188843238f3e - - - - -] Releasing lock "singleton_lock" lock /var/lib/kolla/venv/lib/python3.6/site-packages/oslo_concurrency/lockutils.py:312
2025-08-11 02:00:33.476 24 DEBUG neutron.service [req-ce5bbfae-39bb-4d94-adb9-188843238f3e - - - - -] calling RpcWorker wait() _wait /var/lib/kolla/venv/lib/python3.6/site-packages/neutron/service.py:128
2025-08-11 02:00:33.477 24 DEBUG neutron.service [req-ce5bbfae-39bb-4d94-adb9-188843238f3e - - - - -] calling wait on _wait /var/lib/kolla/venv/lib/python3.6/site-packages/neutron/service.py:131
2025-08-11 02:00:33.483 24 WARNING amqp [req-ce5bbfae-39bb-4d94-adb9-188843238f3e - - - - -] Received method (60, 30) during closing channel 1. This method will be ignored
2025-08-11 02:00:33.484 24 DEBUG neutron.service [req-ce5bbfae-39bb-4d94-adb9-188843238f3e - - - - -] calling wait on _wait /var/lib/kolla/venv/lib/python3.6/site-packages/neutron/service.py:131
2025-08-11 02:00:33.488 24 WARNING amqp [req-ce5bbfae-39bb-4d94-adb9-188843238f3e - - - - -] Received method (60, 30) during closing channel 1. This method will be ignored
2025-08-11 02:00:33.489 24 DEBUG neutron.service [req-ce5bbfae-39bb-4d94-adb9-188843238f3e - - - - -] calling wait on _wait /var/lib/kolla/venv/lib/python3.6/site-packages/neutron/service.py:131
2025-08-11 02:00:33.493 24 WARNING amqp [req-ce5bbfae-39bb-4d94-adb9-188843238f3e - - - - -] Received method (60, 30) during closing channel 1. This method will be ignored
2025-08-11 02:00:33.493 24 DEBUG neutron.service [req-ce5bbfae-39bb-4d94-adb9-188843238f3e - - - - -] calling wait on _wait /var/lib/kolla/venv/lib/python3.6/site-packages/neutron/service.py:131
2025-08-11 02:00:33.498 24 WARNING amqp [req-ce5bbfae-39bb-4d94-adb9-188843238f3e - - - - -] Received method (60, 30) during closing channel 1. This method will be ignored
2025-08-11 02:00:33.498 24 DEBUG neutron.service [req-ce5bbfae-39bb-4d94-adb9-188843238f3e - - - - -] returning from RpcWorker wait() _wait /var/lib/kolla/venv/lib/python3.6/site-packages/neutron/service.py:135
2025-08-11 02:00:33.504 7 INFO oslo_service.service [-] Child 24 exited with status 0
2025-08-11 02:00:33.504 7 INFO oslo_service.service [-] Wait called after thread killed. Cleaning up.
2025-08-11 02:00:33.504 7 DEBUG oslo_service.service [-] Stop services. stop /var/lib/kolla/venv/lib/python3.6/site-packages/oslo_service/service.py:695
2025-08-11 02:00:33.504 7 DEBUG oslo_service.service [-] Killing children. stop /var/lib/kolla/venv/lib/python3.6/site-packages/oslo_service/service.py:700
2025-08-11 02:00:37.322 7 INFO neutron.common.config [-] Logging enabled!
2025-08-11 02:00:37.322 7 INFO neutron.common.config [-] /var/lib/kolla/venv/bin/neutron-server version 20.5.1.dev23
2025-08-11 02:00:37.322 7 DEBUG neutron.common.config [-] command line: /var/lib/kolla/venv/bin/neutron-server --config-file /etc/neutron/neutron.conf --config-file /etc/neutron/ContrailPlugin.ini --config-file /etc/neutron/api-paste.ini setup_logging /var/lib/kolla/venv/lib/python3.6/site-packages/neutron/common/config.py:115
2025-08-11 02:00:37.325 7 INFO neutron.common.config [-] Logging enabled!
2025-08-11 02:00:37.326 7 INFO neutron.common.config [-] /var/lib/kolla/venv/bin/neutron-server version 20.5.1.dev23
2025-08-11 02:00:37.326 7 DEBUG neutron.common.config [-] command line: /var/lib/kolla/venv/bin/neutron-server --config-file /etc/neutron/neutron.conf --config-file /etc/neutron/ContrailPlugin.ini --config-file /etc/neutron/api-paste.ini setup_logging /var/lib/kolla/venv/lib/python3.6/site-packages/neutron/common/config.py:115
2025-08-11 02:00:37.326 7 DEBUG neutron.common.config [-] ******************************************************************************** log_opt_values /var/lib/kolla/venv/lib/python3.6/site-packages/oslo_config/cfg.py:2589
2025-08-11 02:00:37.326 7 DEBUG neutron.common.config [-] Configuration options gathered from: log_opt_values /var/lib/kolla/venv/lib/python3.6/site-packages/oslo_config/cfg.py:2590
2025-08-11 02:00:37.327 7 DEBUG neutron.common.config [-] command line args: ['--config-file', '/etc/neutron/neutron.conf', '--config-file', '/etc/neutron/ContrailPlugin.ini', '--config-file', '/etc/neutron/api-paste.ini'] log_opt_values /var/lib/kolla/venv/lib/python3.6/site-packages/oslo_config/cfg.py:2591
2025-08-11 02:00:37.328 7 DEBUG neutron.common.config [-] config files: ['/etc/neutron/neutron.conf', '/etc/neutron/ContrailPlugin.ini', '/etc/neutron/api-paste.ini'] log_opt_values /var/lib/kolla/venv/lib/python3.6/site-packages/oslo_config/cfg.py:2593
2025-08-11 02:00:37.328 7 DEBUG neutron.common.config [-] ================================================================================ log_opt_values /var/lib/kolla/venv/lib/python3.6/site-packages/oslo_config/cfg.py:2594
2025-08-11 02:00:37.328 7 DEBUG neutron.common.config [-] allow_bulk = True log_opt_values /var/lib/kolla/venv/lib/python3.6/site-packages/oslo_config/cfg.py:2603
2025-08-11 02:00:37.328 7 WARNING oslo_config.cfg [-] Deprecated: Option "allow_overlapping_ips" from group "DEFAULT" is deprecated for removal. Its value may be silently ignored in the future.
2025-08-11 02:00:37.328 7 DEBUG neutron.common.config [-] allow_overlapping_ips = True log_opt_values /var/lib/kolla/venv/lib/python3.6/site-packages/oslo_config/cfg.py:2603
2025-08-11 02:00:37.328 7 DEBUG neutron.common.config [-] api_extensions_path = /opt/plugin/site-packages/neutron_plugin_contrail/extensions:/opt/plugin/site-packages/neutron_lbaas/extensions log_opt_values /var/lib/kolla/venv/lib/python3.6/site-packages/oslo_config/cfg.py:2603
2025-08-11 02:00:37.328 7 DEBUG neutron.common.config [-] api_paste_config = /etc/neutron/api-paste.ini log_opt_values /var/lib/kolla/venv/lib/python3.6/site-packages/oslo_config/cfg.py:2603
2025-08-11 02:00:37.329 7 DEBUG neutron.common.config [-] api_workers = 1 log_opt_values /var/lib/kolla/venv/lib/python3.6/site-packages/oslo_config/cfg.py:2603
2025-08-11 02:00:37.329 7 DEBUG neutron.common.config [-] auth_strategy = keystone log_opt_values /var/lib/kolla/venv/lib/python3.6/site-packages/oslo_config/cfg.py:2603
2025-08-11 02:00:37.329 7 DEBUG neutron.common.config [-] backlog = 4096 log_opt_values /var/lib/kolla/venv/lib/python3.6/site-packages/oslo_config/cfg.py:2603
2025-08-11 02:00:37.329 7 DEBUG neutron.common.config [-] base_mac = fa:16:3e:00:00:00 log_opt_values /var/lib/kolla/venv/lib/python3.6/site-packages/oslo_config/cfg.py:2603
