2025-08-04 02:09:06.309 7 DEBUG oslo_service.service [-] ml2_type_gre.tunnel_id_ranges = [] log_opt_values /var/lib/kolla/venv/lib/python3.6/site-packages/oslo_config/cfg.py:2611
2025-08-04 02:09:06.309 7 DEBUG oslo_service.service [-] ml2_type_vlan.network_vlan_ranges = [] log_opt_values /var/lib/kolla/venv/lib/python3.6/site-packages/oslo_config/cfg.py:2611
2025-08-04 02:09:06.310 7 DEBUG oslo_service.service [-] ml2_type_vxlan.vni_ranges = [] log_opt_values /var/lib/kolla/venv/lib/python3.6/site-packages/oslo_config/cfg.py:2611
2025-08-04 02:09:06.310 7 DEBUG oslo_service.service [-] ml2_type_vxlan.vxlan_group = None log_opt_values /var/lib/kolla/venv/lib/python3.6/site-packages/oslo_config/cfg.py:2611
2025-08-04 02:09:06.310 7 DEBUG oslo_service.service [-] database.backend = sqlalchemy log_opt_values /var/lib/kolla/venv/lib/python3.6/site-packages/oslo_config/cfg.py:2611
2025-08-04 02:09:06.310 7 DEBUG oslo_service.service [-] database.connection = **** log_opt_values /var/lib/kolla/venv/lib/python3.6/site-packages/oslo_config/cfg.py:2611
2025-08-04 02:09:06.310 7 DEBUG oslo_service.service [-] database.connection_debug = 0 log_opt_values /var/lib/kolla/venv/lib/python3.6/site-packages/oslo_config/cfg.py:2611
2025-08-04 02:09:06.310 7 DEBUG oslo_service.service [-] database.connection_parameters = log_opt_values /var/lib/kolla/venv/lib/python3.6/site-packages/oslo_config/cfg.py:2611
2025-08-04 02:09:06.310 7 DEBUG oslo_service.service [-] database.connection_recycle_time = 10 log_opt_values /var/lib/kolla/venv/lib/python3.6/site-packages/oslo_config/cfg.py:2611
2025-08-04 02:09:06.310 7 DEBUG oslo_service.service [-] database.connection_trace = False log_opt_values /var/lib/kolla/venv/lib/python3.6/site-packages/oslo_config/cfg.py:2611
2025-08-04 02:09:06.310 7 DEBUG oslo_service.service [-] database.db_inc_retry_interval = True log_opt_values /var/lib/kolla/venv/lib/python3.6/site-packages/oslo_config/cfg.py:2611
2025-08-04 02:09:06.310 7 DEBUG oslo_service.service [-] database.db_max_retries = 20 log_opt_values /var/lib/kolla/venv/lib/python3.6/site-packages/oslo_config/cfg.py:2611
2025-08-04 02:09:06.310 7 DEBUG oslo_service.service [-] database.db_max_retry_interval = 10 log_opt_values /var/lib/kolla/venv/lib/python3.6/site-packages/oslo_config/cfg.py:2611
2025-08-04 02:09:06.311 7 DEBUG oslo_service.service [-] database.db_retry_interval = 1 log_opt_values /var/lib/kolla/venv/lib/python3.6/site-packages/oslo_config/cfg.py:2611
2025-08-04 02:09:06.311 7 DEBUG oslo_service.service [-] database.max_overflow = 50 log_opt_values /var/lib/kolla/venv/lib/python3.6/site-packages/oslo_config/cfg.py:2611
2025-08-04 02:09:06.311 7 DEBUG oslo_service.service [-] database.max_pool_size = 1 log_opt_values /var/lib/kolla/venv/lib/python3.6/site-packages/oslo_config/cfg.py:2611
2025-08-04 02:09:06.311 7 DEBUG oslo_service.service [-] database.max_retries = -1 log_opt_values /var/lib/kolla/venv/lib/python3.6/site-packages/oslo_config/cfg.py:2611
2025-08-04 02:09:06.311 7 DEBUG oslo_service.service [-] database.mysql_enable_ndb = False log_opt_values /var/lib/kolla/venv/lib/python3.6/site-packages/oslo_config/cfg.py:2611
2025-08-04 02:09:06.311 7 DEBUG oslo_service.service [-] database.mysql_sql_mode = TRADITIONAL log_opt_values /var/lib/kolla/venv/lib/python3.6/site-packages/oslo_config/cfg.py:2611
2025-08-04 02:09:06.311 7 DEBUG oslo_service.service [-] database.pool_timeout = None log_opt_values /var/lib/kolla/venv/lib/python3.6/site-packages/oslo_config/cfg.py:2611
2025-08-04 02:09:06.311 7 DEBUG oslo_service.service [-] database.retry_interval = 10 log_opt_values /var/lib/kolla/venv/lib/python3.6/site-packages/oslo_config/cfg.py:2611
2025-08-04 02:09:06.311 7 DEBUG oslo_service.service [-] database.slave_connection = **** log_opt_values /var/lib/kolla/venv/lib/python3.6/site-packages/oslo_config/cfg.py:2611
2025-08-04 02:09:06.311 7 DEBUG oslo_service.service [-] database.sqlite_synchronous = True log_opt_values /var/lib/kolla/venv/lib/python3.6/site-packages/oslo_config/cfg.py:2611
2025-08-04 02:09:06.311 7 DEBUG oslo_service.service [-] database.use_db_reconnect = False log_opt_values /var/lib/kolla/venv/lib/python3.6/site-packages/oslo_config/cfg.py:2611
2025-08-04 02:09:06.312 7 DEBUG oslo_service.service [-] ******************************************************************************** log_opt_values /var/lib/kolla/venv/lib/python3.6/site-packages/oslo_config/cfg.py:2613
2025-08-04 02:09:07.757 22 DEBUG neutron.wsgi [-] (22) accepted ('10.0.0.249', 39094) server /var/lib/kolla/venv/lib/python3.6/site-packages/eventlet/wsgi.py:1004
2025-08-04 02:09:07.764 22 INFO neutron.wsgi [-] 10.0.0.249 "GET / HTTP/1.1" status: 200 len: 228 time: 0.0053649
2025-08-04 02:09:10.375 23 DEBUG neutron.api.rpc.handlers.dhcp_rpc [req-323fc387-d9e4-4c5b-98ba-17eda891cf6f - - - - -] get_active_networks_info from cn-jenkins-deploy-platform-ansible-os-3749-1 get_active_networks_info /var/lib/kolla/venv/lib/python3.6/site-packages/neutron/api/rpc/handlers/dhcp_rpc.py:159
2025-08-04 02:09:10.397 27 DEBUG neutron_lib.callbacks.manager [req-9de9e526-caab-487c-b945-f23a1c1a0c39 - - - - -] Publish callbacks ['neutron.services.segments.db._update_segment_host_mapping_for_agent-8727008670784', 'neutron.services.l3_router.l3_router_plugin.DVRResourceOperationHandler.create_fip_agent_gw_ports-481213'] for agent (b6aeb7a3-9b89-431f-84db-4d8921dcc044), after_create _notify_loop /var/lib/kolla/venv/lib/python3.6/site-packages/neutron_lib/callbacks/manager.py:177
2025-08-04 02:09:10.414 23 DEBUG neutron.scheduler.dhcp_agent_scheduler [req-323fc387-d9e4-4c5b-98ba-17eda891cf6f - - - - -] No non-hosted networks auto_schedule_networks /var/lib/kolla/venv/lib/python3.6/site-packages/neutron/scheduler/dhcp_agent_scheduler.py:60
2025-08-04 02:09:28.869 28 DEBUG neutron_lib.callbacks.manager [req-63f3f53d-6b25-4bfe-a287-7c0326444941 - - - - -] Publish callbacks ['neutron.services.segments.db._update_segment_host_mapping_for_agent-8727008670784', 'neutron.services.l3_router.l3_router_plugin.DVRResourceOperationHandler.create_fip_agent_gw_ports-481213'] for agent (68f74bc3-45b1-4e43-ba56-cfddce793a22), after_create _notify_loop /var/lib/kolla/venv/lib/python3.6/site-packages/neutron_lib/callbacks/manager.py:177
2025-08-04 02:09:37.812 22 DEBUG neutron.wsgi [-] (22) accepted ('10.0.0.249', 44450) server /var/lib/kolla/venv/lib/python3.6/site-packages/eventlet/wsgi.py:1004
2025-08-04 02:09:37.816 22 INFO neutron.wsgi [-] 10.0.0.249 "GET / HTTP/1.1" status: 200 len: 228 time: 0.0039301
2025-08-04 02:09:40.389 26 DEBUG neutron_lib.callbacks.manager [req-2e537eac-765b-4b7d-bba9-b0b7927ee804 - - - - -] Publish callbacks ['neutron.services.segments.db._update_segment_host_mapping_for_agent-8727008670784', 'neutron.plugins.ml2.plugin.Ml2Plugin._retry_binding_revived_agents-7617299'] for agent (b6aeb7a3-9b89-431f-84db-4d8921dcc044), after_update _notify_loop /var/lib/kolla/venv/lib/python3.6/site-packages/neutron_lib/callbacks/manager.py:177
2025-08-04 02:09:58.840 24 DEBUG neutron_lib.callbacks.manager [req-63f3f53d-6b25-4bfe-a287-7c0326444941 - - - - -] Publish callbacks ['neutron.services.segments.db._update_segment_host_mapping_for_agent-8727008670784', 'neutron.plugins.ml2.plugin.Ml2Plugin._retry_binding_revived_agents-7617299'] for agent (68f74bc3-45b1-4e43-ba56-cfddce793a22), after_update _notify_loop /var/lib/kolla/venv/lib/python3.6/site-packages/neutron_lib/callbacks/manager.py:177
2025-08-04 02:10:07.864 22 DEBUG neutron.wsgi [-] (22) accepted ('10.0.0.249', 34254) server /var/lib/kolla/venv/lib/python3.6/site-packages/eventlet/wsgi.py:1004
2025-08-04 02:10:07.869 22 INFO neutron.wsgi [-] 10.0.0.249 "GET / HTTP/1.1" status: 200 len: 228 time: 0.0042298
2025-08-04 02:10:10.382 25 DEBUG neutron_lib.callbacks.manager [req-025c5487-f07d-4288-8bc5-a2fc08b929c0 - - - - -] Publish callbacks ['neutron.services.segments.db._update_segment_host_mapping_for_agent-8727008670784', 'neutron.plugins.ml2.plugin.Ml2Plugin._retry_binding_revived_agents-7617299'] for agent (b6aeb7a3-9b89-431f-84db-4d8921dcc044), after_update _notify_loop /var/lib/kolla/venv/lib/python3.6/site-packages/neutron_lib/callbacks/manager.py:177
2025-08-04 02:10:18.230 29 DEBUG neutron.db.agents_db [req-cd237d58-83bb-4944-8cd2-f293a0bc7640 - - - - -] Agent healthcheck: found 2 active agents agent_health_check /var/lib/kolla/venv/lib/python3.6/site-packages/neutron/db/agents_db.py:318
2025-08-04 02:10:28.830 23 DEBUG neutron_lib.callbacks.manager [req-63f3f53d-6b25-4bfe-a287-7c0326444941 - - - - -] Publish callbacks ['neutron.services.segments.db._update_segment_host_mapping_for_agent-8727008670784', 'neutron.plugins.ml2.plugin.Ml2Plugin._retry_binding_revived_agents-7617299'] for agent (68f74bc3-45b1-4e43-ba56-cfddce793a22), after_update _notify_loop /var/lib/kolla/venv/lib/python3.6/site-packages/neutron_lib/callbacks/manager.py:177
2025-08-04 02:10:37.921 22 DEBUG neutron.wsgi [-] (22) accepted ('10.0.0.249', 42962) server /var/lib/kolla/venv/lib/python3.6/site-packages/eventlet/wsgi.py:1004
2025-08-04 02:10:37.924 22 INFO neutron.wsgi [-] 10.0.0.249 "GET / HTTP/1.1" status: 200 len: 228 time: 0.0028248
2025-08-04 02:10:40.368 27 DEBUG neutron_lib.callbacks.manager [req-4b1cf7c5-ff23-49d3-bda4-a285b8b9a64d - - - - -] Publish callbacks ['neutron.services.segments.db._update_segment_host_mapping_for_agent-8727008670784', 'neutron.plugins.ml2.plugin.Ml2Plugin._retry_binding_revived_agents-7617299'] for agent (b6aeb7a3-9b89-431f-84db-4d8921dcc044), after_update _notify_loop /var/lib/kolla/venv/lib/python3.6/site-packages/neutron_lib/callbacks/manager.py:177
2025-08-04 02:10:55.231 29 DEBUG neutron.db.agents_db [req-cd237d58-83bb-4944-8cd2-f293a0bc7640 - - - - -] Agent healthcheck: found 2 active agents agent_health_check /var/lib/kolla/venv/lib/python3.6/site-packages/neutron/db/agents_db.py:318
2025-08-04 02:10:58.831 28 DEBUG neutron_lib.callbacks.manager [req-63f3f53d-6b25-4bfe-a287-7c0326444941 - - - - -] Publish callbacks ['neutron.services.segments.db._update_segment_host_mapping_for_agent-8727008670784', 'neutron.plugins.ml2.plugin.Ml2Plugin._retry_binding_revived_agents-7617299'] for agent (68f74bc3-45b1-4e43-ba56-cfddce793a22), after_update _notify_loop /var/lib/kolla/venv/lib/python3.6/site-packages/neutron_lib/callbacks/manager.py:177
2025-08-04 02:11:07.975 22 DEBUG neutron.wsgi [-] (22) accepted ('10.0.0.249', 49498) server /var/lib/kolla/venv/lib/python3.6/site-packages/eventlet/wsgi.py:1004
2025-08-04 02:11:07.979 22 INFO neutron.wsgi [-] 10.0.0.249 "GET / HTTP/1.1" status: 200 len: 228 time: 0.0026546
2025-08-04 02:11:10.365 26 DEBUG neutron_lib.callbacks.manager [req-c1ba260b-8dd3-4933-bbe1-e2cd7dc1f827 - - - - -] Publish callbacks ['neutron.services.segments.db._update_segment_host_mapping_for_agent-8727008670784', 'neutron.plugins.ml2.plugin.Ml2Plugin._retry_binding_revived_agents-7617299'] for agent (b6aeb7a3-9b89-431f-84db-4d8921dcc044), after_update _notify_loop /var/lib/kolla/venv/lib/python3.6/site-packages/neutron_lib/callbacks/manager.py:177
2025-08-04 02:11:28.831 24 DEBUG neutron_lib.callbacks.manager [req-63f3f53d-6b25-4bfe-a287-7c0326444941 - - - - -] Publish callbacks ['neutron.services.segments.db._update_segment_host_mapping_for_agent-8727008670784', 'neutron.plugins.ml2.plugin.Ml2Plugin._retry_binding_revived_agents-7617299'] for agent (68f74bc3-45b1-4e43-ba56-cfddce793a22), after_update _notify_loop /var/lib/kolla/venv/lib/python3.6/site-packages/neutron_lib/callbacks/manager.py:177
2025-08-04 02:11:32.231 29 DEBUG neutron.db.agents_db [req-cd237d58-83bb-4944-8cd2-f293a0bc7640 - - - - -] Agent healthcheck: found 2 active agents agent_health_check /var/lib/kolla/venv/lib/python3.6/site-packages/neutron/db/agents_db.py:318
2025-08-04 02:11:38.025 22 DEBUG neutron.wsgi [-] (22) accepted ('10.0.0.249', 50896) server /var/lib/kolla/venv/lib/python3.6/site-packages/eventlet/wsgi.py:1004
2025-08-04 02:11:38.032 22 INFO neutron.wsgi [-] 10.0.0.249 "GET / HTTP/1.1" status: 200 len: 228 time: 0.0055249
2025-08-04 02:11:40.362 25 DEBUG neutron_lib.callbacks.manager [req-72758f9b-ac64-44cf-a263-c260bb6170b0 - - - - -] Publish callbacks ['neutron.services.segments.db._update_segment_host_mapping_for_agent-8727008670784', 'neutron.plugins.ml2.plugin.Ml2Plugin._retry_binding_revived_agents-7617299'] for agent (b6aeb7a3-9b89-431f-84db-4d8921dcc044), after_update _notify_loop /var/lib/kolla/venv/lib/python3.6/site-packages/neutron_lib/callbacks/manager.py:177
2025-08-04 02:11:58.835 23 DEBUG neutron_lib.callbacks.manager [req-63f3f53d-6b25-4bfe-a287-7c0326444941 - - - - -] Publish callbacks ['neutron.services.segments.db._update_segment_host_mapping_for_agent-8727008670784', 'neutron.plugins.ml2.plugin.Ml2Plugin._retry_binding_revived_agents-7617299'] for agent (68f74bc3-45b1-4e43-ba56-cfddce793a22), after_update _notify_loop /var/lib/kolla/venv/lib/python3.6/site-packages/neutron_lib/callbacks/manager.py:177
2025-08-04 02:12:08.079 22 DEBUG neutron.wsgi [-] (22) accepted ('10.0.0.249', 53532) server /var/lib/kolla/venv/lib/python3.6/site-packages/eventlet/wsgi.py:1004
2025-08-04 02:12:08.082 22 INFO neutron.wsgi [-] 10.0.0.249 "GET / HTTP/1.1" status: 200 len: 228 time: 0.0028105
2025-08-04 02:12:09.230 29 DEBUG neutron.db.agents_db [req-cd237d58-83bb-4944-8cd2-f293a0bc7640 - - - - -] Agent healthcheck: found 2 active agents agent_health_check /var/lib/kolla/venv/lib/python3.6/site-packages/neutron/db/agents_db.py:318
2025-08-04 02:12:10.360 27 DEBUG neutron_lib.callbacks.manager [req-e6c618bc-66a7-4e97-807d-92fd55086f29 - - - - -] Publish callbacks ['neutron.services.segments.db._update_segment_host_mapping_for_agent-8727008670784', 'neutron.plugins.ml2.plugin.Ml2Plugin._retry_binding_revived_agents-7617299'] for agent (b6aeb7a3-9b89-431f-84db-4d8921dcc044), after_update _notify_loop /var/lib/kolla/venv/lib/python3.6/site-packages/neutron_lib/callbacks/manager.py:177
2025-08-04 02:12:28.836 28 DEBUG neutron_lib.callbacks.manager [req-63f3f53d-6b25-4bfe-a287-7c0326444941 - - - - -] Publish callbacks ['neutron.services.segments.db._update_segment_host_mapping_for_agent-8727008670784', 'neutron.plugins.ml2.plugin.Ml2Plugin._retry_binding_revived_agents-7617299'] for agent (68f74bc3-45b1-4e43-ba56-cfddce793a22), after_update _notify_loop /var/lib/kolla/venv/lib/python3.6/site-packages/neutron_lib/callbacks/manager.py:177
2025-08-04 02:12:38.135 22 DEBUG neutron.wsgi [-] (22) accepted ('10.0.0.249', 50030) server /var/lib/kolla/venv/lib/python3.6/site-packages/eventlet/wsgi.py:1004
2025-08-04 02:12:38.139 22 INFO neutron.wsgi [-] 10.0.0.249 "GET / HTTP/1.1" status: 200 len: 228 time: 0.0026011
2025-08-04 02:12:40.358 26 DEBUG neutron_lib.callbacks.manager [req-c37e110a-cb1c-4193-b68f-b23aedc94706 - - - - -] Publish callbacks ['neutron.services.segments.db._update_segment_host_mapping_for_agent-8727008670784', 'neutron.plugins.ml2.plugin.Ml2Plugin._retry_binding_revived_agents-7617299'] for agent (b6aeb7a3-9b89-431f-84db-4d8921dcc044), after_update _notify_loop /var/lib/kolla/venv/lib/python3.6/site-packages/neutron_lib/callbacks/manager.py:177
2025-08-04 02:12:46.227 29 DEBUG neutron.db.agents_db [req-cd237d58-83bb-4944-8cd2-f293a0bc7640 - - - - -] Agent healthcheck: found 2 active agents agent_health_check /var/lib/kolla/venv/lib/python3.6/site-packages/neutron/db/agents_db.py:318
2025-08-04 02:12:58.838 24 DEBUG neutron_lib.callbacks.manager [req-63f3f53d-6b25-4bfe-a287-7c0326444941 - - - - -] Publish callbacks ['neutron.services.segments.db._update_segment_host_mapping_for_agent-8727008670784', 'neutron.plugins.ml2.plugin.Ml2Plugin._retry_binding_revived_agents-7617299'] for agent (68f74bc3-45b1-4e43-ba56-cfddce793a22), after_update _notify_loop /var/lib/kolla/venv/lib/python3.6/site-packages/neutron_lib/callbacks/manager.py:177
2025-08-04 02:13:08.186 22 DEBUG neutron.wsgi [-] (22) accepted ('10.0.0.249', 44852) server /var/lib/kolla/venv/lib/python3.6/site-packages/eventlet/wsgi.py:1004
2025-08-04 02:13:08.190 22 INFO neutron.wsgi [-] 10.0.0.249 "GET / HTTP/1.1" status: 200 len: 228 time: 0.0026035
2025-08-04 02:13:10.356 25 DEBUG neutron_lib.callbacks.manager [req-50490024-fddd-435a-93a8-1d40c88d5123 - - - - -] Publish callbacks ['neutron.services.segments.db._update_segment_host_mapping_for_agent-8727008670784', 'neutron.plugins.ml2.plugin.Ml2Plugin._retry_binding_revived_agents-7617299'] for agent (b6aeb7a3-9b89-431f-84db-4d8921dcc044), after_update _notify_loop /var/lib/kolla/venv/lib/python3.6/site-packages/neutron_lib/callbacks/manager.py:177
2025-08-04 02:13:23.227 29 DEBUG neutron.db.agents_db [req-cd237d58-83bb-4944-8cd2-f293a0bc7640 - - - - -] Agent healthcheck: found 2 active agents agent_health_check /var/lib/kolla/venv/lib/python3.6/site-packages/neutron/db/agents_db.py:318
2025-08-04 02:13:28.841 23 DEBUG neutron_lib.callbacks.manager [req-63f3f53d-6b25-4bfe-a287-7c0326444941 - - - - -] Publish callbacks ['neutron.services.segments.db._update_segment_host_mapping_for_agent-8727008670784', 'neutron.plugins.ml2.plugin.Ml2Plugin._retry_binding_revived_agents-7617299'] for agent (68f74bc3-45b1-4e43-ba56-cfddce793a22), after_update _notify_loop /var/lib/kolla/venv/lib/python3.6/site-packages/neutron_lib/callbacks/manager.py:177
2025-08-04 02:13:38.241 22 DEBUG neutron.wsgi [-] (22) accepted ('10.0.0.249', 38312) server /var/lib/kolla/venv/lib/python3.6/site-packages/eventlet/wsgi.py:1004
2025-08-04 02:13:38.245 22 INFO neutron.wsgi [-] 10.0.0.249 "GET / HTTP/1.1" status: 200 len: 228 time: 0.0033791
2025-08-04 02:13:40.359 27 DEBUG neutron_lib.callbacks.manager [req-c85e3643-4dae-4d63-9c88-beef7d75b46a - - - - -] Publish callbacks ['neutron.services.segments.db._update_segment_host_mapping_for_agent-8727008670784', 'neutron.plugins.ml2.plugin.Ml2Plugin._retry_binding_revived_agents-7617299'] for agent (b6aeb7a3-9b89-431f-84db-4d8921dcc044), after_update _notify_loop /var/lib/kolla/venv/lib/python3.6/site-packages/neutron_lib/callbacks/manager.py:177
2025-08-04 02:13:58.841 28 DEBUG neutron_lib.callbacks.manager [req-63f3f53d-6b25-4bfe-a287-7c0326444941 - - - - -] Publish callbacks ['neutron.services.segments.db._update_segment_host_mapping_for_agent-8727008670784', 'neutron.plugins.ml2.plugin.Ml2Plugin._retry_binding_revived_agents-7617299'] for agent (68f74bc3-45b1-4e43-ba56-cfddce793a22), after_update _notify_loop /var/lib/kolla/venv/lib/python3.6/site-packages/neutron_lib/callbacks/manager.py:177
2025-08-04 02:14:00.225 29 DEBUG neutron.db.agents_db [req-cd237d58-83bb-4944-8cd2-f293a0bc7640 - - - - -] Agent healthcheck: found 2 active agents agent_health_check /var/lib/kolla/venv/lib/python3.6/site-packages/neutron/db/agents_db.py:318
2025-08-04 02:14:08.292 22 DEBUG neutron.wsgi [-] (22) accepted ('10.0.0.249', 51834) server /var/lib/kolla/venv/lib/python3.6/site-packages/eventlet/wsgi.py:1004
2025-08-04 02:14:08.297 22 INFO neutron.wsgi [-] 10.0.0.249 "GET / HTTP/1.1" status: 200 len: 228 time: 0.0035768
2025-08-04 02:14:10.359 26 DEBUG neutron_lib.callbacks.manager [req-b00696b0-7e6a-4140-b598-cd7d04ecff10 - - - - -] Publish callbacks ['neutron.services.segments.db._update_segment_host_mapping_for_agent-8727008670784', 'neutron.plugins.ml2.plugin.Ml2Plugin._retry_binding_revived_agents-7617299'] for agent (b6aeb7a3-9b89-431f-84db-4d8921dcc044), after_update _notify_loop /var/lib/kolla/venv/lib/python3.6/site-packages/neutron_lib/callbacks/manager.py:177
2025-08-04 02:14:28.848 24 DEBUG neutron_lib.callbacks.manager [req-63f3f53d-6b25-4bfe-a287-7c0326444941 - - - - -] Publish callbacks ['neutron.services.segments.db._update_segment_host_mapping_for_agent-8727008670784', 'neutron.plugins.ml2.plugin.Ml2Plugin._retry_binding_revived_agents-7617299'] for agent (68f74bc3-45b1-4e43-ba56-cfddce793a22), after_update _notify_loop /var/lib/kolla/venv/lib/python3.6/site-packages/neutron_lib/callbacks/manager.py:177
2025-08-04 02:14:37.223 29 DEBUG neutron.db.agents_db [req-cd237d58-83bb-4944-8cd2-f293a0bc7640 - - - - -] Agent healthcheck: found 2 active agents agent_health_check /var/lib/kolla/venv/lib/python3.6/site-packages/neutron/db/agents_db.py:318
2025-08-04 02:14:38.346 22 DEBUG neutron.wsgi [-] (22) accepted ('10.0.0.249', 55628) server /var/lib/kolla/venv/lib/python3.6/site-packages/eventlet/wsgi.py:1004
2025-08-04 02:14:38.350 22 INFO neutron.wsgi [-] 10.0.0.249 "GET / HTTP/1.1" status: 200 len: 228 time: 0.0029955
2025-08-04 02:14:40.357 25 DEBUG neutron_lib.callbacks.manager [req-e0389d2e-5d3d-44f4-bb32-dd2e140ecab0 - - - - -] Publish callbacks ['neutron.services.segments.db._update_segment_host_mapping_for_agent-8727008670784', 'neutron.plugins.ml2.plugin.Ml2Plugin._retry_binding_revived_agents-7617299'] for agent (b6aeb7a3-9b89-431f-84db-4d8921dcc044), after_update _notify_loop /var/lib/kolla/venv/lib/python3.6/site-packages/neutron_lib/callbacks/manager.py:177
2025-08-04 02:14:58.856 23 DEBUG neutron_lib.callbacks.manager [req-63f3f53d-6b25-4bfe-a287-7c0326444941 - - - - -] Publish callbacks ['neutron.services.segments.db._update_segment_host_mapping_for_agent-8727008670784', 'neutron.plugins.ml2.plugin.Ml2Plugin._retry_binding_revived_agents-7617299'] for agent (68f74bc3-45b1-4e43-ba56-cfddce793a22), after_update _notify_loop /var/lib/kolla/venv/lib/python3.6/site-packages/neutron_lib/callbacks/manager.py:177
2025-08-04 02:15:08.397 22 DEBUG neutron.wsgi [-] (22) accepted ('10.0.0.249', 44086) server /var/lib/kolla/venv/lib/python3.6/site-packages/eventlet/wsgi.py:1004
2025-08-04 02:15:08.400 22 INFO neutron.wsgi [-] 10.0.0.249 "GET / HTTP/1.1" status: 200 len: 228 time: 0.0025005
2025-08-04 02:15:10.353 27 DEBUG neutron_lib.callbacks.manager [req-2f4e827d-2d05-4805-ba25-2e6072dfb113 - - - - -] Publish callbacks ['neutron.services.segments.db._update_segment_host_mapping_for_agent-8727008670784', 'neutron.plugins.ml2.plugin.Ml2Plugin._retry_binding_revived_agents-7617299'] for agent (b6aeb7a3-9b89-431f-84db-4d8921dcc044), after_update _notify_loop /var/lib/kolla/venv/lib/python3.6/site-packages/neutron_lib/callbacks/manager.py:177
2025-08-04 02:15:14.219 29 DEBUG neutron.db.agents_db [req-cd237d58-83bb-4944-8cd2-f293a0bc7640 - - - - -] Agent healthcheck: found 2 active agents agent_health_check /var/lib/kolla/venv/lib/python3.6/site-packages/neutron/db/agents_db.py:318
2025-08-04 02:15:28.849 28 DEBUG neutron_lib.callbacks.manager [req-63f3f53d-6b25-4bfe-a287-7c0326444941 - - - - -] Publish callbacks ['neutron.services.segments.db._update_segment_host_mapping_for_agent-8727008670784', 'neutron.plugins.ml2.plugin.Ml2Plugin._retry_binding_revived_agents-7617299'] for agent (68f74bc3-45b1-4e43-ba56-cfddce793a22), after_update _notify_loop /var/lib/kolla/venv/lib/python3.6/site-packages/neutron_lib/callbacks/manager.py:177
2025-08-04 02:15:38.448 22 DEBUG neutron.wsgi [-] (22) accepted ('10.0.0.249', 54480) server /var/lib/kolla/venv/lib/python3.6/site-packages/eventlet/wsgi.py:1004
2025-08-04 02:15:38.452 22 INFO neutron.wsgi [-] 10.0.0.249 "GET / HTTP/1.1" status: 200 len: 228 time: 0.0028360
2025-08-04 02:15:40.351 26 DEBUG neutron_lib.callbacks.manager [req-1f6754f8-e5c7-45b3-8462-da18ddb50967 - - - - -] Publish callbacks ['neutron.services.segments.db._update_segment_host_mapping_for_agent-8727008670784', 'neutron.plugins.ml2.plugin.Ml2Plugin._retry_binding_revived_agents-7617299'] for agent (b6aeb7a3-9b89-431f-84db-4d8921dcc044), after_update _notify_loop /var/lib/kolla/venv/lib/python3.6/site-packages/neutron_lib/callbacks/manager.py:177
2025-08-04 02:15:51.230 29 DEBUG neutron.db.agents_db [req-cd237d58-83bb-4944-8cd2-f293a0bc7640 - - - - -] Agent healthcheck: found 2 active agents agent_health_check /var/lib/kolla/venv/lib/python3.6/site-packages/neutron/db/agents_db.py:318
2025-08-04 02:15:58.851 24 DEBUG neutron_lib.callbacks.manager [req-63f3f53d-6b25-4bfe-a287-7c0326444941 - - - - -] Publish callbacks ['neutron.services.segments.db._update_segment_host_mapping_for_agent-8727008670784', 'neutron.plugins.ml2.plugin.Ml2Plugin._retry_binding_revived_agents-7617299'] for agent (68f74bc3-45b1-4e43-ba56-cfddce793a22), after_update _notify_loop /var/lib/kolla/venv/lib/python3.6/site-packages/neutron_lib/callbacks/manager.py:177
2025-08-04 02:16:08.495 22 DEBUG neutron.wsgi [-] (22) accepted ('10.0.0.249', 51716) server /var/lib/kolla/venv/lib/python3.6/site-packages/eventlet/wsgi.py:1004
2025-08-04 02:16:08.499 22 INFO neutron.wsgi [-] 10.0.0.249 "GET / HTTP/1.1" status: 200 len: 228 time: 0.0030577
2025-08-04 02:16:10.348 25 DEBUG neutron_lib.callbacks.manager [req-b6a7fafe-c17e-4079-8108-494ebd41ae7f - - - - -] Publish callbacks ['neutron.services.segments.db._update_segment_host_mapping_for_agent-8727008670784', 'neutron.plugins.ml2.plugin.Ml2Plugin._retry_binding_revived_agents-7617299'] for agent (b6aeb7a3-9b89-431f-84db-4d8921dcc044), after_update _notify_loop /var/lib/kolla/venv/lib/python3.6/site-packages/neutron_lib/callbacks/manager.py:177
2025-08-04 02:16:28.229 29 DEBUG neutron.db.agents_db [req-cd237d58-83bb-4944-8cd2-f293a0bc7640 - - - - -] Agent healthcheck: found 2 active agents agent_health_check /var/lib/kolla/venv/lib/python3.6/site-packages/neutron/db/agents_db.py:318
2025-08-04 02:16:28.852 23 DEBUG neutron_lib.callbacks.manager [req-63f3f53d-6b25-4bfe-a287-7c0326444941 - - - - -] Publish callbacks ['neutron.services.segments.db._update_segment_host_mapping_for_agent-8727008670784', 'neutron.plugins.ml2.plugin.Ml2Plugin._retry_binding_revived_agents-7617299'] for agent (68f74bc3-45b1-4e43-ba56-cfddce793a22), after_update _notify_loop /var/lib/kolla/venv/lib/python3.6/site-packages/neutron_lib/callbacks/manager.py:177
2025-08-04 02:16:38.554 22 DEBUG neutron.wsgi [-] (22) accepted ('10.0.0.249', 37434) server /var/lib/kolla/venv/lib/python3.6/site-packages/eventlet/wsgi.py:1004
2025-08-04 02:16:38.559 22 INFO neutron.wsgi [-] 10.0.0.249 "GET / HTTP/1.1" status: 200 len: 228 time: 0.0037680
2025-08-04 02:16:40.351 27 DEBUG neutron_lib.callbacks.manager [req-7082ce2f-1179-4677-88ce-e9db1437a431 - - - - -] Publish callbacks ['neutron.services.segments.db._update_segment_host_mapping_for_agent-8727008670784', 'neutron.plugins.ml2.plugin.Ml2Plugin._retry_binding_revived_agents-7617299'] for agent (b6aeb7a3-9b89-431f-84db-4d8921dcc044), after_update _notify_loop /var/lib/kolla/venv/lib/python3.6/site-packages/neutron_lib/callbacks/manager.py:177
2025-08-04 02:16:58.855 28 DEBUG neutron_lib.callbacks.manager [req-63f3f53d-6b25-4bfe-a287-7c0326444941 - - - - -] Publish callbacks ['neutron.services.segments.db._update_segment_host_mapping_for_agent-8727008670784', 'neutron.plugins.ml2.plugin.Ml2Plugin._retry_binding_revived_agents-7617299'] for agent (68f74bc3-45b1-4e43-ba56-cfddce793a22), after_update _notify_loop /var/lib/kolla/venv/lib/python3.6/site-packages/neutron_lib/callbacks/manager.py:177
2025-08-04 02:17:05.230 29 DEBUG neutron.db.agents_db [req-cd237d58-83bb-4944-8cd2-f293a0bc7640 - - - - -] Agent healthcheck: found 2 active agents agent_health_check /var/lib/kolla/venv/lib/python3.6/site-packages/neutron/db/agents_db.py:318
2025-08-04 02:17:08.611 22 DEBUG neutron.wsgi [-] (22) accepted ('10.0.0.249', 57478) server /var/lib/kolla/venv/lib/python3.6/site-packages/eventlet/wsgi.py:1004
2025-08-04 02:17:08.615 22 INFO neutron.wsgi [-] 10.0.0.249 "GET / HTTP/1.1" status: 200 len: 228 time: 0.0032837
2025-08-04 02:17:10.348 26 DEBUG neutron_lib.callbacks.manager [req-41c87033-987c-4d92-8862-aa996bf420ea - - - - -] Publish callbacks ['neutron.services.segments.db._update_segment_host_mapping_for_agent-8727008670784', 'neutron.plugins.ml2.plugin.Ml2Plugin._retry_binding_revived_agents-7617299'] for agent (b6aeb7a3-9b89-431f-84db-4d8921dcc044), after_update _notify_loop /var/lib/kolla/venv/lib/python3.6/site-packages/neutron_lib/callbacks/manager.py:177
2025-08-04 02:17:28.870 24 DEBUG neutron_lib.callbacks.manager [req-63f3f53d-6b25-4bfe-a287-7c0326444941 - - - - -] Publish callbacks ['neutron.services.segments.db._update_segment_host_mapping_for_agent-8727008670784', 'neutron.plugins.ml2.plugin.Ml2Plugin._retry_binding_revived_agents-7617299'] for agent (68f74bc3-45b1-4e43-ba56-cfddce793a22), after_update _notify_loop /var/lib/kolla/venv/lib/python3.6/site-packages/neutron_lib/callbacks/manager.py:177
2025-08-04 02:17:38.672 22 DEBUG neutron.wsgi [-] (22) accepted ('10.0.0.249', 56266) server /var/lib/kolla/venv/lib/python3.6/site-packages/eventlet/wsgi.py:1004
2025-08-04 02:17:38.676 22 INFO neutron.wsgi [-] 10.0.0.249 "GET / HTTP/1.1" status: 200 len: 228 time: 0.0028322
2025-08-04 02:17:40.354 25 DEBUG neutron_lib.callbacks.manager [req-2c619cec-4dfa-41a9-8b55-c3ae4fcdc097 - - - - -] Publish callbacks ['neutron.services.segments.db._update_segment_host_mapping_for_agent-8727008670784', 'neutron.plugins.ml2.plugin.Ml2Plugin._retry_binding_revived_agents-7617299'] for agent (b6aeb7a3-9b89-431f-84db-4d8921dcc044), after_update _notify_loop /var/lib/kolla/venv/lib/python3.6/site-packages/neutron_lib/callbacks/manager.py:177
2025-08-04 02:17:42.228 29 DEBUG neutron.db.agents_db [req-cd237d58-83bb-4944-8cd2-f293a0bc7640 - - - - -] Agent healthcheck: found 2 active agents agent_health_check /var/lib/kolla/venv/lib/python3.6/site-packages/neutron/db/agents_db.py:318
2025-08-04 02:17:50.545 7 INFO oslo_service.service [-] Caught SIGTERM, stopping children
2025-08-04 02:17:50.545 7 DEBUG oslo_concurrency.lockutils [-] Acquired lock "singleton_lock" lock /var/lib/kolla/venv/lib/python3.6/site-packages/oslo_concurrency/lockutils.py:294
2025-08-04 02:17:50.545 7 DEBUG oslo_concurrency.lockutils [-] Releasing lock "singleton_lock" lock /var/lib/kolla/venv/lib/python3.6/site-packages/oslo_concurrency/lockutils.py:312
2025-08-04 02:17:50.546 7 DEBUG oslo_service.service [-] Stop services. stop /var/lib/kolla/venv/lib/python3.6/site-packages/oslo_service/service.py:695
2025-08-04 02:17:50.546 7 DEBUG neutron.service [-] calling RpcWorker stop() stop /var/lib/kolla/venv/lib/python3.6/site-packages/neutron/service.py:138
2025-08-04 02:17:50.546 7 DEBUG neutron.service [-] calling RpcWorker stop() stop /var/lib/kolla/venv/lib/python3.6/site-packages/neutron/service.py:138
2025-08-04 02:17:50.546 7 DEBUG oslo_service.service [-] Killing children. stop /var/lib/kolla/venv/lib/python3.6/site-packages/oslo_service/service.py:700
2025-08-04 02:17:50.546 7 INFO oslo_service.service [-] Waiting on 8 children to exit
2025-08-04 02:17:50.546 27 DEBUG neutron.service [-] calling RpcWorker stop() stop /var/lib/kolla/venv/lib/python3.6/site-packages/neutron/service.py:138
2025-08-04 02:17:50.546 24 DEBUG neutron.service [-] calling RpcWorker stop() stop /var/lib/kolla/venv/lib/python3.6/site-packages/neutron/service.py:138
2025-08-04 02:17:50.547 29 DEBUG neutron.service [-] calling RpcWorker stop() stop /var/lib/kolla/venv/lib/python3.6/site-packages/neutron/service.py:138
2025-08-04 02:17:50.547 29 DEBUG neutron.service [-] calling stop on stop /var/lib/kolla/venv/lib/python3.6/site-packages/neutron/service.py:141
2025-08-04 02:17:50.547 27 DEBUG neutron.service [-] calling stop on stop /var/lib/kolla/venv/lib/python3.6/site-packages/neutron/service.py:141
2025-08-04 02:17:50.547 24 DEBUG neutron.service [-] calling stop on stop /var/lib/kolla/venv/lib/python3.6/site-packages/neutron/service.py:141
2025-08-04 02:17:50.550 28 DEBUG neutron.service [-] calling RpcWorker stop() stop /var/lib/kolla/venv/lib/python3.6/site-packages/neutron/service.py:138
2025-08-04 02:17:50.550 22 INFO neutron.wsgi [-] (22) wsgi exited, is_accepting=True
2025-08-04 02:17:50.551 22 DEBUG oslo_concurrency.lockutils [req-ff2028eb-cb52-407b-9da1-eeab06ad8086 - - - - -] Acquired lock "singleton_lock" lock /var/lib/kolla/venv/lib/python3.6/site-packages/oslo_concurrency/lockutils.py:294
2025-08-04 02:17:50.551 22 DEBUG oslo_concurrency.lockutils [req-ff2028eb-cb52-407b-9da1-eeab06ad8086 - - - - -] Releasing lock "singleton_lock" lock /var/lib/kolla/venv/lib/python3.6/site-packages/oslo_concurrency/lockutils.py:312
2025-08-04 02:17:50.550 28 DEBUG neutron.service [-] calling stop on stop /var/lib/kolla/venv/lib/python3.6/site-packages/neutron/service.py:141
2025-08-04 02:17:50.555 7 INFO oslo_service.service [-] Child 22 exited with status 0
2025-08-04 02:17:50.562 26 DEBUG neutron.service [-] calling RpcWorker stop() stop /var/lib/kolla/venv/lib/python3.6/site-packages/neutron/service.py:138
2025-08-04 02:17:50.564 25 DEBUG neutron.service [-] calling RpcWorker stop() stop /var/lib/kolla/venv/lib/python3.6/site-packages/neutron/service.py:138
2025-08-04 02:17:50.563 26 DEBUG neutron.service [-] calling stop on stop /var/lib/kolla/venv/lib/python3.6/site-packages/neutron/service.py:141
2025-08-04 02:17:50.564 25 DEBUG neutron.service [-] calling stop on stop /var/lib/kolla/venv/lib/python3.6/site-packages/neutron/service.py:141
2025-08-04 02:17:50.567 23 DEBUG neutron.service [-] calling RpcWorker stop() stop /var/lib/kolla/venv/lib/python3.6/site-packages/neutron/service.py:138
2025-08-04 02:17:50.567 23 DEBUG neutron.service [-] calling stop on stop /var/lib/kolla/venv/lib/python3.6/site-packages/neutron/service.py:141
2025-08-04 02:17:51.207 23 DEBUG neutron.service [-] calling stop on stop /var/lib/kolla/venv/lib/python3.6/site-packages/neutron/service.py:141
2025-08-04 02:17:51.218 25 DEBUG neutron.service [-] calling stop on stop /var/lib/kolla/venv/lib/python3.6/site-packages/neutron/service.py:141
2025-08-04 02:17:51.220 24 DEBUG neutron.service [-] calling stop on stop /var/lib/kolla/venv/lib/python3.6/site-packages/neutron/service.py:141
2025-08-04 02:17:51.232 27 DEBUG oslo_concurrency.lockutils [req-ff2028eb-cb52-407b-9da1-eeab06ad8086 - - - - -] Acquired lock "singleton_lock" lock /var/lib/kolla/venv/lib/python3.6/site-packages/oslo_concurrency/lockutils.py:294
2025-08-04 02:17:51.233 27 DEBUG oslo_concurrency.lockutils [req-ff2028eb-cb52-407b-9da1-eeab06ad8086 - - - - -] Releasing lock "singleton_lock" lock /var/lib/kolla/venv/lib/python3.6/site-packages/oslo_concurrency/lockutils.py:312
2025-08-04 02:17:51.233 23 DEBUG neutron.service [-] calling stop on stop /var/lib/kolla/venv/lib/python3.6/site-packages/neutron/service.py:141
2025-08-04 02:17:51.234 27 DEBUG neutron.service [req-ff2028eb-cb52-407b-9da1-eeab06ad8086 - - - - -] calling RpcWorker wait() _wait /var/lib/kolla/venv/lib/python3.6/site-packages/neutron/service.py:128
2025-08-04 02:17:51.235 27 DEBUG neutron.service [req-ff2028eb-cb52-407b-9da1-eeab06ad8086 - - - - -] calling wait on _wait /var/lib/kolla/venv/lib/python3.6/site-packages/neutron/service.py:131
2025-08-04 02:17:51.235 24 DEBUG neutron.service [-] calling stop on stop /var/lib/kolla/venv/lib/python3.6/site-packages/neutron/service.py:141
2025-08-04 02:17:51.235 28 DEBUG oslo_concurrency.lockutils [req-ff2028eb-cb52-407b-9da1-eeab06ad8086 - - - - -] Acquired lock "singleton_lock" lock /var/lib/kolla/venv/lib/python3.6/site-packages/oslo_concurrency/lockutils.py:294
2025-08-04 02:17:51.237 25 DEBUG neutron.service [-] calling stop on stop /var/lib/kolla/venv/lib/python3.6/site-packages/neutron/service.py:141
2025-08-04 02:17:51.237 28 DEBUG oslo_concurrency.lockutils [req-ff2028eb-cb52-407b-9da1-eeab06ad8086 - - - - -] Releasing lock "singleton_lock" lock /var/lib/kolla/venv/lib/python3.6/site-packages/oslo_concurrency/lockutils.py:312
2025-08-04 02:17:51.238 28 DEBUG neutron.service [req-ff2028eb-cb52-407b-9da1-eeab06ad8086 - - - - -] calling RpcWorker wait() _wait /var/lib/kolla/venv/lib/python3.6/site-packages/neutron/service.py:128
2025-08-04 02:17:51.238 28 DEBUG neutron.service [req-ff2028eb-cb52-407b-9da1-eeab06ad8086 - - - - -] calling wait on _wait /var/lib/kolla/venv/lib/python3.6/site-packages/neutron/service.py:131
2025-08-04 02:17:51.243 27 WARNING amqp [req-ff2028eb-cb52-407b-9da1-eeab06ad8086 - - - - -] Received method (60, 30) during closing channel 1. This method will be ignored
2025-08-04 02:17:51.245 28 WARNING amqp [req-ff2028eb-cb52-407b-9da1-eeab06ad8086 - - - - -] Received method (60, 30) during closing channel 1. This method will be ignored
2025-08-04 02:17:51.246 29 DEBUG oslo_concurrency.lockutils [req-ff2028eb-cb52-407b-9da1-eeab06ad8086 - - - - -] Acquired lock "singleton_lock" lock /var/lib/kolla/venv/lib/python3.6/site-packages/oslo_concurrency/lockutils.py:294
2025-08-04 02:17:51.246 29 DEBUG oslo_concurrency.lockutils [req-ff2028eb-cb52-407b-9da1-eeab06ad8086 - - - - -] Releasing lock "singleton_lock" lock /var/lib/kolla/venv/lib/python3.6/site-packages/oslo_concurrency/lockutils.py:312
2025-08-04 02:17:51.246 29 DEBUG neutron.service [req-ff2028eb-cb52-407b-9da1-eeab06ad8086 - - - - -] calling RpcWorker wait() _wait /var/lib/kolla/venv/lib/python3.6/site-packages/neutron/service.py:128
2025-08-04 02:17:51.247 29 DEBUG neutron.service [req-ff2028eb-cb52-407b-9da1-eeab06ad8086 - - - - -] calling wait on _wait /var/lib/kolla/venv/lib/python3.6/site-packages/neutron/service.py:131
2025-08-04 02:17:51.244 27 DEBUG neutron.service [req-ff2028eb-cb52-407b-9da1-eeab06ad8086 - - - - -] returning from RpcWorker wait() _wait /var/lib/kolla/venv/lib/python3.6/site-packages/neutron/service.py:135
2025-08-04 02:17:51.250 28 DEBUG neutron.service [req-ff2028eb-cb52-407b-9da1-eeab06ad8086 - - - - -] returning from RpcWorker wait() _wait /var/lib/kolla/venv/lib/python3.6/site-packages/neutron/service.py:135
2025-08-04 02:17:51.251 29 WARNING amqp [req-ff2028eb-cb52-407b-9da1-eeab06ad8086 - - - - -] Received method (60, 30) during closing channel 1. This method will be ignored
2025-08-04 02:17:51.252 29 DEBUG neutron.service [req-ff2028eb-cb52-407b-9da1-eeab06ad8086 - - - - -] returning from RpcWorker wait() _wait /var/lib/kolla/venv/lib/python3.6/site-packages/neutron/service.py:135
2025-08-04 02:17:51.257 23 DEBUG neutron.service [-] calling stop on stop /var/lib/kolla/venv/lib/python3.6/site-packages/neutron/service.py:141
2025-08-04 02:17:51.257 7 INFO oslo_service.service [-] Child 29 exited with status 0
2025-08-04 02:17:51.263 7 INFO oslo_service.service [-] Child 28 exited with status 0
2025-08-04 02:17:51.264 7 INFO oslo_service.service [-] Child 27 exited with status 0
2025-08-04 02:17:51.272 23 DEBUG oslo_concurrency.lockutils [req-ff2028eb-cb52-407b-9da1-eeab06ad8086 - - - - -] Acquired lock "singleton_lock" lock /var/lib/kolla/venv/lib/python3.6/site-packages/oslo_concurrency/lockutils.py:294
2025-08-04 02:17:51.272 23 DEBUG oslo_concurrency.lockutils [req-ff2028eb-cb52-407b-9da1-eeab06ad8086 - - - - -] Releasing lock "singleton_lock" lock /var/lib/kolla/venv/lib/python3.6/site-packages/oslo_concurrency/lockutils.py:312
2025-08-04 02:17:51.273 23 DEBUG neutron.service [req-ff2028eb-cb52-407b-9da1-eeab06ad8086 - - - - -] calling RpcWorker wait() _wait /var/lib/kolla/venv/lib/python3.6/site-packages/neutron/service.py:128
2025-08-04 02:17:51.273 23 DEBUG neutron.service [req-ff2028eb-cb52-407b-9da1-eeab06ad8086 - - - - -] calling wait on _wait /var/lib/kolla/venv/lib/python3.6/site-packages/neutron/service.py:131
2025-08-04 02:17:51.278 23 WARNING amqp [req-ff2028eb-cb52-407b-9da1-eeab06ad8086 - - - - -] Received method (60, 30) during closing channel 1. This method will be ignored
2025-08-04 02:17:51.280 23 DEBUG neutron.service [req-ff2028eb-cb52-407b-9da1-eeab06ad8086 - - - - -] calling wait on _wait /var/lib/kolla/venv/lib/python3.6/site-packages/neutron/service.py:131
2025-08-04 02:17:51.285 23 WARNING amqp [req-ff2028eb-cb52-407b-9da1-eeab06ad8086 - - - - -] Received method (60, 30) during closing channel 1. This method will be ignored
2025-08-04 02:17:51.286 23 DEBUG neutron.service [req-ff2028eb-cb52-407b-9da1-eeab06ad8086 - - - - -] calling wait on _wait /var/lib/kolla/venv/lib/python3.6/site-packages/neutron/service.py:131
2025-08-04 02:17:51.291 23 WARNING amqp [req-ff2028eb-cb52-407b-9da1-eeab06ad8086 - - - - -] Received method (60, 30) during closing channel 1. This method will be ignored
2025-08-04 02:17:51.292 23 DEBUG neutron.service [req-ff2028eb-cb52-407b-9da1-eeab06ad8086 - - - - -] calling wait on _wait /var/lib/kolla/venv/lib/python3.6/site-packages/neutron/service.py:131
2025-08-04 02:17:51.297 23 WARNING amqp [req-ff2028eb-cb52-407b-9da1-eeab06ad8086 - - - - -] Received method (60, 30) during closing channel 1. This method will be ignored
2025-08-04 02:17:51.298 23 DEBUG neutron.service [req-ff2028eb-cb52-407b-9da1-eeab06ad8086 - - - - -] returning from RpcWorker wait() _wait /var/lib/kolla/venv/lib/python3.6/site-packages/neutron/service.py:135
2025-08-04 02:17:51.304 7 INFO oslo_service.service [-] Child 23 exited with status 0
2025-08-04 02:17:52.061 24 DEBUG neutron.service [-] calling stop on stop /var/lib/kolla/venv/lib/python3.6/site-packages/neutron/service.py:141
2025-08-04 02:17:53.549 25 DEBUG neutron.service [-] calling stop on stop /var/lib/kolla/venv/lib/python3.6/site-packages/neutron/service.py:141
2025-08-04 02:17:53.552 26 DEBUG oslo_concurrency.lockutils [req-ff2028eb-cb52-407b-9da1-eeab06ad8086 - - - - -] Acquired lock "singleton_lock" lock /var/lib/kolla/venv/lib/python3.6/site-packages/oslo_concurrency/lockutils.py:294
2025-08-04 02:17:53.552 26 DEBUG oslo_concurrency.lockutils [req-ff2028eb-cb52-407b-9da1-eeab06ad8086 - - - - -] Releasing lock "singleton_lock" lock /var/lib/kolla/venv/lib/python3.6/site-packages/oslo_concurrency/lockutils.py:312
2025-08-04 02:17:53.552 26 DEBUG neutron.service [req-ff2028eb-cb52-407b-9da1-eeab06ad8086 - - - - -] calling RpcWorker wait() _wait /var/lib/kolla/venv/lib/python3.6/site-packages/neutron/service.py:128
2025-08-04 02:17:53.553 26 DEBUG neutron.service [req-ff2028eb-cb52-407b-9da1-eeab06ad8086 - - - - -] calling wait on _wait /var/lib/kolla/venv/lib/python3.6/site-packages/neutron/service.py:131
2025-08-04 02:17:53.559 26 WARNING amqp [req-ff2028eb-cb52-407b-9da1-eeab06ad8086 - - - - -] Received method (60, 30) during closing channel 1. This method will be ignored
2025-08-04 02:17:53.560 26 DEBUG neutron.service [req-ff2028eb-cb52-407b-9da1-eeab06ad8086 - - - - -] returning from RpcWorker wait() _wait /var/lib/kolla/venv/lib/python3.6/site-packages/neutron/service.py:135
2025-08-04 02:17:53.565 7 INFO oslo_service.service [-] Child 26 exited with status 0
2025-08-04 02:17:56.268 24 DEBUG oslo_concurrency.lockutils [req-ff2028eb-cb52-407b-9da1-eeab06ad8086 - - - - -] Acquired lock "singleton_lock" lock /var/lib/kolla/venv/lib/python3.6/site-packages/oslo_concurrency/lockutils.py:294
2025-08-04 02:17:56.269 24 DEBUG oslo_concurrency.lockutils [req-ff2028eb-cb52-407b-9da1-eeab06ad8086 - - - - -] Releasing lock "singleton_lock" lock /var/lib/kolla/venv/lib/python3.6/site-packages/oslo_concurrency/lockutils.py:312
2025-08-04 02:17:56.269 24 DEBUG neutron.service [req-ff2028eb-cb52-407b-9da1-eeab06ad8086 - - - - -] calling RpcWorker wait() _wait /var/lib/kolla/venv/lib/python3.6/site-packages/neutron/service.py:128
2025-08-04 02:17:56.269 24 DEBUG neutron.service [req-ff2028eb-cb52-407b-9da1-eeab06ad8086 - - - - -] calling wait on _wait /var/lib/kolla/venv/lib/python3.6/site-packages/neutron/service.py:131
2025-08-04 02:17:56.273 25 DEBUG oslo_concurrency.lockutils [req-ff2028eb-cb52-407b-9da1-eeab06ad8086 - - - - -] Acquired lock "singleton_lock" lock /var/lib/kolla/venv/lib/python3.6/site-packages/oslo_concurrency/lockutils.py:294
2025-08-04 02:17:56.275 25 DEBUG oslo_concurrency.lockutils [req-ff2028eb-cb52-407b-9da1-eeab06ad8086 - - - - -] Releasing lock "singleton_lock" lock /var/lib/kolla/venv/lib/python3.6/site-packages/oslo_concurrency/lockutils.py:312
2025-08-04 02:17:56.276 25 DEBUG neutron.service [req-ff2028eb-cb52-407b-9da1-eeab06ad8086 - - - - -] calling RpcWorker wait() _wait /var/lib/kolla/venv/lib/python3.6/site-packages/neutron/service.py:128
2025-08-04 02:17:56.276 25 DEBUG neutron.service [req-ff2028eb-cb52-407b-9da1-eeab06ad8086 - - - - -] calling wait on _wait /var/lib/kolla/venv/lib/python3.6/site-packages/neutron/service.py:131
2025-08-04 02:17:56.277 24 WARNING amqp [req-ff2028eb-cb52-407b-9da1-eeab06ad8086 - - - - -] Received method (60, 30) during closing channel 1. This method will be ignored
2025-08-04 02:17:56.279 24 DEBUG neutron.service [req-ff2028eb-cb52-407b-9da1-eeab06ad8086 - - - - -] calling wait on _wait /var/lib/kolla/venv/lib/python3.6/site-packages/neutron/service.py:131
2025-08-04 02:17:56.283 25 WARNING amqp [req-ff2028eb-cb52-407b-9da1-eeab06ad8086 - - - - -] Received method (60, 30) during closing channel 1. This method will be ignored
2025-08-04 02:17:56.284 25 DEBUG neutron.service [req-ff2028eb-cb52-407b-9da1-eeab06ad8086 - - - - -] calling wait on _wait /var/lib/kolla/venv/lib/python3.6/site-packages/neutron/service.py:131
2025-08-04 02:17:56.285 24 WARNING amqp [req-ff2028eb-cb52-407b-9da1-eeab06ad8086 - - - - -] Received method (60, 30) during closing channel 1. This method will be ignored
2025-08-04 02:17:56.286 24 DEBUG neutron.service [req-ff2028eb-cb52-407b-9da1-eeab06ad8086 - - - - -] calling wait on _wait /var/lib/kolla/venv/lib/python3.6/site-packages/neutron/service.py:131
2025-08-04 02:17:56.293 25 WARNING amqp [req-ff2028eb-cb52-407b-9da1-eeab06ad8086 - - - - -] Received method (60, 30) during closing channel 1. This method will be ignored
2025-08-04 02:17:56.294 24 WARNING amqp [req-ff2028eb-cb52-407b-9da1-eeab06ad8086 - - - - -] Received method (60, 30) during closing channel 1. This method will be ignored
2025-08-04 02:17:56.296 25 DEBUG neutron.service [req-ff2028eb-cb52-407b-9da1-eeab06ad8086 - - - - -] calling wait on _wait /var/lib/kolla/venv/lib/python3.6/site-packages/neutron/service.py:131
2025-08-04 02:17:56.297 24 DEBUG neutron.service [req-ff2028eb-cb52-407b-9da1-eeab06ad8086 - - - - -] calling wait on _wait /var/lib/kolla/venv/lib/python3.6/site-packages/neutron/service.py:131
2025-08-04 02:17:56.304 25 WARNING amqp [req-ff2028eb-cb52-407b-9da1-eeab06ad8086 - - - - -] Received method (60, 30) during closing channel 1. This method will be ignored
2025-08-04 02:17:56.305 25 DEBUG neutron.service [req-ff2028eb-cb52-407b-9da1-eeab06ad8086 - - - - -] calling wait on _wait /var/lib/kolla/venv/lib/python3.6/site-packages/neutron/service.py:131
2025-08-04 02:17:56.315 24 WARNING amqp [req-ff2028eb-cb52-407b-9da1-eeab06ad8086 - - - - -] Received method (60, 30) during closing channel 1. This method will be ignored
2025-08-04 02:17:56.318 24 DEBUG neutron.service [req-ff2028eb-cb52-407b-9da1-eeab06ad8086 - - - - -] returning from RpcWorker wait() _wait /var/lib/kolla/venv/lib/python3.6/site-packages/neutron/service.py:135
2025-08-04 02:17:56.319 25 WARNING amqp [req-ff2028eb-cb52-407b-9da1-eeab06ad8086 - - - - -] Received method (60, 30) during closing channel 1. This method will be ignored
2025-08-04 02:17:56.321 25 DEBUG neutron.service [req-ff2028eb-cb52-407b-9da1-eeab06ad8086 - - - - -] returning from RpcWorker wait() _wait /var/lib/kolla/venv/lib/python3.6/site-packages/neutron/service.py:135
2025-08-04 02:17:56.325 7 INFO oslo_service.service [-] Child 24 exited with status 0
2025-08-04 02:17:56.329 7 INFO oslo_service.service [-] Child 25 exited with status 0
2025-08-04 02:17:56.329 7 INFO oslo_service.service [-] Wait called after thread killed. Cleaning up.
2025-08-04 02:17:56.329 7 DEBUG oslo_service.service [-] Stop services. stop /var/lib/kolla/venv/lib/python3.6/site-packages/oslo_service/service.py:695
2025-08-04 02:17:56.329 7 DEBUG oslo_service.service [-] Killing children. stop /var/lib/kolla/venv/lib/python3.6/site-packages/oslo_service/service.py:700
2025-08-04 02:18:00.548 7 INFO neutron.common.config [-] Logging enabled!
2025-08-04 02:18:00.548 7 INFO neutron.common.config [-] /var/lib/kolla/venv/bin/neutron-server version 20.5.1.dev23
2025-08-04 02:18:00.548 7 DEBUG neutron.common.config [-] command line: /var/lib/kolla/venv/bin/neutron-server --config-file /etc/neutron/neutron.conf --config-file /etc/neutron/ContrailPlugin.ini --config-file /etc/neutron/api-paste.ini setup_logging /var/lib/kolla/venv/lib/python3.6/site-packages/neutron/common/config.py:115
2025-08-04 02:18:00.552 7 INFO neutron.common.config [-] Logging enabled!
2025-08-04 02:18:00.552 7 INFO neutron.common.config [-] /var/lib/kolla/venv/bin/neutron-server version 20.5.1.dev23
2025-08-04 02:18:00.552 7 DEBUG neutron.common.config [-] command line: /var/lib/kolla/venv/bin/neutron-server --config-file /etc/neutron/neutron.conf --config-file /etc/neutron/ContrailPlugin.ini --config-file /etc/neutron/api-paste.ini setup_logging /var/lib/kolla/venv/lib/python3.6/site-packages/neutron/common/config.py:115
2025-08-04 02:18:00.553 7 DEBUG neutron.common.config [-] ******************************************************************************** log_opt_values /var/lib/kolla/venv/lib/python3.6/site-packages/oslo_config/cfg.py:2589
2025-08-04 02:18:00.553 7 DEBUG neutron.common.config [-] Configuration options gathered from: log_opt_values /var/lib/kolla/venv/lib/python3.6/site-packages/oslo_config/cfg.py:2590
2025-08-04 02:18:00.553 7 DEBUG neutron.common.config [-] command line args: ['--config-file', '/etc/neutron/neutron.conf', '--config-file', '/etc/neutron/ContrailPlugin.ini', '--config-file', '/etc/neutron/api-paste.ini'] log_opt_values /var/lib/kolla/venv/lib/python3.6/site-packages/oslo_config/cfg.py:2591
2025-08-04 02:18:00.554 7 DEBUG neutron.common.config [-] config files: ['/etc/neutron/neutron.conf', '/etc/neutron/ContrailPlugin.ini', '/etc/neutron/api-paste.ini'] log_opt_values /var/lib/kolla/venv/lib/python3.6/site-packages/oslo_config/cfg.py:2593
2025-08-04 02:18:00.554 7 DEBUG neutron.common.config [-] ================================================================================ log_opt_values /var/lib/kolla/venv/lib/python3.6/site-packages/oslo_config/cfg.py:2594
2025-08-04 02:18:00.554 7 DEBUG neutron.common.config [-] allow_bulk = True log_opt_values /var/lib/kolla/venv/lib/python3.6/site-packages/oslo_config/cfg.py:2603
