2025-07-31 00:33:36.603 38536 DEBUG oslo_service.service [-] clients_neutron.ca_file = None log_opt_values /usr/lib/python3/dist-packages/oslo_config/cfg.py:2609
2025-07-31 00:33:36.603 38536 DEBUG oslo_service.service [-] clients_neutron.cert_file = None log_opt_values /usr/lib/python3/dist-packages/oslo_config/cfg.py:2609
2025-07-31 00:33:36.604 38536 DEBUG oslo_service.service [-] clients_neutron.endpoint_type = None log_opt_values /usr/lib/python3/dist-packages/oslo_config/cfg.py:2609
2025-07-31 00:33:36.604 38536 DEBUG oslo_service.service [-] clients_neutron.insecure = None log_opt_values /usr/lib/python3/dist-packages/oslo_config/cfg.py:2609
2025-07-31 00:33:36.604 38536 DEBUG oslo_service.service [-] clients_neutron.key_file = None log_opt_values /usr/lib/python3/dist-packages/oslo_config/cfg.py:2609
2025-07-31 00:33:36.604 38536 DEBUG oslo_service.service [-] clients_nova.ca_file = None log_opt_values /usr/lib/python3/dist-packages/oslo_config/cfg.py:2609
2025-07-31 00:33:36.604 38536 DEBUG oslo_service.service [-] clients_nova.cert_file = None log_opt_values /usr/lib/python3/dist-packages/oslo_config/cfg.py:2609
2025-07-31 00:33:36.604 38536 DEBUG oslo_service.service [-] clients_nova.endpoint_type = None log_opt_values /usr/lib/python3/dist-packages/oslo_config/cfg.py:2609
2025-07-31 00:33:36.604 38536 DEBUG oslo_service.service [-] clients_nova.http_log_debug = False log_opt_values /usr/lib/python3/dist-packages/oslo_config/cfg.py:2609
2025-07-31 00:33:36.604 38536 DEBUG oslo_service.service [-] clients_nova.insecure = None log_opt_values /usr/lib/python3/dist-packages/oslo_config/cfg.py:2609
2025-07-31 00:33:36.604 38536 DEBUG oslo_service.service [-] clients_nova.key_file = None log_opt_values /usr/lib/python3/dist-packages/oslo_config/cfg.py:2609
2025-07-31 00:33:36.605 38536 DEBUG oslo_service.service [-] clients_octavia.ca_file = None log_opt_values /usr/lib/python3/dist-packages/oslo_config/cfg.py:2609
2025-07-31 00:33:36.605 38536 DEBUG oslo_service.service [-] clients_octavia.cert_file = None log_opt_values /usr/lib/python3/dist-packages/oslo_config/cfg.py:2609
2025-07-31 00:33:36.605 38536 DEBUG oslo_service.service [-] clients_octavia.endpoint_type = None log_opt_values /usr/lib/python3/dist-packages/oslo_config/cfg.py:2609
2025-07-31 00:33:36.605 38536 DEBUG oslo_service.service [-] clients_octavia.insecure = None log_opt_values /usr/lib/python3/dist-packages/oslo_config/cfg.py:2609
2025-07-31 00:33:36.605 38536 DEBUG oslo_service.service [-] clients_octavia.key_file = None log_opt_values /usr/lib/python3/dist-packages/oslo_config/cfg.py:2609
2025-07-31 00:33:36.605 38536 DEBUG oslo_service.service [-] clients_sahara.ca_file = None log_opt_values /usr/lib/python3/dist-packages/oslo_config/cfg.py:2609
2025-07-31 00:33:36.605 38536 DEBUG oslo_service.service [-] clients_sahara.cert_file = None log_opt_values /usr/lib/python3/dist-packages/oslo_config/cfg.py:2609
2025-07-31 00:33:36.605 38536 DEBUG oslo_service.service [-] clients_sahara.endpoint_type = None log_opt_values /usr/lib/python3/dist-packages/oslo_config/cfg.py:2609
2025-07-31 00:33:36.605 38536 DEBUG oslo_service.service [-] clients_sahara.insecure = None log_opt_values /usr/lib/python3/dist-packages/oslo_config/cfg.py:2609
2025-07-31 00:33:36.605 38536 DEBUG oslo_service.service [-] clients_sahara.key_file = None log_opt_values /usr/lib/python3/dist-packages/oslo_config/cfg.py:2609
2025-07-31 00:33:36.606 38536 DEBUG oslo_service.service [-] clients_senlin.ca_file = None log_opt_values /usr/lib/python3/dist-packages/oslo_config/cfg.py:2609
2025-07-31 00:33:36.606 38536 DEBUG oslo_service.service [-] clients_senlin.cert_file = None log_opt_values /usr/lib/python3/dist-packages/oslo_config/cfg.py:2609
2025-07-31 00:33:36.606 38536 DEBUG oslo_service.service [-] clients_senlin.endpoint_type = None log_opt_values /usr/lib/python3/dist-packages/oslo_config/cfg.py:2609
2025-07-31 00:33:36.606 38536 DEBUG oslo_service.service [-] clients_senlin.insecure = None log_opt_values /usr/lib/python3/dist-packages/oslo_config/cfg.py:2609
2025-07-31 00:33:36.606 38536 DEBUG oslo_service.service [-] clients_senlin.key_file = None log_opt_values /usr/lib/python3/dist-packages/oslo_config/cfg.py:2609
2025-07-31 00:33:36.566 38753 INFO heat.engine.worker [-] Starting engine_worker (1.4) in engine 38015322-0b59-4dff-85f5-8f45a194e296.
2025-07-31 00:33:36.567 38754 INFO heat.engine.worker [-] Starting engine_worker (1.4) in engine 1a819100-e099-486a-9fd9-2094235fd90f.
2025-07-31 00:33:36.569 38752 INFO heat.engine.worker [-] Starting engine_worker (1.4) in engine aa7c748c-fcb9-484b-a975-cc2ab221790d.
2025-07-31 00:33:36.608 38536 DEBUG oslo_service.service [-] clients_swift.ca_file = None log_opt_values /usr/lib/python3/dist-packages/oslo_config/cfg.py:2609
2025-07-31 00:33:36.609 38536 DEBUG oslo_service.service [-] clients_swift.cert_file = None log_opt_values /usr/lib/python3/dist-packages/oslo_config/cfg.py:2609
2025-07-31 00:33:36.609 38536 DEBUG oslo_service.service [-] clients_swift.endpoint_type = None log_opt_values /usr/lib/python3/dist-packages/oslo_config/cfg.py:2609
2025-07-31 00:33:36.591 38755 INFO heat.engine.worker [-] Starting engine_worker (1.4) in engine d38c44cc-6368-4356-94e0-443a7860d307.
2025-07-31 00:33:36.609 38536 DEBUG oslo_service.service [-] clients_swift.insecure = None log_opt_values /usr/lib/python3/dist-packages/oslo_config/cfg.py:2609
2025-07-31 00:33:36.610 38536 DEBUG oslo_service.service [-] clients_swift.key_file = None log_opt_values /usr/lib/python3/dist-packages/oslo_config/cfg.py:2609
2025-07-31 00:33:36.611 38536 DEBUG oslo_service.service [-] clients_trove.ca_file = None log_opt_values /usr/lib/python3/dist-packages/oslo_config/cfg.py:2609
2025-07-31 00:33:36.611 38536 DEBUG oslo_service.service [-] clients_trove.cert_file = None log_opt_values /usr/lib/python3/dist-packages/oslo_config/cfg.py:2609
2025-07-31 00:33:36.614 38536 DEBUG oslo_service.service [-] clients_trove.endpoint_type = None log_opt_values /usr/lib/python3/dist-packages/oslo_config/cfg.py:2609
2025-07-31 00:33:36.615 38536 DEBUG oslo_service.service [-] clients_trove.insecure = None log_opt_values /usr/lib/python3/dist-packages/oslo_config/cfg.py:2609
2025-07-31 00:33:36.615 38536 DEBUG oslo_service.service [-] clients_trove.key_file = None log_opt_values /usr/lib/python3/dist-packages/oslo_config/cfg.py:2609
2025-07-31 00:33:36.622 38536 DEBUG oslo_service.service [-] clients_vitrage.ca_file = None log_opt_values /usr/lib/python3/dist-packages/oslo_config/cfg.py:2609
2025-07-31 00:33:36.622 38536 DEBUG oslo_service.service [-] clients_vitrage.cert_file = None log_opt_values /usr/lib/python3/dist-packages/oslo_config/cfg.py:2609
2025-07-31 00:33:36.625 38536 DEBUG oslo_service.service [-] clients_vitrage.endpoint_type = None log_opt_values /usr/lib/python3/dist-packages/oslo_config/cfg.py:2609
2025-07-31 00:33:36.625 38536 DEBUG oslo_service.service [-] clients_vitrage.insecure = None log_opt_values /usr/lib/python3/dist-packages/oslo_config/cfg.py:2609
2025-07-31 00:33:36.625 38536 DEBUG oslo_service.service [-] clients_vitrage.key_file = None log_opt_values /usr/lib/python3/dist-packages/oslo_config/cfg.py:2609
2025-07-31 00:33:36.625 38536 DEBUG oslo_service.service [-] clients_zaqar.ca_file = None log_opt_values /usr/lib/python3/dist-packages/oslo_config/cfg.py:2609
2025-07-31 00:33:36.628 38536 DEBUG oslo_service.service [-] clients_zaqar.cert_file = None log_opt_values /usr/lib/python3/dist-packages/oslo_config/cfg.py:2609
2025-07-31 00:33:36.628 38536 DEBUG oslo_service.service [-] clients_zaqar.endpoint_type = None log_opt_values /usr/lib/python3/dist-packages/oslo_config/cfg.py:2609
2025-07-31 00:33:36.628 38536 DEBUG oslo_service.service [-] clients_zaqar.insecure = None log_opt_values /usr/lib/python3/dist-packages/oslo_config/cfg.py:2609
2025-07-31 00:33:36.628 38536 DEBUG oslo_service.service [-] clients_zaqar.key_file = None log_opt_values /usr/lib/python3/dist-packages/oslo_config/cfg.py:2609
2025-07-31 00:33:36.628 38536 DEBUG oslo_service.service [-] database.backend = sqlalchemy log_opt_values /usr/lib/python3/dist-packages/oslo_config/cfg.py:2609
2025-07-31 00:33:36.628 38536 DEBUG oslo_service.service [-] database.connection = **** log_opt_values /usr/lib/python3/dist-packages/oslo_config/cfg.py:2609
2025-07-31 00:33:36.628 38536 DEBUG oslo_service.service [-] database.connection_debug = 0 log_opt_values /usr/lib/python3/dist-packages/oslo_config/cfg.py:2609
2025-07-31 00:33:36.629 38536 DEBUG oslo_service.service [-] database.connection_parameters = log_opt_values /usr/lib/python3/dist-packages/oslo_config/cfg.py:2609
2025-07-31 00:33:36.629 38536 DEBUG oslo_service.service [-] database.connection_recycle_time = 3600 log_opt_values /usr/lib/python3/dist-packages/oslo_config/cfg.py:2609
2025-07-31 00:33:36.629 38536 DEBUG oslo_service.service [-] database.connection_trace = False log_opt_values /usr/lib/python3/dist-packages/oslo_config/cfg.py:2609
2025-07-31 00:33:36.629 38536 DEBUG oslo_service.service [-] database.db_inc_retry_interval = True log_opt_values /usr/lib/python3/dist-packages/oslo_config/cfg.py:2609
2025-07-31 00:33:36.629 38536 DEBUG oslo_service.service [-] database.db_max_retries = 20 log_opt_values /usr/lib/python3/dist-packages/oslo_config/cfg.py:2609
2025-07-31 00:33:36.634 38536 DEBUG oslo_service.service [-] database.db_max_retry_interval = 10 log_opt_values /usr/lib/python3/dist-packages/oslo_config/cfg.py:2609
2025-07-31 00:33:36.638 38536 DEBUG oslo_service.service [-] database.db_retry_interval = 1 log_opt_values /usr/lib/python3/dist-packages/oslo_config/cfg.py:2609
2025-07-31 00:33:36.638 38536 DEBUG oslo_service.service [-] database.max_overflow = 50 log_opt_values /usr/lib/python3/dist-packages/oslo_config/cfg.py:2609
2025-07-31 00:33:36.639 38536 DEBUG oslo_service.service [-] database.max_pool_size = 5 log_opt_values /usr/lib/python3/dist-packages/oslo_config/cfg.py:2609
2025-07-31 00:33:36.640 38536 DEBUG oslo_service.service [-] database.max_retries = 10 log_opt_values /usr/lib/python3/dist-packages/oslo_config/cfg.py:2609
2025-07-31 00:33:36.643 38536 DEBUG oslo_service.service [-] database.mysql_enable_ndb = False log_opt_values /usr/lib/python3/dist-packages/oslo_config/cfg.py:2609
2025-07-31 00:33:36.643 38536 DEBUG oslo_service.service [-] database.mysql_sql_mode = TRADITIONAL log_opt_values /usr/lib/python3/dist-packages/oslo_config/cfg.py:2609
2025-07-31 00:33:36.643 38536 DEBUG oslo_service.service [-] database.pool_timeout = None log_opt_values /usr/lib/python3/dist-packages/oslo_config/cfg.py:2609
2025-07-31 00:33:36.643 38536 DEBUG oslo_service.service [-] database.retry_interval = 10 log_opt_values /usr/lib/python3/dist-packages/oslo_config/cfg.py:2609
2025-07-31 00:33:36.644 38536 DEBUG oslo_service.service [-] database.slave_connection = **** log_opt_values /usr/lib/python3/dist-packages/oslo_config/cfg.py:2609
2025-07-31 00:33:36.644 38536 DEBUG oslo_service.service [-] database.sqlite_synchronous = True log_opt_values /usr/lib/python3/dist-packages/oslo_config/cfg.py:2609
2025-07-31 00:33:36.648 38536 DEBUG oslo_service.service [-] database.use_db_reconnect = False log_opt_values /usr/lib/python3/dist-packages/oslo_config/cfg.py:2609
2025-07-31 00:33:36.648 38536 DEBUG oslo_service.service [-] oslo_messaging_metrics.metrics_buffer_size = 1000 log_opt_values /usr/lib/python3/dist-packages/oslo_config/cfg.py:2609
2025-07-31 00:33:36.648 38536 DEBUG oslo_service.service [-] oslo_messaging_metrics.metrics_enabled = False log_opt_values /usr/lib/python3/dist-packages/oslo_config/cfg.py:2609
2025-07-31 00:33:36.648 38536 DEBUG oslo_service.service [-] oslo_messaging_metrics.metrics_process_name = log_opt_values /usr/lib/python3/dist-packages/oslo_config/cfg.py:2609
2025-07-31 00:33:36.648 38536 DEBUG oslo_service.service [-] oslo_messaging_metrics.metrics_socket_file = /var/tmp/metrics_collector.sock log_opt_values /usr/lib/python3/dist-packages/oslo_config/cfg.py:2609
2025-07-31 00:33:36.648 38536 DEBUG oslo_service.service [-] oslo_messaging_metrics.metrics_thread_stop_timeout = 10 log_opt_values /usr/lib/python3/dist-packages/oslo_config/cfg.py:2609
2025-07-31 00:33:36.649 38536 DEBUG oslo_service.service [-] oslo_policy.enforce_new_defaults = False log_opt_values /usr/lib/python3/dist-packages/oslo_config/cfg.py:2609
2025-07-31 00:33:36.649 38536 DEBUG oslo_service.service [-] oslo_policy.enforce_scope = False log_opt_values /usr/lib/python3/dist-packages/oslo_config/cfg.py:2609
2025-07-31 00:33:36.649 38536 DEBUG oslo_service.service [-] oslo_policy.policy_default_rule = default log_opt_values /usr/lib/python3/dist-packages/oslo_config/cfg.py:2609
2025-07-31 00:33:36.649 38536 DEBUG oslo_service.service [-] oslo_policy.policy_dirs = ['policy.d'] log_opt_values /usr/lib/python3/dist-packages/oslo_config/cfg.py:2609
2025-07-31 00:33:36.649 38536 DEBUG oslo_service.service [-] oslo_policy.policy_file = policy.yaml log_opt_values /usr/lib/python3/dist-packages/oslo_config/cfg.py:2609
2025-07-31 00:33:36.649 38536 DEBUG oslo_service.service [-] oslo_policy.remote_content_type = application/x-www-form-urlencoded log_opt_values /usr/lib/python3/dist-packages/oslo_config/cfg.py:2609
2025-07-31 00:33:36.649 38536 DEBUG oslo_service.service [-] oslo_policy.remote_ssl_ca_crt_file = None log_opt_values /usr/lib/python3/dist-packages/oslo_config/cfg.py:2609
2025-07-31 00:33:36.649 38536 DEBUG oslo_service.service [-] oslo_policy.remote_ssl_client_crt_file = None log_opt_values /usr/lib/python3/dist-packages/oslo_config/cfg.py:2609
2025-07-31 00:33:36.650 38536 DEBUG oslo_service.service [-] oslo_policy.remote_ssl_client_key_file = None log_opt_values /usr/lib/python3/dist-packages/oslo_config/cfg.py:2609
2025-07-31 00:33:36.650 38536 DEBUG oslo_service.service [-] oslo_policy.remote_ssl_verify_server_crt = False log_opt_values /usr/lib/python3/dist-packages/oslo_config/cfg.py:2609
2025-07-31 00:33:36.650 38536 DEBUG oslo_service.service [-] trustee.auth_section = None log_opt_values /usr/lib/python3/dist-packages/oslo_config/cfg.py:2609
2025-07-31 00:33:36.650 38536 WARNING oslo_config.cfg [-] Deprecated: Option "auth_plugin" from group "trustee" is deprecated. Use option "auth_type" from group "trustee".
2025-07-31 00:33:36.650 38536 DEBUG oslo_service.service [-] trustee.auth_type = password log_opt_values /usr/lib/python3/dist-packages/oslo_config/cfg.py:2609
2025-07-31 00:33:36.650 38536 DEBUG oslo_service.service [-] oslo_versionedobjects.fatal_exception_format_errors = False log_opt_values /usr/lib/python3/dist-packages/oslo_config/cfg.py:2609
2025-07-31 00:33:36.650 38536 DEBUG oslo_service.service [-] oslo_messaging_rabbit.amqp_auto_delete = False log_opt_values /usr/lib/python3/dist-packages/oslo_config/cfg.py:2609
2025-07-31 00:33:36.651 38536 DEBUG oslo_service.service [-] oslo_messaging_rabbit.amqp_durable_queues = False log_opt_values /usr/lib/python3/dist-packages/oslo_config/cfg.py:2609
2025-07-31 00:33:36.651 38536 DEBUG oslo_service.service [-] oslo_messaging_rabbit.conn_pool_min_size = 2 log_opt_values /usr/lib/python3/dist-packages/oslo_config/cfg.py:2609
2025-07-31 00:33:36.673 38536 DEBUG oslo_service.service [-] oslo_messaging_rabbit.conn_pool_ttl = 1200 log_opt_values /usr/lib/python3/dist-packages/oslo_config/cfg.py:2609
2025-07-31 00:33:36.674 38536 DEBUG oslo_service.service [-] oslo_messaging_rabbit.direct_mandatory_flag = True log_opt_values /usr/lib/python3/dist-packages/oslo_config/cfg.py:2609
2025-07-31 00:33:36.674 38536 DEBUG oslo_service.service [-] oslo_messaging_rabbit.enable_cancel_on_failover = False log_opt_values /usr/lib/python3/dist-packages/oslo_config/cfg.py:2609
2025-07-31 00:33:36.674 38536 DEBUG oslo_service.service [-] oslo_messaging_rabbit.heartbeat_in_pthread = False log_opt_values /usr/lib/python3/dist-packages/oslo_config/cfg.py:2609
2025-07-31 00:33:36.674 38536 DEBUG oslo_service.service [-] oslo_messaging_rabbit.heartbeat_rate = 2 log_opt_values /usr/lib/python3/dist-packages/oslo_config/cfg.py:2609
2025-07-31 00:33:36.674 38536 DEBUG oslo_service.service [-] oslo_messaging_rabbit.heartbeat_timeout_threshold = 60 log_opt_values /usr/lib/python3/dist-packages/oslo_config/cfg.py:2609
2025-07-31 00:33:36.674 38536 DEBUG oslo_service.service [-] oslo_messaging_rabbit.kombu_compression = None log_opt_values /usr/lib/python3/dist-packages/oslo_config/cfg.py:2609
2025-07-31 00:33:36.674 38536 DEBUG oslo_service.service [-] oslo_messaging_rabbit.kombu_failover_strategy = round-robin log_opt_values /usr/lib/python3/dist-packages/oslo_config/cfg.py:2609
2025-07-31 00:33:36.675 38536 DEBUG oslo_service.service [-] oslo_messaging_rabbit.kombu_missing_consumer_retry_timeout = 60 log_opt_values /usr/lib/python3/dist-packages/oslo_config/cfg.py:2609
2025-07-31 00:33:36.675 38536 DEBUG oslo_service.service [-] oslo_messaging_rabbit.kombu_reconnect_delay = 1.0 log_opt_values /usr/lib/python3/dist-packages/oslo_config/cfg.py:2609
2025-07-31 00:33:36.675 38536 DEBUG oslo_service.service [-] oslo_messaging_rabbit.rabbit_ha_queues = False log_opt_values /usr/lib/python3/dist-packages/oslo_config/cfg.py:2609
2025-07-31 00:33:36.675 38536 DEBUG oslo_service.service [-] oslo_messaging_rabbit.rabbit_interval_max = 30 log_opt_values /usr/lib/python3/dist-packages/oslo_config/cfg.py:2609
2025-07-31 00:33:36.675 38536 DEBUG oslo_service.service [-] oslo_messaging_rabbit.rabbit_login_method = AMQPLAIN log_opt_values /usr/lib/python3/dist-packages/oslo_config/cfg.py:2609
2025-07-31 00:33:36.682 38536 DEBUG oslo_service.service [-] oslo_messaging_rabbit.rabbit_qos_prefetch_count = 0 log_opt_values /usr/lib/python3/dist-packages/oslo_config/cfg.py:2609
2025-07-31 00:33:36.683 38536 DEBUG oslo_service.service [-] oslo_messaging_rabbit.rabbit_quorum_queue = False log_opt_values /usr/lib/python3/dist-packages/oslo_config/cfg.py:2609
2025-07-31 00:33:36.684 38536 DEBUG oslo_service.service [-] oslo_messaging_rabbit.rabbit_retry_backoff = 2 log_opt_values /usr/lib/python3/dist-packages/oslo_config/cfg.py:2609
2025-07-31 00:33:36.690 38536 DEBUG oslo_service.service [-] oslo_messaging_rabbit.rabbit_retry_interval = 1 log_opt_values /usr/lib/python3/dist-packages/oslo_config/cfg.py:2609
2025-07-31 00:33:36.692 38536 DEBUG oslo_service.service [-] oslo_messaging_rabbit.rabbit_transient_queues_ttl = 1800 log_opt_values /usr/lib/python3/dist-packages/oslo_config/cfg.py:2609
2025-07-31 00:33:36.693 38536 DEBUG oslo_service.service [-] oslo_messaging_rabbit.rpc_conn_pool_size = 30 log_opt_values /usr/lib/python3/dist-packages/oslo_config/cfg.py:2609
2025-07-31 00:33:36.693 38536 DEBUG oslo_service.service [-] oslo_messaging_rabbit.ssl = False log_opt_values /usr/lib/python3/dist-packages/oslo_config/cfg.py:2609
2025-07-31 00:33:36.694 38536 DEBUG oslo_service.service [-] oslo_messaging_rabbit.ssl_ca_file = log_opt_values /usr/lib/python3/dist-packages/oslo_config/cfg.py:2609
2025-07-31 00:33:36.696 38536 DEBUG oslo_service.service [-] oslo_messaging_rabbit.ssl_cert_file = log_opt_values /usr/lib/python3/dist-packages/oslo_config/cfg.py:2609
2025-07-31 00:33:36.699 38536 DEBUG oslo_service.service [-] oslo_messaging_rabbit.ssl_key_file = log_opt_values /usr/lib/python3/dist-packages/oslo_config/cfg.py:2609
2025-07-31 00:33:36.699 38536 DEBUG oslo_service.service [-] oslo_messaging_rabbit.ssl_version = log_opt_values /usr/lib/python3/dist-packages/oslo_config/cfg.py:2609
2025-07-31 00:33:36.699 38536 DEBUG oslo_service.service [-] oslo_messaging_notifications.driver = [] log_opt_values /usr/lib/python3/dist-packages/oslo_config/cfg.py:2609
2025-07-31 00:33:36.699 38536 DEBUG oslo_service.service [-] oslo_messaging_notifications.retry = -1 log_opt_values /usr/lib/python3/dist-packages/oslo_config/cfg.py:2609
2025-07-31 00:33:36.699 38536 DEBUG oslo_service.service [-] oslo_messaging_notifications.topics = ['notifications'] log_opt_values /usr/lib/python3/dist-packages/oslo_config/cfg.py:2609
2025-07-31 00:33:36.699 38536 DEBUG oslo_service.service [-] oslo_messaging_notifications.transport_url = **** log_opt_values /usr/lib/python3/dist-packages/oslo_config/cfg.py:2609
2025-07-31 00:33:36.700 38536 DEBUG oslo_service.service [-] cache.backend = dogpile.cache.null log_opt_values /usr/lib/python3/dist-packages/oslo_config/cfg.py:2609
2025-07-31 00:33:36.700 38536 DEBUG oslo_service.service [-] cache.backend_argument = **** log_opt_values /usr/lib/python3/dist-packages/oslo_config/cfg.py:2609
2025-07-31 00:33:36.700 38536 DEBUG oslo_service.service [-] cache.config_prefix = cache.oslo log_opt_values /usr/lib/python3/dist-packages/oslo_config/cfg.py:2609
2025-07-31 00:33:36.700 38536 DEBUG oslo_service.service [-] cache.debug_cache_backend = False log_opt_values /usr/lib/python3/dist-packages/oslo_config/cfg.py:2609
2025-07-31 00:33:36.700 38536 DEBUG oslo_service.service [-] cache.enabled = False log_opt_values /usr/lib/python3/dist-packages/oslo_config/cfg.py:2609
2025-07-31 00:33:36.703 38536 DEBUG oslo_service.service [-] cache.expiration_time = 600 log_opt_values /usr/lib/python3/dist-packages/oslo_config/cfg.py:2609
2025-07-31 00:33:36.703 38536 DEBUG oslo_service.service [-] cache.memcache_dead_retry = 300 log_opt_values /usr/lib/python3/dist-packages/oslo_config/cfg.py:2609
2025-07-31 00:33:36.703 38536 DEBUG oslo_service.service [-] cache.memcache_pool_connection_get_timeout = 10 log_opt_values /usr/lib/python3/dist-packages/oslo_config/cfg.py:2609
2025-07-31 00:33:36.703 38536 DEBUG oslo_service.service [-] cache.memcache_pool_flush_on_reconnect = False log_opt_values /usr/lib/python3/dist-packages/oslo_config/cfg.py:2609
2025-07-31 00:33:36.703 38536 DEBUG oslo_service.service [-] cache.memcache_pool_maxsize = 10 log_opt_values /usr/lib/python3/dist-packages/oslo_config/cfg.py:2609
2025-07-31 00:33:36.703 38536 DEBUG oslo_service.service [-] cache.memcache_pool_unused_timeout = 60 log_opt_values /usr/lib/python3/dist-packages/oslo_config/cfg.py:2609
2025-07-31 00:33:36.704 38536 DEBUG oslo_service.service [-] cache.memcache_servers = ['localhost:11211'] log_opt_values /usr/lib/python3/dist-packages/oslo_config/cfg.py:2609
2025-07-31 00:33:36.704 38536 DEBUG oslo_service.service [-] cache.memcache_socket_timeout = 1.0 log_opt_values /usr/lib/python3/dist-packages/oslo_config/cfg.py:2609
2025-07-31 00:33:36.704 38536 DEBUG oslo_service.service [-] cache.proxies = [] log_opt_values /usr/lib/python3/dist-packages/oslo_config/cfg.py:2609
2025-07-31 00:33:36.704 38536 DEBUG oslo_service.service [-] cache.tls_allowed_ciphers = None log_opt_values /usr/lib/python3/dist-packages/oslo_config/cfg.py:2609
2025-07-31 00:33:36.704 38536 DEBUG oslo_service.service [-] cache.tls_cafile = None log_opt_values /usr/lib/python3/dist-packages/oslo_config/cfg.py:2609
2025-07-31 00:33:36.704 38536 DEBUG oslo_service.service [-] cache.tls_certfile = None log_opt_values /usr/lib/python3/dist-packages/oslo_config/cfg.py:2609
2025-07-31 00:33:36.704 38536 DEBUG oslo_service.service [-] cache.tls_enabled = False log_opt_values /usr/lib/python3/dist-packages/oslo_config/cfg.py:2609
2025-07-31 00:33:36.705 38536 DEBUG oslo_service.service [-] cache.tls_keyfile = None log_opt_values /usr/lib/python3/dist-packages/oslo_config/cfg.py:2609
2025-07-31 00:33:36.705 38536 DEBUG oslo_service.service [-] constraint_validation_cache.caching = True log_opt_values /usr/lib/python3/dist-packages/oslo_config/cfg.py:2609
2025-07-31 00:33:36.705 38536 DEBUG oslo_service.service [-] constraint_validation_cache.expiration_time = 60 log_opt_values /usr/lib/python3/dist-packages/oslo_config/cfg.py:2609
2025-07-31 00:33:36.705 38536 DEBUG oslo_service.service [-] service_extension_cache.caching = True log_opt_values /usr/lib/python3/dist-packages/oslo_config/cfg.py:2609
2025-07-31 00:33:36.705 38536 DEBUG oslo_service.service [-] service_extension_cache.expiration_time = 3600 log_opt_values /usr/lib/python3/dist-packages/oslo_config/cfg.py:2609
2025-07-31 00:33:36.705 38536 DEBUG oslo_service.service [-] resource_finder_cache.caching = True log_opt_values /usr/lib/python3/dist-packages/oslo_config/cfg.py:2609
2025-07-31 00:33:36.705 38536 DEBUG oslo_service.service [-] resource_finder_cache.expiration_time = 3600 log_opt_values /usr/lib/python3/dist-packages/oslo_config/cfg.py:2609
2025-07-31 00:33:36.706 38536 DEBUG oslo_service.service [-] yaql.limit_iterators = 200 log_opt_values /usr/lib/python3/dist-packages/oslo_config/cfg.py:2609
2025-07-31 00:33:36.706 38536 DEBUG oslo_service.service [-] yaql.memory_quota = 10000 log_opt_values /usr/lib/python3/dist-packages/oslo_config/cfg.py:2609
2025-07-31 00:33:36.706 38536 DEBUG oslo_service.service [-] ******************************************************************************** log_opt_values /usr/lib/python3/dist-packages/oslo_config/cfg.py:2613
2025-07-31 00:33:36.733 38752 DEBUG oslo_db.sqlalchemy.engines [req-6e00057c-c151-4fda-ae39-d76a64f53a9b - - - - -] MySQL server mode set to STRICT_TRANS_TABLES,STRICT_ALL_TABLES,NO_ZERO_IN_DATE,NO_ZERO_DATE,ERROR_FOR_DIVISION_BY_ZERO,TRADITIONAL,NO_ENGINE_SUBSTITUTION _check_effective_sql_mode /usr/lib/python3/dist-packages/oslo_db/sqlalchemy/engines.py:314
2025-07-31 00:33:36.770 38755 DEBUG oslo_db.sqlalchemy.engines [req-c8a3e3d1-1b25-49bb-95e8-3d877ae6ba65 - - - - -] MySQL server mode set to STRICT_TRANS_TABLES,STRICT_ALL_TABLES,NO_ZERO_IN_DATE,NO_ZERO_DATE,ERROR_FOR_DIVISION_BY_ZERO,TRADITIONAL,NO_ENGINE_SUBSTITUTION _check_effective_sql_mode /usr/lib/python3/dist-packages/oslo_db/sqlalchemy/engines.py:314
2025-07-31 00:33:36.774 38754 DEBUG oslo_db.sqlalchemy.engines [req-89836cec-6dc0-4d04-9d8f-5df32d2a3387 - - - - -] MySQL server mode set to STRICT_TRANS_TABLES,STRICT_ALL_TABLES,NO_ZERO_IN_DATE,NO_ZERO_DATE,ERROR_FOR_DIVISION_BY_ZERO,TRADITIONAL,NO_ENGINE_SUBSTITUTION _check_effective_sql_mode /usr/lib/python3/dist-packages/oslo_db/sqlalchemy/engines.py:314
2025-07-31 00:33:36.772 38753 DEBUG oslo_db.sqlalchemy.engines [req-7ac029c3-31b4-4b06-9a14-e49994103341 - - - - -] MySQL server mode set to STRICT_TRANS_TABLES,STRICT_ALL_TABLES,NO_ZERO_IN_DATE,NO_ZERO_DATE,ERROR_FOR_DIVISION_BY_ZERO,TRADITIONAL,NO_ENGINE_SUBSTITUTION _check_effective_sql_mode /usr/lib/python3/dist-packages/oslo_db/sqlalchemy/engines.py:314
2025-07-31 00:33:36.827 38752 DEBUG heat.engine.service [req-d6198ec1-468e-4d52-accb-68cd55c6f255 - - - - -] Service 21bd90f2-107f-4400-bf04-dbb044d13dcb is started service_manage_report /usr/lib/python3/dist-packages/heat/engine/service.py:2363
2025-07-31 00:33:36.865 38752 DEBUG heat.engine.service [req-d6198ec1-468e-4d52-accb-68cd55c6f255 - - - - -] Service 21bd90f2-107f-4400-bf04-dbb044d13dcb is updated service_manage_report /usr/lib/python3/dist-packages/heat/engine/service.py:2370
2025-07-31 00:33:36.893 38754 DEBUG heat.engine.service [req-3d431aa7-080a-41f8-8b42-3a66def031c0 - - - - -] Service d383ac26-65c5-47c6-a3b1-784e124d3455 is started service_manage_report /usr/lib/python3/dist-packages/heat/engine/service.py:2363
2025-07-31 00:33:36.897 38755 DEBUG heat.engine.service [req-3e5ce66b-c8e2-4769-825d-966c79974651 - - - - -] Service 73774897-1daa-4496-bbcc-e22ef053c790 is started service_manage_report /usr/lib/python3/dist-packages/heat/engine/service.py:2363
2025-07-31 00:33:36.900 38753 DEBUG heat.engine.service [req-4af9b42b-fa56-4d21-b727-f2c41dd4332e - - - - -] Service 9f74141d-c80a-4c67-8a8a-1c8bfec5a827 is started service_manage_report /usr/lib/python3/dist-packages/heat/engine/service.py:2363
2025-07-31 00:33:36.913 38754 DEBUG heat.engine.service [req-3d431aa7-080a-41f8-8b42-3a66def031c0 - - - - -] Service d383ac26-65c5-47c6-a3b1-784e124d3455 is updated service_manage_report /usr/lib/python3/dist-packages/heat/engine/service.py:2370
2025-07-31 00:33:36.914 38755 DEBUG heat.engine.service [req-3e5ce66b-c8e2-4769-825d-966c79974651 - - - - -] Service 73774897-1daa-4496-bbcc-e22ef053c790 is updated service_manage_report /usr/lib/python3/dist-packages/heat/engine/service.py:2370
2025-07-31 00:33:36.934 38753 DEBUG heat.engine.service [req-4af9b42b-fa56-4d21-b727-f2c41dd4332e - - - - -] Service 9f74141d-c80a-4c67-8a8a-1c8bfec5a827 is updated service_manage_report /usr/lib/python3/dist-packages/heat/engine/service.py:2370
2025-07-31 00:34:36.822 38752 DEBUG heat.engine.service [req-d9b5e4b2-de05-4628-ba26-8db28c41d27b - - - - -] Service 21bd90f2-107f-4400-bf04-dbb044d13dcb is updated service_manage_report /usr/lib/python3/dist-packages/heat/engine/service.py:2370
2025-07-31 00:34:36.884 38755 DEBUG heat.engine.service [req-eeba1d4c-c1d2-4136-a405-4c79e4fb5f9e - - - - -] Service 73774897-1daa-4496-bbcc-e22ef053c790 is updated service_manage_report /usr/lib/python3/dist-packages/heat/engine/service.py:2370
2025-07-31 00:34:36.886 38754 DEBUG heat.engine.service [req-edc9d0fe-7218-4e41-ad62-0ad14a11feda - - - - -] Service d383ac26-65c5-47c6-a3b1-784e124d3455 is updated service_manage_report /usr/lib/python3/dist-packages/heat/engine/service.py:2370
2025-07-31 00:34:36.886 38753 DEBUG heat.engine.service [req-d81021d5-b399-4126-886b-b65336361015 - - - - -] Service 9f74141d-c80a-4c67-8a8a-1c8bfec5a827 is updated service_manage_report /usr/lib/python3/dist-packages/heat/engine/service.py:2370
2025-07-31 00:35:36.818 38752 DEBUG heat.engine.service [req-c2d4e172-30fa-4f33-90f7-269aaf8c3e35 - - - - -] Service 21bd90f2-107f-4400-bf04-dbb044d13dcb is updated service_manage_report /usr/lib/python3/dist-packages/heat/engine/service.py:2370
2025-07-31 00:35:36.886 38755 DEBUG heat.engine.service [req-d5bee8f5-20ad-4953-9421-bf091c9c08d6 - - - - -] Service 73774897-1daa-4496-bbcc-e22ef053c790 is updated service_manage_report /usr/lib/python3/dist-packages/heat/engine/service.py:2370
2025-07-31 00:35:36.887 38754 DEBUG heat.engine.service [req-4c3a4424-77dd-4b42-b32e-cc4327cfa606 - - - - -] Service d383ac26-65c5-47c6-a3b1-784e124d3455 is updated service_manage_report /usr/lib/python3/dist-packages/heat/engine/service.py:2370
2025-07-31 00:35:36.887 38753 DEBUG heat.engine.service [req-315acacc-7cf1-462b-8c20-3758c8154466 - - - - -] Service 9f74141d-c80a-4c67-8a8a-1c8bfec5a827 is updated service_manage_report /usr/lib/python3/dist-packages/heat/engine/service.py:2370
2025-07-31 00:36:36.822 38752 DEBUG heat.engine.service [req-061426af-8b20-4799-b6bd-a3800dc41fb3 - - - - -] Service 21bd90f2-107f-4400-bf04-dbb044d13dcb is updated service_manage_report /usr/lib/python3/dist-packages/heat/engine/service.py:2370
2025-07-31 00:36:36.883 38755 DEBUG heat.engine.service [req-578e65e5-84a8-4f6a-8171-01d61b293875 - - - - -] Service 73774897-1daa-4496-bbcc-e22ef053c790 is updated service_manage_report /usr/lib/python3/dist-packages/heat/engine/service.py:2370
2025-07-31 00:36:36.885 38753 DEBUG heat.engine.service [req-fe141eef-4a0b-4584-8096-cef6bdf65f65 - - - - -] Service 9f74141d-c80a-4c67-8a8a-1c8bfec5a827 is updated service_manage_report /usr/lib/python3/dist-packages/heat/engine/service.py:2370
2025-07-31 00:36:36.885 38754 DEBUG heat.engine.service [req-37e0507b-9f86-41d7-8cbf-8bea8eb118c7 - - - - -] Service d383ac26-65c5-47c6-a3b1-784e124d3455 is updated service_manage_report /usr/lib/python3/dist-packages/heat/engine/service.py:2370
2025-07-31 00:37:36.828 38752 DEBUG heat.engine.service [req-90ae20eb-fac2-4e5a-905e-b748fbdcc503 - - - - -] Service 21bd90f2-107f-4400-bf04-dbb044d13dcb is updated service_manage_report /usr/lib/python3/dist-packages/heat/engine/service.py:2370
2025-07-31 00:37:36.884 38755 DEBUG heat.engine.service [req-272dc705-5859-4c7d-abcd-ab3aa95ae527 - - - - -] Service 73774897-1daa-4496-bbcc-e22ef053c790 is updated service_manage_report /usr/lib/python3/dist-packages/heat/engine/service.py:2370
2025-07-31 00:37:36.886 38753 DEBUG heat.engine.service [req-e0902322-27ae-4267-b331-4524ee458954 - - - - -] Service 9f74141d-c80a-4c67-8a8a-1c8bfec5a827 is updated service_manage_report /usr/lib/python3/dist-packages/heat/engine/service.py:2370
2025-07-31 00:37:36.886 38754 DEBUG heat.engine.service [req-7797c00c-195d-4991-bfd1-a26815672aee - - - - -] Service d383ac26-65c5-47c6-a3b1-784e124d3455 is updated service_manage_report /usr/lib/python3/dist-packages/heat/engine/service.py:2370
2025-07-31 00:38:36.831 38752 DEBUG heat.engine.service [req-a4a6e119-56b8-496f-9793-4ee0ef2ded9b - - - - -] Service 21bd90f2-107f-4400-bf04-dbb044d13dcb is updated service_manage_report /usr/lib/python3/dist-packages/heat/engine/service.py:2370
2025-07-31 00:38:36.878 38755 DEBUG heat.engine.service [req-76012e7b-2500-40f5-b80c-3a69dba5986c - - - - -] Service 73774897-1daa-4496-bbcc-e22ef053c790 is updated service_manage_report /usr/lib/python3/dist-packages/heat/engine/service.py:2370
2025-07-31 00:38:36.883 38753 DEBUG heat.engine.service [req-1247590b-62b1-4e57-9ba7-3cba6e9d794f - - - - -] Service 9f74141d-c80a-4c67-8a8a-1c8bfec5a827 is updated service_manage_report /usr/lib/python3/dist-packages/heat/engine/service.py:2370
2025-07-31 00:38:36.883 38754 DEBUG heat.engine.service [req-0c5f9093-2cce-4ecc-94e0-b38f84d42265 - - - - -] Service d383ac26-65c5-47c6-a3b1-784e124d3455 is updated service_manage_report /usr/lib/python3/dist-packages/heat/engine/service.py:2370
2025-07-31 00:39:36.835 38752 DEBUG heat.engine.service [req-1af3bea3-3541-4010-afd4-c78cd57a4c6b - - - - -] Service 21bd90f2-107f-4400-bf04-dbb044d13dcb is updated service_manage_report /usr/lib/python3/dist-packages/heat/engine/service.py:2370
2025-07-31 00:39:36.876 38753 DEBUG heat.engine.service [req-c09045a1-3759-43f7-a30a-79044044841a - - - - -] Service 9f74141d-c80a-4c67-8a8a-1c8bfec5a827 is updated service_manage_report /usr/lib/python3/dist-packages/heat/engine/service.py:2370
2025-07-31 00:39:36.879 38754 DEBUG heat.engine.service [req-2d8eea31-d1c3-4625-8f13-5eb9325cf089 - - - - -] Service d383ac26-65c5-47c6-a3b1-784e124d3455 is updated service_manage_report /usr/lib/python3/dist-packages/heat/engine/service.py:2370
2025-07-31 00:39:36.885 38755 DEBUG heat.engine.service [req-7ff2bcb6-33d0-42b7-b707-b2e126636e1e - - - - -] Service 73774897-1daa-4496-bbcc-e22ef053c790 is updated service_manage_report /usr/lib/python3/dist-packages/heat/engine/service.py:2370
2025-07-31 00:40:36.840 38752 DEBUG heat.engine.service [req-145e0bc5-be0d-43b1-a3f4-204b4f6c1eb2 - - - - -] Service 21bd90f2-107f-4400-bf04-dbb044d13dcb is updated service_manage_report /usr/lib/python3/dist-packages/heat/engine/service.py:2370
2025-07-31 00:40:36.880 38753 DEBUG heat.engine.service [req-6a957288-6306-4dfd-a729-7cc782e077b3 - - - - -] Service 9f74141d-c80a-4c67-8a8a-1c8bfec5a827 is updated service_manage_report /usr/lib/python3/dist-packages/heat/engine/service.py:2370
2025-07-31 00:40:36.885 38754 DEBUG heat.engine.service [req-280c5c0e-68db-49c4-9b44-5cc190d66362 - - - - -] Service d383ac26-65c5-47c6-a3b1-784e124d3455 is updated service_manage_report /usr/lib/python3/dist-packages/heat/engine/service.py:2370
2025-07-31 00:40:36.885 38755 DEBUG heat.engine.service [req-85f0fd26-863f-4c14-bfff-b4f6652e161e - - - - -] Service 73774897-1daa-4496-bbcc-e22ef053c790 is updated service_manage_report /usr/lib/python3/dist-packages/heat/engine/service.py:2370
2025-07-31 00:41:36.845 38752 DEBUG heat.engine.service [req-d478d398-aa08-46c5-86ea-a42f05446ba9 - - - - -] Service 21bd90f2-107f-4400-bf04-dbb044d13dcb is updated service_manage_report /usr/lib/python3/dist-packages/heat/engine/service.py:2370
2025-07-31 00:41:36.881 38755 DEBUG heat.engine.service [req-8e6ae3b0-f96d-4ae7-94f9-e4a20b81b5c8 - - - - -] Service 73774897-1daa-4496-bbcc-e22ef053c790 is updated service_manage_report /usr/lib/python3/dist-packages/heat/engine/service.py:2370
2025-07-31 00:41:36.883 38753 DEBUG heat.engine.service [req-11d73818-284a-464c-b0cb-ccf6229a7802 - - - - -] Service 9f74141d-c80a-4c67-8a8a-1c8bfec5a827 is updated service_manage_report /usr/lib/python3/dist-packages/heat/engine/service.py:2370
2025-07-31 00:41:36.883 38754 DEBUG heat.engine.service [req-5105360e-cc5d-43e7-a3e9-e1da1e0a637e - - - - -] Service d383ac26-65c5-47c6-a3b1-784e124d3455 is updated service_manage_report /usr/lib/python3/dist-packages/heat/engine/service.py:2370
2025-07-31 00:42:36.850 38752 DEBUG heat.engine.service [req-65a37297-7b35-46e2-9d02-366d5433370c - - - - -] Service 21bd90f2-107f-4400-bf04-dbb044d13dcb is updated service_manage_report /usr/lib/python3/dist-packages/heat/engine/service.py:2370
2025-07-31 00:42:36.878 38754 DEBUG heat.engine.service [req-63a85ff5-81dc-4f2c-8dfc-7d3fac0c38dd - - - - -] Service d383ac26-65c5-47c6-a3b1-784e124d3455 is updated service_manage_report /usr/lib/python3/dist-packages/heat/engine/service.py:2370
2025-07-31 00:42:36.884 38755 DEBUG heat.engine.service [req-f0740c44-0cb3-4acc-a75c-6e9378f968c5 - - - - -] Service 73774897-1daa-4496-bbcc-e22ef053c790 is updated service_manage_report /usr/lib/python3/dist-packages/heat/engine/service.py:2370
2025-07-31 00:42:36.887 38753 DEBUG heat.engine.service [req-769d0043-fb7c-4fe2-8999-702c301891cd - - - - -] Service 9f74141d-c80a-4c67-8a8a-1c8bfec5a827 is updated service_manage_report /usr/lib/python3/dist-packages/heat/engine/service.py:2370
2025-07-31 00:43:36.853 38752 DEBUG heat.engine.service [req-3a2a16e3-3b47-49d1-b46e-35709543440f - - - - -] Service 21bd90f2-107f-4400-bf04-dbb044d13dcb is updated service_manage_report /usr/lib/python3/dist-packages/heat/engine/service.py:2370
2025-07-31 00:43:36.882 38754 DEBUG heat.engine.service [req-95823d30-ebea-4160-80fb-bea47223bcb6 - - - - -] Service d383ac26-65c5-47c6-a3b1-784e124d3455 is updated service_manage_report /usr/lib/python3/dist-packages/heat/engine/service.py:2370
2025-07-31 00:43:36.887 38755 DEBUG heat.engine.service [req-c903e48b-1460-47c5-968c-e58b31514556 - - - - -] Service 73774897-1daa-4496-bbcc-e22ef053c790 is updated service_manage_report /usr/lib/python3/dist-packages/heat/engine/service.py:2370
2025-07-31 00:43:36.892 38753 DEBUG heat.engine.service [req-88be4924-d1e5-4ae6-89ee-71a2d5afff4c - - - - -] Service 9f74141d-c80a-4c67-8a8a-1c8bfec5a827 is updated service_manage_report /usr/lib/python3/dist-packages/heat/engine/service.py:2370
2025-07-31 00:44:36.858 38752 DEBUG heat.engine.service [req-f51b3a13-8417-422c-a1fe-444f7df167e8 - - - - -] Service 21bd90f2-107f-4400-bf04-dbb044d13dcb is updated service_manage_report /usr/lib/python3/dist-packages/heat/engine/service.py:2370
2025-07-31 00:44:36.885 38754 DEBUG heat.engine.service [req-29ac0eb6-698a-472d-ab30-5b99ee8ddd50 - - - - -] Service d383ac26-65c5-47c6-a3b1-784e124d3455 is updated service_manage_report /usr/lib/python3/dist-packages/heat/engine/service.py:2370
2025-07-31 00:44:36.897 38755 DEBUG heat.engine.service [req-447087de-5312-40d6-9158-0bc8d2a307e4 - - - - -] Service 73774897-1daa-4496-bbcc-e22ef053c790 is updated service_manage_report /usr/lib/python3/dist-packages/heat/engine/service.py:2370
2025-07-31 00:44:36.902 38753 DEBUG heat.engine.service [req-0e9c64b4-025f-438b-a888-897002faa8c0 - - - - -] Service 9f74141d-c80a-4c67-8a8a-1c8bfec5a827 is updated service_manage_report /usr/lib/python3/dist-packages/heat/engine/service.py:2370
2025-07-31 00:45:36.863 38752 DEBUG heat.engine.service [req-63613ecf-4e8f-4dce-8baf-058ca7d50cdb - - - - -] Service 21bd90f2-107f-4400-bf04-dbb044d13dcb is updated service_manage_report /usr/lib/python3/dist-packages/heat/engine/service.py:2370
2025-07-31 00:45:36.889 38754 DEBUG heat.engine.service [req-254f3352-545b-4947-93b3-3520e3fca4a8 - - - - -] Service d383ac26-65c5-47c6-a3b1-784e124d3455 is updated service_manage_report /usr/lib/python3/dist-packages/heat/engine/service.py:2370
2025-07-31 00:45:36.891 38755 DEBUG heat.engine.service [req-e2d5c097-5589-450b-9c91-d34ab10857a0 - - - - -] Service 73774897-1daa-4496-bbcc-e22ef053c790 is updated service_manage_report /usr/lib/python3/dist-packages/heat/engine/service.py:2370
2025-07-31 00:45:36.895 38753 DEBUG heat.engine.service [req-19039df4-be4f-4f0d-89d8-1f5e32bea15c - - - - -] Service 9f74141d-c80a-4c67-8a8a-1c8bfec5a827 is updated service_manage_report /usr/lib/python3/dist-packages/heat/engine/service.py:2370
2025-07-31 00:46:36.868 38752 DEBUG heat.engine.service [req-5862e195-f3de-41c7-8123-60818ec683d2 - - - - -] Service 21bd90f2-107f-4400-bf04-dbb044d13dcb is updated service_manage_report /usr/lib/python3/dist-packages/heat/engine/service.py:2370
2025-07-31 00:46:36.894 38754 DEBUG heat.engine.service [req-b33418ce-8864-45c8-8a53-9231db169a1d - - - - -] Service d383ac26-65c5-47c6-a3b1-784e124d3455 is updated service_manage_report /usr/lib/python3/dist-packages/heat/engine/service.py:2370
2025-07-31 00:46:36.898 38755 DEBUG heat.engine.service [req-56873519-6d14-461b-8e11-bf22a1a66b48 - - - - -] Service 73774897-1daa-4496-bbcc-e22ef053c790 is updated service_manage_report /usr/lib/python3/dist-packages/heat/engine/service.py:2370
2025-07-31 00:46:36.900 38753 DEBUG heat.engine.service [req-7516a3bb-e07e-4b12-95e9-b8cfbb4642a5 - - - - -] Service 9f74141d-c80a-4c67-8a8a-1c8bfec5a827 is updated service_manage_report /usr/lib/python3/dist-packages/heat/engine/service.py:2370
2025-07-31 00:47:36.874 38752 DEBUG heat.engine.service [req-9161e8db-7daa-4152-be86-bd6dbfc5fb9b - - - - -] Service 21bd90f2-107f-4400-bf04-dbb044d13dcb is updated service_manage_report /usr/lib/python3/dist-packages/heat/engine/service.py:2370
2025-07-31 00:47:36.890 38755 DEBUG heat.engine.service [req-e805780c-2bb2-4fea-9166-eb319631ff1e - - - - -] Service 73774897-1daa-4496-bbcc-e22ef053c790 is updated service_manage_report /usr/lib/python3/dist-packages/heat/engine/service.py:2370
2025-07-31 00:47:36.899 38754 DEBUG heat.engine.service [req-1abb1f54-d0c1-4571-b218-6e1e13752d33 - - - - -] Service d383ac26-65c5-47c6-a3b1-784e124d3455 is updated service_manage_report /usr/lib/python3/dist-packages/heat/engine/service.py:2370
2025-07-31 00:47:36.907 38753 DEBUG heat.engine.service [req-7ac11fad-4ac6-4d4b-893e-1b3fb0ef945d - - - - -] Service 9f74141d-c80a-4c67-8a8a-1c8bfec5a827 is updated service_manage_report /usr/lib/python3/dist-packages/heat/engine/service.py:2370
2025-07-31 00:48:36.877 38752 DEBUG heat.engine.service [req-451d5c45-6ec2-443e-a7bc-c7e73e1f8be3 - - - - -] Service 21bd90f2-107f-4400-bf04-dbb044d13dcb is updated service_manage_report /usr/lib/python3/dist-packages/heat/engine/service.py:2370
2025-07-31 00:48:36.895 38755 DEBUG heat.engine.service [req-a5d08386-9845-4aa3-a154-2f0696bc4271 - - - - -] Service 73774897-1daa-4496-bbcc-e22ef053c790 is updated service_manage_report /usr/lib/python3/dist-packages/heat/engine/service.py:2370
2025-07-31 00:48:36.903 38753 DEBUG heat.engine.service [req-95bc4d0c-88bc-4e90-83d3-c7b77ee61011 - - - - -] Service 9f74141d-c80a-4c67-8a8a-1c8bfec5a827 is updated service_manage_report /usr/lib/python3/dist-packages/heat/engine/service.py:2370
2025-07-31 00:48:36.907 38754 DEBUG heat.engine.service [req-7a29ba74-e24f-434e-938e-b693faf5299a - - - - -] Service d383ac26-65c5-47c6-a3b1-784e124d3455 is updated service_manage_report /usr/lib/python3/dist-packages/heat/engine/service.py:2370
2025-07-31 00:49:36.882 38752 DEBUG heat.engine.service [req-d3b982d8-e461-4fa5-82be-b251894cc02f - - - - -] Service 21bd90f2-107f-4400-bf04-dbb044d13dcb is updated service_manage_report /usr/lib/python3/dist-packages/heat/engine/service.py:2370
2025-07-31 00:49:36.897 38755 DEBUG heat.engine.service [req-2ac1dbd2-a765-4f2d-9050-06d377269a8f - - - - -] Service 73774897-1daa-4496-bbcc-e22ef053c790 is updated service_manage_report /usr/lib/python3/dist-packages/heat/engine/service.py:2370
2025-07-31 00:49:36.899 38754 DEBUG heat.engine.service [req-4a68e2f3-6809-4e28-811c-01f8da40054e - - - - -] Service d383ac26-65c5-47c6-a3b1-784e124d3455 is updated service_manage_report /usr/lib/python3/dist-packages/heat/engine/service.py:2370
2025-07-31 00:49:36.906 38753 DEBUG heat.engine.service [req-2d1fb0e2-54c8-4ff5-af25-593fc4f800bb - - - - -] Service 9f74141d-c80a-4c67-8a8a-1c8bfec5a827 is updated service_manage_report /usr/lib/python3/dist-packages/heat/engine/service.py:2370
2025-07-31 00:50:36.886 38752 DEBUG heat.engine.service [req-182f3111-278f-490f-afc0-9577cf13a5c8 - - - - -] Service 21bd90f2-107f-4400-bf04-dbb044d13dcb is updated service_manage_report /usr/lib/python3/dist-packages/heat/engine/service.py:2370
2025-07-31 00:50:36.901 38755 DEBUG heat.engine.service [req-4233a277-8717-4d23-85e1-abbd22d0fdef - - - - -] Service 73774897-1daa-4496-bbcc-e22ef053c790 is updated service_manage_report /usr/lib/python3/dist-packages/heat/engine/service.py:2370
2025-07-31 00:50:36.903 38754 DEBUG heat.engine.service [req-65066fe0-ebdd-450e-821c-7dff97f263c9 - - - - -] Service d383ac26-65c5-47c6-a3b1-784e124d3455 is updated service_manage_report /usr/lib/python3/dist-packages/heat/engine/service.py:2370
2025-07-31 00:50:36.909 38753 DEBUG heat.engine.service [req-7c45cc6b-5093-4c22-9058-54221813fe23 - - - - -] Service 9f74141d-c80a-4c67-8a8a-1c8bfec5a827 is updated service_manage_report /usr/lib/python3/dist-packages/heat/engine/service.py:2370
2025-07-31 00:51:36.892 38752 DEBUG heat.engine.service [req-27c01e33-0066-4068-90bd-d6d115968e8e - - - - -] Service 21bd90f2-107f-4400-bf04-dbb044d13dcb is updated service_manage_report /usr/lib/python3/dist-packages/heat/engine/service.py:2370
2025-07-31 00:51:36.905 38755 DEBUG heat.engine.service [req-2de5d536-4cf1-4e12-8179-39cdfcd8dc1f - - - - -] Service 73774897-1daa-4496-bbcc-e22ef053c790 is updated service_manage_report /usr/lib/python3/dist-packages/heat/engine/service.py:2370
2025-07-31 00:51:36.909 38754 DEBUG heat.engine.service [req-142752c9-bb2b-42e1-9693-193bc5c524dd - - - - -] Service d383ac26-65c5-47c6-a3b1-784e124d3455 is updated service_manage_report /usr/lib/python3/dist-packages/heat/engine/service.py:2370
2025-07-31 00:51:36.913 38753 DEBUG heat.engine.service [req-e251dbe2-8cbc-4f53-b775-7c23dfad98c8 - - - - -] Service 9f74141d-c80a-4c67-8a8a-1c8bfec5a827 is updated service_manage_report /usr/lib/python3/dist-packages/heat/engine/service.py:2370
2025-07-31 00:52:36.897 38752 DEBUG heat.engine.service [req-7c8fbcdc-ed02-4542-94ee-42c80cd65b22 - - - - -] Service 21bd90f2-107f-4400-bf04-dbb044d13dcb is updated service_manage_report /usr/lib/python3/dist-packages/heat/engine/service.py:2370
2025-07-31 00:52:36.909 38755 DEBUG heat.engine.service [req-1c917f34-ba36-4f3e-a4c6-e1795d624739 - - - - -] Service 73774897-1daa-4496-bbcc-e22ef053c790 is updated service_manage_report /usr/lib/python3/dist-packages/heat/engine/service.py:2370
2025-07-31 00:52:36.912 38754 DEBUG heat.engine.service [req-8e048286-84d8-470b-92fc-ebdecff613cc - - - - -] Service d383ac26-65c5-47c6-a3b1-784e124d3455 is updated service_manage_report /usr/lib/python3/dist-packages/heat/engine/service.py:2370
2025-07-31 00:52:36.916 38753 DEBUG heat.engine.service [req-fb564ae6-6fed-477a-8b1c-cf0e219161b5 - - - - -] Service 9f74141d-c80a-4c67-8a8a-1c8bfec5a827 is updated service_manage_report /usr/lib/python3/dist-packages/heat/engine/service.py:2370
2025-07-31 00:53:36.891 38752 DEBUG heat.engine.service [req-c31442bc-26dc-4db0-94fe-fdfc245c85e4 - - - - -] Service 21bd90f2-107f-4400-bf04-dbb044d13dcb is updated service_manage_report /usr/lib/python3/dist-packages/heat/engine/service.py:2370
2025-07-31 00:53:36.913 38755 DEBUG heat.engine.service [req-8a590598-e2dc-44a8-934c-bd17a9a85a9c - - - - -] Service 73774897-1daa-4496-bbcc-e22ef053c790 is updated service_manage_report /usr/lib/python3/dist-packages/heat/engine/service.py:2370
2025-07-31 00:53:36.917 38754 DEBUG heat.engine.service [req-4d5780d0-e9ae-4605-b944-946333988371 - - - - -] Service d383ac26-65c5-47c6-a3b1-784e124d3455 is updated service_manage_report /usr/lib/python3/dist-packages/heat/engine/service.py:2370
2025-07-31 00:53:36.921 38753 DEBUG heat.engine.service [req-08dfdcf7-e20e-483e-862b-38eb32613fbe - - - - -] Service 9f74141d-c80a-4c67-8a8a-1c8bfec5a827 is updated service_manage_report /usr/lib/python3/dist-packages/heat/engine/service.py:2370
2025-07-31 00:54:36.896 38752 DEBUG heat.engine.service [req-4fca4778-df01-48dd-93d4-abdcaf8dce4f - - - - -] Service 21bd90f2-107f-4400-bf04-dbb044d13dcb is updated service_manage_report /usr/lib/python3/dist-packages/heat/engine/service.py:2370
2025-07-31 00:54:36.922 38755 DEBUG heat.engine.service [req-1310ee20-51d0-40df-b77a-6072268395b7 - - - - -] Service 73774897-1daa-4496-bbcc-e22ef053c790 is updated service_manage_report /usr/lib/python3/dist-packages/heat/engine/service.py:2370
2025-07-31 00:54:36.927 38754 DEBUG heat.engine.service [req-5a182b68-da79-4a13-a93e-37f467836639 - - - - -] Service d383ac26-65c5-47c6-a3b1-784e124d3455 is updated service_manage_report /usr/lib/python3/dist-packages/heat/engine/service.py:2370
2025-07-31 00:54:36.927 38753 DEBUG heat.engine.service [req-00e47ea3-2069-4373-983d-21943d54c1b2 - - - - -] Service 9f74141d-c80a-4c67-8a8a-1c8bfec5a827 is updated service_manage_report /usr/lib/python3/dist-packages/heat/engine/service.py:2370
2025-07-31 00:55:36.902 38752 DEBUG heat.engine.service [req-ba174234-6d4c-48b4-9cb7-e7759cce503d - - - - -] Service 21bd90f2-107f-4400-bf04-dbb044d13dcb is updated service_manage_report /usr/lib/python3/dist-packages/heat/engine/service.py:2370
2025-07-31 00:55:36.918 38755 DEBUG heat.engine.service [req-bd91ba78-f386-4f15-a07a-1a85816c41f1 - - - - -] Service 73774897-1daa-4496-bbcc-e22ef053c790 is updated service_manage_report /usr/lib/python3/dist-packages/heat/engine/service.py:2370
2025-07-31 00:55:36.924 38753 DEBUG heat.engine.service [req-80764dec-d59c-4805-90ab-9caa217c9217 - - - - -] Service 9f74141d-c80a-4c67-8a8a-1c8bfec5a827 is updated service_manage_report /usr/lib/python3/dist-packages/heat/engine/service.py:2370
2025-07-31 00:55:36.924 38754 DEBUG heat.engine.service [req-ffadbc8e-8a3a-4505-9989-beb653f1a161 - - - - -] Service d383ac26-65c5-47c6-a3b1-784e124d3455 is updated service_manage_report /usr/lib/python3/dist-packages/heat/engine/service.py:2370
