2025-07-28 02:09:57.810 7 DEBUG oslo_service.service [-] ml2_type_gre.tunnel_id_ranges = [] log_opt_values /var/lib/kolla/venv/lib/python3.6/site-packages/oslo_config/cfg.py:2611
2025-07-28 02:09:57.810 7 DEBUG oslo_service.service [-] ml2_type_vlan.network_vlan_ranges = [] log_opt_values /var/lib/kolla/venv/lib/python3.6/site-packages/oslo_config/cfg.py:2611
2025-07-28 02:09:57.810 7 DEBUG oslo_service.service [-] ml2_type_vxlan.vni_ranges = [] log_opt_values /var/lib/kolla/venv/lib/python3.6/site-packages/oslo_config/cfg.py:2611
2025-07-28 02:09:57.810 7 DEBUG oslo_service.service [-] ml2_type_vxlan.vxlan_group = None log_opt_values /var/lib/kolla/venv/lib/python3.6/site-packages/oslo_config/cfg.py:2611
2025-07-28 02:09:57.810 7 DEBUG oslo_service.service [-] database.backend = sqlalchemy log_opt_values /var/lib/kolla/venv/lib/python3.6/site-packages/oslo_config/cfg.py:2611
2025-07-28 02:09:57.810 7 DEBUG oslo_service.service [-] database.connection = **** log_opt_values /var/lib/kolla/venv/lib/python3.6/site-packages/oslo_config/cfg.py:2611
2025-07-28 02:09:57.811 7 DEBUG oslo_service.service [-] database.connection_debug = 0 log_opt_values /var/lib/kolla/venv/lib/python3.6/site-packages/oslo_config/cfg.py:2611
2025-07-28 02:09:57.811 7 DEBUG oslo_service.service [-] database.connection_parameters = log_opt_values /var/lib/kolla/venv/lib/python3.6/site-packages/oslo_config/cfg.py:2611
2025-07-28 02:09:57.811 7 DEBUG oslo_service.service [-] database.connection_recycle_time = 10 log_opt_values /var/lib/kolla/venv/lib/python3.6/site-packages/oslo_config/cfg.py:2611
2025-07-28 02:09:57.811 7 DEBUG oslo_service.service [-] database.connection_trace = False log_opt_values /var/lib/kolla/venv/lib/python3.6/site-packages/oslo_config/cfg.py:2611
2025-07-28 02:09:57.811 7 DEBUG oslo_service.service [-] database.db_inc_retry_interval = True log_opt_values /var/lib/kolla/venv/lib/python3.6/site-packages/oslo_config/cfg.py:2611
2025-07-28 02:09:57.811 7 DEBUG oslo_service.service [-] database.db_max_retries = 20 log_opt_values /var/lib/kolla/venv/lib/python3.6/site-packages/oslo_config/cfg.py:2611
2025-07-28 02:09:57.811 7 DEBUG oslo_service.service [-] database.db_max_retry_interval = 10 log_opt_values /var/lib/kolla/venv/lib/python3.6/site-packages/oslo_config/cfg.py:2611
2025-07-28 02:09:57.812 7 DEBUG oslo_service.service [-] database.db_retry_interval = 1 log_opt_values /var/lib/kolla/venv/lib/python3.6/site-packages/oslo_config/cfg.py:2611
2025-07-28 02:09:57.813 7 DEBUG oslo_service.service [-] database.max_overflow = 50 log_opt_values /var/lib/kolla/venv/lib/python3.6/site-packages/oslo_config/cfg.py:2611
2025-07-28 02:09:57.813 7 DEBUG oslo_service.service [-] database.max_pool_size = 1 log_opt_values /var/lib/kolla/venv/lib/python3.6/site-packages/oslo_config/cfg.py:2611
2025-07-28 02:09:57.813 7 DEBUG oslo_service.service [-] database.max_retries = -1 log_opt_values /var/lib/kolla/venv/lib/python3.6/site-packages/oslo_config/cfg.py:2611
2025-07-28 02:09:57.813 7 DEBUG oslo_service.service [-] database.mysql_enable_ndb = False log_opt_values /var/lib/kolla/venv/lib/python3.6/site-packages/oslo_config/cfg.py:2611
2025-07-28 02:09:57.813 7 DEBUG oslo_service.service [-] database.mysql_sql_mode = TRADITIONAL log_opt_values /var/lib/kolla/venv/lib/python3.6/site-packages/oslo_config/cfg.py:2611
2025-07-28 02:09:57.813 7 DEBUG oslo_service.service [-] database.pool_timeout = None log_opt_values /var/lib/kolla/venv/lib/python3.6/site-packages/oslo_config/cfg.py:2611
2025-07-28 02:09:57.813 7 DEBUG oslo_service.service [-] database.retry_interval = 10 log_opt_values /var/lib/kolla/venv/lib/python3.6/site-packages/oslo_config/cfg.py:2611
2025-07-28 02:09:57.813 7 DEBUG oslo_service.service [-] database.slave_connection = **** log_opt_values /var/lib/kolla/venv/lib/python3.6/site-packages/oslo_config/cfg.py:2611
2025-07-28 02:09:57.813 7 DEBUG oslo_service.service [-] database.sqlite_synchronous = True log_opt_values /var/lib/kolla/venv/lib/python3.6/site-packages/oslo_config/cfg.py:2611
2025-07-28 02:09:57.813 7 DEBUG oslo_service.service [-] database.use_db_reconnect = False log_opt_values /var/lib/kolla/venv/lib/python3.6/site-packages/oslo_config/cfg.py:2611
2025-07-28 02:09:57.813 7 DEBUG oslo_service.service [-] ******************************************************************************** log_opt_values /var/lib/kolla/venv/lib/python3.6/site-packages/oslo_config/cfg.py:2613
2025-07-28 02:09:59.525 22 DEBUG neutron.wsgi [-] (22) accepted ('10.0.0.27', 41570) server /var/lib/kolla/venv/lib/python3.6/site-packages/eventlet/wsgi.py:1004
2025-07-28 02:09:59.531 22 INFO neutron.wsgi [-] 10.0.0.27 "GET / HTTP/1.1" status: 200 len: 227 time: 0.0049026
2025-07-28 02:10:02.202 23 DEBUG neutron.api.rpc.handlers.dhcp_rpc [req-195cada7-b37e-4f2a-9020-42baba8ea047 - - - - -] get_active_networks_info from cn-jenkins-deploy-platform-ansible-os-3720-1 get_active_networks_info /var/lib/kolla/venv/lib/python3.6/site-packages/neutron/api/rpc/handlers/dhcp_rpc.py:159
2025-07-28 02:10:02.224 26 DEBUG neutron_lib.callbacks.manager [req-a8f82603-86e3-4747-a8dd-0522e0d478ca - - - - -] Publish callbacks ['neutron.services.segments.db._update_segment_host_mapping_for_agent-8763326316147', 'neutron.services.l3_router.l3_router_plugin.DVRResourceOperationHandler.create_fip_agent_gw_ports--9223372036852740337'] for agent (aee0d476-eceb-49f2-8000-6a1d1cd664f9), after_create _notify_loop /var/lib/kolla/venv/lib/python3.6/site-packages/neutron_lib/callbacks/manager.py:177
2025-07-28 02:10:02.244 23 DEBUG neutron.scheduler.dhcp_agent_scheduler [req-195cada7-b37e-4f2a-9020-42baba8ea047 - - - - -] No non-hosted networks auto_schedule_networks /var/lib/kolla/venv/lib/python3.6/site-packages/neutron/scheduler/dhcp_agent_scheduler.py:60
2025-07-28 02:10:19.741 27 DEBUG neutron_lib.callbacks.manager [req-89b65a48-db7e-44e5-9dc1-07d40c9b0e31 - - - - -] Publish callbacks ['neutron.services.segments.db._update_segment_host_mapping_for_agent-8763326316147', 'neutron.services.l3_router.l3_router_plugin.DVRResourceOperationHandler.create_fip_agent_gw_ports--9223372036852740337'] for agent (ecad8b47-dbdb-4d1c-9913-e85bd8a40ec3), after_create _notify_loop /var/lib/kolla/venv/lib/python3.6/site-packages/neutron_lib/callbacks/manager.py:177
2025-07-28 02:10:29.575 22 DEBUG neutron.wsgi [-] (22) accepted ('10.0.0.27', 35950) server /var/lib/kolla/venv/lib/python3.6/site-packages/eventlet/wsgi.py:1004
2025-07-28 02:10:29.578 22 INFO neutron.wsgi [-] 10.0.0.27 "GET / HTTP/1.1" status: 200 len: 227 time: 0.0028470
2025-07-28 02:10:32.208 28 DEBUG neutron_lib.callbacks.manager [req-6e51e2ed-19d3-4e22-91d8-319fb34c7805 - - - - -] Publish callbacks ['neutron.services.segments.db._update_segment_host_mapping_for_agent-8763326316147', 'neutron.plugins.ml2.plugin.Ml2Plugin._retry_binding_revived_agents--9223372036853980584'] for agent (aee0d476-eceb-49f2-8000-6a1d1cd664f9), after_update _notify_loop /var/lib/kolla/venv/lib/python3.6/site-packages/neutron_lib/callbacks/manager.py:177
2025-07-28 02:10:49.728 25 DEBUG neutron_lib.callbacks.manager [req-89b65a48-db7e-44e5-9dc1-07d40c9b0e31 - - - - -] Publish callbacks ['neutron.services.segments.db._update_segment_host_mapping_for_agent-8763326316147', 'neutron.plugins.ml2.plugin.Ml2Plugin._retry_binding_revived_agents--9223372036853980584'] for agent (ecad8b47-dbdb-4d1c-9913-e85bd8a40ec3), after_update _notify_loop /var/lib/kolla/venv/lib/python3.6/site-packages/neutron_lib/callbacks/manager.py:177
2025-07-28 02:10:59.619 22 DEBUG neutron.wsgi [-] (22) accepted ('10.0.0.27', 33812) server /var/lib/kolla/venv/lib/python3.6/site-packages/eventlet/wsgi.py:1004
2025-07-28 02:10:59.622 22 INFO neutron.wsgi [-] 10.0.0.27 "GET / HTTP/1.1" status: 200 len: 227 time: 0.0026183
2025-07-28 02:11:01.727 29 DEBUG neutron.db.agents_db [req-a795c628-5cb6-4839-91fa-2ec2898397bd - - - - -] Agent healthcheck: found 2 active agents agent_health_check /var/lib/kolla/venv/lib/python3.6/site-packages/neutron/db/agents_db.py:318
2025-07-28 02:11:02.205 23 DEBUG neutron_lib.callbacks.manager [req-635012c3-5f99-419c-8846-c8d3aa11b208 - - - - -] Publish callbacks ['neutron.services.segments.db._update_segment_host_mapping_for_agent-8763326316147', 'neutron.plugins.ml2.plugin.Ml2Plugin._retry_binding_revived_agents--9223372036853980584'] for agent (aee0d476-eceb-49f2-8000-6a1d1cd664f9), after_update _notify_loop /var/lib/kolla/venv/lib/python3.6/site-packages/neutron_lib/callbacks/manager.py:177
2025-07-28 02:11:19.733 24 DEBUG neutron_lib.callbacks.manager [req-89b65a48-db7e-44e5-9dc1-07d40c9b0e31 - - - - -] Publish callbacks ['neutron.services.segments.db._update_segment_host_mapping_for_agent-8763326316147', 'neutron.plugins.ml2.plugin.Ml2Plugin._retry_binding_revived_agents--9223372036853980584'] for agent (ecad8b47-dbdb-4d1c-9913-e85bd8a40ec3), after_update _notify_loop /var/lib/kolla/venv/lib/python3.6/site-packages/neutron_lib/callbacks/manager.py:177
2025-07-28 02:11:29.664 22 DEBUG neutron.wsgi [-] (22) accepted ('10.0.0.27', 40230) server /var/lib/kolla/venv/lib/python3.6/site-packages/eventlet/wsgi.py:1004
2025-07-28 02:11:29.667 22 INFO neutron.wsgi [-] 10.0.0.27 "GET / HTTP/1.1" status: 200 len: 227 time: 0.0025134
2025-07-28 02:11:32.202 26 DEBUG neutron_lib.callbacks.manager [req-ee3a2704-2452-457c-a9a1-ad1c00556c26 - - - - -] Publish callbacks ['neutron.services.segments.db._update_segment_host_mapping_for_agent-8763326316147', 'neutron.plugins.ml2.plugin.Ml2Plugin._retry_binding_revived_agents--9223372036853980584'] for agent (aee0d476-eceb-49f2-8000-6a1d1cd664f9), after_update _notify_loop /var/lib/kolla/venv/lib/python3.6/site-packages/neutron_lib/callbacks/manager.py:177
2025-07-28 02:11:38.723 29 DEBUG neutron.db.agents_db [req-a795c628-5cb6-4839-91fa-2ec2898397bd - - - - -] Agent healthcheck: found 2 active agents agent_health_check /var/lib/kolla/venv/lib/python3.6/site-packages/neutron/db/agents_db.py:318
2025-07-28 02:11:49.719 27 DEBUG neutron_lib.callbacks.manager [req-89b65a48-db7e-44e5-9dc1-07d40c9b0e31 - - - - -] Publish callbacks ['neutron.services.segments.db._update_segment_host_mapping_for_agent-8763326316147', 'neutron.plugins.ml2.plugin.Ml2Plugin._retry_binding_revived_agents--9223372036853980584'] for agent (ecad8b47-dbdb-4d1c-9913-e85bd8a40ec3), after_update _notify_loop /var/lib/kolla/venv/lib/python3.6/site-packages/neutron_lib/callbacks/manager.py:177
2025-07-28 02:11:59.710 22 DEBUG neutron.wsgi [-] (22) accepted ('10.0.0.27', 36746) server /var/lib/kolla/venv/lib/python3.6/site-packages/eventlet/wsgi.py:1004
2025-07-28 02:11:59.713 22 INFO neutron.wsgi [-] 10.0.0.27 "GET / HTTP/1.1" status: 200 len: 227 time: 0.0026453
2025-07-28 02:12:02.199 28 DEBUG neutron_lib.callbacks.manager [req-f3b3045c-0e42-405c-a628-a248b0d33ad5 - - - - -] Publish callbacks ['neutron.services.segments.db._update_segment_host_mapping_for_agent-8763326316147', 'neutron.plugins.ml2.plugin.Ml2Plugin._retry_binding_revived_agents--9223372036853980584'] for agent (aee0d476-eceb-49f2-8000-6a1d1cd664f9), after_update _notify_loop /var/lib/kolla/venv/lib/python3.6/site-packages/neutron_lib/callbacks/manager.py:177
2025-07-28 02:12:15.721 29 DEBUG neutron.db.agents_db [req-a795c628-5cb6-4839-91fa-2ec2898397bd - - - - -] Agent healthcheck: found 2 active agents agent_health_check /var/lib/kolla/venv/lib/python3.6/site-packages/neutron/db/agents_db.py:318
2025-07-28 02:12:19.718 25 DEBUG neutron_lib.callbacks.manager [req-89b65a48-db7e-44e5-9dc1-07d40c9b0e31 - - - - -] Publish callbacks ['neutron.services.segments.db._update_segment_host_mapping_for_agent-8763326316147', 'neutron.plugins.ml2.plugin.Ml2Plugin._retry_binding_revived_agents--9223372036853980584'] for agent (ecad8b47-dbdb-4d1c-9913-e85bd8a40ec3), after_update _notify_loop /var/lib/kolla/venv/lib/python3.6/site-packages/neutron_lib/callbacks/manager.py:177
2025-07-28 02:12:29.754 22 DEBUG neutron.wsgi [-] (22) accepted ('10.0.0.27', 33996) server /var/lib/kolla/venv/lib/python3.6/site-packages/eventlet/wsgi.py:1004
2025-07-28 02:12:29.757 22 INFO neutron.wsgi [-] 10.0.0.27 "GET / HTTP/1.1" status: 200 len: 227 time: 0.0026252
2025-07-28 02:12:32.194 23 DEBUG neutron_lib.callbacks.manager [req-5335ce0b-dbb2-4afc-8eda-c4e59e780867 - - - - -] Publish callbacks ['neutron.services.segments.db._update_segment_host_mapping_for_agent-8763326316147', 'neutron.plugins.ml2.plugin.Ml2Plugin._retry_binding_revived_agents--9223372036853980584'] for agent (aee0d476-eceb-49f2-8000-6a1d1cd664f9), after_update _notify_loop /var/lib/kolla/venv/lib/python3.6/site-packages/neutron_lib/callbacks/manager.py:177
2025-07-28 02:12:49.720 24 DEBUG neutron_lib.callbacks.manager [req-89b65a48-db7e-44e5-9dc1-07d40c9b0e31 - - - - -] Publish callbacks ['neutron.services.segments.db._update_segment_host_mapping_for_agent-8763326316147', 'neutron.plugins.ml2.plugin.Ml2Plugin._retry_binding_revived_agents--9223372036853980584'] for agent (ecad8b47-dbdb-4d1c-9913-e85bd8a40ec3), after_update _notify_loop /var/lib/kolla/venv/lib/python3.6/site-packages/neutron_lib/callbacks/manager.py:177
2025-07-28 02:12:52.731 29 DEBUG neutron.db.agents_db [req-a795c628-5cb6-4839-91fa-2ec2898397bd - - - - -] Agent healthcheck: found 2 active agents agent_health_check /var/lib/kolla/venv/lib/python3.6/site-packages/neutron/db/agents_db.py:318
2025-07-28 02:12:59.798 22 DEBUG neutron.wsgi [-] (22) accepted ('10.0.0.27', 46924) server /var/lib/kolla/venv/lib/python3.6/site-packages/eventlet/wsgi.py:1004
2025-07-28 02:12:59.801 22 INFO neutron.wsgi [-] 10.0.0.27 "GET / HTTP/1.1" status: 200 len: 227 time: 0.0025592
2025-07-28 02:13:02.199 26 DEBUG neutron_lib.callbacks.manager [req-a83ded81-f4b4-4690-ae35-7b76afc616de - - - - -] Publish callbacks ['neutron.services.segments.db._update_segment_host_mapping_for_agent-8763326316147', 'neutron.plugins.ml2.plugin.Ml2Plugin._retry_binding_revived_agents--9223372036853980584'] for agent (aee0d476-eceb-49f2-8000-6a1d1cd664f9), after_update _notify_loop /var/lib/kolla/venv/lib/python3.6/site-packages/neutron_lib/callbacks/manager.py:177
2025-07-28 02:13:19.723 27 DEBUG neutron_lib.callbacks.manager [req-89b65a48-db7e-44e5-9dc1-07d40c9b0e31 - - - - -] Publish callbacks ['neutron.services.segments.db._update_segment_host_mapping_for_agent-8763326316147', 'neutron.plugins.ml2.plugin.Ml2Plugin._retry_binding_revived_agents--9223372036853980584'] for agent (ecad8b47-dbdb-4d1c-9913-e85bd8a40ec3), after_update _notify_loop /var/lib/kolla/venv/lib/python3.6/site-packages/neutron_lib/callbacks/manager.py:177
2025-07-28 02:13:29.738 29 DEBUG neutron.db.agents_db [req-a795c628-5cb6-4839-91fa-2ec2898397bd - - - - -] Agent healthcheck: found 2 active agents agent_health_check /var/lib/kolla/venv/lib/python3.6/site-packages/neutron/db/agents_db.py:318
2025-07-28 02:13:29.842 22 DEBUG neutron.wsgi [-] (22) accepted ('10.0.0.27', 37586) server /var/lib/kolla/venv/lib/python3.6/site-packages/eventlet/wsgi.py:1004
2025-07-28 02:13:29.845 22 INFO neutron.wsgi [-] 10.0.0.27 "GET / HTTP/1.1" status: 200 len: 227 time: 0.0030973
2025-07-28 02:13:32.203 28 DEBUG neutron_lib.callbacks.manager [req-618d7ef5-b4e4-4493-b7d0-a6554b5b583a - - - - -] Publish callbacks ['neutron.services.segments.db._update_segment_host_mapping_for_agent-8763326316147', 'neutron.plugins.ml2.plugin.Ml2Plugin._retry_binding_revived_agents--9223372036853980584'] for agent (aee0d476-eceb-49f2-8000-6a1d1cd664f9), after_update _notify_loop /var/lib/kolla/venv/lib/python3.6/site-packages/neutron_lib/callbacks/manager.py:177
2025-07-28 02:13:49.723 25 DEBUG neutron_lib.callbacks.manager [req-89b65a48-db7e-44e5-9dc1-07d40c9b0e31 - - - - -] Publish callbacks ['neutron.services.segments.db._update_segment_host_mapping_for_agent-8763326316147', 'neutron.plugins.ml2.plugin.Ml2Plugin._retry_binding_revived_agents--9223372036853980584'] for agent (ecad8b47-dbdb-4d1c-9913-e85bd8a40ec3), after_update _notify_loop /var/lib/kolla/venv/lib/python3.6/site-packages/neutron_lib/callbacks/manager.py:177
2025-07-28 02:13:59.888 22 DEBUG neutron.wsgi [-] (22) accepted ('10.0.0.27', 32808) server /var/lib/kolla/venv/lib/python3.6/site-packages/eventlet/wsgi.py:1004
2025-07-28 02:13:59.891 22 INFO neutron.wsgi [-] 10.0.0.27 "GET / HTTP/1.1" status: 200 len: 227 time: 0.0029340
2025-07-28 02:14:02.208 23 DEBUG neutron_lib.callbacks.manager [req-045b1a6e-0669-456a-928c-6a1f27984473 - - - - -] Publish callbacks ['neutron.services.segments.db._update_segment_host_mapping_for_agent-8763326316147', 'neutron.plugins.ml2.plugin.Ml2Plugin._retry_binding_revived_agents--9223372036853980584'] for agent (aee0d476-eceb-49f2-8000-6a1d1cd664f9), after_update _notify_loop /var/lib/kolla/venv/lib/python3.6/site-packages/neutron_lib/callbacks/manager.py:177
2025-07-28 02:14:06.736 29 DEBUG neutron.db.agents_db [req-a795c628-5cb6-4839-91fa-2ec2898397bd - - - - -] Agent healthcheck: found 2 active agents agent_health_check /var/lib/kolla/venv/lib/python3.6/site-packages/neutron/db/agents_db.py:318
2025-07-28 02:14:19.725 24 DEBUG neutron_lib.callbacks.manager [req-89b65a48-db7e-44e5-9dc1-07d40c9b0e31 - - - - -] Publish callbacks ['neutron.services.segments.db._update_segment_host_mapping_for_agent-8763326316147', 'neutron.plugins.ml2.plugin.Ml2Plugin._retry_binding_revived_agents--9223372036853980584'] for agent (ecad8b47-dbdb-4d1c-9913-e85bd8a40ec3), after_update _notify_loop /var/lib/kolla/venv/lib/python3.6/site-packages/neutron_lib/callbacks/manager.py:177
2025-07-28 02:14:29.933 22 DEBUG neutron.wsgi [-] (22) accepted ('10.0.0.27', 39950) server /var/lib/kolla/venv/lib/python3.6/site-packages/eventlet/wsgi.py:1004
2025-07-28 02:14:29.937 22 INFO neutron.wsgi [-] 10.0.0.27 "GET / HTTP/1.1" status: 200 len: 227 time: 0.0039780
2025-07-28 02:14:32.213 26 DEBUG neutron_lib.callbacks.manager [req-c1dce890-7d06-4817-8476-58f58ba79cb4 - - - - -] Publish callbacks ['neutron.services.segments.db._update_segment_host_mapping_for_agent-8763326316147', 'neutron.plugins.ml2.plugin.Ml2Plugin._retry_binding_revived_agents--9223372036853980584'] for agent (aee0d476-eceb-49f2-8000-6a1d1cd664f9), after_update _notify_loop /var/lib/kolla/venv/lib/python3.6/site-packages/neutron_lib/callbacks/manager.py:177
2025-07-28 02:14:43.732 29 DEBUG neutron.db.agents_db [req-a795c628-5cb6-4839-91fa-2ec2898397bd - - - - -] Agent healthcheck: found 2 active agents agent_health_check /var/lib/kolla/venv/lib/python3.6/site-packages/neutron/db/agents_db.py:318
2025-07-28 02:14:49.727 27 DEBUG neutron_lib.callbacks.manager [req-89b65a48-db7e-44e5-9dc1-07d40c9b0e31 - - - - -] Publish callbacks ['neutron.services.segments.db._update_segment_host_mapping_for_agent-8763326316147', 'neutron.plugins.ml2.plugin.Ml2Plugin._retry_binding_revived_agents--9223372036853980584'] for agent (ecad8b47-dbdb-4d1c-9913-e85bd8a40ec3), after_update _notify_loop /var/lib/kolla/venv/lib/python3.6/site-packages/neutron_lib/callbacks/manager.py:177
2025-07-28 02:14:59.977 22 DEBUG neutron.wsgi [-] (22) accepted ('10.0.0.27', 55060) server /var/lib/kolla/venv/lib/python3.6/site-packages/eventlet/wsgi.py:1004
2025-07-28 02:14:59.981 22 INFO neutron.wsgi [-] 10.0.0.27 "GET / HTTP/1.1" status: 200 len: 227 time: 0.0025866
2025-07-28 02:15:02.237 28 DEBUG neutron_lib.callbacks.manager [req-b36e8508-f6be-45ab-81a1-0c826c31222c - - - - -] Publish callbacks ['neutron.services.segments.db._update_segment_host_mapping_for_agent-8763326316147', 'neutron.plugins.ml2.plugin.Ml2Plugin._retry_binding_revived_agents--9223372036853980584'] for agent (aee0d476-eceb-49f2-8000-6a1d1cd664f9), after_update _notify_loop /var/lib/kolla/venv/lib/python3.6/site-packages/neutron_lib/callbacks/manager.py:177
2025-07-28 02:15:19.731 25 DEBUG neutron_lib.callbacks.manager [req-89b65a48-db7e-44e5-9dc1-07d40c9b0e31 - - - - -] Publish callbacks ['neutron.services.segments.db._update_segment_host_mapping_for_agent-8763326316147', 'neutron.plugins.ml2.plugin.Ml2Plugin._retry_binding_revived_agents--9223372036853980584'] for agent (ecad8b47-dbdb-4d1c-9913-e85bd8a40ec3), after_update _notify_loop /var/lib/kolla/venv/lib/python3.6/site-packages/neutron_lib/callbacks/manager.py:177
2025-07-28 02:15:20.731 29 DEBUG neutron.db.agents_db [req-a795c628-5cb6-4839-91fa-2ec2898397bd - - - - -] Agent healthcheck: found 2 active agents agent_health_check /var/lib/kolla/venv/lib/python3.6/site-packages/neutron/db/agents_db.py:318
2025-07-28 02:15:30.039 22 DEBUG neutron.wsgi [-] (22) accepted ('10.0.0.27', 42362) server /var/lib/kolla/venv/lib/python3.6/site-packages/eventlet/wsgi.py:1004
2025-07-28 02:15:30.043 22 INFO neutron.wsgi [-] 10.0.0.27 "GET / HTTP/1.1" status: 200 len: 227 time: 0.0026937
2025-07-28 02:15:32.223 23 DEBUG neutron_lib.callbacks.manager [req-45e77813-2775-4349-8f0f-eb8ad07535f1 - - - - -] Publish callbacks ['neutron.services.segments.db._update_segment_host_mapping_for_agent-8763326316147', 'neutron.plugins.ml2.plugin.Ml2Plugin._retry_binding_revived_agents--9223372036853980584'] for agent (aee0d476-eceb-49f2-8000-6a1d1cd664f9), after_update _notify_loop /var/lib/kolla/venv/lib/python3.6/site-packages/neutron_lib/callbacks/manager.py:177
2025-07-28 02:15:49.734 24 DEBUG neutron_lib.callbacks.manager [req-89b65a48-db7e-44e5-9dc1-07d40c9b0e31 - - - - -] Publish callbacks ['neutron.services.segments.db._update_segment_host_mapping_for_agent-8763326316147', 'neutron.plugins.ml2.plugin.Ml2Plugin._retry_binding_revived_agents--9223372036853980584'] for agent (ecad8b47-dbdb-4d1c-9913-e85bd8a40ec3), after_update _notify_loop /var/lib/kolla/venv/lib/python3.6/site-packages/neutron_lib/callbacks/manager.py:177
2025-07-28 02:15:57.740 29 DEBUG neutron.db.agents_db [req-a795c628-5cb6-4839-91fa-2ec2898397bd - - - - -] Agent healthcheck: found 2 active agents agent_health_check /var/lib/kolla/venv/lib/python3.6/site-packages/neutron/db/agents_db.py:318
2025-07-28 02:16:00.083 22 DEBUG neutron.wsgi [-] (22) accepted ('10.0.0.27', 60664) server /var/lib/kolla/venv/lib/python3.6/site-packages/eventlet/wsgi.py:1004
2025-07-28 02:16:00.087 22 INFO neutron.wsgi [-] 10.0.0.27 "GET / HTTP/1.1" status: 200 len: 227 time: 0.0027740
2025-07-28 02:16:02.228 26 DEBUG neutron_lib.callbacks.manager [req-802562a2-698c-429d-ba46-ec82d780f8f8 - - - - -] Publish callbacks ['neutron.services.segments.db._update_segment_host_mapping_for_agent-8763326316147', 'neutron.plugins.ml2.plugin.Ml2Plugin._retry_binding_revived_agents--9223372036853980584'] for agent (aee0d476-eceb-49f2-8000-6a1d1cd664f9), after_update _notify_loop /var/lib/kolla/venv/lib/python3.6/site-packages/neutron_lib/callbacks/manager.py:177
2025-07-28 02:16:19.738 27 DEBUG neutron_lib.callbacks.manager [req-89b65a48-db7e-44e5-9dc1-07d40c9b0e31 - - - - -] Publish callbacks ['neutron.services.segments.db._update_segment_host_mapping_for_agent-8763326316147', 'neutron.plugins.ml2.plugin.Ml2Plugin._retry_binding_revived_agents--9223372036853980584'] for agent (ecad8b47-dbdb-4d1c-9913-e85bd8a40ec3), after_update _notify_loop /var/lib/kolla/venv/lib/python3.6/site-packages/neutron_lib/callbacks/manager.py:177
2025-07-28 02:16:30.134 22 DEBUG neutron.wsgi [-] (22) accepted ('10.0.0.27', 52264) server /var/lib/kolla/venv/lib/python3.6/site-packages/eventlet/wsgi.py:1004
2025-07-28 02:16:30.138 22 INFO neutron.wsgi [-] 10.0.0.27 "GET / HTTP/1.1" status: 200 len: 227 time: 0.0026302
2025-07-28 02:16:32.225 28 DEBUG neutron_lib.callbacks.manager [req-0b1015a6-5d5b-4283-ae0a-b94d7b2d4345 - - - - -] Publish callbacks ['neutron.services.segments.db._update_segment_host_mapping_for_agent-8763326316147', 'neutron.plugins.ml2.plugin.Ml2Plugin._retry_binding_revived_agents--9223372036853980584'] for agent (aee0d476-eceb-49f2-8000-6a1d1cd664f9), after_update _notify_loop /var/lib/kolla/venv/lib/python3.6/site-packages/neutron_lib/callbacks/manager.py:177
2025-07-28 02:16:34.736 29 DEBUG neutron.db.agents_db [req-a795c628-5cb6-4839-91fa-2ec2898397bd - - - - -] Agent healthcheck: found 2 active agents agent_health_check /var/lib/kolla/venv/lib/python3.6/site-packages/neutron/db/agents_db.py:318
2025-07-28 02:16:49.737 25 DEBUG neutron_lib.callbacks.manager [req-89b65a48-db7e-44e5-9dc1-07d40c9b0e31 - - - - -] Publish callbacks ['neutron.services.segments.db._update_segment_host_mapping_for_agent-8763326316147', 'neutron.plugins.ml2.plugin.Ml2Plugin._retry_binding_revived_agents--9223372036853980584'] for agent (ecad8b47-dbdb-4d1c-9913-e85bd8a40ec3), after_update _notify_loop /var/lib/kolla/venv/lib/python3.6/site-packages/neutron_lib/callbacks/manager.py:177
2025-07-28 02:17:00.180 22 DEBUG neutron.wsgi [-] (22) accepted ('10.0.0.27', 55838) server /var/lib/kolla/venv/lib/python3.6/site-packages/eventlet/wsgi.py:1004
2025-07-28 02:17:00.186 22 INFO neutron.wsgi [-] 10.0.0.27 "GET / HTTP/1.1" status: 200 len: 227 time: 0.0032523
2025-07-28 02:17:02.223 23 DEBUG neutron_lib.callbacks.manager [req-a726185f-568d-4dd5-b655-f45337c3605c - - - - -] Publish callbacks ['neutron.services.segments.db._update_segment_host_mapping_for_agent-8763326316147', 'neutron.plugins.ml2.plugin.Ml2Plugin._retry_binding_revived_agents--9223372036853980584'] for agent (aee0d476-eceb-49f2-8000-6a1d1cd664f9), after_update _notify_loop /var/lib/kolla/venv/lib/python3.6/site-packages/neutron_lib/callbacks/manager.py:177
2025-07-28 02:17:11.745 29 DEBUG neutron.db.agents_db [req-a795c628-5cb6-4839-91fa-2ec2898397bd - - - - -] Agent healthcheck: found 2 active agents agent_health_check /var/lib/kolla/venv/lib/python3.6/site-packages/neutron/db/agents_db.py:318
2025-07-28 02:17:19.740 24 DEBUG neutron_lib.callbacks.manager [req-89b65a48-db7e-44e5-9dc1-07d40c9b0e31 - - - - -] Publish callbacks ['neutron.services.segments.db._update_segment_host_mapping_for_agent-8763326316147', 'neutron.plugins.ml2.plugin.Ml2Plugin._retry_binding_revived_agents--9223372036853980584'] for agent (ecad8b47-dbdb-4d1c-9913-e85bd8a40ec3), after_update _notify_loop /var/lib/kolla/venv/lib/python3.6/site-packages/neutron_lib/callbacks/manager.py:177
2025-07-28 02:17:30.231 22 DEBUG neutron.wsgi [-] (22) accepted ('10.0.0.27', 42776) server /var/lib/kolla/venv/lib/python3.6/site-packages/eventlet/wsgi.py:1004
2025-07-28 02:17:30.235 22 INFO neutron.wsgi [-] 10.0.0.27 "GET / HTTP/1.1" status: 200 len: 227 time: 0.0027704
2025-07-28 02:17:32.220 26 DEBUG neutron_lib.callbacks.manager [req-a7bfc878-a99a-4c13-8cc6-d43934d384ae - - - - -] Publish callbacks ['neutron.services.segments.db._update_segment_host_mapping_for_agent-8763326316147', 'neutron.plugins.ml2.plugin.Ml2Plugin._retry_binding_revived_agents--9223372036853980584'] for agent (aee0d476-eceb-49f2-8000-6a1d1cd664f9), after_update _notify_loop /var/lib/kolla/venv/lib/python3.6/site-packages/neutron_lib/callbacks/manager.py:177
2025-07-28 02:17:48.751 29 DEBUG neutron.db.agents_db [req-a795c628-5cb6-4839-91fa-2ec2898397bd - - - - -] Agent healthcheck: found 2 active agents agent_health_check /var/lib/kolla/venv/lib/python3.6/site-packages/neutron/db/agents_db.py:318
2025-07-28 02:17:49.810 27 DEBUG neutron_lib.callbacks.manager [req-89b65a48-db7e-44e5-9dc1-07d40c9b0e31 - - - - -] Publish callbacks ['neutron.services.segments.db._update_segment_host_mapping_for_agent-8763326316147', 'neutron.plugins.ml2.plugin.Ml2Plugin._retry_binding_revived_agents--9223372036853980584'] for agent (ecad8b47-dbdb-4d1c-9913-e85bd8a40ec3), after_update _notify_loop /var/lib/kolla/venv/lib/python3.6/site-packages/neutron_lib/callbacks/manager.py:177
2025-07-28 02:18:00.286 22 DEBUG neutron.wsgi [-] (22) accepted ('10.0.0.27', 51364) server /var/lib/kolla/venv/lib/python3.6/site-packages/eventlet/wsgi.py:1004
2025-07-28 02:18:00.289 22 INFO neutron.wsgi [-] 10.0.0.27 "GET / HTTP/1.1" status: 200 len: 227 time: 0.0026484
2025-07-28 02:18:02.218 28 DEBUG neutron_lib.callbacks.manager [req-b5f55a49-1155-41b3-bf1f-6ef24a4e0e78 - - - - -] Publish callbacks ['neutron.services.segments.db._update_segment_host_mapping_for_agent-8763326316147', 'neutron.plugins.ml2.plugin.Ml2Plugin._retry_binding_revived_agents--9223372036853980584'] for agent (aee0d476-eceb-49f2-8000-6a1d1cd664f9), after_update _notify_loop /var/lib/kolla/venv/lib/python3.6/site-packages/neutron_lib/callbacks/manager.py:177
2025-07-28 02:18:09.008 7 INFO oslo_service.service [-] Caught SIGTERM, stopping children
2025-07-28 02:18:09.009 7 DEBUG oslo_concurrency.lockutils [-] Acquired lock "singleton_lock" lock /var/lib/kolla/venv/lib/python3.6/site-packages/oslo_concurrency/lockutils.py:294
2025-07-28 02:18:09.009 7 DEBUG oslo_concurrency.lockutils [-] Releasing lock "singleton_lock" lock /var/lib/kolla/venv/lib/python3.6/site-packages/oslo_concurrency/lockutils.py:312
2025-07-28 02:18:09.009 7 DEBUG oslo_service.service [-] Stop services. stop /var/lib/kolla/venv/lib/python3.6/site-packages/oslo_service/service.py:695
2025-07-28 02:18:09.009 7 DEBUG neutron.service [-] calling RpcWorker stop() stop /var/lib/kolla/venv/lib/python3.6/site-packages/neutron/service.py:138
2025-07-28 02:18:09.009 7 DEBUG neutron.service [-] calling RpcWorker stop() stop /var/lib/kolla/venv/lib/python3.6/site-packages/neutron/service.py:138
2025-07-28 02:18:09.009 7 DEBUG oslo_service.service [-] Killing children. stop /var/lib/kolla/venv/lib/python3.6/site-packages/oslo_service/service.py:700
2025-07-28 02:18:09.009 7 INFO oslo_service.service [-] Waiting on 8 children to exit
2025-07-28 02:18:09.010 22 INFO neutron.wsgi [-] (22) wsgi exited, is_accepting=True
2025-07-28 02:18:09.010 24 DEBUG neutron.service [-] calling RpcWorker stop() stop /var/lib/kolla/venv/lib/python3.6/site-packages/neutron/service.py:138
2025-07-28 02:18:09.010 23 DEBUG neutron.service [-] calling RpcWorker stop() stop /var/lib/kolla/venv/lib/python3.6/site-packages/neutron/service.py:138
2025-07-28 02:18:09.010 26 DEBUG neutron.service [-] calling RpcWorker stop() stop /var/lib/kolla/venv/lib/python3.6/site-packages/neutron/service.py:138
2025-07-28 02:18:09.011 22 DEBUG oslo_concurrency.lockutils [req-a194f45f-e6e4-41b9-b5ba-36c095c0ed03 - - - - -] Acquired lock "singleton_lock" lock /var/lib/kolla/venv/lib/python3.6/site-packages/oslo_concurrency/lockutils.py:294
2025-07-28 02:18:09.010 23 DEBUG neutron.service [-] calling stop on stop /var/lib/kolla/venv/lib/python3.6/site-packages/neutron/service.py:141
2025-07-28 02:18:09.011 22 DEBUG oslo_concurrency.lockutils [req-a194f45f-e6e4-41b9-b5ba-36c095c0ed03 - - - - -] Releasing lock "singleton_lock" lock /var/lib/kolla/venv/lib/python3.6/site-packages/oslo_concurrency/lockutils.py:312
2025-07-28 02:18:09.010 24 DEBUG neutron.service [-] calling stop on stop /var/lib/kolla/venv/lib/python3.6/site-packages/neutron/service.py:141
2025-07-28 02:18:09.011 26 DEBUG neutron.service [-] calling stop on stop /var/lib/kolla/venv/lib/python3.6/site-packages/neutron/service.py:141
2025-07-28 02:18:09.010 28 DEBUG neutron.service [-] calling RpcWorker stop() stop /var/lib/kolla/venv/lib/python3.6/site-packages/neutron/service.py:138
2025-07-28 02:18:09.013 25 DEBUG neutron.service [-] calling RpcWorker stop() stop /var/lib/kolla/venv/lib/python3.6/site-packages/neutron/service.py:138
2025-07-28 02:18:09.013 25 DEBUG neutron.service [-] calling stop on stop /var/lib/kolla/venv/lib/python3.6/site-packages/neutron/service.py:141
2025-07-28 02:18:09.013 28 DEBUG neutron.service [-] calling stop on stop /var/lib/kolla/venv/lib/python3.6/site-packages/neutron/service.py:141
2025-07-28 02:18:09.016 7 INFO oslo_service.service [-] Child 22 exited with status 0
2025-07-28 02:18:09.016 29 DEBUG neutron.service [-] calling RpcWorker stop() stop /var/lib/kolla/venv/lib/python3.6/site-packages/neutron/service.py:138
2025-07-28 02:18:09.017 29 DEBUG neutron.service [-] calling stop on stop /var/lib/kolla/venv/lib/python3.6/site-packages/neutron/service.py:141
2025-07-28 02:18:09.022 27 DEBUG neutron.service [-] calling RpcWorker stop() stop /var/lib/kolla/venv/lib/python3.6/site-packages/neutron/service.py:138
2025-07-28 02:18:09.023 27 DEBUG neutron.service [-] calling stop on stop /var/lib/kolla/venv/lib/python3.6/site-packages/neutron/service.py:141
2025-07-28 02:18:10.411 28 DEBUG oslo_concurrency.lockutils [req-a194f45f-e6e4-41b9-b5ba-36c095c0ed03 - - - - -] Acquired lock "singleton_lock" lock /var/lib/kolla/venv/lib/python3.6/site-packages/oslo_concurrency/lockutils.py:294
2025-07-28 02:18:10.412 28 DEBUG oslo_concurrency.lockutils [req-a194f45f-e6e4-41b9-b5ba-36c095c0ed03 - - - - -] Releasing lock "singleton_lock" lock /var/lib/kolla/venv/lib/python3.6/site-packages/oslo_concurrency/lockutils.py:312
2025-07-28 02:18:10.412 28 DEBUG neutron.service [req-a194f45f-e6e4-41b9-b5ba-36c095c0ed03 - - - - -] calling RpcWorker wait() _wait /var/lib/kolla/venv/lib/python3.6/site-packages/neutron/service.py:128
2025-07-28 02:18:10.412 28 DEBUG neutron.service [req-a194f45f-e6e4-41b9-b5ba-36c095c0ed03 - - - - -] calling wait on _wait /var/lib/kolla/venv/lib/python3.6/site-packages/neutron/service.py:131
2025-07-28 02:18:10.419 28 WARNING amqp [req-a194f45f-e6e4-41b9-b5ba-36c095c0ed03 - - - - -] Received method (60, 30) during closing channel 1. This method will be ignored
2025-07-28 02:18:10.420 28 DEBUG neutron.service [req-a194f45f-e6e4-41b9-b5ba-36c095c0ed03 - - - - -] returning from RpcWorker wait() _wait /var/lib/kolla/venv/lib/python3.6/site-packages/neutron/service.py:135
2025-07-28 02:18:10.420 26 DEBUG oslo_concurrency.lockutils [req-a194f45f-e6e4-41b9-b5ba-36c095c0ed03 - - - - -] Acquired lock "singleton_lock" lock /var/lib/kolla/venv/lib/python3.6/site-packages/oslo_concurrency/lockutils.py:294
2025-07-28 02:18:10.421 26 DEBUG oslo_concurrency.lockutils [req-a194f45f-e6e4-41b9-b5ba-36c095c0ed03 - - - - -] Releasing lock "singleton_lock" lock /var/lib/kolla/venv/lib/python3.6/site-packages/oslo_concurrency/lockutils.py:312
2025-07-28 02:18:10.421 26 DEBUG neutron.service [req-a194f45f-e6e4-41b9-b5ba-36c095c0ed03 - - - - -] calling RpcWorker wait() _wait /var/lib/kolla/venv/lib/python3.6/site-packages/neutron/service.py:128
2025-07-28 02:18:10.421 26 DEBUG neutron.service [req-a194f45f-e6e4-41b9-b5ba-36c095c0ed03 - - - - -] calling wait on _wait /var/lib/kolla/venv/lib/python3.6/site-packages/neutron/service.py:131
2025-07-28 02:18:10.424 7 INFO oslo_service.service [-] Child 28 exited with status 0
2025-07-28 02:18:10.426 26 WARNING amqp [req-a194f45f-e6e4-41b9-b5ba-36c095c0ed03 - - - - -] Received method (60, 30) during closing channel 1. This method will be ignored
2025-07-28 02:18:10.427 26 DEBUG neutron.service [req-a194f45f-e6e4-41b9-b5ba-36c095c0ed03 - - - - -] returning from RpcWorker wait() _wait /var/lib/kolla/venv/lib/python3.6/site-packages/neutron/service.py:135
2025-07-28 02:18:10.431 7 INFO oslo_service.service [-] Child 26 exited with status 0
2025-07-28 02:18:12.697 23 DEBUG neutron.service [-] calling stop on stop /var/lib/kolla/venv/lib/python3.6/site-packages/neutron/service.py:141
2025-07-28 02:18:12.727 23 DEBUG neutron.service [-] calling stop on stop /var/lib/kolla/venv/lib/python3.6/site-packages/neutron/service.py:141
2025-07-28 02:18:12.727 25 DEBUG neutron.service [-] calling stop on stop /var/lib/kolla/venv/lib/python3.6/site-packages/neutron/service.py:141
2025-07-28 02:18:12.731 25 DEBUG neutron.service [-] calling stop on stop /var/lib/kolla/venv/lib/python3.6/site-packages/neutron/service.py:141
2025-07-28 02:18:12.746 24 DEBUG neutron.service [-] calling stop on stop /var/lib/kolla/venv/lib/python3.6/site-packages/neutron/service.py:141
2025-07-28 02:18:12.749 25 DEBUG neutron.service [-] calling stop on stop /var/lib/kolla/venv/lib/python3.6/site-packages/neutron/service.py:141
2025-07-28 02:18:12.750 23 DEBUG neutron.service [-] calling stop on stop /var/lib/kolla/venv/lib/python3.6/site-packages/neutron/service.py:141
2025-07-28 02:18:12.750 24 DEBUG neutron.service [-] calling stop on stop /var/lib/kolla/venv/lib/python3.6/site-packages/neutron/service.py:141
2025-07-28 02:18:12.752 29 DEBUG oslo_concurrency.lockutils [req-a194f45f-e6e4-41b9-b5ba-36c095c0ed03 - - - - -] Acquired lock "singleton_lock" lock /var/lib/kolla/venv/lib/python3.6/site-packages/oslo_concurrency/lockutils.py:294
2025-07-28 02:18:12.752 29 DEBUG oslo_concurrency.lockutils [req-a194f45f-e6e4-41b9-b5ba-36c095c0ed03 - - - - -] Releasing lock "singleton_lock" lock /var/lib/kolla/venv/lib/python3.6/site-packages/oslo_concurrency/lockutils.py:312
2025-07-28 02:18:12.752 29 DEBUG neutron.service [req-a194f45f-e6e4-41b9-b5ba-36c095c0ed03 - - - - -] calling RpcWorker wait() _wait /var/lib/kolla/venv/lib/python3.6/site-packages/neutron/service.py:128
2025-07-28 02:18:12.752 29 DEBUG neutron.service [req-a194f45f-e6e4-41b9-b5ba-36c095c0ed03 - - - - -] calling wait on _wait /var/lib/kolla/venv/lib/python3.6/site-packages/neutron/service.py:131
2025-07-28 02:18:12.758 29 WARNING amqp [req-a194f45f-e6e4-41b9-b5ba-36c095c0ed03 - - - - -] Received method (60, 30) during closing channel 1. This method will be ignored
2025-07-28 02:18:12.759 29 DEBUG neutron.service [req-a194f45f-e6e4-41b9-b5ba-36c095c0ed03 - - - - -] returning from RpcWorker wait() _wait /var/lib/kolla/venv/lib/python3.6/site-packages/neutron/service.py:135
2025-07-28 02:18:12.763 7 INFO oslo_service.service [-] Child 29 exited with status 0
2025-07-28 02:18:12.765 25 DEBUG oslo_concurrency.lockutils [req-a194f45f-e6e4-41b9-b5ba-36c095c0ed03 - - - - -] Acquired lock "singleton_lock" lock /var/lib/kolla/venv/lib/python3.6/site-packages/oslo_concurrency/lockutils.py:294
2025-07-28 02:18:12.765 24 DEBUG neutron.service [-] calling stop on stop /var/lib/kolla/venv/lib/python3.6/site-packages/neutron/service.py:141
2025-07-28 02:18:12.765 25 DEBUG oslo_concurrency.lockutils [req-a194f45f-e6e4-41b9-b5ba-36c095c0ed03 - - - - -] Releasing lock "singleton_lock" lock /var/lib/kolla/venv/lib/python3.6/site-packages/oslo_concurrency/lockutils.py:312
2025-07-28 02:18:12.766 25 DEBUG neutron.service [req-a194f45f-e6e4-41b9-b5ba-36c095c0ed03 - - - - -] calling RpcWorker wait() _wait /var/lib/kolla/venv/lib/python3.6/site-packages/neutron/service.py:128
2025-07-28 02:18:12.766 25 DEBUG neutron.service [req-a194f45f-e6e4-41b9-b5ba-36c095c0ed03 - - - - -] calling wait on _wait /var/lib/kolla/venv/lib/python3.6/site-packages/neutron/service.py:131
2025-07-28 02:18:12.766 23 DEBUG oslo_concurrency.lockutils [req-a194f45f-e6e4-41b9-b5ba-36c095c0ed03 - - - - -] Acquired lock "singleton_lock" lock /var/lib/kolla/venv/lib/python3.6/site-packages/oslo_concurrency/lockutils.py:294
2025-07-28 02:18:12.766 23 DEBUG oslo_concurrency.lockutils [req-a194f45f-e6e4-41b9-b5ba-36c095c0ed03 - - - - -] Releasing lock "singleton_lock" lock /var/lib/kolla/venv/lib/python3.6/site-packages/oslo_concurrency/lockutils.py:312
2025-07-28 02:18:12.766 23 DEBUG neutron.service [req-a194f45f-e6e4-41b9-b5ba-36c095c0ed03 - - - - -] calling RpcWorker wait() _wait /var/lib/kolla/venv/lib/python3.6/site-packages/neutron/service.py:128
2025-07-28 02:18:12.767 23 DEBUG neutron.service [req-a194f45f-e6e4-41b9-b5ba-36c095c0ed03 - - - - -] calling wait on _wait /var/lib/kolla/venv/lib/python3.6/site-packages/neutron/service.py:131
2025-07-28 02:18:12.772 25 WARNING amqp [req-a194f45f-e6e4-41b9-b5ba-36c095c0ed03 - - - - -] Received method (60, 30) during closing channel 1. This method will be ignored
2025-07-28 02:18:12.773 25 DEBUG neutron.service [req-a194f45f-e6e4-41b9-b5ba-36c095c0ed03 - - - - -] calling wait on _wait /var/lib/kolla/venv/lib/python3.6/site-packages/neutron/service.py:131
2025-07-28 02:18:12.775 23 WARNING amqp [req-a194f45f-e6e4-41b9-b5ba-36c095c0ed03 - - - - -] Received method (60, 30) during closing channel 1. This method will be ignored
2025-07-28 02:18:12.776 23 DEBUG neutron.service [req-a194f45f-e6e4-41b9-b5ba-36c095c0ed03 - - - - -] calling wait on _wait /var/lib/kolla/venv/lib/python3.6/site-packages/neutron/service.py:131
2025-07-28 02:18:12.778 25 WARNING amqp [req-a194f45f-e6e4-41b9-b5ba-36c095c0ed03 - - - - -] Received method (60, 30) during closing channel 1. This method will be ignored
2025-07-28 02:18:12.778 24 DEBUG oslo_concurrency.lockutils [req-a194f45f-e6e4-41b9-b5ba-36c095c0ed03 - - - - -] Acquired lock "singleton_lock" lock /var/lib/kolla/venv/lib/python3.6/site-packages/oslo_concurrency/lockutils.py:294
2025-07-28 02:18:12.779 24 DEBUG oslo_concurrency.lockutils [req-a194f45f-e6e4-41b9-b5ba-36c095c0ed03 - - - - -] Releasing lock "singleton_lock" lock /var/lib/kolla/venv/lib/python3.6/site-packages/oslo_concurrency/lockutils.py:312
2025-07-28 02:18:12.780 24 DEBUG neutron.service [req-a194f45f-e6e4-41b9-b5ba-36c095c0ed03 - - - - -] calling RpcWorker wait() _wait /var/lib/kolla/venv/lib/python3.6/site-packages/neutron/service.py:128
2025-07-28 02:18:12.780 25 DEBUG neutron.service [req-a194f45f-e6e4-41b9-b5ba-36c095c0ed03 - - - - -] calling wait on _wait /var/lib/kolla/venv/lib/python3.6/site-packages/neutron/service.py:131
2025-07-28 02:18:12.780 24 DEBUG neutron.service [req-a194f45f-e6e4-41b9-b5ba-36c095c0ed03 - - - - -] calling wait on _wait /var/lib/kolla/venv/lib/python3.6/site-packages/neutron/service.py:131
2025-07-28 02:18:12.781 23 WARNING amqp [req-a194f45f-e6e4-41b9-b5ba-36c095c0ed03 - - - - -] Received method (60, 30) during closing channel 1. This method will be ignored
2025-07-28 02:18:12.782 23 DEBUG neutron.service [req-a194f45f-e6e4-41b9-b5ba-36c095c0ed03 - - - - -] calling wait on _wait /var/lib/kolla/venv/lib/python3.6/site-packages/neutron/service.py:131
2025-07-28 02:18:12.784 25 WARNING amqp [req-a194f45f-e6e4-41b9-b5ba-36c095c0ed03 - - - - -] Received method (60, 30) during closing channel 1. This method will be ignored
2025-07-28 02:18:12.785 25 DEBUG neutron.service [req-a194f45f-e6e4-41b9-b5ba-36c095c0ed03 - - - - -] calling wait on _wait /var/lib/kolla/venv/lib/python3.6/site-packages/neutron/service.py:131
2025-07-28 02:18:12.787 23 WARNING amqp [req-a194f45f-e6e4-41b9-b5ba-36c095c0ed03 - - - - -] Received method (60, 30) during closing channel 1. This method will be ignored
2025-07-28 02:18:12.787 24 WARNING amqp [req-a194f45f-e6e4-41b9-b5ba-36c095c0ed03 - - - - -] Received method (60, 30) during closing channel 1. This method will be ignored
2025-07-28 02:18:12.788 24 DEBUG neutron.service [req-a194f45f-e6e4-41b9-b5ba-36c095c0ed03 - - - - -] calling wait on _wait /var/lib/kolla/venv/lib/python3.6/site-packages/neutron/service.py:131
2025-07-28 02:18:12.788 23 DEBUG neutron.service [req-a194f45f-e6e4-41b9-b5ba-36c095c0ed03 - - - - -] calling wait on _wait /var/lib/kolla/venv/lib/python3.6/site-packages/neutron/service.py:131
2025-07-28 02:18:12.790 25 WARNING amqp [req-a194f45f-e6e4-41b9-b5ba-36c095c0ed03 - - - - -] Received method (60, 30) during closing channel 1. This method will be ignored
2025-07-28 02:18:12.792 25 DEBUG neutron.service [req-a194f45f-e6e4-41b9-b5ba-36c095c0ed03 - - - - -] returning from RpcWorker wait() _wait /var/lib/kolla/venv/lib/python3.6/site-packages/neutron/service.py:135
2025-07-28 02:18:12.793 24 WARNING amqp [req-a194f45f-e6e4-41b9-b5ba-36c095c0ed03 - - - - -] Received method (60, 30) during closing channel 1. This method will be ignored
2025-07-28 02:18:12.793 24 DEBUG neutron.service [req-a194f45f-e6e4-41b9-b5ba-36c095c0ed03 - - - - -] calling wait on _wait /var/lib/kolla/venv/lib/python3.6/site-packages/neutron/service.py:131
2025-07-28 02:18:12.798 24 WARNING amqp [req-a194f45f-e6e4-41b9-b5ba-36c095c0ed03 - - - - -] Received method (60, 30) during closing channel 1. This method will be ignored
2025-07-28 02:18:12.799 24 DEBUG neutron.service [req-a194f45f-e6e4-41b9-b5ba-36c095c0ed03 - - - - -] calling wait on _wait /var/lib/kolla/venv/lib/python3.6/site-packages/neutron/service.py:131
2025-07-28 02:18:12.801 23 WARNING amqp [req-a194f45f-e6e4-41b9-b5ba-36c095c0ed03 - - - - -] Received method (60, 30) during closing channel 1. This method will be ignored
2025-07-28 02:18:12.802 23 DEBUG neutron.service [req-a194f45f-e6e4-41b9-b5ba-36c095c0ed03 - - - - -] returning from RpcWorker wait() _wait /var/lib/kolla/venv/lib/python3.6/site-packages/neutron/service.py:135
2025-07-28 02:18:12.804 7 INFO oslo_service.service [-] Child 25 exited with status 0
2025-07-28 02:18:12.807 7 INFO oslo_service.service [-] Child 23 exited with status 0
2025-07-28 02:18:12.807 24 WARNING amqp [req-a194f45f-e6e4-41b9-b5ba-36c095c0ed03 - - - - -] Received method (60, 30) during closing channel 1. This method will be ignored
2025-07-28 02:18:12.809 24 DEBUG neutron.service [req-a194f45f-e6e4-41b9-b5ba-36c095c0ed03 - - - - -] returning from RpcWorker wait() _wait /var/lib/kolla/venv/lib/python3.6/site-packages/neutron/service.py:135
2025-07-28 02:18:12.813 7 INFO oslo_service.service [-] Child 24 exited with status 0
2025-07-28 02:18:12.940 27 DEBUG oslo_concurrency.lockutils [req-a194f45f-e6e4-41b9-b5ba-36c095c0ed03 - - - - -] Acquired lock "singleton_lock" lock /var/lib/kolla/venv/lib/python3.6/site-packages/oslo_concurrency/lockutils.py:294
2025-07-28 02:18:12.940 27 DEBUG oslo_concurrency.lockutils [req-a194f45f-e6e4-41b9-b5ba-36c095c0ed03 - - - - -] Releasing lock "singleton_lock" lock /var/lib/kolla/venv/lib/python3.6/site-packages/oslo_concurrency/lockutils.py:312
2025-07-28 02:18:12.941 27 DEBUG neutron.service [req-a194f45f-e6e4-41b9-b5ba-36c095c0ed03 - - - - -] calling RpcWorker wait() _wait /var/lib/kolla/venv/lib/python3.6/site-packages/neutron/service.py:128
2025-07-28 02:18:12.941 27 DEBUG neutron.service [req-a194f45f-e6e4-41b9-b5ba-36c095c0ed03 - - - - -] calling wait on _wait /var/lib/kolla/venv/lib/python3.6/site-packages/neutron/service.py:131
2025-07-28 02:18:12.947 27 WARNING amqp [req-a194f45f-e6e4-41b9-b5ba-36c095c0ed03 - - - - -] Received method (60, 30) during closing channel 1. This method will be ignored
2025-07-28 02:18:12.947 27 DEBUG neutron.service [req-a194f45f-e6e4-41b9-b5ba-36c095c0ed03 - - - - -] returning from RpcWorker wait() _wait /var/lib/kolla/venv/lib/python3.6/site-packages/neutron/service.py:135
2025-07-28 02:18:12.952 7 INFO oslo_service.service [-] Child 27 exited with status 0
2025-07-28 02:18:12.952 7 INFO oslo_service.service [-] Wait called after thread killed. Cleaning up.
2025-07-28 02:18:12.952 7 DEBUG oslo_service.service [-] Stop services. stop /var/lib/kolla/venv/lib/python3.6/site-packages/oslo_service/service.py:695
2025-07-28 02:18:12.952 7 DEBUG oslo_service.service [-] Killing children. stop /var/lib/kolla/venv/lib/python3.6/site-packages/oslo_service/service.py:700
2025-07-28 02:18:17.217 7 INFO neutron.common.config [-] Logging enabled!
2025-07-28 02:18:17.217 7 INFO neutron.common.config [-] /var/lib/kolla/venv/bin/neutron-server version 20.5.1.dev23
2025-07-28 02:18:17.217 7 DEBUG neutron.common.config [-] command line: /var/lib/kolla/venv/bin/neutron-server --config-file /etc/neutron/neutron.conf --config-file /etc/neutron/ContrailPlugin.ini --config-file /etc/neutron/api-paste.ini setup_logging /var/lib/kolla/venv/lib/python3.6/site-packages/neutron/common/config.py:115
2025-07-28 02:18:17.221 7 INFO neutron.common.config [-] Logging enabled!
2025-07-28 02:18:17.221 7 INFO neutron.common.config [-] /var/lib/kolla/venv/bin/neutron-server version 20.5.1.dev23
2025-07-28 02:18:17.221 7 DEBUG neutron.common.config [-] command line: /var/lib/kolla/venv/bin/neutron-server --config-file /etc/neutron/neutron.conf --config-file /etc/neutron/ContrailPlugin.ini --config-file /etc/neutron/api-paste.ini setup_logging /var/lib/kolla/venv/lib/python3.6/site-packages/neutron/common/config.py:115
2025-07-28 02:18:17.222 7 DEBUG neutron.common.config [-] ******************************************************************************** log_opt_values /var/lib/kolla/venv/lib/python3.6/site-packages/oslo_config/cfg.py:2589
2025-07-28 02:18:17.222 7 DEBUG neutron.common.config [-] Configuration options gathered from: log_opt_values /var/lib/kolla/venv/lib/python3.6/site-packages/oslo_config/cfg.py:2590
2025-07-28 02:18:17.222 7 DEBUG neutron.common.config [-] command line args: ['--config-file', '/etc/neutron/neutron.conf', '--config-file', '/etc/neutron/ContrailPlugin.ini', '--config-file', '/etc/neutron/api-paste.ini'] log_opt_values /var/lib/kolla/venv/lib/python3.6/site-packages/oslo_config/cfg.py:2591
2025-07-28 02:18:17.223 7 DEBUG neutron.common.config [-] config files: ['/etc/neutron/neutron.conf', '/etc/neutron/ContrailPlugin.ini', '/etc/neutron/api-paste.ini'] log_opt_values /var/lib/kolla/venv/lib/python3.6/site-packages/oslo_config/cfg.py:2593
2025-07-28 02:18:17.223 7 DEBUG neutron.common.config [-] ================================================================================ log_opt_values /var/lib/kolla/venv/lib/python3.6/site-packages/oslo_config/cfg.py:2594
2025-07-28 02:18:17.223 7 DEBUG neutron.common.config [-] allow_bulk = True log_opt_values /var/lib/kolla/venv/lib/python3.6/site-packages/oslo_config/cfg.py:2603
2025-07-28 02:18:17.223 7 WARNING oslo_config.cfg [-] Deprecated: Option "allow_overlapping_ips" from group "DEFAULT" is deprecated for removal. Its value may be silently ignored in the future.
2025-07-28 02:18:17.223 7 DEBUG neutron.common.config [-] allow_overlapping_ips = True log_opt_values /var/lib/kolla/venv/lib/python3.6/site-packages/oslo_config/cfg.py:2603
2025-07-28 02:18:17.223 7 DEBUG neutron.common.config [-] api_extensions_path = /opt/plugin/site-packages/neutron_plugin_contrail/extensions:/opt/plugin/site-packages/neutron_lbaas/extensions log_opt_values /var/lib/kolla/venv/lib/python3.6/site-packages/oslo_config/cfg.py:2603
2025-07-28 02:18:17.224 7 DEBUG neutron.common.config [-] api_paste_config = /etc/neutron/api-paste.ini log_opt_values /var/lib/kolla/venv/lib/python3.6/site-packages/oslo_config/cfg.py:2603
2025-07-28 02:18:17.224 7 DEBUG neutron.common.config [-] api_workers = 1 log_opt_values /var/lib/kolla/venv/lib/python3.6/site-packages/oslo_config/cfg.py:2603
