2025-07-17 00:38:07.521 120349 DEBUG oslo_service.service [req-8f603862-40e4-4e71-af75-248e91a8890c - - - - -] api_database.db_inc_retry_interval = True log_opt_values /usr/lib/python3/dist-packages/oslo_config/cfg.py:2609
2025-07-17 00:38:07.522 120349 DEBUG oslo_service.service [req-8f603862-40e4-4e71-af75-248e91a8890c - - - - -] api_database.db_max_retries = 20 log_opt_values /usr/lib/python3/dist-packages/oslo_config/cfg.py:2609
2025-07-17 00:38:07.522 120349 DEBUG oslo_service.service [req-8f603862-40e4-4e71-af75-248e91a8890c - - - - -] api_database.db_max_retry_interval = 10 log_opt_values /usr/lib/python3/dist-packages/oslo_config/cfg.py:2609
2025-07-17 00:38:07.522 120349 DEBUG oslo_service.service [req-8f603862-40e4-4e71-af75-248e91a8890c - - - - -] api_database.db_retry_interval = 1 log_opt_values /usr/lib/python3/dist-packages/oslo_config/cfg.py:2609
2025-07-17 00:38:07.522 120349 DEBUG oslo_service.service [req-8f603862-40e4-4e71-af75-248e91a8890c - - - - -] api_database.max_overflow = 50 log_opt_values /usr/lib/python3/dist-packages/oslo_config/cfg.py:2609
2025-07-17 00:38:07.523 120349 DEBUG oslo_service.service [req-8f603862-40e4-4e71-af75-248e91a8890c - - - - -] api_database.max_pool_size = 4 log_opt_values /usr/lib/python3/dist-packages/oslo_config/cfg.py:2609
2025-07-17 00:38:07.523 120349 DEBUG oslo_service.service [req-8f603862-40e4-4e71-af75-248e91a8890c - - - - -] api_database.max_retries = 10 log_opt_values /usr/lib/python3/dist-packages/oslo_config/cfg.py:2609
2025-07-17 00:38:07.523 121872 DEBUG nova.service [req-2aba7da3-16e9-4031-9c50-85c544960a93 - - - - -] Join ServiceGroup membership for this service scheduler start /usr/lib/python3/dist-packages/nova/service.py:199
2025-07-17 00:38:07.523 120349 DEBUG oslo_service.service [req-8f603862-40e4-4e71-af75-248e91a8890c - - - - -] api_database.mysql_enable_ndb = False log_opt_values /usr/lib/python3/dist-packages/oslo_config/cfg.py:2609
2025-07-17 00:38:07.523 120349 DEBUG oslo_service.service [req-8f603862-40e4-4e71-af75-248e91a8890c - - - - -] api_database.mysql_sql_mode = TRADITIONAL log_opt_values /usr/lib/python3/dist-packages/oslo_config/cfg.py:2609
2025-07-17 00:38:07.523 121872 DEBUG nova.servicegroup.drivers.db [req-2aba7da3-16e9-4031-9c50-85c544960a93 - - - - -] DB_Driver: join new ServiceGroup member juju-fc8307-0-lxd-7 to the scheduler group, service = join /usr/lib/python3/dist-packages/nova/servicegroup/drivers/db.py:44
2025-07-17 00:38:07.524 120349 DEBUG oslo_service.service [req-8f603862-40e4-4e71-af75-248e91a8890c - - - - -] api_database.pool_timeout = None log_opt_values /usr/lib/python3/dist-packages/oslo_config/cfg.py:2609
2025-07-17 00:38:07.524 120349 DEBUG oslo_service.service [req-8f603862-40e4-4e71-af75-248e91a8890c - - - - -] api_database.retry_interval = 10 log_opt_values /usr/lib/python3/dist-packages/oslo_config/cfg.py:2609
2025-07-17 00:38:07.524 120349 DEBUG oslo_service.service [req-8f603862-40e4-4e71-af75-248e91a8890c - - - - -] api_database.slave_connection = **** log_opt_values /usr/lib/python3/dist-packages/oslo_config/cfg.py:2609
2025-07-17 00:38:07.524 120349 DEBUG oslo_service.service [req-8f603862-40e4-4e71-af75-248e91a8890c - - - - -] api_database.sqlite_synchronous = True log_opt_values /usr/lib/python3/dist-packages/oslo_config/cfg.py:2609
2025-07-17 00:38:07.524 120349 DEBUG oslo_service.service [req-8f603862-40e4-4e71-af75-248e91a8890c - - - - -] devices.enabled_mdev_types = [] log_opt_values /usr/lib/python3/dist-packages/oslo_config/cfg.py:2609
2025-07-17 00:38:07.524 121872 DEBUG oslo_messaging._drivers.amqpdriver [-] AMQPListener connection timeout poll /usr/lib/python3/dist-packages/oslo_messaging/_drivers/amqpdriver.py:360
2025-07-17 00:38:07.525 120349 DEBUG oslo_service.service [req-8f603862-40e4-4e71-af75-248e91a8890c - - - - -] ephemeral_storage_encryption.cipher = aes-xts-plain64 log_opt_values /usr/lib/python3/dist-packages/oslo_config/cfg.py:2609
2025-07-17 00:38:07.525 121872 DEBUG oslo_messaging._drivers.amqpdriver [-] Listener is running poll /usr/lib/python3/dist-packages/oslo_messaging/_drivers/amqpdriver.py:343
2025-07-17 00:38:07.525 120349 DEBUG oslo_service.service [req-8f603862-40e4-4e71-af75-248e91a8890c - - - - -] ephemeral_storage_encryption.enabled = False log_opt_values /usr/lib/python3/dist-packages/oslo_config/cfg.py:2609
2025-07-17 00:38:07.525 121872 DEBUG oslo_messaging._drivers.amqpdriver [-] AMQPListener connection consume poll /usr/lib/python3/dist-packages/oslo_messaging/_drivers/amqpdriver.py:357
2025-07-17 00:38:07.525 120349 DEBUG oslo_service.service [req-8f603862-40e4-4e71-af75-248e91a8890c - - - - -] ephemeral_storage_encryption.key_size = 512 log_opt_values /usr/lib/python3/dist-packages/oslo_config/cfg.py:2609
2025-07-17 00:38:07.522 121879 DEBUG oslo_messaging._drivers.amqpdriver [-] Listener is running poll /usr/lib/python3/dist-packages/oslo_messaging/_drivers/amqpdriver.py:343
2025-07-17 00:38:07.525 120349 WARNING oslo_config.cfg [req-8f603862-40e4-4e71-af75-248e91a8890c - - - - -] Deprecated: Option "api_servers" from group "glance" is deprecated for removal ( Support for image service configuration via standard keystoneauth1 Adapter options was added in the 17.0.0 Queens release. The api_servers option was retained temporarily to allow consumers time to cut over to a real load balancing solution. ). Its value may be silently ignored in the future.
2025-07-17 00:38:07.526 120349 DEBUG oslo_service.service [req-8f603862-40e4-4e71-af75-248e91a8890c - - - - -] glance.api_servers = ['http://252.56.181.67:9292'] log_opt_values /usr/lib/python3/dist-packages/oslo_config/cfg.py:2609
2025-07-17 00:38:07.526 120349 DEBUG oslo_service.service [req-8f603862-40e4-4e71-af75-248e91a8890c - - - - -] glance.cafile = None log_opt_values /usr/lib/python3/dist-packages/oslo_config/cfg.py:2609
2025-07-17 00:38:07.523 121878 DEBUG oslo_messaging._drivers.amqpdriver [-] Listener is running poll /usr/lib/python3/dist-packages/oslo_messaging/_drivers/amqpdriver.py:343
2025-07-17 00:38:07.526 121878 DEBUG oslo_messaging._drivers.amqpdriver [-] AMQPListener connection consume poll /usr/lib/python3/dist-packages/oslo_messaging/_drivers/amqpdriver.py:357
2025-07-17 00:38:07.526 120349 DEBUG oslo_service.service [req-8f603862-40e4-4e71-af75-248e91a8890c - - - - -] glance.certfile = None log_opt_values /usr/lib/python3/dist-packages/oslo_config/cfg.py:2609
2025-07-17 00:38:07.526 120349 DEBUG oslo_service.service [req-8f603862-40e4-4e71-af75-248e91a8890c - - - - -] glance.collect_timing = False log_opt_values /usr/lib/python3/dist-packages/oslo_config/cfg.py:2609
2025-07-17 00:38:07.527 120349 DEBUG oslo_service.service [req-8f603862-40e4-4e71-af75-248e91a8890c - - - - -] glance.connect_retries = None log_opt_values /usr/lib/python3/dist-packages/oslo_config/cfg.py:2609
2025-07-17 00:38:07.525 121879 DEBUG oslo_messaging._drivers.amqpdriver [-] AMQPListener connection consume poll /usr/lib/python3/dist-packages/oslo_messaging/_drivers/amqpdriver.py:357
2025-07-17 00:38:07.527 120349 DEBUG oslo_service.service [req-8f603862-40e4-4e71-af75-248e91a8890c - - - - -] glance.connect_retry_delay = None log_opt_values /usr/lib/python3/dist-packages/oslo_config/cfg.py:2609
2025-07-17 00:38:07.527 120349 DEBUG oslo_service.service [req-8f603862-40e4-4e71-af75-248e91a8890c - - - - -] glance.debug = False log_opt_values /usr/lib/python3/dist-packages/oslo_config/cfg.py:2609
2025-07-17 00:38:07.526 121880 DEBUG oslo_messaging._drivers.amqpdriver [-] Listener is running poll /usr/lib/python3/dist-packages/oslo_messaging/_drivers/amqpdriver.py:343
2025-07-17 00:38:07.527 121879 DEBUG nova.service [req-c2ac1ed8-3f39-41de-8418-74b18040e6d3 - - - - -] Join ServiceGroup membership for this service scheduler start /usr/lib/python3/dist-packages/nova/service.py:199
2025-07-17 00:38:07.527 120349 DEBUG oslo_service.service [req-8f603862-40e4-4e71-af75-248e91a8890c - - - - -] glance.default_trusted_certificate_ids = [] log_opt_values /usr/lib/python3/dist-packages/oslo_config/cfg.py:2609
2025-07-17 00:38:07.527 121880 DEBUG oslo_messaging._drivers.amqpdriver [-] AMQPListener connection consume poll /usr/lib/python3/dist-packages/oslo_messaging/_drivers/amqpdriver.py:357
2025-07-17 00:38:07.527 120349 DEBUG oslo_service.service [req-8f603862-40e4-4e71-af75-248e91a8890c - - - - -] glance.enable_certificate_validation = False log_opt_values /usr/lib/python3/dist-packages/oslo_config/cfg.py:2609
2025-07-17 00:38:07.527 121879 DEBUG nova.servicegroup.drivers.db [req-c2ac1ed8-3f39-41de-8418-74b18040e6d3 - - - - -] DB_Driver: join new ServiceGroup member juju-fc8307-0-lxd-7 to the scheduler group, service = join /usr/lib/python3/dist-packages/nova/servicegroup/drivers/db.py:44
2025-07-17 00:38:07.528 120349 DEBUG oslo_service.service [req-8f603862-40e4-4e71-af75-248e91a8890c - - - - -] glance.enable_rbd_download = False log_opt_values /usr/lib/python3/dist-packages/oslo_config/cfg.py:2609
2025-07-17 00:38:07.528 120349 DEBUG oslo_service.service [req-8f603862-40e4-4e71-af75-248e91a8890c - - - - -] glance.endpoint_override = None log_opt_values /usr/lib/python3/dist-packages/oslo_config/cfg.py:2609
2025-07-17 00:38:07.528 120349 DEBUG oslo_service.service [req-8f603862-40e4-4e71-af75-248e91a8890c - - - - -] glance.insecure = False log_opt_values /usr/lib/python3/dist-packages/oslo_config/cfg.py:2609
2025-07-17 00:38:07.528 121880 DEBUG nova.service [req-cc3cc7a1-f4ff-43f5-9775-f6f0f087c7e3 - - - - -] Join ServiceGroup membership for this service scheduler start /usr/lib/python3/dist-packages/nova/service.py:199
2025-07-17 00:38:07.528 120349 DEBUG oslo_service.service [req-8f603862-40e4-4e71-af75-248e91a8890c - - - - -] glance.keyfile = None log_opt_values /usr/lib/python3/dist-packages/oslo_config/cfg.py:2609
2025-07-17 00:38:07.528 121878 DEBUG nova.service [req-277188c9-9945-4c85-a109-928c36913b9d - - - - -] Join ServiceGroup membership for this service scheduler start /usr/lib/python3/dist-packages/nova/service.py:199
2025-07-17 00:38:07.529 121880 DEBUG nova.servicegroup.drivers.db [req-cc3cc7a1-f4ff-43f5-9775-f6f0f087c7e3 - - - - -] DB_Driver: join new ServiceGroup member juju-fc8307-0-lxd-7 to the scheduler group, service = join /usr/lib/python3/dist-packages/nova/servicegroup/drivers/db.py:44
2025-07-17 00:38:07.529 120349 DEBUG oslo_service.service [req-8f603862-40e4-4e71-af75-248e91a8890c - - - - -] glance.max_version = None log_opt_values /usr/lib/python3/dist-packages/oslo_config/cfg.py:2609
2025-07-17 00:38:07.529 121878 DEBUG nova.servicegroup.drivers.db [req-277188c9-9945-4c85-a109-928c36913b9d - - - - -] DB_Driver: join new ServiceGroup member juju-fc8307-0-lxd-7 to the scheduler group, service = join /usr/lib/python3/dist-packages/nova/servicegroup/drivers/db.py:44
2025-07-17 00:38:07.529 120349 DEBUG oslo_service.service [req-8f603862-40e4-4e71-af75-248e91a8890c - - - - -] glance.min_version = None log_opt_values /usr/lib/python3/dist-packages/oslo_config/cfg.py:2609
2025-07-17 00:38:07.529 120349 DEBUG oslo_service.service [req-8f603862-40e4-4e71-af75-248e91a8890c - - - - -] glance.num_retries = 3 log_opt_values /usr/lib/python3/dist-packages/oslo_config/cfg.py:2609
2025-07-17 00:38:07.529 120349 DEBUG oslo_service.service [req-8f603862-40e4-4e71-af75-248e91a8890c - - - - -] glance.rbd_ceph_conf = log_opt_values /usr/lib/python3/dist-packages/oslo_config/cfg.py:2609
2025-07-17 00:38:07.529 120349 DEBUG oslo_service.service [req-8f603862-40e4-4e71-af75-248e91a8890c - - - - -] glance.rbd_connect_timeout = 5 log_opt_values /usr/lib/python3/dist-packages/oslo_config/cfg.py:2609
2025-07-17 00:38:07.530 120349 DEBUG oslo_service.service [req-8f603862-40e4-4e71-af75-248e91a8890c - - - - -] glance.rbd_pool = log_opt_values /usr/lib/python3/dist-packages/oslo_config/cfg.py:2609
2025-07-17 00:38:07.530 120349 DEBUG oslo_service.service [req-8f603862-40e4-4e71-af75-248e91a8890c - - - - -] glance.rbd_user = log_opt_values /usr/lib/python3/dist-packages/oslo_config/cfg.py:2609
2025-07-17 00:38:07.530 120349 DEBUG oslo_service.service [req-8f603862-40e4-4e71-af75-248e91a8890c - - - - -] glance.region_name = None log_opt_values /usr/lib/python3/dist-packages/oslo_config/cfg.py:2609
2025-07-17 00:38:07.530 120349 DEBUG oslo_service.service [req-8f603862-40e4-4e71-af75-248e91a8890c - - - - -] glance.service_name = None log_opt_values /usr/lib/python3/dist-packages/oslo_config/cfg.py:2609
2025-07-17 00:38:07.530 120349 DEBUG oslo_service.service [req-8f603862-40e4-4e71-af75-248e91a8890c - - - - -] glance.service_type = image log_opt_values /usr/lib/python3/dist-packages/oslo_config/cfg.py:2609
2025-07-17 00:38:07.531 120349 DEBUG oslo_service.service [req-8f603862-40e4-4e71-af75-248e91a8890c - - - - -] glance.split_loggers = False log_opt_values /usr/lib/python3/dist-packages/oslo_config/cfg.py:2609
2025-07-17 00:38:07.531 120349 DEBUG oslo_service.service [req-8f603862-40e4-4e71-af75-248e91a8890c - - - - -] glance.status_code_retries = None log_opt_values /usr/lib/python3/dist-packages/oslo_config/cfg.py:2609
2025-07-17 00:38:07.531 120349 DEBUG oslo_service.service [req-8f603862-40e4-4e71-af75-248e91a8890c - - - - -] glance.status_code_retry_delay = None log_opt_values /usr/lib/python3/dist-packages/oslo_config/cfg.py:2609
2025-07-17 00:38:07.531 120349 DEBUG oslo_service.service [req-8f603862-40e4-4e71-af75-248e91a8890c - - - - -] glance.timeout = None log_opt_values /usr/lib/python3/dist-packages/oslo_config/cfg.py:2609
2025-07-17 00:38:07.531 120349 DEBUG oslo_service.service [req-8f603862-40e4-4e71-af75-248e91a8890c - - - - -] glance.valid_interfaces = ['internal', 'public'] log_opt_values /usr/lib/python3/dist-packages/oslo_config/cfg.py:2609
2025-07-17 00:38:07.531 120349 DEBUG oslo_service.service [req-8f603862-40e4-4e71-af75-248e91a8890c - - - - -] glance.verify_glance_signatures = False log_opt_values /usr/lib/python3/dist-packages/oslo_config/cfg.py:2609
2025-07-17 00:38:07.532 121878 DEBUG oslo_messaging._drivers.amqpdriver [-] AMQPListener connection timeout poll /usr/lib/python3/dist-packages/oslo_messaging/_drivers/amqpdriver.py:360
2025-07-17 00:38:07.532 120349 DEBUG oslo_service.service [req-8f603862-40e4-4e71-af75-248e91a8890c - - - - -] glance.version = None log_opt_values /usr/lib/python3/dist-packages/oslo_config/cfg.py:2609
2025-07-17 00:38:07.532 121878 DEBUG oslo_messaging._drivers.amqpdriver [-] Listener is running poll /usr/lib/python3/dist-packages/oslo_messaging/_drivers/amqpdriver.py:343
2025-07-17 00:38:07.532 120349 DEBUG oslo_service.service [req-8f603862-40e4-4e71-af75-248e91a8890c - - - - -] guestfs.debug = False log_opt_values /usr/lib/python3/dist-packages/oslo_config/cfg.py:2609
2025-07-17 00:38:07.532 121878 DEBUG oslo_messaging._drivers.amqpdriver [-] AMQPListener connection consume poll /usr/lib/python3/dist-packages/oslo_messaging/_drivers/amqpdriver.py:357
2025-07-17 00:38:07.532 121880 DEBUG oslo_messaging._drivers.amqpdriver [-] AMQPListener connection timeout poll /usr/lib/python3/dist-packages/oslo_messaging/_drivers/amqpdriver.py:360
2025-07-17 00:38:07.532 121879 DEBUG oslo_messaging._drivers.amqpdriver [-] AMQPListener connection timeout poll /usr/lib/python3/dist-packages/oslo_messaging/_drivers/amqpdriver.py:360
2025-07-17 00:38:07.532 121880 DEBUG oslo_messaging._drivers.amqpdriver [-] Listener is running poll /usr/lib/python3/dist-packages/oslo_messaging/_drivers/amqpdriver.py:343
2025-07-17 00:38:07.532 121880 DEBUG oslo_messaging._drivers.amqpdriver [-] AMQPListener connection consume poll /usr/lib/python3/dist-packages/oslo_messaging/_drivers/amqpdriver.py:357
2025-07-17 00:38:07.532 121879 DEBUG oslo_messaging._drivers.amqpdriver [-] Listener is running poll /usr/lib/python3/dist-packages/oslo_messaging/_drivers/amqpdriver.py:343
2025-07-17 00:38:07.532 120349 DEBUG oslo_service.service [req-8f603862-40e4-4e71-af75-248e91a8890c - - - - -] hyperv.config_drive_cdrom = False log_opt_values /usr/lib/python3/dist-packages/oslo_config/cfg.py:2609
2025-07-17 00:38:07.532 121879 DEBUG oslo_messaging._drivers.amqpdriver [-] AMQPListener connection consume poll /usr/lib/python3/dist-packages/oslo_messaging/_drivers/amqpdriver.py:357
2025-07-17 00:38:07.533 120349 DEBUG oslo_service.service [req-8f603862-40e4-4e71-af75-248e91a8890c - - - - -] hyperv.config_drive_inject_password = False log_opt_values /usr/lib/python3/dist-packages/oslo_config/cfg.py:2609
2025-07-17 00:38:07.533 120349 DEBUG oslo_service.service [req-8f603862-40e4-4e71-af75-248e91a8890c - - - - -] hyperv.dynamic_memory_ratio = 1.0 log_opt_values /usr/lib/python3/dist-packages/oslo_config/cfg.py:2609
2025-07-17 00:38:07.533 120349 DEBUG oslo_service.service [req-8f603862-40e4-4e71-af75-248e91a8890c - - - - -] hyperv.enable_instance_metrics_collection = False log_opt_values /usr/lib/python3/dist-packages/oslo_config/cfg.py:2609
2025-07-17 00:38:07.533 120349 DEBUG oslo_service.service [req-8f603862-40e4-4e71-af75-248e91a8890c - - - - -] hyperv.enable_remotefx = False log_opt_values /usr/lib/python3/dist-packages/oslo_config/cfg.py:2609
2025-07-17 00:38:07.534 120349 DEBUG oslo_service.service [req-8f603862-40e4-4e71-af75-248e91a8890c - - - - -] hyperv.instances_path_share = log_opt_values /usr/lib/python3/dist-packages/oslo_config/cfg.py:2609
2025-07-17 00:38:07.534 120349 DEBUG oslo_service.service [req-8f603862-40e4-4e71-af75-248e91a8890c - - - - -] hyperv.iscsi_initiator_list = [] log_opt_values /usr/lib/python3/dist-packages/oslo_config/cfg.py:2609
2025-07-17 00:38:07.534 120349 DEBUG oslo_service.service [req-8f603862-40e4-4e71-af75-248e91a8890c - - - - -] hyperv.limit_cpu_features = False log_opt_values /usr/lib/python3/dist-packages/oslo_config/cfg.py:2609
2025-07-17 00:38:07.535 120349 DEBUG oslo_service.service [req-8f603862-40e4-4e71-af75-248e91a8890c - - - - -] hyperv.mounted_disk_query_retry_count = 10 log_opt_values /usr/lib/python3/dist-packages/oslo_config/cfg.py:2609
2025-07-17 00:38:07.535 120349 DEBUG oslo_service.service [req-8f603862-40e4-4e71-af75-248e91a8890c - - - - -] hyperv.mounted_disk_query_retry_interval = 5 log_opt_values /usr/lib/python3/dist-packages/oslo_config/cfg.py:2609
2025-07-17 00:38:07.535 120349 DEBUG oslo_service.service [req-8f603862-40e4-4e71-af75-248e91a8890c - - - - -] hyperv.power_state_check_timeframe = 60 log_opt_values /usr/lib/python3/dist-packages/oslo_config/cfg.py:2609
2025-07-17 00:38:07.535 120349 DEBUG oslo_service.service [req-8f603862-40e4-4e71-af75-248e91a8890c - - - - -] hyperv.power_state_event_polling_interval = 2 log_opt_values /usr/lib/python3/dist-packages/oslo_config/cfg.py:2609
2025-07-17 00:38:07.535 120349 DEBUG oslo_service.service [req-8f603862-40e4-4e71-af75-248e91a8890c - - - - -] hyperv.qemu_img_cmd = qemu-img.exe log_opt_values /usr/lib/python3/dist-packages/oslo_config/cfg.py:2609
2025-07-17 00:38:07.535 120349 DEBUG oslo_service.service [req-8f603862-40e4-4e71-af75-248e91a8890c - - - - -] hyperv.use_multipath_io = False log_opt_values /usr/lib/python3/dist-packages/oslo_config/cfg.py:2609
2025-07-17 00:38:07.535 120349 DEBUG oslo_service.service [req-8f603862-40e4-4e71-af75-248e91a8890c - - - - -] hyperv.volume_attach_retry_count = 10 log_opt_values /usr/lib/python3/dist-packages/oslo_config/cfg.py:2609
2025-07-17 00:38:07.536 120349 DEBUG oslo_service.service [req-8f603862-40e4-4e71-af75-248e91a8890c - - - - -] hyperv.volume_attach_retry_interval = 5 log_opt_values /usr/lib/python3/dist-packages/oslo_config/cfg.py:2609
2025-07-17 00:38:07.536 120349 DEBUG oslo_service.service [req-8f603862-40e4-4e71-af75-248e91a8890c - - - - -] hyperv.vswitch_name = None log_opt_values /usr/lib/python3/dist-packages/oslo_config/cfg.py:2609
2025-07-17 00:38:07.536 120349 DEBUG oslo_service.service [req-8f603862-40e4-4e71-af75-248e91a8890c - - - - -] hyperv.wait_soft_reboot_seconds = 60 log_opt_values /usr/lib/python3/dist-packages/oslo_config/cfg.py:2609
2025-07-17 00:38:07.536 120349 DEBUG oslo_service.service [req-8f603862-40e4-4e71-af75-248e91a8890c - - - - -] mks.enabled = False log_opt_values /usr/lib/python3/dist-packages/oslo_config/cfg.py:2609
2025-07-17 00:38:07.537 120349 DEBUG oslo_service.service [req-8f603862-40e4-4e71-af75-248e91a8890c - - - - -] mks.mksproxy_base_url = http://127.0.0.1:6090/ log_opt_values /usr/lib/python3/dist-packages/oslo_config/cfg.py:2609
2025-07-17 00:38:07.537 120349 DEBUG oslo_service.service [req-8f603862-40e4-4e71-af75-248e91a8890c - - - - -] image_cache.manager_interval = 2400 log_opt_values /usr/lib/python3/dist-packages/oslo_config/cfg.py:2609
2025-07-17 00:38:07.538 120349 DEBUG oslo_service.service [req-8f603862-40e4-4e71-af75-248e91a8890c - - - - -] image_cache.precache_concurrency = 1 log_opt_values /usr/lib/python3/dist-packages/oslo_config/cfg.py:2609
2025-07-17 00:38:07.538 120349 DEBUG oslo_service.service [req-8f603862-40e4-4e71-af75-248e91a8890c - - - - -] image_cache.remove_unused_base_images = True log_opt_values /usr/lib/python3/dist-packages/oslo_config/cfg.py:2609
2025-07-17 00:38:07.538 120349 DEBUG oslo_service.service [req-8f603862-40e4-4e71-af75-248e91a8890c - - - - -] image_cache.remove_unused_original_minimum_age_seconds = 86400 log_opt_values /usr/lib/python3/dist-packages/oslo_config/cfg.py:2609
2025-07-17 00:38:07.538 120349 DEBUG oslo_service.service [req-8f603862-40e4-4e71-af75-248e91a8890c - - - - -] image_cache.remove_unused_resized_minimum_age_seconds = 3600 log_opt_values /usr/lib/python3/dist-packages/oslo_config/cfg.py:2609
2025-07-17 00:38:07.538 120349 DEBUG oslo_service.service [req-8f603862-40e4-4e71-af75-248e91a8890c - - - - -] image_cache.subdirectory_name = _base log_opt_values /usr/lib/python3/dist-packages/oslo_config/cfg.py:2609
2025-07-17 00:38:07.539 120349 DEBUG oslo_service.service [req-8f603862-40e4-4e71-af75-248e91a8890c - - - - -] ironic.api_max_retries = 60 log_opt_values /usr/lib/python3/dist-packages/oslo_config/cfg.py:2609
2025-07-17 00:38:07.539 120349 DEBUG oslo_service.service [req-8f603862-40e4-4e71-af75-248e91a8890c - - - - -] ironic.api_retry_interval = 2 log_opt_values /usr/lib/python3/dist-packages/oslo_config/cfg.py:2609
2025-07-17 00:38:07.539 120349 DEBUG oslo_service.service [req-8f603862-40e4-4e71-af75-248e91a8890c - - - - -] ironic.auth_section = None log_opt_values /usr/lib/python3/dist-packages/oslo_config/cfg.py:2609
2025-07-17 00:38:07.540 120349 DEBUG oslo_service.service [req-8f603862-40e4-4e71-af75-248e91a8890c - - - - -] ironic.auth_type = None log_opt_values /usr/lib/python3/dist-packages/oslo_config/cfg.py:2609
2025-07-17 00:38:07.540 120349 DEBUG oslo_service.service [req-8f603862-40e4-4e71-af75-248e91a8890c - - - - -] ironic.cafile = None log_opt_values /usr/lib/python3/dist-packages/oslo_config/cfg.py:2609
2025-07-17 00:38:07.540 120349 DEBUG oslo_service.service [req-8f603862-40e4-4e71-af75-248e91a8890c - - - - -] ironic.certfile = None log_opt_values /usr/lib/python3/dist-packages/oslo_config/cfg.py:2609
2025-07-17 00:38:07.540 120349 DEBUG oslo_service.service [req-8f603862-40e4-4e71-af75-248e91a8890c - - - - -] ironic.collect_timing = False log_opt_values /usr/lib/python3/dist-packages/oslo_config/cfg.py:2609
2025-07-17 00:38:07.540 120349 DEBUG oslo_service.service [req-8f603862-40e4-4e71-af75-248e91a8890c - - - - -] ironic.connect_retries = None log_opt_values /usr/lib/python3/dist-packages/oslo_config/cfg.py:2609
2025-07-17 00:38:07.541 120349 DEBUG oslo_service.service [req-8f603862-40e4-4e71-af75-248e91a8890c - - - - -] ironic.connect_retry_delay = None log_opt_values /usr/lib/python3/dist-packages/oslo_config/cfg.py:2609
2025-07-17 00:38:07.541 120349 DEBUG oslo_service.service [req-8f603862-40e4-4e71-af75-248e91a8890c - - - - -] ironic.endpoint_override = None log_opt_values /usr/lib/python3/dist-packages/oslo_config/cfg.py:2609
2025-07-17 00:38:07.541 120349 DEBUG oslo_service.service [req-8f603862-40e4-4e71-af75-248e91a8890c - - - - -] ironic.insecure = False log_opt_values /usr/lib/python3/dist-packages/oslo_config/cfg.py:2609
2025-07-17 00:38:07.541 120349 DEBUG oslo_service.service [req-8f603862-40e4-4e71-af75-248e91a8890c - - - - -] ironic.keyfile = None log_opt_values /usr/lib/python3/dist-packages/oslo_config/cfg.py:2609
2025-07-17 00:38:07.541 120349 DEBUG oslo_service.service [req-8f603862-40e4-4e71-af75-248e91a8890c - - - - -] ironic.max_version = None log_opt_values /usr/lib/python3/dist-packages/oslo_config/cfg.py:2609
2025-07-17 00:38:07.541 120349 DEBUG oslo_service.service [req-8f603862-40e4-4e71-af75-248e91a8890c - - - - -] ironic.min_version = None log_opt_values /usr/lib/python3/dist-packages/oslo_config/cfg.py:2609
2025-07-17 00:38:07.542 120349 DEBUG oslo_service.service [req-8f603862-40e4-4e71-af75-248e91a8890c - - - - -] ironic.partition_key = None log_opt_values /usr/lib/python3/dist-packages/oslo_config/cfg.py:2609
2025-07-17 00:38:07.542 120349 DEBUG oslo_service.service [req-8f603862-40e4-4e71-af75-248e91a8890c - - - - -] ironic.peer_list = [] log_opt_values /usr/lib/python3/dist-packages/oslo_config/cfg.py:2609
2025-07-17 00:38:07.542 120349 DEBUG oslo_service.service [req-8f603862-40e4-4e71-af75-248e91a8890c - - - - -] ironic.region_name = None log_opt_values /usr/lib/python3/dist-packages/oslo_config/cfg.py:2609
2025-07-17 00:38:07.542 120349 DEBUG oslo_service.service [req-8f603862-40e4-4e71-af75-248e91a8890c - - - - -] ironic.serial_console_state_timeout = 10 log_opt_values /usr/lib/python3/dist-packages/oslo_config/cfg.py:2609
2025-07-17 00:38:07.543 120349 DEBUG oslo_service.service [req-8f603862-40e4-4e71-af75-248e91a8890c - - - - -] ironic.service_name = None log_opt_values /usr/lib/python3/dist-packages/oslo_config/cfg.py:2609
2025-07-17 00:38:07.543 120349 DEBUG oslo_service.service [req-8f603862-40e4-4e71-af75-248e91a8890c - - - - -] ironic.service_type = baremetal log_opt_values /usr/lib/python3/dist-packages/oslo_config/cfg.py:2609
2025-07-17 00:38:07.543 120349 DEBUG oslo_service.service [req-8f603862-40e4-4e71-af75-248e91a8890c - - - - -] ironic.split_loggers = False log_opt_values /usr/lib/python3/dist-packages/oslo_config/cfg.py:2609
2025-07-17 00:38:07.543 120349 DEBUG oslo_service.service [req-8f603862-40e4-4e71-af75-248e91a8890c - - - - -] ironic.status_code_retries = None log_opt_values /usr/lib/python3/dist-packages/oslo_config/cfg.py:2609
2025-07-17 00:38:07.544 120349 DEBUG oslo_service.service [req-8f603862-40e4-4e71-af75-248e91a8890c - - - - -] ironic.status_code_retry_delay = None log_opt_values /usr/lib/python3/dist-packages/oslo_config/cfg.py:2609
2025-07-17 00:38:07.544 120349 DEBUG oslo_service.service [req-8f603862-40e4-4e71-af75-248e91a8890c - - - - -] ironic.timeout = None log_opt_values /usr/lib/python3/dist-packages/oslo_config/cfg.py:2609
2025-07-17 00:38:07.544 120349 DEBUG oslo_service.service [req-8f603862-40e4-4e71-af75-248e91a8890c - - - - -] ironic.valid_interfaces = ['internal', 'public'] log_opt_values /usr/lib/python3/dist-packages/oslo_config/cfg.py:2609
2025-07-17 00:38:07.544 120349 DEBUG oslo_service.service [req-8f603862-40e4-4e71-af75-248e91a8890c - - - - -] ironic.version = None log_opt_values /usr/lib/python3/dist-packages/oslo_config/cfg.py:2609
2025-07-17 00:38:07.545 120349 DEBUG oslo_service.service [req-8f603862-40e4-4e71-af75-248e91a8890c - - - - -] key_manager.backend = barbican log_opt_values /usr/lib/python3/dist-packages/oslo_config/cfg.py:2609
2025-07-17 00:38:07.545 120349 DEBUG oslo_service.service [req-8f603862-40e4-4e71-af75-248e91a8890c - - - - -] key_manager.fixed_key = **** log_opt_values /usr/lib/python3/dist-packages/oslo_config/cfg.py:2609
2025-07-17 00:38:07.545 120349 DEBUG oslo_service.service [req-8f603862-40e4-4e71-af75-248e91a8890c - - - - -] barbican.auth_endpoint = http://localhost/identity/v3 log_opt_values /usr/lib/python3/dist-packages/oslo_config/cfg.py:2609
2025-07-17 00:38:07.545 120349 DEBUG oslo_service.service [req-8f603862-40e4-4e71-af75-248e91a8890c - - - - -] barbican.barbican_api_version = None log_opt_values /usr/lib/python3/dist-packages/oslo_config/cfg.py:2609
2025-07-17 00:38:07.545 120349 DEBUG oslo_service.service [req-8f603862-40e4-4e71-af75-248e91a8890c - - - - -] barbican.barbican_endpoint = None log_opt_values /usr/lib/python3/dist-packages/oslo_config/cfg.py:2609
2025-07-17 00:38:07.546 120349 DEBUG oslo_service.service [req-8f603862-40e4-4e71-af75-248e91a8890c - - - - -] barbican.barbican_endpoint_type = public log_opt_values /usr/lib/python3/dist-packages/oslo_config/cfg.py:2609
2025-07-17 00:38:07.546 120349 DEBUG oslo_service.service [req-8f603862-40e4-4e71-af75-248e91a8890c - - - - -] barbican.barbican_region_name = None log_opt_values /usr/lib/python3/dist-packages/oslo_config/cfg.py:2609
2025-07-17 00:38:07.546 120349 DEBUG oslo_service.service [req-8f603862-40e4-4e71-af75-248e91a8890c - - - - -] barbican.cafile = None log_opt_values /usr/lib/python3/dist-packages/oslo_config/cfg.py:2609
2025-07-17 00:38:07.546 120349 DEBUG oslo_service.service [req-8f603862-40e4-4e71-af75-248e91a8890c - - - - -] barbican.certfile = None log_opt_values /usr/lib/python3/dist-packages/oslo_config/cfg.py:2609
2025-07-17 00:38:07.546 120349 DEBUG oslo_service.service [req-8f603862-40e4-4e71-af75-248e91a8890c - - - - -] barbican.collect_timing = False log_opt_values /usr/lib/python3/dist-packages/oslo_config/cfg.py:2609
2025-07-17 00:38:07.547 120349 DEBUG oslo_service.service [req-8f603862-40e4-4e71-af75-248e91a8890c - - - - -] barbican.insecure = False log_opt_values /usr/lib/python3/dist-packages/oslo_config/cfg.py:2609
2025-07-17 00:38:07.547 120349 DEBUG oslo_service.service [req-8f603862-40e4-4e71-af75-248e91a8890c - - - - -] barbican.keyfile = None log_opt_values /usr/lib/python3/dist-packages/oslo_config/cfg.py:2609
2025-07-17 00:38:07.547 120349 DEBUG oslo_service.service [req-8f603862-40e4-4e71-af75-248e91a8890c - - - - -] barbican.number_of_retries = 60 log_opt_values /usr/lib/python3/dist-packages/oslo_config/cfg.py:2609
2025-07-17 00:38:07.547 120349 DEBUG oslo_service.service [req-8f603862-40e4-4e71-af75-248e91a8890c - - - - -] barbican.retry_delay = 1 log_opt_values /usr/lib/python3/dist-packages/oslo_config/cfg.py:2609
2025-07-17 00:38:07.547 120349 DEBUG oslo_service.service [req-8f603862-40e4-4e71-af75-248e91a8890c - - - - -] barbican.send_service_user_token = False log_opt_values /usr/lib/python3/dist-packages/oslo_config/cfg.py:2609
2025-07-17 00:38:07.548 120349 DEBUG oslo_service.service [req-8f603862-40e4-4e71-af75-248e91a8890c - - - - -] barbican.split_loggers = False log_opt_values /usr/lib/python3/dist-packages/oslo_config/cfg.py:2609
2025-07-17 00:38:07.548 120349 DEBUG oslo_service.service [req-8f603862-40e4-4e71-af75-248e91a8890c - - - - -] barbican.timeout = None log_opt_values /usr/lib/python3/dist-packages/oslo_config/cfg.py:2609
2025-07-17 00:38:07.548 120349 DEBUG oslo_service.service [req-8f603862-40e4-4e71-af75-248e91a8890c - - - - -] barbican.verify_ssl = True log_opt_values /usr/lib/python3/dist-packages/oslo_config/cfg.py:2609
2025-07-17 00:38:07.548 120349 DEBUG oslo_service.service [req-8f603862-40e4-4e71-af75-248e91a8890c - - - - -] barbican.verify_ssl_path = None log_opt_values /usr/lib/python3/dist-packages/oslo_config/cfg.py:2609
2025-07-17 00:38:07.549 120349 DEBUG oslo_service.service [req-8f603862-40e4-4e71-af75-248e91a8890c - - - - -] barbican_service_user.auth_section = None log_opt_values /usr/lib/python3/dist-packages/oslo_config/cfg.py:2609
2025-07-17 00:38:07.549 120349 DEBUG oslo_service.service [req-8f603862-40e4-4e71-af75-248e91a8890c - - - - -] barbican_service_user.auth_type = None log_opt_values /usr/lib/python3/dist-packages/oslo_config/cfg.py:2609
2025-07-17 00:38:07.549 120349 DEBUG oslo_service.service [req-8f603862-40e4-4e71-af75-248e91a8890c - - - - -] barbican_service_user.cafile = None log_opt_values /usr/lib/python3/dist-packages/oslo_config/cfg.py:2609
2025-07-17 00:38:07.549 120349 DEBUG oslo_service.service [req-8f603862-40e4-4e71-af75-248e91a8890c - - - - -] barbican_service_user.certfile = None log_opt_values /usr/lib/python3/dist-packages/oslo_config/cfg.py:2609
2025-07-17 00:38:07.550 120349 DEBUG oslo_service.service [req-8f603862-40e4-4e71-af75-248e91a8890c - - - - -] barbican_service_user.collect_timing = False log_opt_values /usr/lib/python3/dist-packages/oslo_config/cfg.py:2609
2025-07-17 00:38:07.550 120349 DEBUG oslo_service.service [req-8f603862-40e4-4e71-af75-248e91a8890c - - - - -] barbican_service_user.insecure = False log_opt_values /usr/lib/python3/dist-packages/oslo_config/cfg.py:2609
2025-07-17 00:38:07.550 120349 DEBUG oslo_service.service [req-8f603862-40e4-4e71-af75-248e91a8890c - - - - -] barbican_service_user.keyfile = None log_opt_values /usr/lib/python3/dist-packages/oslo_config/cfg.py:2609
2025-07-17 00:38:07.550 120349 DEBUG oslo_service.service [req-8f603862-40e4-4e71-af75-248e91a8890c - - - - -] barbican_service_user.split_loggers = False log_opt_values /usr/lib/python3/dist-packages/oslo_config/cfg.py:2609
2025-07-17 00:38:07.550 120349 DEBUG oslo_service.service [req-8f603862-40e4-4e71-af75-248e91a8890c - - - - -] barbican_service_user.timeout = None log_opt_values /usr/lib/python3/dist-packages/oslo_config/cfg.py:2609
2025-07-17 00:38:07.551 120349 DEBUG oslo_service.service [req-8f603862-40e4-4e71-af75-248e91a8890c - - - - -] vault.approle_role_id = None log_opt_values /usr/lib/python3/dist-packages/oslo_config/cfg.py:2609
2025-07-17 00:38:07.551 120349 DEBUG oslo_service.service [req-8f603862-40e4-4e71-af75-248e91a8890c - - - - -] vault.approle_secret_id = None log_opt_values /usr/lib/python3/dist-packages/oslo_config/cfg.py:2609
2025-07-17 00:38:07.551 120349 DEBUG oslo_service.service [req-8f603862-40e4-4e71-af75-248e91a8890c - - - - -] vault.cafile = None log_opt_values /usr/lib/python3/dist-packages/oslo_config/cfg.py:2609
2025-07-17 00:38:07.551 120349 DEBUG oslo_service.service [req-8f603862-40e4-4e71-af75-248e91a8890c - - - - -] vault.certfile = None log_opt_values /usr/lib/python3/dist-packages/oslo_config/cfg.py:2609
2025-07-17 00:38:07.551 120349 DEBUG oslo_service.service [req-8f603862-40e4-4e71-af75-248e91a8890c - - - - -] vault.collect_timing = False log_opt_values /usr/lib/python3/dist-packages/oslo_config/cfg.py:2609
2025-07-17 00:38:07.552 120349 DEBUG oslo_service.service [req-8f603862-40e4-4e71-af75-248e91a8890c - - - - -] vault.insecure = False log_opt_values /usr/lib/python3/dist-packages/oslo_config/cfg.py:2609
2025-07-17 00:38:07.552 120349 DEBUG oslo_service.service [req-8f603862-40e4-4e71-af75-248e91a8890c - - - - -] vault.keyfile = None log_opt_values /usr/lib/python3/dist-packages/oslo_config/cfg.py:2609
2025-07-17 00:38:07.552 120349 DEBUG oslo_service.service [req-8f603862-40e4-4e71-af75-248e91a8890c - - - - -] vault.kv_mountpoint = secret log_opt_values /usr/lib/python3/dist-packages/oslo_config/cfg.py:2609
2025-07-17 00:38:07.552 120349 DEBUG oslo_service.service [req-8f603862-40e4-4e71-af75-248e91a8890c - - - - -] vault.kv_version = 2 log_opt_values /usr/lib/python3/dist-packages/oslo_config/cfg.py:2609
2025-07-17 00:38:07.552 120349 DEBUG oslo_service.service [req-8f603862-40e4-4e71-af75-248e91a8890c - - - - -] vault.namespace = None log_opt_values /usr/lib/python3/dist-packages/oslo_config/cfg.py:2609
2025-07-17 00:38:07.553 120349 DEBUG oslo_service.service [req-8f603862-40e4-4e71-af75-248e91a8890c - - - - -] vault.root_token_id = None log_opt_values /usr/lib/python3/dist-packages/oslo_config/cfg.py:2609
2025-07-17 00:38:07.553 120349 DEBUG oslo_service.service [req-8f603862-40e4-4e71-af75-248e91a8890c - - - - -] vault.split_loggers = False log_opt_values /usr/lib/python3/dist-packages/oslo_config/cfg.py:2609
2025-07-17 00:38:07.553 120349 DEBUG oslo_service.service [req-8f603862-40e4-4e71-af75-248e91a8890c - - - - -] vault.ssl_ca_crt_file = None log_opt_values /usr/lib/python3/dist-packages/oslo_config/cfg.py:2609
2025-07-17 00:38:07.553 120349 DEBUG oslo_service.service [req-8f603862-40e4-4e71-af75-248e91a8890c - - - - -] vault.timeout = None log_opt_values /usr/lib/python3/dist-packages/oslo_config/cfg.py:2609
2025-07-17 00:38:07.554 120349 DEBUG oslo_service.service [req-8f603862-40e4-4e71-af75-248e91a8890c - - - - -] vault.use_ssl = False log_opt_values /usr/lib/python3/dist-packages/oslo_config/cfg.py:2609
2025-07-17 00:38:07.554 120349 DEBUG oslo_service.service [req-8f603862-40e4-4e71-af75-248e91a8890c - - - - -] vault.vault_url = http://127.0.0.1:8200 log_opt_values /usr/lib/python3/dist-packages/oslo_config/cfg.py:2609
2025-07-17 00:38:07.554 120349 DEBUG oslo_service.service [req-8f603862-40e4-4e71-af75-248e91a8890c - - - - -] keystone.cafile = None log_opt_values /usr/lib/python3/dist-packages/oslo_config/cfg.py:2609
2025-07-17 00:38:07.554 120349 DEBUG oslo_service.service [req-8f603862-40e4-4e71-af75-248e91a8890c - - - - -] keystone.certfile = None log_opt_values /usr/lib/python3/dist-packages/oslo_config/cfg.py:2609
2025-07-17 00:38:07.555 120349 DEBUG oslo_service.service [req-8f603862-40e4-4e71-af75-248e91a8890c - - - - -] keystone.collect_timing = False log_opt_values /usr/lib/python3/dist-packages/oslo_config/cfg.py:2609
2025-07-17 00:38:07.556 120349 DEBUG oslo_service.service [req-8f603862-40e4-4e71-af75-248e91a8890c - - - - -] keystone.connect_retries = None log_opt_values /usr/lib/python3/dist-packages/oslo_config/cfg.py:2609
2025-07-17 00:38:07.556 120349 DEBUG oslo_service.service [req-8f603862-40e4-4e71-af75-248e91a8890c - - - - -] keystone.connect_retry_delay = None log_opt_values /usr/lib/python3/dist-packages/oslo_config/cfg.py:2609
2025-07-17 00:38:07.557 120349 DEBUG oslo_service.service [req-8f603862-40e4-4e71-af75-248e91a8890c - - - - -] keystone.endpoint_override = None log_opt_values /usr/lib/python3/dist-packages/oslo_config/cfg.py:2609
2025-07-17 00:38:07.557 120349 DEBUG oslo_service.service [req-8f603862-40e4-4e71-af75-248e91a8890c - - - - -] keystone.insecure = False log_opt_values /usr/lib/python3/dist-packages/oslo_config/cfg.py:2609
2025-07-17 00:38:07.558 120349 DEBUG oslo_service.service [req-8f603862-40e4-4e71-af75-248e91a8890c - - - - -] keystone.keyfile = None log_opt_values /usr/lib/python3/dist-packages/oslo_config/cfg.py:2609
2025-07-17 00:38:07.558 120349 DEBUG oslo_service.service [req-8f603862-40e4-4e71-af75-248e91a8890c - - - - -] keystone.max_version = None log_opt_values /usr/lib/python3/dist-packages/oslo_config/cfg.py:2609
2025-07-17 00:38:07.559 120349 DEBUG oslo_service.service [req-8f603862-40e4-4e71-af75-248e91a8890c - - - - -] keystone.min_version = None log_opt_values /usr/lib/python3/dist-packages/oslo_config/cfg.py:2609
2025-07-17 00:38:07.559 120349 DEBUG oslo_service.service [req-8f603862-40e4-4e71-af75-248e91a8890c - - - - -] keystone.region_name = None log_opt_values /usr/lib/python3/dist-packages/oslo_config/cfg.py:2609
2025-07-17 00:38:07.559 120349 DEBUG oslo_service.service [req-8f603862-40e4-4e71-af75-248e91a8890c - - - - -] keystone.service_name = None log_opt_values /usr/lib/python3/dist-packages/oslo_config/cfg.py:2609
2025-07-17 00:38:07.560 120349 DEBUG oslo_service.service [req-8f603862-40e4-4e71-af75-248e91a8890c - - - - -] keystone.service_type = identity log_opt_values /usr/lib/python3/dist-packages/oslo_config/cfg.py:2609
2025-07-17 00:38:07.560 120349 DEBUG oslo_service.service [req-8f603862-40e4-4e71-af75-248e91a8890c - - - - -] keystone.split_loggers = False log_opt_values /usr/lib/python3/dist-packages/oslo_config/cfg.py:2609
2025-07-17 00:38:07.560 120349 DEBUG oslo_service.service [req-8f603862-40e4-4e71-af75-248e91a8890c - - - - -] keystone.status_code_retries = None log_opt_values /usr/lib/python3/dist-packages/oslo_config/cfg.py:2609
2025-07-17 00:38:07.560 120349 DEBUG oslo_service.service [req-8f603862-40e4-4e71-af75-248e91a8890c - - - - -] keystone.status_code_retry_delay = None log_opt_values /usr/lib/python3/dist-packages/oslo_config/cfg.py:2609
2025-07-17 00:38:07.561 120349 DEBUG oslo_service.service [req-8f603862-40e4-4e71-af75-248e91a8890c - - - - -] keystone.timeout = None log_opt_values /usr/lib/python3/dist-packages/oslo_config/cfg.py:2609
2025-07-17 00:38:07.562 120349 DEBUG oslo_service.service [req-8f603862-40e4-4e71-af75-248e91a8890c - - - - -] keystone.valid_interfaces = ['internal', 'public'] log_opt_values /usr/lib/python3/dist-packages/oslo_config/cfg.py:2609
2025-07-17 00:38:07.562 120349 DEBUG oslo_service.service [req-8f603862-40e4-4e71-af75-248e91a8890c - - - - -] keystone.version = None log_opt_values /usr/lib/python3/dist-packages/oslo_config/cfg.py:2609
2025-07-17 00:38:07.562 120349 DEBUG oslo_service.service [req-8f603862-40e4-4e71-af75-248e91a8890c - - - - -] libvirt.connection_uri = log_opt_values /usr/lib/python3/dist-packages/oslo_config/cfg.py:2609
2025-07-17 00:38:07.562 120349 DEBUG oslo_service.service [req-8f603862-40e4-4e71-af75-248e91a8890c - - - - -] libvirt.cpu_mode = None log_opt_values /usr/lib/python3/dist-packages/oslo_config/cfg.py:2609
2025-07-17 00:38:07.563 120349 DEBUG oslo_service.service [req-8f603862-40e4-4e71-af75-248e91a8890c - - - - -] libvirt.cpu_model_extra_flags = [] log_opt_values /usr/lib/python3/dist-packages/oslo_config/cfg.py:2609
2025-07-17 00:38:07.563 120349 DEBUG oslo_service.service [req-8f603862-40e4-4e71-af75-248e91a8890c - - - - -] libvirt.cpu_models = [] log_opt_values /usr/lib/python3/dist-packages/oslo_config/cfg.py:2609
2025-07-17 00:38:07.563 120349 DEBUG oslo_service.service [req-8f603862-40e4-4e71-af75-248e91a8890c - - - - -] libvirt.device_detach_attempts = 8 log_opt_values /usr/lib/python3/dist-packages/oslo_config/cfg.py:2609
2025-07-17 00:38:07.563 120349 DEBUG oslo_service.service [req-8f603862-40e4-4e71-af75-248e91a8890c - - - - -] libvirt.device_detach_timeout = 20 log_opt_values /usr/lib/python3/dist-packages/oslo_config/cfg.py:2609
2025-07-17 00:38:07.563 120349 DEBUG oslo_service.service [req-8f603862-40e4-4e71-af75-248e91a8890c - - - - -] libvirt.disk_cachemodes = [] log_opt_values /usr/lib/python3/dist-packages/oslo_config/cfg.py:2609
2025-07-17 00:38:07.564 120349 DEBUG oslo_service.service [req-8f603862-40e4-4e71-af75-248e91a8890c - - - - -] libvirt.disk_prefix = None log_opt_values /usr/lib/python3/dist-packages/oslo_config/cfg.py:2609
2025-07-17 00:38:07.564 120349 DEBUG oslo_service.service [req-8f603862-40e4-4e71-af75-248e91a8890c - - - - -] libvirt.enabled_perf_events = [] log_opt_values /usr/lib/python3/dist-packages/oslo_config/cfg.py:2609
2025-07-17 00:38:07.564 120349 DEBUG oslo_service.service [req-8f603862-40e4-4e71-af75-248e91a8890c - - - - -] libvirt.file_backed_memory = 0 log_opt_values /usr/lib/python3/dist-packages/oslo_config/cfg.py:2609
2025-07-17 00:38:07.564 120349 DEBUG oslo_service.service [req-8f603862-40e4-4e71-af75-248e91a8890c - - - - -] libvirt.gid_maps = [] log_opt_values /usr/lib/python3/dist-packages/oslo_config/cfg.py:2609
2025-07-17 00:38:07.565 120349 DEBUG oslo_service.service [req-8f603862-40e4-4e71-af75-248e91a8890c - - - - -] libvirt.hw_disk_discard = None log_opt_values /usr/lib/python3/dist-packages/oslo_config/cfg.py:2609
2025-07-17 00:38:07.565 120349 DEBUG oslo_service.service [req-8f603862-40e4-4e71-af75-248e91a8890c - - - - -] libvirt.hw_machine_type = None log_opt_values /usr/lib/python3/dist-packages/oslo_config/cfg.py:2609
2025-07-17 00:38:07.565 120349 DEBUG oslo_service.service [req-8f603862-40e4-4e71-af75-248e91a8890c - - - - -] libvirt.images_rbd_ceph_conf = log_opt_values /usr/lib/python3/dist-packages/oslo_config/cfg.py:2609
2025-07-17 00:38:07.565 120349 DEBUG oslo_service.service [req-8f603862-40e4-4e71-af75-248e91a8890c - - - - -] libvirt.images_rbd_glance_copy_poll_interval = 15 log_opt_values /usr/lib/python3/dist-packages/oslo_config/cfg.py:2609
2025-07-17 00:38:07.566 120349 DEBUG oslo_service.service [req-8f603862-40e4-4e71-af75-248e91a8890c - - - - -] libvirt.images_rbd_glance_copy_timeout = 600 log_opt_values /usr/lib/python3/dist-packages/oslo_config/cfg.py:2609
2025-07-17 00:38:07.566 120349 DEBUG oslo_service.service [req-8f603862-40e4-4e71-af75-248e91a8890c - - - - -] libvirt.images_rbd_glance_store_name = log_opt_values /usr/lib/python3/dist-packages/oslo_config/cfg.py:2609
2025-07-17 00:38:07.566 120349 DEBUG oslo_service.service [req-8f603862-40e4-4e71-af75-248e91a8890c - - - - -] libvirt.images_rbd_pool = rbd log_opt_values /usr/lib/python3/dist-packages/oslo_config/cfg.py:2609
2025-07-17 00:38:07.567 120349 DEBUG oslo_service.service [req-8f603862-40e4-4e71-af75-248e91a8890c - - - - -] libvirt.images_type = default log_opt_values /usr/lib/python3/dist-packages/oslo_config/cfg.py:2609
2025-07-17 00:38:07.568 120349 DEBUG oslo_service.service [req-8f603862-40e4-4e71-af75-248e91a8890c - - - - -] libvirt.images_volume_group = None log_opt_values /usr/lib/python3/dist-packages/oslo_config/cfg.py:2609
2025-07-17 00:38:07.568 120349 DEBUG oslo_service.service [req-8f603862-40e4-4e71-af75-248e91a8890c - - - - -] libvirt.inject_key = False log_opt_values /usr/lib/python3/dist-packages/oslo_config/cfg.py:2609
2025-07-17 00:38:07.568 120349 DEBUG oslo_service.service [req-8f603862-40e4-4e71-af75-248e91a8890c - - - - -] libvirt.inject_partition = -2 log_opt_values /usr/lib/python3/dist-packages/oslo_config/cfg.py:2609
2025-07-17 00:38:07.568 120349 DEBUG oslo_service.service [req-8f603862-40e4-4e71-af75-248e91a8890c - - - - -] libvirt.inject_password = False log_opt_values /usr/lib/python3/dist-packages/oslo_config/cfg.py:2609
2025-07-17 00:38:07.569 120349 DEBUG oslo_service.service [req-8f603862-40e4-4e71-af75-248e91a8890c - - - - -] libvirt.iscsi_iface = None log_opt_values /usr/lib/python3/dist-packages/oslo_config/cfg.py:2609
2025-07-17 00:38:07.569 120349 DEBUG oslo_service.service [req-8f603862-40e4-4e71-af75-248e91a8890c - - - - -] libvirt.iser_use_multipath = False log_opt_values /usr/lib/python3/dist-packages/oslo_config/cfg.py:2609
2025-07-17 00:38:07.569 120349 DEBUG oslo_service.service [req-8f603862-40e4-4e71-af75-248e91a8890c - - - - -] libvirt.live_migration_bandwidth = 0 log_opt_values /usr/lib/python3/dist-packages/oslo_config/cfg.py:2609
2025-07-17 00:38:07.569 120349 DEBUG oslo_service.service [req-8f603862-40e4-4e71-af75-248e91a8890c - - - - -] libvirt.live_migration_completion_timeout = 800 log_opt_values /usr/lib/python3/dist-packages/oslo_config/cfg.py:2609
2025-07-17 00:38:07.569 120349 DEBUG oslo_service.service [req-8f603862-40e4-4e71-af75-248e91a8890c - - - - -] libvirt.live_migration_downtime = 500 log_opt_values /usr/lib/python3/dist-packages/oslo_config/cfg.py:2609
2025-07-17 00:38:07.570 120349 DEBUG oslo_service.service [req-8f603862-40e4-4e71-af75-248e91a8890c - - - - -] libvirt.live_migration_downtime_delay = 75 log_opt_values /usr/lib/python3/dist-packages/oslo_config/cfg.py:2609
2025-07-17 00:38:07.570 120349 DEBUG oslo_service.service [req-8f603862-40e4-4e71-af75-248e91a8890c - - - - -] libvirt.live_migration_downtime_steps = 10 log_opt_values /usr/lib/python3/dist-packages/oslo_config/cfg.py:2609
2025-07-17 00:38:07.570 120349 DEBUG oslo_service.service [req-8f603862-40e4-4e71-af75-248e91a8890c - - - - -] libvirt.live_migration_inbound_addr = None log_opt_values /usr/lib/python3/dist-packages/oslo_config/cfg.py:2609
2025-07-17 00:38:07.570 120349 DEBUG oslo_service.service [req-8f603862-40e4-4e71-af75-248e91a8890c - - - - -] libvirt.live_migration_permit_auto_converge = False log_opt_values /usr/lib/python3/dist-packages/oslo_config/cfg.py:2609
2025-07-17 00:38:07.571 120349 DEBUG oslo_service.service [req-8f603862-40e4-4e71-af75-248e91a8890c - - - - -] libvirt.live_migration_permit_post_copy = False log_opt_values /usr/lib/python3/dist-packages/oslo_config/cfg.py:2609
2025-07-17 00:38:07.571 120349 DEBUG oslo_service.service [req-8f603862-40e4-4e71-af75-248e91a8890c - - - - -] libvirt.live_migration_scheme = None log_opt_values /usr/lib/python3/dist-packages/oslo_config/cfg.py:2609
2025-07-17 00:38:07.571 120349 DEBUG oslo_service.service [req-8f603862-40e4-4e71-af75-248e91a8890c - - - - -] libvirt.live_migration_timeout_action = abort log_opt_values /usr/lib/python3/dist-packages/oslo_config/cfg.py:2609
2025-07-17 00:38:07.571 120349 DEBUG oslo_service.service [req-8f603862-40e4-4e71-af75-248e91a8890c - - - - -] libvirt.live_migration_tunnelled = False log_opt_values /usr/lib/python3/dist-packages/oslo_config/cfg.py:2609
2025-07-17 00:38:07.572 120349 DEBUG oslo_service.service [req-8f603862-40e4-4e71-af75-248e91a8890c - - - - -] libvirt.live_migration_uri = None log_opt_values /usr/lib/python3/dist-packages/oslo_config/cfg.py:2609
2025-07-17 00:38:07.572 120349 DEBUG oslo_service.service [req-8f603862-40e4-4e71-af75-248e91a8890c - - - - -] libvirt.live_migration_with_native_tls = False log_opt_values /usr/lib/python3/dist-packages/oslo_config/cfg.py:2609
2025-07-17 00:38:07.572 120349 DEBUG oslo_service.service [req-8f603862-40e4-4e71-af75-248e91a8890c - - - - -] libvirt.max_queues = None log_opt_values /usr/lib/python3/dist-packages/oslo_config/cfg.py:2609
2025-07-17 00:38:07.572 120349 DEBUG oslo_service.service [req-8f603862-40e4-4e71-af75-248e91a8890c - - - - -] libvirt.mem_stats_period_seconds = 10 log_opt_values /usr/lib/python3/dist-packages/oslo_config/cfg.py:2609
2025-07-17 00:38:07.573 120349 DEBUG oslo_service.service [req-8f603862-40e4-4e71-af75-248e91a8890c - - - - -] libvirt.nfs_mount_options = None log_opt_values /usr/lib/python3/dist-packages/oslo_config/cfg.py:2609
2025-07-17 00:38:07.573 120349 DEBUG oslo_service.service [req-8f603862-40e4-4e71-af75-248e91a8890c - - - - -] libvirt.nfs_mount_point_base = /var/lib/nova/mnt log_opt_values /usr/lib/python3/dist-packages/oslo_config/cfg.py:2609
2025-07-17 00:38:07.573 120349 DEBUG oslo_service.service [req-8f603862-40e4-4e71-af75-248e91a8890c - - - - -] libvirt.num_aoe_discover_tries = 3 log_opt_values /usr/lib/python3/dist-packages/oslo_config/cfg.py:2609
