2025-07-17 00:41:18.441 163461 DEBUG oslo_service.service [req-7e1620fa-189d-4daf-9d95-4387d4a257f5 - - - - -] reserved_huge_pages = None log_opt_values /usr/lib/python3/dist-packages/oslo_config/cfg.py:2602
2025-07-17 00:41:18.441 163461 DEBUG oslo_service.service [req-7e1620fa-189d-4daf-9d95-4387d4a257f5 - - - - -] resize_confirm_window = 0 log_opt_values /usr/lib/python3/dist-packages/oslo_config/cfg.py:2602
2025-07-17 00:41:18.442 163461 DEBUG oslo_service.service [req-7e1620fa-189d-4daf-9d95-4387d4a257f5 - - - - -] resize_fs_using_block_device = False log_opt_values /usr/lib/python3/dist-packages/oslo_config/cfg.py:2602
2025-07-17 00:41:18.444 163461 DEBUG oslo_service.service [req-7e1620fa-189d-4daf-9d95-4387d4a257f5 - - - - -] resume_guests_state_on_host_boot = False log_opt_values /usr/lib/python3/dist-packages/oslo_config/cfg.py:2602
2025-07-17 00:41:18.444 163461 DEBUG oslo_service.service [req-7e1620fa-189d-4daf-9d95-4387d4a257f5 - - - - -] rootwrap_config = /etc/nova/rootwrap.conf log_opt_values /usr/lib/python3/dist-packages/oslo_config/cfg.py:2602
2025-07-17 00:41:18.446 163461 DEBUG oslo_service.service [req-7e1620fa-189d-4daf-9d95-4387d4a257f5 - - - - -] rpc_response_timeout = 60 log_opt_values /usr/lib/python3/dist-packages/oslo_config/cfg.py:2602
2025-07-17 00:41:18.446 163461 DEBUG oslo_service.service [req-7e1620fa-189d-4daf-9d95-4387d4a257f5 - - - - -] run_external_periodic_tasks = True log_opt_values /usr/lib/python3/dist-packages/oslo_config/cfg.py:2602
2025-07-17 00:41:18.448 163461 DEBUG oslo_service.service [req-7e1620fa-189d-4daf-9d95-4387d4a257f5 - - - - -] running_deleted_instance_action = reap log_opt_values /usr/lib/python3/dist-packages/oslo_config/cfg.py:2602
2025-07-17 00:41:18.449 163461 DEBUG oslo_service.service [req-7e1620fa-189d-4daf-9d95-4387d4a257f5 - - - - -] running_deleted_instance_poll_interval = 1800 log_opt_values /usr/lib/python3/dist-packages/oslo_config/cfg.py:2602
2025-07-17 00:41:18.449 163772 DEBUG nova.service [req-5373efac-25c7-436e-8aff-77356ab4f3ea - - - - -] Creating RPC server for service conductor start /usr/lib/python3/dist-packages/nova/service.py:182
2025-07-17 00:41:18.449 163461 DEBUG oslo_service.service [req-7e1620fa-189d-4daf-9d95-4387d4a257f5 - - - - -] running_deleted_instance_timeout = 0 log_opt_values /usr/lib/python3/dist-packages/oslo_config/cfg.py:2602
2025-07-17 00:41:18.450 163461 DEBUG oslo_service.service [req-7e1620fa-189d-4daf-9d95-4387d4a257f5 - - - - -] scheduler_instance_sync_interval = 120 log_opt_values /usr/lib/python3/dist-packages/oslo_config/cfg.py:2602
2025-07-17 00:41:18.451 163461 DEBUG oslo_service.service [req-7e1620fa-189d-4daf-9d95-4387d4a257f5 - - - - -] service_down_time = 60 log_opt_values /usr/lib/python3/dist-packages/oslo_config/cfg.py:2602
2025-07-17 00:41:18.452 163461 DEBUG oslo_service.service [req-7e1620fa-189d-4daf-9d95-4387d4a257f5 - - - - -] servicegroup_driver = db log_opt_values /usr/lib/python3/dist-packages/oslo_config/cfg.py:2602
2025-07-17 00:41:18.452 163461 DEBUG oslo_service.service [req-7e1620fa-189d-4daf-9d95-4387d4a257f5 - - - - -] shelved_offload_time = 0 log_opt_values /usr/lib/python3/dist-packages/oslo_config/cfg.py:2602
2025-07-17 00:41:18.452 163461 DEBUG oslo_service.service [req-7e1620fa-189d-4daf-9d95-4387d4a257f5 - - - - -] shelved_poll_interval = 3600 log_opt_values /usr/lib/python3/dist-packages/oslo_config/cfg.py:2602
2025-07-17 00:41:18.452 163461 DEBUG oslo_service.service [req-7e1620fa-189d-4daf-9d95-4387d4a257f5 - - - - -] shutdown_timeout = 60 log_opt_values /usr/lib/python3/dist-packages/oslo_config/cfg.py:2602
2025-07-17 00:41:18.453 163461 DEBUG oslo_service.service [req-7e1620fa-189d-4daf-9d95-4387d4a257f5 - - - - -] source_is_ipv6 = False log_opt_values /usr/lib/python3/dist-packages/oslo_config/cfg.py:2602
2025-07-17 00:41:18.453 163461 DEBUG oslo_service.service [req-7e1620fa-189d-4daf-9d95-4387d4a257f5 - - - - -] ssl_only = False log_opt_values /usr/lib/python3/dist-packages/oslo_config/cfg.py:2602
2025-07-17 00:41:18.453 163461 DEBUG oslo_service.service [req-7e1620fa-189d-4daf-9d95-4387d4a257f5 - - - - -] state_path = /var/lib/nova log_opt_values /usr/lib/python3/dist-packages/oslo_config/cfg.py:2602
2025-07-17 00:41:18.453 163461 DEBUG oslo_service.service [req-7e1620fa-189d-4daf-9d95-4387d4a257f5 - - - - -] sync_power_state_interval = 600 log_opt_values /usr/lib/python3/dist-packages/oslo_config/cfg.py:2602
2025-07-17 00:41:18.454 163461 DEBUG oslo_service.service [req-7e1620fa-189d-4daf-9d95-4387d4a257f5 - - - - -] sync_power_state_pool_size = 1000 log_opt_values /usr/lib/python3/dist-packages/oslo_config/cfg.py:2602
2025-07-17 00:41:18.455 163461 DEBUG oslo_service.service [req-7e1620fa-189d-4daf-9d95-4387d4a257f5 - - - - -] syslog_log_facility = LOG_USER log_opt_values /usr/lib/python3/dist-packages/oslo_config/cfg.py:2602
2025-07-17 00:41:18.454 163769 DEBUG oslo_messaging._drivers.amqpdriver [-] Listener is running poll /usr/lib/python3/dist-packages/oslo_messaging/_drivers/amqpdriver.py:343
2025-07-17 00:41:18.455 163461 DEBUG oslo_service.service [req-7e1620fa-189d-4daf-9d95-4387d4a257f5 - - - - -] tempdir = None log_opt_values /usr/lib/python3/dist-packages/oslo_config/cfg.py:2602
2025-07-17 00:41:18.455 163769 DEBUG oslo_messaging._drivers.amqpdriver [-] AMQPListener connection consume poll /usr/lib/python3/dist-packages/oslo_messaging/_drivers/amqpdriver.py:357
2025-07-17 00:41:18.455 163461 DEBUG oslo_service.service [req-7e1620fa-189d-4daf-9d95-4387d4a257f5 - - - - -] timeout_nbd = 10 log_opt_values /usr/lib/python3/dist-packages/oslo_config/cfg.py:2602
2025-07-17 00:41:18.455 163461 DEBUG oslo_service.service [req-7e1620fa-189d-4daf-9d95-4387d4a257f5 - - - - -] transport_url = **** log_opt_values /usr/lib/python3/dist-packages/oslo_config/cfg.py:2602
2025-07-17 00:41:18.456 163769 DEBUG nova.service [req-de39cb39-7a51-46ee-8eb1-679aff3bdf65 - - - - -] Join ServiceGroup membership for this service conductor start /usr/lib/python3/dist-packages/nova/service.py:199
2025-07-17 00:41:18.456 163461 DEBUG oslo_service.service [req-7e1620fa-189d-4daf-9d95-4387d4a257f5 - - - - -] update_resources_interval = 0 log_opt_values /usr/lib/python3/dist-packages/oslo_config/cfg.py:2602
2025-07-17 00:41:18.456 163769 DEBUG nova.servicegroup.drivers.db [req-de39cb39-7a51-46ee-8eb1-679aff3bdf65 - - - - -] DB_Driver: join new ServiceGroup member juju-fc8307-0-lxd-7 to the conductor group, service = join /usr/lib/python3/dist-packages/nova/servicegroup/drivers/db.py:44
2025-07-17 00:41:18.456 163461 DEBUG oslo_service.service [req-7e1620fa-189d-4daf-9d95-4387d4a257f5 - - - - -] use_cow_images = True log_opt_values /usr/lib/python3/dist-packages/oslo_config/cfg.py:2602
2025-07-17 00:41:18.457 163461 DEBUG oslo_service.service [req-7e1620fa-189d-4daf-9d95-4387d4a257f5 - - - - -] use_eventlog = False log_opt_values /usr/lib/python3/dist-packages/oslo_config/cfg.py:2602
2025-07-17 00:41:18.457 163461 DEBUG oslo_service.service [req-7e1620fa-189d-4daf-9d95-4387d4a257f5 - - - - -] use_journal = False log_opt_values /usr/lib/python3/dist-packages/oslo_config/cfg.py:2602
2025-07-17 00:41:18.457 163461 DEBUG oslo_service.service [req-7e1620fa-189d-4daf-9d95-4387d4a257f5 - - - - -] use_json = False log_opt_values /usr/lib/python3/dist-packages/oslo_config/cfg.py:2602
2025-07-17 00:41:18.457 163771 DEBUG oslo_messaging._drivers.amqpdriver [-] Listener is running poll /usr/lib/python3/dist-packages/oslo_messaging/_drivers/amqpdriver.py:343
2025-07-17 00:41:18.458 163771 DEBUG oslo_messaging._drivers.amqpdriver [-] AMQPListener connection consume poll /usr/lib/python3/dist-packages/oslo_messaging/_drivers/amqpdriver.py:357
2025-07-17 00:41:18.458 163461 DEBUG oslo_service.service [req-7e1620fa-189d-4daf-9d95-4387d4a257f5 - - - - -] use_rootwrap_daemon = False log_opt_values /usr/lib/python3/dist-packages/oslo_config/cfg.py:2602
2025-07-17 00:41:18.458 163461 DEBUG oslo_service.service [req-7e1620fa-189d-4daf-9d95-4387d4a257f5 - - - - -] use_stderr = False log_opt_values /usr/lib/python3/dist-packages/oslo_config/cfg.py:2602
2025-07-17 00:41:18.459 163461 DEBUG oslo_service.service [req-7e1620fa-189d-4daf-9d95-4387d4a257f5 - - - - -] use_syslog = False log_opt_values /usr/lib/python3/dist-packages/oslo_config/cfg.py:2602
2025-07-17 00:41:18.459 163461 DEBUG oslo_service.service [req-7e1620fa-189d-4daf-9d95-4387d4a257f5 - - - - -] vcpu_pin_set = None log_opt_values /usr/lib/python3/dist-packages/oslo_config/cfg.py:2602
2025-07-17 00:41:18.459 163461 DEBUG oslo_service.service [req-7e1620fa-189d-4daf-9d95-4387d4a257f5 - - - - -] vif_plugging_is_fatal = True log_opt_values /usr/lib/python3/dist-packages/oslo_config/cfg.py:2602
2025-07-17 00:41:18.459 163771 DEBUG nova.service [req-57013c8a-f787-4329-a864-e8cdd4851470 - - - - -] Join ServiceGroup membership for this service conductor start /usr/lib/python3/dist-packages/nova/service.py:199
2025-07-17 00:41:18.460 163461 DEBUG oslo_service.service [req-7e1620fa-189d-4daf-9d95-4387d4a257f5 - - - - -] vif_plugging_timeout = 300 log_opt_values /usr/lib/python3/dist-packages/oslo_config/cfg.py:2602
2025-07-17 00:41:18.460 163769 DEBUG oslo_messaging._drivers.amqpdriver [-] AMQPListener connection timeout poll /usr/lib/python3/dist-packages/oslo_messaging/_drivers/amqpdriver.py:360
2025-07-17 00:41:18.460 163461 DEBUG oslo_service.service [req-7e1620fa-189d-4daf-9d95-4387d4a257f5 - - - - -] virt_mkfs = [] log_opt_values /usr/lib/python3/dist-packages/oslo_config/cfg.py:2602
2025-07-17 00:41:18.460 163771 DEBUG nova.servicegroup.drivers.db [req-57013c8a-f787-4329-a864-e8cdd4851470 - - - - -] DB_Driver: join new ServiceGroup member juju-fc8307-0-lxd-7 to the conductor group, service = join /usr/lib/python3/dist-packages/nova/servicegroup/drivers/db.py:44
2025-07-17 00:41:18.460 163461 DEBUG oslo_service.service [req-7e1620fa-189d-4daf-9d95-4387d4a257f5 - - - - -] volume_usage_poll_interval = 0 log_opt_values /usr/lib/python3/dist-packages/oslo_config/cfg.py:2602
2025-07-17 00:41:18.460 163461 DEBUG oslo_service.service [req-7e1620fa-189d-4daf-9d95-4387d4a257f5 - - - - -] watch_log_file = False log_opt_values /usr/lib/python3/dist-packages/oslo_config/cfg.py:2602
2025-07-17 00:41:18.461 163461 DEBUG oslo_service.service [req-7e1620fa-189d-4daf-9d95-4387d4a257f5 - - - - -] web = /usr/share/spice-html5 log_opt_values /usr/lib/python3/dist-packages/oslo_config/cfg.py:2602
2025-07-17 00:41:18.461 163461 DEBUG oslo_service.service [req-7e1620fa-189d-4daf-9d95-4387d4a257f5 - - - - -] oslo_concurrency.disable_process_locking = False log_opt_values /usr/lib/python3/dist-packages/oslo_config/cfg.py:2609
2025-07-17 00:41:18.461 163461 DEBUG oslo_service.service [req-7e1620fa-189d-4daf-9d95-4387d4a257f5 - - - - -] oslo_concurrency.lock_path = /var/lock/nova log_opt_values /usr/lib/python3/dist-packages/oslo_config/cfg.py:2609
2025-07-17 00:41:18.461 163461 DEBUG oslo_service.service [req-7e1620fa-189d-4daf-9d95-4387d4a257f5 - - - - -] oslo_messaging_metrics.metrics_buffer_size = 1000 log_opt_values /usr/lib/python3/dist-packages/oslo_config/cfg.py:2609
2025-07-17 00:41:18.461 163461 DEBUG oslo_service.service [req-7e1620fa-189d-4daf-9d95-4387d4a257f5 - - - - -] oslo_messaging_metrics.metrics_enabled = False log_opt_values /usr/lib/python3/dist-packages/oslo_config/cfg.py:2609
2025-07-17 00:41:18.462 163461 DEBUG oslo_service.service [req-7e1620fa-189d-4daf-9d95-4387d4a257f5 - - - - -] oslo_messaging_metrics.metrics_process_name = log_opt_values /usr/lib/python3/dist-packages/oslo_config/cfg.py:2609
2025-07-17 00:41:18.460 163769 DEBUG oslo_messaging._drivers.amqpdriver [-] Listener is running poll /usr/lib/python3/dist-packages/oslo_messaging/_drivers/amqpdriver.py:343
2025-07-17 00:41:18.462 163461 DEBUG oslo_service.service [req-7e1620fa-189d-4daf-9d95-4387d4a257f5 - - - - -] oslo_messaging_metrics.metrics_socket_file = /var/tmp/metrics_collector.sock log_opt_values /usr/lib/python3/dist-packages/oslo_config/cfg.py:2609
2025-07-17 00:41:18.462 163769 DEBUG oslo_messaging._drivers.amqpdriver [-] AMQPListener connection consume poll /usr/lib/python3/dist-packages/oslo_messaging/_drivers/amqpdriver.py:357
2025-07-17 00:41:18.462 163771 DEBUG oslo_messaging._drivers.amqpdriver [-] AMQPListener connection timeout poll /usr/lib/python3/dist-packages/oslo_messaging/_drivers/amqpdriver.py:360
2025-07-17 00:41:18.462 163771 DEBUG oslo_messaging._drivers.amqpdriver [-] Listener is running poll /usr/lib/python3/dist-packages/oslo_messaging/_drivers/amqpdriver.py:343
2025-07-17 00:41:18.462 163771 DEBUG oslo_messaging._drivers.amqpdriver [-] AMQPListener connection consume poll /usr/lib/python3/dist-packages/oslo_messaging/_drivers/amqpdriver.py:357
2025-07-17 00:41:18.462 163461 DEBUG oslo_service.service [req-7e1620fa-189d-4daf-9d95-4387d4a257f5 - - - - -] oslo_messaging_metrics.metrics_thread_stop_timeout = 10 log_opt_values /usr/lib/python3/dist-packages/oslo_config/cfg.py:2609
2025-07-17 00:41:18.463 163461 WARNING oslo_config.cfg [req-7e1620fa-189d-4daf-9d95-4387d4a257f5 - - - - -] Deprecated: Option "auth_strategy" from group "api" is deprecated for removal ( The only non-default choice, ``noauth2``, is for internal development and testing purposes only and should not be used in deployments. This option and its middleware, NoAuthMiddleware[V2_18], will be removed in a future release. ). Its value may be silently ignored in the future.
2025-07-17 00:41:18.464 163461 DEBUG oslo_service.service [req-7e1620fa-189d-4daf-9d95-4387d4a257f5 - - - - -] api.auth_strategy = keystone log_opt_values /usr/lib/python3/dist-packages/oslo_config/cfg.py:2609
2025-07-17 00:41:18.464 163461 DEBUG oslo_service.service [req-7e1620fa-189d-4daf-9d95-4387d4a257f5 - - - - -] api.compute_link_prefix = None log_opt_values /usr/lib/python3/dist-packages/oslo_config/cfg.py:2609
2025-07-17 00:41:18.464 163461 DEBUG oslo_service.service [req-7e1620fa-189d-4daf-9d95-4387d4a257f5 - - - - -] api.config_drive_skip_versions = 1.0 2007-01-19 2007-03-01 2007-08-29 2007-10-10 2007-12-15 2008-02-01 2008-09-01 log_opt_values /usr/lib/python3/dist-packages/oslo_config/cfg.py:2609
2025-07-17 00:41:18.464 163461 DEBUG oslo_service.service [req-7e1620fa-189d-4daf-9d95-4387d4a257f5 - - - - -] api.dhcp_domain = novalocal log_opt_values /usr/lib/python3/dist-packages/oslo_config/cfg.py:2609
2025-07-17 00:41:18.465 163461 DEBUG oslo_service.service [req-7e1620fa-189d-4daf-9d95-4387d4a257f5 - - - - -] api.enable_instance_password = True log_opt_values /usr/lib/python3/dist-packages/oslo_config/cfg.py:2609
2025-07-17 00:41:18.465 163461 DEBUG oslo_service.service [req-7e1620fa-189d-4daf-9d95-4387d4a257f5 - - - - -] api.glance_link_prefix = None log_opt_values /usr/lib/python3/dist-packages/oslo_config/cfg.py:2609
2025-07-17 00:41:18.465 163461 DEBUG oslo_service.service [req-7e1620fa-189d-4daf-9d95-4387d4a257f5 - - - - -] api.instance_list_cells_batch_fixed_size = 100 log_opt_values /usr/lib/python3/dist-packages/oslo_config/cfg.py:2609
2025-07-17 00:41:18.465 163461 DEBUG oslo_service.service [req-7e1620fa-189d-4daf-9d95-4387d4a257f5 - - - - -] api.instance_list_cells_batch_strategy = distributed log_opt_values /usr/lib/python3/dist-packages/oslo_config/cfg.py:2609
2025-07-17 00:41:18.465 163461 DEBUG oslo_service.service [req-7e1620fa-189d-4daf-9d95-4387d4a257f5 - - - - -] api.instance_list_per_project_cells = False log_opt_values /usr/lib/python3/dist-packages/oslo_config/cfg.py:2609
2025-07-17 00:41:18.465 163461 DEBUG oslo_service.service [req-7e1620fa-189d-4daf-9d95-4387d4a257f5 - - - - -] api.list_records_by_skipping_down_cells = True log_opt_values /usr/lib/python3/dist-packages/oslo_config/cfg.py:2609
2025-07-17 00:41:18.466 163461 DEBUG oslo_service.service [req-7e1620fa-189d-4daf-9d95-4387d4a257f5 - - - - -] api.local_metadata_per_cell = False log_opt_values /usr/lib/python3/dist-packages/oslo_config/cfg.py:2609
2025-07-17 00:41:18.466 163461 DEBUG oslo_service.service [req-7e1620fa-189d-4daf-9d95-4387d4a257f5 - - - - -] api.max_limit = 1000 log_opt_values /usr/lib/python3/dist-packages/oslo_config/cfg.py:2609
2025-07-17 00:41:18.466 163461 DEBUG oslo_service.service [req-7e1620fa-189d-4daf-9d95-4387d4a257f5 - - - - -] api.metadata_cache_expiration = 15 log_opt_values /usr/lib/python3/dist-packages/oslo_config/cfg.py:2609
2025-07-17 00:41:18.466 163461 DEBUG oslo_service.service [req-7e1620fa-189d-4daf-9d95-4387d4a257f5 - - - - -] api.neutron_default_tenant_id = default log_opt_values /usr/lib/python3/dist-packages/oslo_config/cfg.py:2609
2025-07-17 00:41:18.466 163461 DEBUG oslo_service.service [req-7e1620fa-189d-4daf-9d95-4387d4a257f5 - - - - -] api.use_forwarded_for = False log_opt_values /usr/lib/python3/dist-packages/oslo_config/cfg.py:2609
2025-07-17 00:41:18.467 163461 DEBUG oslo_service.service [req-7e1620fa-189d-4daf-9d95-4387d4a257f5 - - - - -] api.use_neutron_default_nets = False log_opt_values /usr/lib/python3/dist-packages/oslo_config/cfg.py:2609
2025-07-17 00:41:18.467 163461 DEBUG oslo_service.service [req-7e1620fa-189d-4daf-9d95-4387d4a257f5 - - - - -] api.vendordata_dynamic_connect_timeout = 5 log_opt_values /usr/lib/python3/dist-packages/oslo_config/cfg.py:2609
2025-07-17 00:41:18.467 163461 DEBUG oslo_service.service [req-7e1620fa-189d-4daf-9d95-4387d4a257f5 - - - - -] api.vendordata_dynamic_failure_fatal = False log_opt_values /usr/lib/python3/dist-packages/oslo_config/cfg.py:2609
2025-07-17 00:41:18.467 163461 DEBUG oslo_service.service [req-7e1620fa-189d-4daf-9d95-4387d4a257f5 - - - - -] api.vendordata_dynamic_read_timeout = 5 log_opt_values /usr/lib/python3/dist-packages/oslo_config/cfg.py:2609
2025-07-17 00:41:18.467 163461 DEBUG oslo_service.service [req-7e1620fa-189d-4daf-9d95-4387d4a257f5 - - - - -] api.vendordata_dynamic_ssl_certfile = log_opt_values /usr/lib/python3/dist-packages/oslo_config/cfg.py:2609
2025-07-17 00:41:18.467 163461 DEBUG oslo_service.service [req-7e1620fa-189d-4daf-9d95-4387d4a257f5 - - - - -] api.vendordata_dynamic_targets = [] log_opt_values /usr/lib/python3/dist-packages/oslo_config/cfg.py:2609
2025-07-17 00:41:18.468 163461 DEBUG oslo_service.service [req-7e1620fa-189d-4daf-9d95-4387d4a257f5 - - - - -] api.vendordata_jsonfile_path = None log_opt_values /usr/lib/python3/dist-packages/oslo_config/cfg.py:2609
2025-07-17 00:41:18.468 163461 DEBUG oslo_service.service [req-7e1620fa-189d-4daf-9d95-4387d4a257f5 - - - - -] api.vendordata_providers = ['StaticJSON'] log_opt_values /usr/lib/python3/dist-packages/oslo_config/cfg.py:2609
2025-07-17 00:41:18.468 163461 DEBUG oslo_service.service [req-7e1620fa-189d-4daf-9d95-4387d4a257f5 - - - - -] cache.backend = dogpile.cache.null log_opt_values /usr/lib/python3/dist-packages/oslo_config/cfg.py:2609
2025-07-17 00:41:18.468 163461 DEBUG oslo_service.service [req-7e1620fa-189d-4daf-9d95-4387d4a257f5 - - - - -] cache.backend_argument = **** log_opt_values /usr/lib/python3/dist-packages/oslo_config/cfg.py:2609
2025-07-17 00:41:18.468 163461 DEBUG oslo_service.service [req-7e1620fa-189d-4daf-9d95-4387d4a257f5 - - - - -] cache.config_prefix = cache.oslo log_opt_values /usr/lib/python3/dist-packages/oslo_config/cfg.py:2609
2025-07-17 00:41:18.469 163461 DEBUG oslo_service.service [req-7e1620fa-189d-4daf-9d95-4387d4a257f5 - - - - -] cache.debug_cache_backend = False log_opt_values /usr/lib/python3/dist-packages/oslo_config/cfg.py:2609
2025-07-17 00:41:18.469 163461 DEBUG oslo_service.service [req-7e1620fa-189d-4daf-9d95-4387d4a257f5 - - - - -] cache.enabled = False log_opt_values /usr/lib/python3/dist-packages/oslo_config/cfg.py:2609
2025-07-17 00:41:18.469 163770 DEBUG oslo_messaging._drivers.amqpdriver [-] Listener is running poll /usr/lib/python3/dist-packages/oslo_messaging/_drivers/amqpdriver.py:343
2025-07-17 00:41:18.469 163461 DEBUG oslo_service.service [req-7e1620fa-189d-4daf-9d95-4387d4a257f5 - - - - -] cache.expiration_time = 600 log_opt_values /usr/lib/python3/dist-packages/oslo_config/cfg.py:2609
2025-07-17 00:41:18.469 163770 DEBUG oslo_messaging._drivers.amqpdriver [-] AMQPListener connection consume poll /usr/lib/python3/dist-packages/oslo_messaging/_drivers/amqpdriver.py:357
2025-07-17 00:41:18.469 163461 DEBUG oslo_service.service [req-7e1620fa-189d-4daf-9d95-4387d4a257f5 - - - - -] cache.memcache_dead_retry = 300 log_opt_values /usr/lib/python3/dist-packages/oslo_config/cfg.py:2609
2025-07-17 00:41:18.469 163461 DEBUG oslo_service.service [req-7e1620fa-189d-4daf-9d95-4387d4a257f5 - - - - -] cache.memcache_pool_connection_get_timeout = 10 log_opt_values /usr/lib/python3/dist-packages/oslo_config/cfg.py:2609
2025-07-17 00:41:18.470 163461 DEBUG oslo_service.service [req-7e1620fa-189d-4daf-9d95-4387d4a257f5 - - - - -] cache.memcache_pool_flush_on_reconnect = False log_opt_values /usr/lib/python3/dist-packages/oslo_config/cfg.py:2609
2025-07-17 00:41:18.470 163461 DEBUG oslo_service.service [req-7e1620fa-189d-4daf-9d95-4387d4a257f5 - - - - -] cache.memcache_pool_maxsize = 10 log_opt_values /usr/lib/python3/dist-packages/oslo_config/cfg.py:2609
2025-07-17 00:41:18.470 163461 DEBUG oslo_service.service [req-7e1620fa-189d-4daf-9d95-4387d4a257f5 - - - - -] cache.memcache_pool_unused_timeout = 60 log_opt_values /usr/lib/python3/dist-packages/oslo_config/cfg.py:2609
2025-07-17 00:41:18.470 163461 DEBUG oslo_service.service [req-7e1620fa-189d-4daf-9d95-4387d4a257f5 - - - - -] cache.memcache_servers = ['localhost:11211'] log_opt_values /usr/lib/python3/dist-packages/oslo_config/cfg.py:2609
2025-07-17 00:41:18.470 163461 DEBUG oslo_service.service [req-7e1620fa-189d-4daf-9d95-4387d4a257f5 - - - - -] cache.memcache_socket_timeout = 1.0 log_opt_values /usr/lib/python3/dist-packages/oslo_config/cfg.py:2609
2025-07-17 00:41:18.471 163461 DEBUG oslo_service.service [req-7e1620fa-189d-4daf-9d95-4387d4a257f5 - - - - -] cache.proxies = [] log_opt_values /usr/lib/python3/dist-packages/oslo_config/cfg.py:2609
2025-07-17 00:41:18.471 163461 DEBUG oslo_service.service [req-7e1620fa-189d-4daf-9d95-4387d4a257f5 - - - - -] cache.tls_allowed_ciphers = None log_opt_values /usr/lib/python3/dist-packages/oslo_config/cfg.py:2609
2025-07-17 00:41:18.471 163461 DEBUG oslo_service.service [req-7e1620fa-189d-4daf-9d95-4387d4a257f5 - - - - -] cache.tls_cafile = None log_opt_values /usr/lib/python3/dist-packages/oslo_config/cfg.py:2609
2025-07-17 00:41:18.471 163461 DEBUG oslo_service.service [req-7e1620fa-189d-4daf-9d95-4387d4a257f5 - - - - -] cache.tls_certfile = None log_opt_values /usr/lib/python3/dist-packages/oslo_config/cfg.py:2609
2025-07-17 00:41:18.471 163461 DEBUG oslo_service.service [req-7e1620fa-189d-4daf-9d95-4387d4a257f5 - - - - -] cache.tls_enabled = False log_opt_values /usr/lib/python3/dist-packages/oslo_config/cfg.py:2609
2025-07-17 00:41:18.471 163461 DEBUG oslo_service.service [req-7e1620fa-189d-4daf-9d95-4387d4a257f5 - - - - -] cache.tls_keyfile = None log_opt_values /usr/lib/python3/dist-packages/oslo_config/cfg.py:2609
2025-07-17 00:41:18.472 163461 DEBUG oslo_service.service [req-7e1620fa-189d-4daf-9d95-4387d4a257f5 - - - - -] cinder.auth_section = None log_opt_values /usr/lib/python3/dist-packages/oslo_config/cfg.py:2609
2025-07-17 00:41:18.472 163461 DEBUG oslo_service.service [req-7e1620fa-189d-4daf-9d95-4387d4a257f5 - - - - -] cinder.auth_type = None log_opt_values /usr/lib/python3/dist-packages/oslo_config/cfg.py:2609
2025-07-17 00:41:18.472 163461 DEBUG oslo_service.service [req-7e1620fa-189d-4daf-9d95-4387d4a257f5 - - - - -] cinder.cafile = None log_opt_values /usr/lib/python3/dist-packages/oslo_config/cfg.py:2609
2025-07-17 00:41:18.472 163461 DEBUG oslo_service.service [req-7e1620fa-189d-4daf-9d95-4387d4a257f5 - - - - -] cinder.catalog_info = volumev3::publicURL log_opt_values /usr/lib/python3/dist-packages/oslo_config/cfg.py:2609
2025-07-17 00:41:18.472 163461 DEBUG oslo_service.service [req-7e1620fa-189d-4daf-9d95-4387d4a257f5 - - - - -] cinder.certfile = None log_opt_values /usr/lib/python3/dist-packages/oslo_config/cfg.py:2609
2025-07-17 00:41:18.472 163770 DEBUG nova.service [req-6e08cefe-e6d8-4c43-931f-2707b3659bc2 - - - - -] Join ServiceGroup membership for this service conductor start /usr/lib/python3/dist-packages/nova/service.py:199
2025-07-17 00:41:18.473 163461 DEBUG oslo_service.service [req-7e1620fa-189d-4daf-9d95-4387d4a257f5 - - - - -] cinder.collect_timing = False log_opt_values /usr/lib/python3/dist-packages/oslo_config/cfg.py:2609
2025-07-17 00:41:18.473 163461 DEBUG oslo_service.service [req-7e1620fa-189d-4daf-9d95-4387d4a257f5 - - - - -] cinder.cross_az_attach = True log_opt_values /usr/lib/python3/dist-packages/oslo_config/cfg.py:2609
2025-07-17 00:41:18.473 163770 DEBUG nova.servicegroup.drivers.db [req-6e08cefe-e6d8-4c43-931f-2707b3659bc2 - - - - -] DB_Driver: join new ServiceGroup member juju-fc8307-0-lxd-7 to the conductor group, service = join /usr/lib/python3/dist-packages/nova/servicegroup/drivers/db.py:44
2025-07-17 00:41:18.473 163461 DEBUG oslo_service.service [req-7e1620fa-189d-4daf-9d95-4387d4a257f5 - - - - -] cinder.debug = False log_opt_values /usr/lib/python3/dist-packages/oslo_config/cfg.py:2609
2025-07-17 00:41:18.473 163772 DEBUG oslo_messaging._drivers.amqpdriver [-] Listener is running poll /usr/lib/python3/dist-packages/oslo_messaging/_drivers/amqpdriver.py:343
2025-07-17 00:41:18.473 163461 DEBUG oslo_service.service [req-7e1620fa-189d-4daf-9d95-4387d4a257f5 - - - - -] cinder.endpoint_template = None log_opt_values /usr/lib/python3/dist-packages/oslo_config/cfg.py:2609
2025-07-17 00:41:18.473 163770 DEBUG oslo_messaging._drivers.amqpdriver [-] AMQPListener connection timeout poll /usr/lib/python3/dist-packages/oslo_messaging/_drivers/amqpdriver.py:360
2025-07-17 00:41:18.473 163770 DEBUG oslo_messaging._drivers.amqpdriver [-] Listener is running poll /usr/lib/python3/dist-packages/oslo_messaging/_drivers/amqpdriver.py:343
2025-07-17 00:41:18.473 163772 DEBUG oslo_messaging._drivers.amqpdriver [-] AMQPListener connection consume poll /usr/lib/python3/dist-packages/oslo_messaging/_drivers/amqpdriver.py:357
2025-07-17 00:41:18.473 163461 DEBUG oslo_service.service [req-7e1620fa-189d-4daf-9d95-4387d4a257f5 - - - - -] cinder.http_retries = 3 log_opt_values /usr/lib/python3/dist-packages/oslo_config/cfg.py:2609
2025-07-17 00:41:18.473 163770 DEBUG oslo_messaging._drivers.amqpdriver [-] AMQPListener connection consume poll /usr/lib/python3/dist-packages/oslo_messaging/_drivers/amqpdriver.py:357
2025-07-17 00:41:18.473 163461 DEBUG oslo_service.service [req-7e1620fa-189d-4daf-9d95-4387d4a257f5 - - - - -] cinder.insecure = False log_opt_values /usr/lib/python3/dist-packages/oslo_config/cfg.py:2609
2025-07-17 00:41:18.474 163461 DEBUG oslo_service.service [req-7e1620fa-189d-4daf-9d95-4387d4a257f5 - - - - -] cinder.keyfile = None log_opt_values /usr/lib/python3/dist-packages/oslo_config/cfg.py:2609
2025-07-17 00:41:18.474 163461 DEBUG oslo_service.service [req-7e1620fa-189d-4daf-9d95-4387d4a257f5 - - - - -] cinder.os_region_name = None log_opt_values /usr/lib/python3/dist-packages/oslo_config/cfg.py:2609
2025-07-17 00:41:18.474 163772 DEBUG nova.service [req-5373efac-25c7-436e-8aff-77356ab4f3ea - - - - -] Join ServiceGroup membership for this service conductor start /usr/lib/python3/dist-packages/nova/service.py:199
2025-07-17 00:41:18.474 163461 DEBUG oslo_service.service [req-7e1620fa-189d-4daf-9d95-4387d4a257f5 - - - - -] cinder.split_loggers = False log_opt_values /usr/lib/python3/dist-packages/oslo_config/cfg.py:2609
2025-07-17 00:41:18.474 163772 DEBUG nova.servicegroup.drivers.db [req-5373efac-25c7-436e-8aff-77356ab4f3ea - - - - -] DB_Driver: join new ServiceGroup member juju-fc8307-0-lxd-7 to the conductor group, service = join /usr/lib/python3/dist-packages/nova/servicegroup/drivers/db.py:44
2025-07-17 00:41:18.474 163461 DEBUG oslo_service.service [req-7e1620fa-189d-4daf-9d95-4387d4a257f5 - - - - -] cinder.timeout = None log_opt_values /usr/lib/python3/dist-packages/oslo_config/cfg.py:2609
2025-07-17 00:41:18.474 163461 DEBUG oslo_service.service [req-7e1620fa-189d-4daf-9d95-4387d4a257f5 - - - - -] compute.consecutive_build_service_disable_threshold = 10 log_opt_values /usr/lib/python3/dist-packages/oslo_config/cfg.py:2609
2025-07-17 00:41:18.475 163461 DEBUG oslo_service.service [req-7e1620fa-189d-4daf-9d95-4387d4a257f5 - - - - -] compute.cpu_dedicated_set = None log_opt_values /usr/lib/python3/dist-packages/oslo_config/cfg.py:2609
2025-07-17 00:41:18.475 163461 DEBUG oslo_service.service [req-7e1620fa-189d-4daf-9d95-4387d4a257f5 - - - - -] compute.cpu_shared_set = None log_opt_values /usr/lib/python3/dist-packages/oslo_config/cfg.py:2609
2025-07-17 00:41:18.475 163461 DEBUG oslo_service.service [req-7e1620fa-189d-4daf-9d95-4387d4a257f5 - - - - -] compute.image_type_exclude_list = [] log_opt_values /usr/lib/python3/dist-packages/oslo_config/cfg.py:2609
2025-07-17 00:41:18.475 163461 DEBUG oslo_service.service [req-7e1620fa-189d-4daf-9d95-4387d4a257f5 - - - - -] compute.live_migration_wait_for_vif_plug = True log_opt_values /usr/lib/python3/dist-packages/oslo_config/cfg.py:2609
2025-07-17 00:41:18.475 163461 DEBUG oslo_service.service [req-7e1620fa-189d-4daf-9d95-4387d4a257f5 - - - - -] compute.max_concurrent_disk_ops = 0 log_opt_values /usr/lib/python3/dist-packages/oslo_config/cfg.py:2609
2025-07-17 00:41:18.475 163461 DEBUG oslo_service.service [req-7e1620fa-189d-4daf-9d95-4387d4a257f5 - - - - -] compute.max_disk_devices_to_attach = -1 log_opt_values /usr/lib/python3/dist-packages/oslo_config/cfg.py:2609
2025-07-17 00:41:18.476 163461 DEBUG oslo_service.service [req-7e1620fa-189d-4daf-9d95-4387d4a257f5 - - - - -] compute.packing_host_numa_cells_allocation_strategy = True log_opt_values /usr/lib/python3/dist-packages/oslo_config/cfg.py:2609
2025-07-17 00:41:18.476 163461 DEBUG oslo_service.service [req-7e1620fa-189d-4daf-9d95-4387d4a257f5 - - - - -] compute.provider_config_location = /etc/nova/provider_config/ log_opt_values /usr/lib/python3/dist-packages/oslo_config/cfg.py:2609
2025-07-17 00:41:18.476 163461 DEBUG oslo_service.service [req-7e1620fa-189d-4daf-9d95-4387d4a257f5 - - - - -] compute.resource_provider_association_refresh = 300 log_opt_values /usr/lib/python3/dist-packages/oslo_config/cfg.py:2609
2025-07-17 00:41:18.476 163461 DEBUG oslo_service.service [req-7e1620fa-189d-4daf-9d95-4387d4a257f5 - - - - -] compute.shutdown_retry_interval = 10 log_opt_values /usr/lib/python3/dist-packages/oslo_config/cfg.py:2609
2025-07-17 00:41:18.476 163461 DEBUG oslo_service.service [req-7e1620fa-189d-4daf-9d95-4387d4a257f5 - - - - -] compute.vmdk_allowed_types = ['streamOptimized', 'monolithicSparse'] log_opt_values /usr/lib/python3/dist-packages/oslo_config/cfg.py:2609
2025-07-17 00:41:18.477 163461 DEBUG oslo_service.service [req-7e1620fa-189d-4daf-9d95-4387d4a257f5 - - - - -] conductor.workers = 4 log_opt_values /usr/lib/python3/dist-packages/oslo_config/cfg.py:2609
2025-07-17 00:41:18.477 163461 DEBUG oslo_service.service [req-7e1620fa-189d-4daf-9d95-4387d4a257f5 - - - - -] console.allowed_origins = [] log_opt_values /usr/lib/python3/dist-packages/oslo_config/cfg.py:2609
2025-07-17 00:41:18.477 163772 DEBUG oslo_messaging._drivers.amqpdriver [-] AMQPListener connection timeout poll /usr/lib/python3/dist-packages/oslo_messaging/_drivers/amqpdriver.py:360
2025-07-17 00:41:18.477 163772 DEBUG oslo_messaging._drivers.amqpdriver [-] Listener is running poll /usr/lib/python3/dist-packages/oslo_messaging/_drivers/amqpdriver.py:343
2025-07-17 00:41:18.477 163461 DEBUG oslo_service.service [req-7e1620fa-189d-4daf-9d95-4387d4a257f5 - - - - -] console.ssl_ciphers = None log_opt_values /usr/lib/python3/dist-packages/oslo_config/cfg.py:2609
2025-07-17 00:41:18.477 163772 DEBUG oslo_messaging._drivers.amqpdriver [-] AMQPListener connection consume poll /usr/lib/python3/dist-packages/oslo_messaging/_drivers/amqpdriver.py:357
2025-07-17 00:41:18.477 163461 DEBUG oslo_service.service [req-7e1620fa-189d-4daf-9d95-4387d4a257f5 - - - - -] console.ssl_minimum_version = default log_opt_values /usr/lib/python3/dist-packages/oslo_config/cfg.py:2609
2025-07-17 00:41:18.477 163461 DEBUG oslo_service.service [req-7e1620fa-189d-4daf-9d95-4387d4a257f5 - - - - -] consoleauth.token_ttl = 600 log_opt_values /usr/lib/python3/dist-packages/oslo_config/cfg.py:2609
2025-07-17 00:41:18.477 163461 DEBUG oslo_service.service [req-7e1620fa-189d-4daf-9d95-4387d4a257f5 - - - - -] cyborg.cafile = None log_opt_values /usr/lib/python3/dist-packages/oslo_config/cfg.py:2609
2025-07-17 00:41:18.478 163461 DEBUG oslo_service.service [req-7e1620fa-189d-4daf-9d95-4387d4a257f5 - - - - -] cyborg.certfile = None log_opt_values /usr/lib/python3/dist-packages/oslo_config/cfg.py:2609
2025-07-17 00:41:18.478 163461 DEBUG oslo_service.service [req-7e1620fa-189d-4daf-9d95-4387d4a257f5 - - - - -] cyborg.collect_timing = False log_opt_values /usr/lib/python3/dist-packages/oslo_config/cfg.py:2609
2025-07-17 00:41:18.478 163461 DEBUG oslo_service.service [req-7e1620fa-189d-4daf-9d95-4387d4a257f5 - - - - -] cyborg.connect_retries = None log_opt_values /usr/lib/python3/dist-packages/oslo_config/cfg.py:2609
2025-07-17 00:41:18.478 163461 DEBUG oslo_service.service [req-7e1620fa-189d-4daf-9d95-4387d4a257f5 - - - - -] cyborg.connect_retry_delay = None log_opt_values /usr/lib/python3/dist-packages/oslo_config/cfg.py:2609
2025-07-17 00:41:18.478 163461 DEBUG oslo_service.service [req-7e1620fa-189d-4daf-9d95-4387d4a257f5 - - - - -] cyborg.endpoint_override = None log_opt_values /usr/lib/python3/dist-packages/oslo_config/cfg.py:2609
2025-07-17 00:41:18.478 163461 DEBUG oslo_service.service [req-7e1620fa-189d-4daf-9d95-4387d4a257f5 - - - - -] cyborg.insecure = False log_opt_values /usr/lib/python3/dist-packages/oslo_config/cfg.py:2609
2025-07-17 00:41:18.479 163461 DEBUG oslo_service.service [req-7e1620fa-189d-4daf-9d95-4387d4a257f5 - - - - -] cyborg.keyfile = None log_opt_values /usr/lib/python3/dist-packages/oslo_config/cfg.py:2609
2025-07-17 00:41:18.479 163461 DEBUG oslo_service.service [req-7e1620fa-189d-4daf-9d95-4387d4a257f5 - - - - -] cyborg.max_version = None log_opt_values /usr/lib/python3/dist-packages/oslo_config/cfg.py:2609
2025-07-17 00:41:18.479 163461 DEBUG oslo_service.service [req-7e1620fa-189d-4daf-9d95-4387d4a257f5 - - - - -] cyborg.min_version = None log_opt_values /usr/lib/python3/dist-packages/oslo_config/cfg.py:2609
2025-07-17 00:41:18.479 163461 DEBUG oslo_service.service [req-7e1620fa-189d-4daf-9d95-4387d4a257f5 - - - - -] cyborg.region_name = None log_opt_values /usr/lib/python3/dist-packages/oslo_config/cfg.py:2609
2025-07-17 00:41:18.479 163461 DEBUG oslo_service.service [req-7e1620fa-189d-4daf-9d95-4387d4a257f5 - - - - -] cyborg.service_name = None log_opt_values /usr/lib/python3/dist-packages/oslo_config/cfg.py:2609
2025-07-17 00:41:18.480 163461 DEBUG oslo_service.service [req-7e1620fa-189d-4daf-9d95-4387d4a257f5 - - - - -] cyborg.service_type = accelerator log_opt_values /usr/lib/python3/dist-packages/oslo_config/cfg.py:2609
2025-07-17 00:41:18.480 163461 DEBUG oslo_service.service [req-7e1620fa-189d-4daf-9d95-4387d4a257f5 - - - - -] cyborg.split_loggers = False log_opt_values /usr/lib/python3/dist-packages/oslo_config/cfg.py:2609
2025-07-17 00:41:18.480 163461 DEBUG oslo_service.service [req-7e1620fa-189d-4daf-9d95-4387d4a257f5 - - - - -] cyborg.status_code_retries = None log_opt_values /usr/lib/python3/dist-packages/oslo_config/cfg.py:2609
2025-07-17 00:41:18.480 163461 DEBUG oslo_service.service [req-7e1620fa-189d-4daf-9d95-4387d4a257f5 - - - - -] cyborg.status_code_retry_delay = None log_opt_values /usr/lib/python3/dist-packages/oslo_config/cfg.py:2609
2025-07-17 00:41:18.480 163461 DEBUG oslo_service.service [req-7e1620fa-189d-4daf-9d95-4387d4a257f5 - - - - -] cyborg.timeout = None log_opt_values /usr/lib/python3/dist-packages/oslo_config/cfg.py:2609
2025-07-17 00:41:18.480 163461 DEBUG oslo_service.service [req-7e1620fa-189d-4daf-9d95-4387d4a257f5 - - - - -] cyborg.valid_interfaces = ['internal', 'public'] log_opt_values /usr/lib/python3/dist-packages/oslo_config/cfg.py:2609
2025-07-17 00:41:18.481 163461 DEBUG oslo_service.service [req-7e1620fa-189d-4daf-9d95-4387d4a257f5 - - - - -] cyborg.version = None log_opt_values /usr/lib/python3/dist-packages/oslo_config/cfg.py:2609
2025-07-17 00:41:18.481 163461 DEBUG oslo_service.service [req-7e1620fa-189d-4daf-9d95-4387d4a257f5 - - - - -] database.backend = sqlalchemy log_opt_values /usr/lib/python3/dist-packages/oslo_config/cfg.py:2609
2025-07-17 00:41:18.481 163461 DEBUG oslo_service.service [req-7e1620fa-189d-4daf-9d95-4387d4a257f5 - - - - -] database.connection = **** log_opt_values /usr/lib/python3/dist-packages/oslo_config/cfg.py:2609
2025-07-17 00:41:18.481 163461 DEBUG oslo_service.service [req-7e1620fa-189d-4daf-9d95-4387d4a257f5 - - - - -] database.connection_debug = 0 log_opt_values /usr/lib/python3/dist-packages/oslo_config/cfg.py:2609
2025-07-17 00:41:18.481 163461 DEBUG oslo_service.service [req-7e1620fa-189d-4daf-9d95-4387d4a257f5 - - - - -] database.connection_parameters = log_opt_values /usr/lib/python3/dist-packages/oslo_config/cfg.py:2609
2025-07-17 00:41:18.482 163461 DEBUG oslo_service.service [req-7e1620fa-189d-4daf-9d95-4387d4a257f5 - - - - -] database.connection_recycle_time = 3600 log_opt_values /usr/lib/python3/dist-packages/oslo_config/cfg.py:2609
2025-07-17 00:41:18.482 163461 DEBUG oslo_service.service [req-7e1620fa-189d-4daf-9d95-4387d4a257f5 - - - - -] database.connection_trace = False log_opt_values /usr/lib/python3/dist-packages/oslo_config/cfg.py:2609
2025-07-17 00:41:18.482 163461 DEBUG oslo_service.service [req-7e1620fa-189d-4daf-9d95-4387d4a257f5 - - - - -] database.db_inc_retry_interval = True log_opt_values /usr/lib/python3/dist-packages/oslo_config/cfg.py:2609
2025-07-17 00:41:18.482 163461 DEBUG oslo_service.service [req-7e1620fa-189d-4daf-9d95-4387d4a257f5 - - - - -] database.db_max_retries = 20 log_opt_values /usr/lib/python3/dist-packages/oslo_config/cfg.py:2609
2025-07-17 00:41:18.482 163461 DEBUG oslo_service.service [req-7e1620fa-189d-4daf-9d95-4387d4a257f5 - - - - -] database.db_max_retry_interval = 10 log_opt_values /usr/lib/python3/dist-packages/oslo_config/cfg.py:2609
2025-07-17 00:41:18.482 163461 DEBUG oslo_service.service [req-7e1620fa-189d-4daf-9d95-4387d4a257f5 - - - - -] database.db_retry_interval = 1 log_opt_values /usr/lib/python3/dist-packages/oslo_config/cfg.py:2609
2025-07-17 00:41:18.482 163461 DEBUG oslo_service.service [req-7e1620fa-189d-4daf-9d95-4387d4a257f5 - - - - -] database.max_overflow = 50 log_opt_values /usr/lib/python3/dist-packages/oslo_config/cfg.py:2609
2025-07-17 00:41:18.483 163461 DEBUG oslo_service.service [req-7e1620fa-189d-4daf-9d95-4387d4a257f5 - - - - -] database.max_pool_size = 4 log_opt_values /usr/lib/python3/dist-packages/oslo_config/cfg.py:2609
2025-07-17 00:41:18.483 163461 DEBUG oslo_service.service [req-7e1620fa-189d-4daf-9d95-4387d4a257f5 - - - - -] database.max_retries = 10 log_opt_values /usr/lib/python3/dist-packages/oslo_config/cfg.py:2609
2025-07-17 00:41:18.483 163461 DEBUG oslo_service.service [req-7e1620fa-189d-4daf-9d95-4387d4a257f5 - - - - -] database.mysql_enable_ndb = False log_opt_values /usr/lib/python3/dist-packages/oslo_config/cfg.py:2609
2025-07-17 00:41:18.483 163461 DEBUG oslo_service.service [req-7e1620fa-189d-4daf-9d95-4387d4a257f5 - - - - -] database.mysql_sql_mode = TRADITIONAL log_opt_values /usr/lib/python3/dist-packages/oslo_config/cfg.py:2609
2025-07-17 00:41:18.483 163461 DEBUG oslo_service.service [req-7e1620fa-189d-4daf-9d95-4387d4a257f5 - - - - -] database.pool_timeout = None log_opt_values /usr/lib/python3/dist-packages/oslo_config/cfg.py:2609
2025-07-17 00:41:18.484 163461 DEBUG oslo_service.service [req-7e1620fa-189d-4daf-9d95-4387d4a257f5 - - - - -] database.retry_interval = 10 log_opt_values /usr/lib/python3/dist-packages/oslo_config/cfg.py:2609
2025-07-17 00:41:18.484 163461 DEBUG oslo_service.service [req-7e1620fa-189d-4daf-9d95-4387d4a257f5 - - - - -] database.slave_connection = **** log_opt_values /usr/lib/python3/dist-packages/oslo_config/cfg.py:2609
2025-07-17 00:41:18.484 163461 DEBUG oslo_service.service [req-7e1620fa-189d-4daf-9d95-4387d4a257f5 - - - - -] database.sqlite_synchronous = True log_opt_values /usr/lib/python3/dist-packages/oslo_config/cfg.py:2609
2025-07-17 00:41:18.484 163461 DEBUG oslo_service.service [req-7e1620fa-189d-4daf-9d95-4387d4a257f5 - - - - -] database.use_db_reconnect = False log_opt_values /usr/lib/python3/dist-packages/oslo_config/cfg.py:2609
2025-07-17 00:41:18.485 163461 DEBUG oslo_service.service [req-7e1620fa-189d-4daf-9d95-4387d4a257f5 - - - - -] api_database.backend = sqlalchemy log_opt_values /usr/lib/python3/dist-packages/oslo_config/cfg.py:2609
2025-07-17 00:41:18.485 163461 DEBUG oslo_service.service [req-7e1620fa-189d-4daf-9d95-4387d4a257f5 - - - - -] api_database.connection = **** log_opt_values /usr/lib/python3/dist-packages/oslo_config/cfg.py:2609
2025-07-17 00:41:18.485 163461 DEBUG oslo_service.service [req-7e1620fa-189d-4daf-9d95-4387d4a257f5 - - - - -] api_database.connection_debug = 0 log_opt_values /usr/lib/python3/dist-packages/oslo_config/cfg.py:2609
2025-07-17 00:41:18.485 163461 DEBUG oslo_service.service [req-7e1620fa-189d-4daf-9d95-4387d4a257f5 - - - - -] api_database.connection_parameters = log_opt_values /usr/lib/python3/dist-packages/oslo_config/cfg.py:2609
2025-07-17 00:41:18.485 163461 DEBUG oslo_service.service [req-7e1620fa-189d-4daf-9d95-4387d4a257f5 - - - - -] api_database.connection_recycle_time = 3600 log_opt_values /usr/lib/python3/dist-packages/oslo_config/cfg.py:2609
2025-07-17 00:41:18.486 163461 DEBUG oslo_service.service [req-7e1620fa-189d-4daf-9d95-4387d4a257f5 - - - - -] api_database.connection_trace = False log_opt_values /usr/lib/python3/dist-packages/oslo_config/cfg.py:2609
2025-07-17 00:41:18.486 163461 DEBUG oslo_service.service [req-7e1620fa-189d-4daf-9d95-4387d4a257f5 - - - - -] api_database.db_inc_retry_interval = True log_opt_values /usr/lib/python3/dist-packages/oslo_config/cfg.py:2609
2025-07-17 00:41:18.486 163461 DEBUG oslo_service.service [req-7e1620fa-189d-4daf-9d95-4387d4a257f5 - - - - -] api_database.db_max_retries = 20 log_opt_values /usr/lib/python3/dist-packages/oslo_config/cfg.py:2609
2025-07-17 00:41:18.486 163461 DEBUG oslo_service.service [req-7e1620fa-189d-4daf-9d95-4387d4a257f5 - - - - -] api_database.db_max_retry_interval = 10 log_opt_values /usr/lib/python3/dist-packages/oslo_config/cfg.py:2609
2025-07-17 00:41:18.486 163461 DEBUG oslo_service.service [req-7e1620fa-189d-4daf-9d95-4387d4a257f5 - - - - -] api_database.db_retry_interval = 1 log_opt_values /usr/lib/python3/dist-packages/oslo_config/cfg.py:2609
2025-07-17 00:41:18.487 163461 DEBUG oslo_service.service [req-7e1620fa-189d-4daf-9d95-4387d4a257f5 - - - - -] api_database.max_overflow = 50 log_opt_values /usr/lib/python3/dist-packages/oslo_config/cfg.py:2609
2025-07-17 00:41:18.487 163461 DEBUG oslo_service.service [req-7e1620fa-189d-4daf-9d95-4387d4a257f5 - - - - -] api_database.max_pool_size = 4 log_opt_values /usr/lib/python3/dist-packages/oslo_config/cfg.py:2609
2025-07-17 00:41:18.487 163461 DEBUG oslo_service.service [req-7e1620fa-189d-4daf-9d95-4387d4a257f5 - - - - -] api_database.max_retries = 10 log_opt_values /usr/lib/python3/dist-packages/oslo_config/cfg.py:2609
2025-07-17 00:41:18.487 163461 DEBUG oslo_service.service [req-7e1620fa-189d-4daf-9d95-4387d4a257f5 - - - - -] api_database.mysql_enable_ndb = False log_opt_values /usr/lib/python3/dist-packages/oslo_config/cfg.py:2609
2025-07-17 00:41:18.487 163461 DEBUG oslo_service.service [req-7e1620fa-189d-4daf-9d95-4387d4a257f5 - - - - -] api_database.mysql_sql_mode = TRADITIONAL log_opt_values /usr/lib/python3/dist-packages/oslo_config/cfg.py:2609
2025-07-17 00:41:18.488 163461 DEBUG oslo_service.service [req-7e1620fa-189d-4daf-9d95-4387d4a257f5 - - - - -] api_database.pool_timeout = None log_opt_values /usr/lib/python3/dist-packages/oslo_config/cfg.py:2609
2025-07-17 00:41:18.488 163461 DEBUG oslo_service.service [req-7e1620fa-189d-4daf-9d95-4387d4a257f5 - - - - -] api_database.retry_interval = 10 log_opt_values /usr/lib/python3/dist-packages/oslo_config/cfg.py:2609
2025-07-17 00:41:18.488 163461 DEBUG oslo_service.service [req-7e1620fa-189d-4daf-9d95-4387d4a257f5 - - - - -] api_database.slave_connection = **** log_opt_values /usr/lib/python3/dist-packages/oslo_config/cfg.py:2609
2025-07-17 00:41:18.488 163461 DEBUG oslo_service.service [req-7e1620fa-189d-4daf-9d95-4387d4a257f5 - - - - -] api_database.sqlite_synchronous = True log_opt_values /usr/lib/python3/dist-packages/oslo_config/cfg.py:2609
2025-07-17 00:41:18.489 163461 DEBUG oslo_service.service [req-7e1620fa-189d-4daf-9d95-4387d4a257f5 - - - - -] devices.enabled_mdev_types = [] log_opt_values /usr/lib/python3/dist-packages/oslo_config/cfg.py:2609
2025-07-17 00:41:18.489 163461 DEBUG oslo_service.service [req-7e1620fa-189d-4daf-9d95-4387d4a257f5 - - - - -] ephemeral_storage_encryption.cipher = aes-xts-plain64 log_opt_values /usr/lib/python3/dist-packages/oslo_config/cfg.py:2609
2025-07-17 00:41:18.489 163461 DEBUG oslo_service.service [req-7e1620fa-189d-4daf-9d95-4387d4a257f5 - - - - -] ephemeral_storage_encryption.enabled = False log_opt_values /usr/lib/python3/dist-packages/oslo_config/cfg.py:2609
2025-07-17 00:41:18.490 163461 DEBUG oslo_service.service [req-7e1620fa-189d-4daf-9d95-4387d4a257f5 - - - - -] ephemeral_storage_encryption.key_size = 512 log_opt_values /usr/lib/python3/dist-packages/oslo_config/cfg.py:2609
2025-07-17 00:41:18.490 163461 WARNING oslo_config.cfg [req-7e1620fa-189d-4daf-9d95-4387d4a257f5 - - - - -] Deprecated: Option "api_servers" from group "glance" is deprecated for removal ( Support for image service configuration via standard keystoneauth1 Adapter options was added in the 17.0.0 Queens release. The api_servers option was retained temporarily to allow consumers time to cut over to a real load balancing solution. ). Its value may be silently ignored in the future.
2025-07-17 00:41:18.490 163461 DEBUG oslo_service.service [req-7e1620fa-189d-4daf-9d95-4387d4a257f5 - - - - -] glance.api_servers = ['http://252.56.181.67:9292'] log_opt_values /usr/lib/python3/dist-packages/oslo_config/cfg.py:2609
2025-07-17 00:41:18.491 163461 DEBUG oslo_service.service [req-7e1620fa-189d-4daf-9d95-4387d4a257f5 - - - - -] glance.cafile = None log_opt_values /usr/lib/python3/dist-packages/oslo_config/cfg.py:2609
2025-07-17 00:41:18.491 163461 DEBUG oslo_service.service [req-7e1620fa-189d-4daf-9d95-4387d4a257f5 - - - - -] glance.certfile = None log_opt_values /usr/lib/python3/dist-packages/oslo_config/cfg.py:2609
2025-07-17 00:41:18.491 163461 DEBUG oslo_service.service [req-7e1620fa-189d-4daf-9d95-4387d4a257f5 - - - - -] glance.collect_timing = False log_opt_values /usr/lib/python3/dist-packages/oslo_config/cfg.py:2609
2025-07-17 00:41:18.491 163461 DEBUG oslo_service.service [req-7e1620fa-189d-4daf-9d95-4387d4a257f5 - - - - -] glance.connect_retries = None log_opt_values /usr/lib/python3/dist-packages/oslo_config/cfg.py:2609
2025-07-17 00:41:18.492 163461 DEBUG oslo_service.service [req-7e1620fa-189d-4daf-9d95-4387d4a257f5 - - - - -] glance.connect_retry_delay = None log_opt_values /usr/lib/python3/dist-packages/oslo_config/cfg.py:2609
2025-07-17 00:41:18.492 163461 DEBUG oslo_service.service [req-7e1620fa-189d-4daf-9d95-4387d4a257f5 - - - - -] glance.debug = False log_opt_values /usr/lib/python3/dist-packages/oslo_config/cfg.py:2609
2025-07-17 00:41:18.492 163461 DEBUG oslo_service.service [req-7e1620fa-189d-4daf-9d95-4387d4a257f5 - - - - -] glance.default_trusted_certificate_ids = [] log_opt_values /usr/lib/python3/dist-packages/oslo_config/cfg.py:2609
2025-07-17 00:41:18.492 163461 DEBUG oslo_service.service [req-7e1620fa-189d-4daf-9d95-4387d4a257f5 - - - - -] glance.enable_certificate_validation = False log_opt_values /usr/lib/python3/dist-packages/oslo_config/cfg.py:2609
2025-07-17 00:41:18.493 163461 DEBUG oslo_service.service [req-7e1620fa-189d-4daf-9d95-4387d4a257f5 - - - - -] glance.enable_rbd_download = False log_opt_values /usr/lib/python3/dist-packages/oslo_config/cfg.py:2609
2025-07-17 00:41:18.493 163461 DEBUG oslo_service.service [req-7e1620fa-189d-4daf-9d95-4387d4a257f5 - - - - -] glance.endpoint_override = None log_opt_values /usr/lib/python3/dist-packages/oslo_config/cfg.py:2609
2025-07-17 00:41:18.493 163461 DEBUG oslo_service.service [req-7e1620fa-189d-4daf-9d95-4387d4a257f5 - - - - -] glance.insecure = False log_opt_values /usr/lib/python3/dist-packages/oslo_config/cfg.py:2609
2025-07-17 00:41:18.493 163461 DEBUG oslo_service.service [req-7e1620fa-189d-4daf-9d95-4387d4a257f5 - - - - -] glance.keyfile = None log_opt_values /usr/lib/python3/dist-packages/oslo_config/cfg.py:2609
2025-07-17 00:41:18.494 163461 DEBUG oslo_service.service [req-7e1620fa-189d-4daf-9d95-4387d4a257f5 - - - - -] glance.max_version = None log_opt_values /usr/lib/python3/dist-packages/oslo_config/cfg.py:2609
2025-07-17 00:41:18.494 163461 DEBUG oslo_service.service [req-7e1620fa-189d-4daf-9d95-4387d4a257f5 - - - - -] glance.min_version = None log_opt_values /usr/lib/python3/dist-packages/oslo_config/cfg.py:2609
2025-07-17 00:41:18.495 163461 DEBUG oslo_service.service [req-7e1620fa-189d-4daf-9d95-4387d4a257f5 - - - - -] glance.num_retries = 3 log_opt_values /usr/lib/python3/dist-packages/oslo_config/cfg.py:2609
2025-07-17 00:41:18.495 163461 DEBUG oslo_service.service [req-7e1620fa-189d-4daf-9d95-4387d4a257f5 - - - - -] glance.rbd_ceph_conf = log_opt_values /usr/lib/python3/dist-packages/oslo_config/cfg.py:2609
2025-07-17 00:41:18.495 163461 DEBUG oslo_service.service [req-7e1620fa-189d-4daf-9d95-4387d4a257f5 - - - - -] glance.rbd_connect_timeout = 5 log_opt_values /usr/lib/python3/dist-packages/oslo_config/cfg.py:2609
