2025-07-17 00:39:24.327 126216 DEBUG oslo_service.service [req-830e89af-542d-44fa-a210-26a2f641fed7 - - - - -] quota.key_pairs = 100 log_opt_values /usr/lib/python3/dist-packages/oslo_config/cfg.py:2609
2025-07-17 00:39:24.327 126216 DEBUG oslo_service.service [req-830e89af-542d-44fa-a210-26a2f641fed7 - - - - -] quota.metadata_items = 128 log_opt_values /usr/lib/python3/dist-packages/oslo_config/cfg.py:2609
2025-07-17 00:39:24.327 126216 DEBUG oslo_service.service [req-830e89af-542d-44fa-a210-26a2f641fed7 - - - - -] quota.ram = 51200 log_opt_values /usr/lib/python3/dist-packages/oslo_config/cfg.py:2609
2025-07-17 00:39:24.327 126216 DEBUG oslo_service.service [req-830e89af-542d-44fa-a210-26a2f641fed7 - - - - -] quota.recheck_quota = True log_opt_values /usr/lib/python3/dist-packages/oslo_config/cfg.py:2609
2025-07-17 00:39:24.327 126216 DEBUG oslo_service.service [req-830e89af-542d-44fa-a210-26a2f641fed7 - - - - -] quota.server_group_members = 10 log_opt_values /usr/lib/python3/dist-packages/oslo_config/cfg.py:2609
2025-07-17 00:39:24.328 126216 DEBUG oslo_service.service [req-830e89af-542d-44fa-a210-26a2f641fed7 - - - - -] quota.server_groups = 10 log_opt_values /usr/lib/python3/dist-packages/oslo_config/cfg.py:2609
2025-07-17 00:39:24.328 126216 DEBUG oslo_service.service [req-830e89af-542d-44fa-a210-26a2f641fed7 - - - - -] rdp.enabled = False log_opt_values /usr/lib/python3/dist-packages/oslo_config/cfg.py:2609
2025-07-17 00:39:24.328 126216 DEBUG oslo_service.service [req-830e89af-542d-44fa-a210-26a2f641fed7 - - - - -] rdp.html5_proxy_base_url = http://127.0.0.1:6083/ log_opt_values /usr/lib/python3/dist-packages/oslo_config/cfg.py:2609
2025-07-17 00:39:24.329 126216 DEBUG oslo_service.service [req-830e89af-542d-44fa-a210-26a2f641fed7 - - - - -] scheduler.discover_hosts_in_cells_interval = 30 log_opt_values /usr/lib/python3/dist-packages/oslo_config/cfg.py:2609
2025-07-17 00:39:24.329 126216 DEBUG oslo_service.service [req-830e89af-542d-44fa-a210-26a2f641fed7 - - - - -] scheduler.enable_isolated_aggregate_filtering = False log_opt_values /usr/lib/python3/dist-packages/oslo_config/cfg.py:2609
2025-07-17 00:39:24.329 126216 DEBUG oslo_service.service [req-830e89af-542d-44fa-a210-26a2f641fed7 - - - - -] scheduler.image_metadata_prefilter = False log_opt_values /usr/lib/python3/dist-packages/oslo_config/cfg.py:2609
2025-07-17 00:39:24.329 126216 DEBUG oslo_service.service [req-830e89af-542d-44fa-a210-26a2f641fed7 - - - - -] scheduler.limit_tenants_to_placement_aggregate = False log_opt_values /usr/lib/python3/dist-packages/oslo_config/cfg.py:2609
2025-07-17 00:39:24.329 126216 DEBUG oslo_service.service [req-830e89af-542d-44fa-a210-26a2f641fed7 - - - - -] scheduler.max_attempts = 3 log_opt_values /usr/lib/python3/dist-packages/oslo_config/cfg.py:2609
2025-07-17 00:39:24.330 126216 DEBUG oslo_service.service [req-830e89af-542d-44fa-a210-26a2f641fed7 - - - - -] scheduler.max_placement_results = 1000 log_opt_values /usr/lib/python3/dist-packages/oslo_config/cfg.py:2609
2025-07-17 00:39:24.330 126216 DEBUG oslo_service.service [req-830e89af-542d-44fa-a210-26a2f641fed7 - - - - -] scheduler.placement_aggregate_required_for_tenants = False log_opt_values /usr/lib/python3/dist-packages/oslo_config/cfg.py:2609
2025-07-17 00:39:24.330 126216 DEBUG oslo_service.service [req-830e89af-542d-44fa-a210-26a2f641fed7 - - - - -] scheduler.query_placement_for_availability_zone = True log_opt_values /usr/lib/python3/dist-packages/oslo_config/cfg.py:2609
2025-07-17 00:39:24.330 126216 DEBUG oslo_service.service [req-830e89af-542d-44fa-a210-26a2f641fed7 - - - - -] scheduler.query_placement_for_image_type_support = False log_opt_values /usr/lib/python3/dist-packages/oslo_config/cfg.py:2609
2025-07-17 00:39:24.331 126216 DEBUG oslo_service.service [req-830e89af-542d-44fa-a210-26a2f641fed7 - - - - -] scheduler.query_placement_for_routed_network_aggregates = False log_opt_values /usr/lib/python3/dist-packages/oslo_config/cfg.py:2609
2025-07-17 00:39:24.331 126216 DEBUG oslo_service.service [req-830e89af-542d-44fa-a210-26a2f641fed7 - - - - -] scheduler.workers = 4 log_opt_values /usr/lib/python3/dist-packages/oslo_config/cfg.py:2609
2025-07-17 00:39:24.331 126216 DEBUG oslo_service.service [req-830e89af-542d-44fa-a210-26a2f641fed7 - - - - -] filter_scheduler.aggregate_image_properties_isolation_namespace = None log_opt_values /usr/lib/python3/dist-packages/oslo_config/cfg.py:2609
2025-07-17 00:39:24.331 126216 DEBUG oslo_service.service [req-830e89af-542d-44fa-a210-26a2f641fed7 - - - - -] filter_scheduler.aggregate_image_properties_isolation_separator = . log_opt_values /usr/lib/python3/dist-packages/oslo_config/cfg.py:2609
2025-07-17 00:39:24.331 126216 DEBUG oslo_service.service [req-830e89af-542d-44fa-a210-26a2f641fed7 - - - - -] filter_scheduler.available_filters = ['nova.scheduler.filters.all_filters'] log_opt_values /usr/lib/python3/dist-packages/oslo_config/cfg.py:2609
2025-07-17 00:39:24.332 126216 DEBUG oslo_service.service [req-830e89af-542d-44fa-a210-26a2f641fed7 - - - - -] filter_scheduler.build_failure_weight_multiplier = 0.0 log_opt_values /usr/lib/python3/dist-packages/oslo_config/cfg.py:2609
2025-07-17 00:39:24.332 126216 DEBUG oslo_service.service [req-830e89af-542d-44fa-a210-26a2f641fed7 - - - - -] filter_scheduler.cpu_weight_multiplier = 1.0 log_opt_values /usr/lib/python3/dist-packages/oslo_config/cfg.py:2609
2025-07-17 00:39:24.332 126216 DEBUG oslo_service.service [req-830e89af-542d-44fa-a210-26a2f641fed7 - - - - -] filter_scheduler.cross_cell_move_weight_multiplier = 1000000.0 log_opt_values /usr/lib/python3/dist-packages/oslo_config/cfg.py:2609
2025-07-17 00:39:24.356 126216 DEBUG oslo_service.service [req-830e89af-542d-44fa-a210-26a2f641fed7 - - - - -] filter_scheduler.disk_weight_multiplier = 1.0 log_opt_values /usr/lib/python3/dist-packages/oslo_config/cfg.py:2609
2025-07-17 00:39:24.357 126216 DEBUG oslo_service.service [req-830e89af-542d-44fa-a210-26a2f641fed7 - - - - -] filter_scheduler.enabled_filters = ['AvailabilityZoneFilter', 'ComputeFilter', 'ComputeCapabilitiesFilter', 'ImagePropertiesFilter', 'ServerGroupAntiAffinityFilter', 'ServerGroupAffinityFilter', 'DifferentHostFilter', 'SameHostFilter'] log_opt_values /usr/lib/python3/dist-packages/oslo_config/cfg.py:2609
2025-07-17 00:39:24.358 126216 DEBUG oslo_service.service [req-830e89af-542d-44fa-a210-26a2f641fed7 - - - - -] filter_scheduler.host_subset_size = 1 log_opt_values /usr/lib/python3/dist-packages/oslo_config/cfg.py:2609
2025-07-17 00:39:24.358 126216 DEBUG oslo_service.service [req-830e89af-542d-44fa-a210-26a2f641fed7 - - - - -] filter_scheduler.image_properties_default_architecture = None log_opt_values /usr/lib/python3/dist-packages/oslo_config/cfg.py:2609
2025-07-17 00:39:24.364 126216 DEBUG oslo_service.service [req-830e89af-542d-44fa-a210-26a2f641fed7 - - - - -] filter_scheduler.io_ops_weight_multiplier = -1.0 log_opt_values /usr/lib/python3/dist-packages/oslo_config/cfg.py:2609
2025-07-17 00:39:24.364 126216 DEBUG oslo_service.service [req-830e89af-542d-44fa-a210-26a2f641fed7 - - - - -] filter_scheduler.isolated_hosts = [] log_opt_values /usr/lib/python3/dist-packages/oslo_config/cfg.py:2609
2025-07-17 00:39:24.364 126216 DEBUG oslo_service.service [req-830e89af-542d-44fa-a210-26a2f641fed7 - - - - -] filter_scheduler.isolated_images = [] log_opt_values /usr/lib/python3/dist-packages/oslo_config/cfg.py:2609
2025-07-17 00:39:24.364 126216 DEBUG oslo_service.service [req-830e89af-542d-44fa-a210-26a2f641fed7 - - - - -] filter_scheduler.max_instances_per_host = 50 log_opt_values /usr/lib/python3/dist-packages/oslo_config/cfg.py:2609
2025-07-17 00:39:24.365 126216 DEBUG oslo_service.service [req-830e89af-542d-44fa-a210-26a2f641fed7 - - - - -] filter_scheduler.max_io_ops_per_host = 8 log_opt_values /usr/lib/python3/dist-packages/oslo_config/cfg.py:2609
2025-07-17 00:39:24.365 126216 DEBUG oslo_service.service [req-830e89af-542d-44fa-a210-26a2f641fed7 - - - - -] filter_scheduler.pci_weight_multiplier = 1.0 log_opt_values /usr/lib/python3/dist-packages/oslo_config/cfg.py:2609
2025-07-17 00:39:24.367 126216 DEBUG oslo_service.service [req-830e89af-542d-44fa-a210-26a2f641fed7 - - - - -] filter_scheduler.ram_weight_multiplier = 1.0 log_opt_values /usr/lib/python3/dist-packages/oslo_config/cfg.py:2609
2025-07-17 00:39:24.367 126216 DEBUG oslo_service.service [req-830e89af-542d-44fa-a210-26a2f641fed7 - - - - -] filter_scheduler.restrict_isolated_hosts_to_isolated_images = True log_opt_values /usr/lib/python3/dist-packages/oslo_config/cfg.py:2609
2025-07-17 00:39:24.367 126216 DEBUG oslo_service.service [req-830e89af-542d-44fa-a210-26a2f641fed7 - - - - -] filter_scheduler.shuffle_best_same_weighed_hosts = False log_opt_values /usr/lib/python3/dist-packages/oslo_config/cfg.py:2609
2025-07-17 00:39:24.367 126216 DEBUG oslo_service.service [req-830e89af-542d-44fa-a210-26a2f641fed7 - - - - -] filter_scheduler.soft_affinity_weight_multiplier = 1.0 log_opt_values /usr/lib/python3/dist-packages/oslo_config/cfg.py:2609
2025-07-17 00:39:24.368 126216 DEBUG oslo_service.service [req-830e89af-542d-44fa-a210-26a2f641fed7 - - - - -] filter_scheduler.soft_anti_affinity_weight_multiplier = 1.0 log_opt_values /usr/lib/python3/dist-packages/oslo_config/cfg.py:2609
2025-07-17 00:39:24.368 126216 DEBUG oslo_service.service [req-830e89af-542d-44fa-a210-26a2f641fed7 - - - - -] filter_scheduler.track_instance_changes = True log_opt_values /usr/lib/python3/dist-packages/oslo_config/cfg.py:2609
2025-07-17 00:39:24.369 126216 DEBUG oslo_service.service [req-830e89af-542d-44fa-a210-26a2f641fed7 - - - - -] filter_scheduler.weight_classes = ['nova.scheduler.weights.all_weighers'] log_opt_values /usr/lib/python3/dist-packages/oslo_config/cfg.py:2609
2025-07-17 00:39:24.369 126963 DEBUG nova.service [req-e47f929c-365b-410a-acf8-a0df8c9419d8 - - - - -] Creating RPC server for service conductor start /usr/lib/python3/dist-packages/nova/service.py:182
2025-07-17 00:39:24.369 126216 DEBUG oslo_service.service [req-830e89af-542d-44fa-a210-26a2f641fed7 - - - - -] metrics.required = True log_opt_values /usr/lib/python3/dist-packages/oslo_config/cfg.py:2609
2025-07-17 00:39:24.369 126216 DEBUG oslo_service.service [req-830e89af-542d-44fa-a210-26a2f641fed7 - - - - -] metrics.weight_multiplier = 1.0 log_opt_values /usr/lib/python3/dist-packages/oslo_config/cfg.py:2609
2025-07-17 00:39:24.369 126216 DEBUG oslo_service.service [req-830e89af-542d-44fa-a210-26a2f641fed7 - - - - -] metrics.weight_of_unavailable = -10000.0 log_opt_values /usr/lib/python3/dist-packages/oslo_config/cfg.py:2609
2025-07-17 00:39:24.370 126216 DEBUG oslo_service.service [req-830e89af-542d-44fa-a210-26a2f641fed7 - - - - -] metrics.weight_setting = [] log_opt_values /usr/lib/python3/dist-packages/oslo_config/cfg.py:2609
2025-07-17 00:39:24.370 126216 DEBUG oslo_service.service [req-830e89af-542d-44fa-a210-26a2f641fed7 - - - - -] serial_console.base_url = wss://252.56.245.56:6083/ log_opt_values /usr/lib/python3/dist-packages/oslo_config/cfg.py:2609
2025-07-17 00:39:24.381 126216 DEBUG oslo_service.service [req-830e89af-542d-44fa-a210-26a2f641fed7 - - - - -] serial_console.enabled = False log_opt_values /usr/lib/python3/dist-packages/oslo_config/cfg.py:2609
2025-07-17 00:39:24.386 126216 DEBUG oslo_service.service [req-830e89af-542d-44fa-a210-26a2f641fed7 - - - - -] serial_console.port_range = 10000:20000 log_opt_values /usr/lib/python3/dist-packages/oslo_config/cfg.py:2609
2025-07-17 00:39:24.386 126964 DEBUG nova.service [req-813571d1-9c77-49de-bc7e-d28079a3e33d - - - - -] Creating RPC server for service conductor start /usr/lib/python3/dist-packages/nova/service.py:182
2025-07-17 00:39:24.386 126216 DEBUG oslo_service.service [req-830e89af-542d-44fa-a210-26a2f641fed7 - - - - -] serial_console.proxyclient_address = 127.0.0.1 log_opt_values /usr/lib/python3/dist-packages/oslo_config/cfg.py:2609
2025-07-17 00:39:24.386 126216 DEBUG oslo_service.service [req-830e89af-542d-44fa-a210-26a2f641fed7 - - - - -] serial_console.serialproxy_host = 0.0.0.0 log_opt_values /usr/lib/python3/dist-packages/oslo_config/cfg.py:2609
2025-07-17 00:39:24.387 126216 DEBUG oslo_service.service [req-830e89af-542d-44fa-a210-26a2f641fed7 - - - - -] serial_console.serialproxy_port = 6083 log_opt_values /usr/lib/python3/dist-packages/oslo_config/cfg.py:2609
2025-07-17 00:39:24.387 126216 DEBUG oslo_service.service [req-830e89af-542d-44fa-a210-26a2f641fed7 - - - - -] service_user.auth_section = None log_opt_values /usr/lib/python3/dist-packages/oslo_config/cfg.py:2609
2025-07-17 00:39:24.387 126216 DEBUG oslo_service.service [req-830e89af-542d-44fa-a210-26a2f641fed7 - - - - -] service_user.auth_type = password log_opt_values /usr/lib/python3/dist-packages/oslo_config/cfg.py:2609
2025-07-17 00:39:24.387 126216 DEBUG oslo_service.service [req-830e89af-542d-44fa-a210-26a2f641fed7 - - - - -] service_user.cafile = None log_opt_values /usr/lib/python3/dist-packages/oslo_config/cfg.py:2609
2025-07-17 00:39:24.388 126962 DEBUG nova.service [req-2acb535f-4629-4f1a-905e-1305c5d727b5 - - - - -] Creating RPC server for service conductor start /usr/lib/python3/dist-packages/nova/service.py:182
2025-07-17 00:39:24.388 126216 DEBUG oslo_service.service [req-830e89af-542d-44fa-a210-26a2f641fed7 - - - - -] service_user.certfile = None log_opt_values /usr/lib/python3/dist-packages/oslo_config/cfg.py:2609
2025-07-17 00:39:24.387 126969 DEBUG nova.service [req-bb938eb3-d171-41c4-bc61-3625ea6783ed - - - - -] Creating RPC server for service conductor start /usr/lib/python3/dist-packages/nova/service.py:182
2025-07-17 00:39:24.391 126216 DEBUG oslo_service.service [req-830e89af-542d-44fa-a210-26a2f641fed7 - - - - -] service_user.collect_timing = False log_opt_values /usr/lib/python3/dist-packages/oslo_config/cfg.py:2609
2025-07-17 00:39:24.392 126216 DEBUG oslo_service.service [req-830e89af-542d-44fa-a210-26a2f641fed7 - - - - -] service_user.insecure = False log_opt_values /usr/lib/python3/dist-packages/oslo_config/cfg.py:2609
2025-07-17 00:39:24.392 126216 DEBUG oslo_service.service [req-830e89af-542d-44fa-a210-26a2f641fed7 - - - - -] service_user.keyfile = None log_opt_values /usr/lib/python3/dist-packages/oslo_config/cfg.py:2609
2025-07-17 00:39:24.393 126216 DEBUG oslo_service.service [req-830e89af-542d-44fa-a210-26a2f641fed7 - - - - -] service_user.send_service_user_token = True log_opt_values /usr/lib/python3/dist-packages/oslo_config/cfg.py:2609
2025-07-17 00:39:24.393 126216 DEBUG oslo_service.service [req-830e89af-542d-44fa-a210-26a2f641fed7 - - - - -] service_user.split_loggers = False log_opt_values /usr/lib/python3/dist-packages/oslo_config/cfg.py:2609
2025-07-17 00:39:24.395 126216 DEBUG oslo_service.service [req-830e89af-542d-44fa-a210-26a2f641fed7 - - - - -] service_user.timeout = None log_opt_values /usr/lib/python3/dist-packages/oslo_config/cfg.py:2609
2025-07-17 00:39:24.406 126216 DEBUG oslo_service.service [req-830e89af-542d-44fa-a210-26a2f641fed7 - - - - -] spice.agent_enabled = True log_opt_values /usr/lib/python3/dist-packages/oslo_config/cfg.py:2609
2025-07-17 00:39:24.410 126216 DEBUG oslo_service.service [req-830e89af-542d-44fa-a210-26a2f641fed7 - - - - -] spice.enabled = False log_opt_values /usr/lib/python3/dist-packages/oslo_config/cfg.py:2609
2025-07-17 00:39:24.410 126216 DEBUG oslo_service.service [req-830e89af-542d-44fa-a210-26a2f641fed7 - - - - -] spice.html5proxy_base_url = http://127.0.0.1:6082/spice_auto.html log_opt_values /usr/lib/python3/dist-packages/oslo_config/cfg.py:2609
2025-07-17 00:39:24.417 126216 DEBUG oslo_service.service [req-830e89af-542d-44fa-a210-26a2f641fed7 - - - - -] spice.html5proxy_host = 0.0.0.0 log_opt_values /usr/lib/python3/dist-packages/oslo_config/cfg.py:2609
2025-07-17 00:39:24.420 126216 DEBUG oslo_service.service [req-830e89af-542d-44fa-a210-26a2f641fed7 - - - - -] spice.html5proxy_port = 6082 log_opt_values /usr/lib/python3/dist-packages/oslo_config/cfg.py:2609
2025-07-17 00:39:24.422 126216 DEBUG oslo_service.service [req-830e89af-542d-44fa-a210-26a2f641fed7 - - - - -] spice.server_listen = 127.0.0.1 log_opt_values /usr/lib/python3/dist-packages/oslo_config/cfg.py:2609
2025-07-17 00:39:24.424 126216 DEBUG oslo_service.service [req-830e89af-542d-44fa-a210-26a2f641fed7 - - - - -] spice.server_proxyclient_address = 127.0.0.1 log_opt_values /usr/lib/python3/dist-packages/oslo_config/cfg.py:2609
2025-07-17 00:39:24.424 126216 DEBUG oslo_service.service [req-830e89af-542d-44fa-a210-26a2f641fed7 - - - - -] upgrade_levels.baseapi = None log_opt_values /usr/lib/python3/dist-packages/oslo_config/cfg.py:2609
2025-07-17 00:39:24.425 126216 DEBUG oslo_service.service [req-830e89af-542d-44fa-a210-26a2f641fed7 - - - - -] upgrade_levels.cert = None log_opt_values /usr/lib/python3/dist-packages/oslo_config/cfg.py:2609
2025-07-17 00:39:24.426 126216 DEBUG oslo_service.service [req-830e89af-542d-44fa-a210-26a2f641fed7 - - - - -] upgrade_levels.compute = auto log_opt_values /usr/lib/python3/dist-packages/oslo_config/cfg.py:2609
2025-07-17 00:39:24.426 126216 DEBUG oslo_service.service [req-830e89af-542d-44fa-a210-26a2f641fed7 - - - - -] upgrade_levels.conductor = None log_opt_values /usr/lib/python3/dist-packages/oslo_config/cfg.py:2609
2025-07-17 00:39:24.426 126216 DEBUG oslo_service.service [req-830e89af-542d-44fa-a210-26a2f641fed7 - - - - -] upgrade_levels.scheduler = None log_opt_values /usr/lib/python3/dist-packages/oslo_config/cfg.py:2609
2025-07-17 00:39:24.427 126216 DEBUG oslo_service.service [req-830e89af-542d-44fa-a210-26a2f641fed7 - - - - -] vendordata_dynamic_auth.auth_section = None log_opt_values /usr/lib/python3/dist-packages/oslo_config/cfg.py:2609
2025-07-17 00:39:24.427 126216 DEBUG oslo_service.service [req-830e89af-542d-44fa-a210-26a2f641fed7 - - - - -] vendordata_dynamic_auth.auth_type = None log_opt_values /usr/lib/python3/dist-packages/oslo_config/cfg.py:2609
2025-07-17 00:39:24.427 126216 DEBUG oslo_service.service [req-830e89af-542d-44fa-a210-26a2f641fed7 - - - - -] vendordata_dynamic_auth.cafile = None log_opt_values /usr/lib/python3/dist-packages/oslo_config/cfg.py:2609
2025-07-17 00:39:24.427 126216 DEBUG oslo_service.service [req-830e89af-542d-44fa-a210-26a2f641fed7 - - - - -] vendordata_dynamic_auth.certfile = None log_opt_values /usr/lib/python3/dist-packages/oslo_config/cfg.py:2609
2025-07-17 00:39:24.428 126216 DEBUG oslo_service.service [req-830e89af-542d-44fa-a210-26a2f641fed7 - - - - -] vendordata_dynamic_auth.collect_timing = False log_opt_values /usr/lib/python3/dist-packages/oslo_config/cfg.py:2609
2025-07-17 00:39:24.428 126216 DEBUG oslo_service.service [req-830e89af-542d-44fa-a210-26a2f641fed7 - - - - -] vendordata_dynamic_auth.insecure = False log_opt_values /usr/lib/python3/dist-packages/oslo_config/cfg.py:2609
2025-07-17 00:39:24.428 126216 DEBUG oslo_service.service [req-830e89af-542d-44fa-a210-26a2f641fed7 - - - - -] vendordata_dynamic_auth.keyfile = None log_opt_values /usr/lib/python3/dist-packages/oslo_config/cfg.py:2609
2025-07-17 00:39:24.429 126216 DEBUG oslo_service.service [req-830e89af-542d-44fa-a210-26a2f641fed7 - - - - -] vendordata_dynamic_auth.split_loggers = False log_opt_values /usr/lib/python3/dist-packages/oslo_config/cfg.py:2609
2025-07-17 00:39:24.429 126216 DEBUG oslo_service.service [req-830e89af-542d-44fa-a210-26a2f641fed7 - - - - -] vendordata_dynamic_auth.timeout = None log_opt_values /usr/lib/python3/dist-packages/oslo_config/cfg.py:2609
2025-07-17 00:39:24.429 126216 DEBUG oslo_service.service [req-830e89af-542d-44fa-a210-26a2f641fed7 - - - - -] vmware.api_retry_count = 10 log_opt_values /usr/lib/python3/dist-packages/oslo_config/cfg.py:2609
2025-07-17 00:39:24.429 126216 DEBUG oslo_service.service [req-830e89af-542d-44fa-a210-26a2f641fed7 - - - - -] vmware.ca_file = None log_opt_values /usr/lib/python3/dist-packages/oslo_config/cfg.py:2609
2025-07-17 00:39:24.430 126216 DEBUG oslo_service.service [req-830e89af-542d-44fa-a210-26a2f641fed7 - - - - -] vmware.cache_prefix = None log_opt_values /usr/lib/python3/dist-packages/oslo_config/cfg.py:2609
2025-07-17 00:39:24.430 126216 DEBUG oslo_service.service [req-830e89af-542d-44fa-a210-26a2f641fed7 - - - - -] vmware.cluster_name = None log_opt_values /usr/lib/python3/dist-packages/oslo_config/cfg.py:2609
2025-07-17 00:39:24.430 126216 DEBUG oslo_service.service [req-830e89af-542d-44fa-a210-26a2f641fed7 - - - - -] vmware.connection_pool_size = 10 log_opt_values /usr/lib/python3/dist-packages/oslo_config/cfg.py:2609
2025-07-17 00:39:24.432 126216 DEBUG oslo_service.service [req-830e89af-542d-44fa-a210-26a2f641fed7 - - - - -] vmware.console_delay_seconds = None log_opt_values /usr/lib/python3/dist-packages/oslo_config/cfg.py:2609
2025-07-17 00:39:24.433 126216 DEBUG oslo_service.service [req-830e89af-542d-44fa-a210-26a2f641fed7 - - - - -] vmware.datastore_regex = None log_opt_values /usr/lib/python3/dist-packages/oslo_config/cfg.py:2609
2025-07-17 00:39:24.433 126216 DEBUG oslo_service.service [req-830e89af-542d-44fa-a210-26a2f641fed7 - - - - -] vmware.host_ip = None log_opt_values /usr/lib/python3/dist-packages/oslo_config/cfg.py:2609
2025-07-17 00:39:24.433 126216 DEBUG oslo_service.service [req-830e89af-542d-44fa-a210-26a2f641fed7 - - - - -] vmware.host_password = **** log_opt_values /usr/lib/python3/dist-packages/oslo_config/cfg.py:2609
2025-07-17 00:39:24.433 126216 DEBUG oslo_service.service [req-830e89af-542d-44fa-a210-26a2f641fed7 - - - - -] vmware.host_port = 443 log_opt_values /usr/lib/python3/dist-packages/oslo_config/cfg.py:2609
2025-07-17 00:39:24.433 126216 DEBUG oslo_service.service [req-830e89af-542d-44fa-a210-26a2f641fed7 - - - - -] vmware.host_username = None log_opt_values /usr/lib/python3/dist-packages/oslo_config/cfg.py:2609
2025-07-17 00:39:24.434 126216 DEBUG oslo_service.service [req-830e89af-542d-44fa-a210-26a2f641fed7 - - - - -] vmware.insecure = False log_opt_values /usr/lib/python3/dist-packages/oslo_config/cfg.py:2609
2025-07-17 00:39:24.434 126216 DEBUG oslo_service.service [req-830e89af-542d-44fa-a210-26a2f641fed7 - - - - -] vmware.integration_bridge = None log_opt_values /usr/lib/python3/dist-packages/oslo_config/cfg.py:2609
2025-07-17 00:39:24.434 126216 DEBUG oslo_service.service [req-830e89af-542d-44fa-a210-26a2f641fed7 - - - - -] vmware.maximum_objects = 100 log_opt_values /usr/lib/python3/dist-packages/oslo_config/cfg.py:2609
2025-07-17 00:39:24.434 126216 DEBUG oslo_service.service [req-830e89af-542d-44fa-a210-26a2f641fed7 - - - - -] vmware.pbm_default_policy = None log_opt_values /usr/lib/python3/dist-packages/oslo_config/cfg.py:2609
2025-07-17 00:39:24.435 126216 DEBUG oslo_service.service [req-830e89af-542d-44fa-a210-26a2f641fed7 - - - - -] vmware.pbm_enabled = False log_opt_values /usr/lib/python3/dist-packages/oslo_config/cfg.py:2609
2025-07-17 00:39:24.435 126216 DEBUG oslo_service.service [req-830e89af-542d-44fa-a210-26a2f641fed7 - - - - -] vmware.pbm_wsdl_location = None log_opt_values /usr/lib/python3/dist-packages/oslo_config/cfg.py:2609
2025-07-17 00:39:24.435 126216 DEBUG oslo_service.service [req-830e89af-542d-44fa-a210-26a2f641fed7 - - - - -] vmware.serial_log_dir = /opt/vmware/vspc log_opt_values /usr/lib/python3/dist-packages/oslo_config/cfg.py:2609
2025-07-17 00:39:24.435 126216 DEBUG oslo_service.service [req-830e89af-542d-44fa-a210-26a2f641fed7 - - - - -] vmware.serial_port_proxy_uri = None log_opt_values /usr/lib/python3/dist-packages/oslo_config/cfg.py:2609
2025-07-17 00:39:24.435 126216 DEBUG oslo_service.service [req-830e89af-542d-44fa-a210-26a2f641fed7 - - - - -] vmware.serial_port_service_uri = None log_opt_values /usr/lib/python3/dist-packages/oslo_config/cfg.py:2609
2025-07-17 00:39:24.436 126216 DEBUG oslo_service.service [req-830e89af-542d-44fa-a210-26a2f641fed7 - - - - -] vmware.task_poll_interval = 0.5 log_opt_values /usr/lib/python3/dist-packages/oslo_config/cfg.py:2609
2025-07-17 00:39:24.436 126216 DEBUG oslo_service.service [req-830e89af-542d-44fa-a210-26a2f641fed7 - - - - -] vmware.use_linked_clone = True log_opt_values /usr/lib/python3/dist-packages/oslo_config/cfg.py:2609
2025-07-17 00:39:24.436 126216 DEBUG oslo_service.service [req-830e89af-542d-44fa-a210-26a2f641fed7 - - - - -] vmware.vnc_keymap = en-us log_opt_values /usr/lib/python3/dist-packages/oslo_config/cfg.py:2609
2025-07-17 00:39:24.438 126216 DEBUG oslo_service.service [req-830e89af-542d-44fa-a210-26a2f641fed7 - - - - -] vmware.vnc_port = 5900 log_opt_values /usr/lib/python3/dist-packages/oslo_config/cfg.py:2609
2025-07-17 00:39:24.438 126216 DEBUG oslo_service.service [req-830e89af-542d-44fa-a210-26a2f641fed7 - - - - -] vmware.vnc_port_total = 10000 log_opt_values /usr/lib/python3/dist-packages/oslo_config/cfg.py:2609
2025-07-17 00:39:24.439 126216 DEBUG oslo_service.service [req-830e89af-542d-44fa-a210-26a2f641fed7 - - - - -] vnc.auth_schemes = ['none'] log_opt_values /usr/lib/python3/dist-packages/oslo_config/cfg.py:2609
2025-07-17 00:39:24.439 126216 DEBUG oslo_service.service [req-830e89af-542d-44fa-a210-26a2f641fed7 - - - - -] vnc.enabled = True log_opt_values /usr/lib/python3/dist-packages/oslo_config/cfg.py:2609
2025-07-17 00:39:24.439 126216 DEBUG oslo_service.service [req-830e89af-542d-44fa-a210-26a2f641fed7 - - - - -] vnc.novncproxy_base_url = http://127.0.0.1:6080/vnc_auto.html log_opt_values /usr/lib/python3/dist-packages/oslo_config/cfg.py:2609
2025-07-17 00:39:24.440 126216 DEBUG oslo_service.service [req-830e89af-542d-44fa-a210-26a2f641fed7 - - - - -] vnc.novncproxy_host = 0.0.0.0 log_opt_values /usr/lib/python3/dist-packages/oslo_config/cfg.py:2609
2025-07-17 00:39:24.441 126216 DEBUG oslo_service.service [req-830e89af-542d-44fa-a210-26a2f641fed7 - - - - -] vnc.novncproxy_port = 6080 log_opt_values /usr/lib/python3/dist-packages/oslo_config/cfg.py:2609
2025-07-17 00:39:24.441 126216 DEBUG oslo_service.service [req-830e89af-542d-44fa-a210-26a2f641fed7 - - - - -] vnc.server_listen = 127.0.0.1 log_opt_values /usr/lib/python3/dist-packages/oslo_config/cfg.py:2609
2025-07-17 00:39:24.441 126216 DEBUG oslo_service.service [req-830e89af-542d-44fa-a210-26a2f641fed7 - - - - -] vnc.server_proxyclient_address = 127.0.0.1 log_opt_values /usr/lib/python3/dist-packages/oslo_config/cfg.py:2609
2025-07-17 00:39:24.441 126216 DEBUG oslo_service.service [req-830e89af-542d-44fa-a210-26a2f641fed7 - - - - -] vnc.vencrypt_ca_certs = None log_opt_values /usr/lib/python3/dist-packages/oslo_config/cfg.py:2609
2025-07-17 00:39:24.442 126216 DEBUG oslo_service.service [req-830e89af-542d-44fa-a210-26a2f641fed7 - - - - -] vnc.vencrypt_client_cert = None log_opt_values /usr/lib/python3/dist-packages/oslo_config/cfg.py:2609
2025-07-17 00:39:24.442 126216 DEBUG oslo_service.service [req-830e89af-542d-44fa-a210-26a2f641fed7 - - - - -] vnc.vencrypt_client_key = None log_opt_values /usr/lib/python3/dist-packages/oslo_config/cfg.py:2609
2025-07-17 00:39:24.442 126216 DEBUG oslo_service.service [req-830e89af-542d-44fa-a210-26a2f641fed7 - - - - -] workarounds.disable_compute_service_check_for_ffu = False log_opt_values /usr/lib/python3/dist-packages/oslo_config/cfg.py:2609
2025-07-17 00:39:24.442 126216 DEBUG oslo_service.service [req-830e89af-542d-44fa-a210-26a2f641fed7 - - - - -] workarounds.disable_deep_image_inspection = False log_opt_values /usr/lib/python3/dist-packages/oslo_config/cfg.py:2609
2025-07-17 00:39:24.443 126216 DEBUG oslo_service.service [req-830e89af-542d-44fa-a210-26a2f641fed7 - - - - -] workarounds.disable_fallback_pcpu_query = False log_opt_values /usr/lib/python3/dist-packages/oslo_config/cfg.py:2609
2025-07-17 00:39:24.443 126216 DEBUG oslo_service.service [req-830e89af-542d-44fa-a210-26a2f641fed7 - - - - -] workarounds.disable_group_policy_check_upcall = False log_opt_values /usr/lib/python3/dist-packages/oslo_config/cfg.py:2609
2025-07-17 00:39:24.443 126216 DEBUG oslo_service.service [req-830e89af-542d-44fa-a210-26a2f641fed7 - - - - -] workarounds.disable_libvirt_livesnapshot = False log_opt_values /usr/lib/python3/dist-packages/oslo_config/cfg.py:2609
2025-07-17 00:39:24.443 126216 DEBUG oslo_service.service [req-830e89af-542d-44fa-a210-26a2f641fed7 - - - - -] workarounds.disable_rootwrap = False log_opt_values /usr/lib/python3/dist-packages/oslo_config/cfg.py:2609
2025-07-17 00:39:24.444 126216 DEBUG oslo_service.service [req-830e89af-542d-44fa-a210-26a2f641fed7 - - - - -] workarounds.enable_numa_live_migration = False log_opt_values /usr/lib/python3/dist-packages/oslo_config/cfg.py:2609
2025-07-17 00:39:24.443 126969 DEBUG oslo_messaging._drivers.amqpdriver [-] Listener is running poll /usr/lib/python3/dist-packages/oslo_messaging/_drivers/amqpdriver.py:343
2025-07-17 00:39:24.445 126969 DEBUG oslo_messaging._drivers.amqpdriver [-] AMQPListener connection consume poll /usr/lib/python3/dist-packages/oslo_messaging/_drivers/amqpdriver.py:357
2025-07-17 00:39:24.444 126216 DEBUG oslo_service.service [req-830e89af-542d-44fa-a210-26a2f641fed7 - - - - -] workarounds.enable_qemu_monitor_announce_self = False log_opt_values /usr/lib/python3/dist-packages/oslo_config/cfg.py:2609
2025-07-17 00:39:24.445 126216 DEBUG oslo_service.service [req-830e89af-542d-44fa-a210-26a2f641fed7 - - - - -] workarounds.ensure_libvirt_rbd_instance_dir_cleanup = False log_opt_values /usr/lib/python3/dist-packages/oslo_config/cfg.py:2609
2025-07-17 00:39:24.445 126216 DEBUG oslo_service.service [req-830e89af-542d-44fa-a210-26a2f641fed7 - - - - -] workarounds.handle_virt_lifecycle_events = True log_opt_values /usr/lib/python3/dist-packages/oslo_config/cfg.py:2609
2025-07-17 00:39:24.445 126216 DEBUG oslo_service.service [req-830e89af-542d-44fa-a210-26a2f641fed7 - - - - -] workarounds.libvirt_disable_apic = False log_opt_values /usr/lib/python3/dist-packages/oslo_config/cfg.py:2609
2025-07-17 00:39:24.446 126216 DEBUG oslo_service.service [req-830e89af-542d-44fa-a210-26a2f641fed7 - - - - -] workarounds.never_download_image_if_on_rbd = False log_opt_values /usr/lib/python3/dist-packages/oslo_config/cfg.py:2609
2025-07-17 00:39:24.446 126216 DEBUG oslo_service.service [req-830e89af-542d-44fa-a210-26a2f641fed7 - - - - -] workarounds.reserve_disk_resource_for_image_cache = False log_opt_values /usr/lib/python3/dist-packages/oslo_config/cfg.py:2609
2025-07-17 00:39:24.446 126963 DEBUG oslo_messaging._drivers.amqpdriver [-] Listener is running poll /usr/lib/python3/dist-packages/oslo_messaging/_drivers/amqpdriver.py:343
2025-07-17 00:39:24.446 126216 DEBUG oslo_service.service [req-830e89af-542d-44fa-a210-26a2f641fed7 - - - - -] workarounds.skip_cpu_compare_at_startup = False log_opt_values /usr/lib/python3/dist-packages/oslo_config/cfg.py:2609
2025-07-17 00:39:24.446 126216 DEBUG oslo_service.service [req-830e89af-542d-44fa-a210-26a2f641fed7 - - - - -] workarounds.skip_cpu_compare_on_dest = False log_opt_values /usr/lib/python3/dist-packages/oslo_config/cfg.py:2609
2025-07-17 00:39:24.446 126216 DEBUG oslo_service.service [req-830e89af-542d-44fa-a210-26a2f641fed7 - - - - -] workarounds.skip_hypervisor_version_check_on_lm = False log_opt_values /usr/lib/python3/dist-packages/oslo_config/cfg.py:2609
2025-07-17 00:39:24.447 126216 DEBUG oslo_service.service [req-830e89af-542d-44fa-a210-26a2f641fed7 - - - - -] workarounds.unified_limits_count_pcpu_as_vcpu = False log_opt_values /usr/lib/python3/dist-packages/oslo_config/cfg.py:2609
2025-07-17 00:39:24.447 126216 DEBUG oslo_service.service [req-830e89af-542d-44fa-a210-26a2f641fed7 - - - - -] workarounds.wait_for_vif_plugged_event_during_hard_reboot = [] log_opt_values /usr/lib/python3/dist-packages/oslo_config/cfg.py:2609
2025-07-17 00:39:24.447 126216 DEBUG oslo_service.service [req-830e89af-542d-44fa-a210-26a2f641fed7 - - - - -] wsgi.api_paste_config = /etc/nova/api-paste.ini log_opt_values /usr/lib/python3/dist-packages/oslo_config/cfg.py:2609
2025-07-17 00:39:24.447 126216 DEBUG oslo_service.service [req-830e89af-542d-44fa-a210-26a2f641fed7 - - - - -] wsgi.client_socket_timeout = 900 log_opt_values /usr/lib/python3/dist-packages/oslo_config/cfg.py:2609
2025-07-17 00:39:24.448 126216 DEBUG oslo_service.service [req-830e89af-542d-44fa-a210-26a2f641fed7 - - - - -] wsgi.default_pool_size = 1000 log_opt_values /usr/lib/python3/dist-packages/oslo_config/cfg.py:2609
2025-07-17 00:39:24.447 126969 DEBUG nova.service [req-bb938eb3-d171-41c4-bc61-3625ea6783ed - - - - -] Join ServiceGroup membership for this service conductor start /usr/lib/python3/dist-packages/nova/service.py:199
2025-07-17 00:39:24.448 126969 DEBUG nova.servicegroup.drivers.db [req-bb938eb3-d171-41c4-bc61-3625ea6783ed - - - - -] DB_Driver: join new ServiceGroup member juju-fc8307-0-lxd-7 to the conductor group, service = join /usr/lib/python3/dist-packages/nova/servicegroup/drivers/db.py:44
2025-07-17 00:39:24.448 126216 DEBUG oslo_service.service [req-830e89af-542d-44fa-a210-26a2f641fed7 - - - - -] wsgi.keep_alive = True log_opt_values /usr/lib/python3/dist-packages/oslo_config/cfg.py:2609
2025-07-17 00:39:24.449 126969 DEBUG oslo_messaging._drivers.amqpdriver [-] AMQPListener connection timeout poll /usr/lib/python3/dist-packages/oslo_messaging/_drivers/amqpdriver.py:360
2025-07-17 00:39:24.449 126969 DEBUG oslo_messaging._drivers.amqpdriver [-] Listener is running poll /usr/lib/python3/dist-packages/oslo_messaging/_drivers/amqpdriver.py:343
2025-07-17 00:39:24.449 126216 DEBUG oslo_service.service [req-830e89af-542d-44fa-a210-26a2f641fed7 - - - - -] wsgi.max_header_line = 16384 log_opt_values /usr/lib/python3/dist-packages/oslo_config/cfg.py:2609
2025-07-17 00:39:24.449 126969 DEBUG oslo_messaging._drivers.amqpdriver [-] AMQPListener connection consume poll /usr/lib/python3/dist-packages/oslo_messaging/_drivers/amqpdriver.py:357
2025-07-17 00:39:24.449 126216 DEBUG oslo_service.service [req-830e89af-542d-44fa-a210-26a2f641fed7 - - - - -] wsgi.secure_proxy_ssl_header = None log_opt_values /usr/lib/python3/dist-packages/oslo_config/cfg.py:2609
2025-07-17 00:39:24.449 126216 DEBUG oslo_service.service [req-830e89af-542d-44fa-a210-26a2f641fed7 - - - - -] wsgi.ssl_ca_file = None log_opt_values /usr/lib/python3/dist-packages/oslo_config/cfg.py:2609
2025-07-17 00:39:24.449 126216 DEBUG oslo_service.service [req-830e89af-542d-44fa-a210-26a2f641fed7 - - - - -] wsgi.ssl_cert_file = None log_opt_values /usr/lib/python3/dist-packages/oslo_config/cfg.py:2609
2025-07-17 00:39:24.450 126216 DEBUG oslo_service.service [req-830e89af-542d-44fa-a210-26a2f641fed7 - - - - -] wsgi.ssl_key_file = None log_opt_values /usr/lib/python3/dist-packages/oslo_config/cfg.py:2609
2025-07-17 00:39:24.450 126216 DEBUG oslo_service.service [req-830e89af-542d-44fa-a210-26a2f641fed7 - - - - -] wsgi.tcp_keepidle = 600 log_opt_values /usr/lib/python3/dist-packages/oslo_config/cfg.py:2609
2025-07-17 00:39:24.450 126216 DEBUG oslo_service.service [req-830e89af-542d-44fa-a210-26a2f641fed7 - - - - -] wsgi.wsgi_log_format = %(client_ip)s "%(request_line)s" status: %(status_code)s len: %(body_length)s time: %(wall_seconds).7f log_opt_values /usr/lib/python3/dist-packages/oslo_config/cfg.py:2609
2025-07-17 00:39:24.451 126216 DEBUG oslo_service.service [req-830e89af-542d-44fa-a210-26a2f641fed7 - - - - -] zvm.ca_file = None log_opt_values /usr/lib/python3/dist-packages/oslo_config/cfg.py:2609
2025-07-17 00:39:24.451 126216 DEBUG oslo_service.service [req-830e89af-542d-44fa-a210-26a2f641fed7 - - - - -] zvm.cloud_connector_url = None log_opt_values /usr/lib/python3/dist-packages/oslo_config/cfg.py:2609
2025-07-17 00:39:24.451 126216 DEBUG oslo_service.service [req-830e89af-542d-44fa-a210-26a2f641fed7 - - - - -] zvm.image_tmp_path = /var/lib/nova/images log_opt_values /usr/lib/python3/dist-packages/oslo_config/cfg.py:2609
2025-07-17 00:39:24.451 126216 DEBUG oslo_service.service [req-830e89af-542d-44fa-a210-26a2f641fed7 - - - - -] zvm.reachable_timeout = 300 log_opt_values /usr/lib/python3/dist-packages/oslo_config/cfg.py:2609
2025-07-17 00:39:24.452 126216 DEBUG oslo_service.service [req-830e89af-542d-44fa-a210-26a2f641fed7 - - - - -] oslo_policy.enforce_new_defaults = False log_opt_values /usr/lib/python3/dist-packages/oslo_config/cfg.py:2609
2025-07-17 00:39:24.452 126216 DEBUG oslo_service.service [req-830e89af-542d-44fa-a210-26a2f641fed7 - - - - -] oslo_policy.enforce_scope = False log_opt_values /usr/lib/python3/dist-packages/oslo_config/cfg.py:2609
2025-07-17 00:39:24.446 126963 DEBUG oslo_messaging._drivers.amqpdriver [-] AMQPListener connection consume poll /usr/lib/python3/dist-packages/oslo_messaging/_drivers/amqpdriver.py:357
2025-07-17 00:39:24.452 126216 DEBUG oslo_service.service [req-830e89af-542d-44fa-a210-26a2f641fed7 - - - - -] oslo_policy.policy_default_rule = default log_opt_values /usr/lib/python3/dist-packages/oslo_config/cfg.py:2609
2025-07-17 00:39:24.452 126216 DEBUG oslo_service.service [req-830e89af-542d-44fa-a210-26a2f641fed7 - - - - -] oslo_policy.policy_dirs = ['policy.d'] log_opt_values /usr/lib/python3/dist-packages/oslo_config/cfg.py:2609
2025-07-17 00:39:24.452 126963 DEBUG nova.service [req-e47f929c-365b-410a-acf8-a0df8c9419d8 - - - - -] Join ServiceGroup membership for this service conductor start /usr/lib/python3/dist-packages/nova/service.py:199
2025-07-17 00:39:24.453 126963 DEBUG nova.servicegroup.drivers.db [req-e47f929c-365b-410a-acf8-a0df8c9419d8 - - - - -] DB_Driver: join new ServiceGroup member juju-fc8307-0-lxd-7 to the conductor group, service = join /usr/lib/python3/dist-packages/nova/servicegroup/drivers/db.py:44
2025-07-17 00:39:24.452 126216 DEBUG oslo_service.service [req-830e89af-542d-44fa-a210-26a2f641fed7 - - - - -] oslo_policy.policy_file = policy.yaml log_opt_values /usr/lib/python3/dist-packages/oslo_config/cfg.py:2609
2025-07-17 00:39:24.454 126216 DEBUG oslo_service.service [req-830e89af-542d-44fa-a210-26a2f641fed7 - - - - -] oslo_policy.remote_content_type = application/x-www-form-urlencoded log_opt_values /usr/lib/python3/dist-packages/oslo_config/cfg.py:2609
2025-07-17 00:39:24.454 126216 DEBUG oslo_service.service [req-830e89af-542d-44fa-a210-26a2f641fed7 - - - - -] oslo_policy.remote_ssl_ca_crt_file = None log_opt_values /usr/lib/python3/dist-packages/oslo_config/cfg.py:2609
2025-07-17 00:39:24.454 126216 DEBUG oslo_service.service [req-830e89af-542d-44fa-a210-26a2f641fed7 - - - - -] oslo_policy.remote_ssl_client_crt_file = None log_opt_values /usr/lib/python3/dist-packages/oslo_config/cfg.py:2609
2025-07-17 00:39:24.454 126216 DEBUG oslo_service.service [req-830e89af-542d-44fa-a210-26a2f641fed7 - - - - -] oslo_policy.remote_ssl_client_key_file = None log_opt_values /usr/lib/python3/dist-packages/oslo_config/cfg.py:2609
2025-07-17 00:39:24.455 126216 DEBUG oslo_service.service [req-830e89af-542d-44fa-a210-26a2f641fed7 - - - - -] oslo_policy.remote_ssl_verify_server_crt = False log_opt_values /usr/lib/python3/dist-packages/oslo_config/cfg.py:2609
2025-07-17 00:39:24.455 126216 DEBUG oslo_service.service [req-830e89af-542d-44fa-a210-26a2f641fed7 - - - - -] oslo_versionedobjects.fatal_exception_format_errors = False log_opt_values /usr/lib/python3/dist-packages/oslo_config/cfg.py:2609
2025-07-17 00:39:24.455 126216 DEBUG oslo_service.service [req-830e89af-542d-44fa-a210-26a2f641fed7 - - - - -] oslo_middleware.http_basic_auth_user_file = /etc/htpasswd log_opt_values /usr/lib/python3/dist-packages/oslo_config/cfg.py:2609
2025-07-17 00:39:24.455 126216 DEBUG oslo_service.service [req-830e89af-542d-44fa-a210-26a2f641fed7 - - - - -] profiler.connection_string = messaging:// log_opt_values /usr/lib/python3/dist-packages/oslo_config/cfg.py:2609
2025-07-17 00:39:24.455 126216 DEBUG oslo_service.service [req-830e89af-542d-44fa-a210-26a2f641fed7 - - - - -] profiler.enabled = False log_opt_values /usr/lib/python3/dist-packages/oslo_config/cfg.py:2609
2025-07-17 00:39:24.455 126216 DEBUG oslo_service.service [req-830e89af-542d-44fa-a210-26a2f641fed7 - - - - -] profiler.es_doc_type = notification log_opt_values /usr/lib/python3/dist-packages/oslo_config/cfg.py:2609
2025-07-17 00:39:24.456 126216 DEBUG oslo_service.service [req-830e89af-542d-44fa-a210-26a2f641fed7 - - - - -] profiler.es_scroll_size = 10000 log_opt_values /usr/lib/python3/dist-packages/oslo_config/cfg.py:2609
2025-07-17 00:39:24.456 126216 DEBUG oslo_service.service [req-830e89af-542d-44fa-a210-26a2f641fed7 - - - - -] profiler.es_scroll_time = 2m log_opt_values /usr/lib/python3/dist-packages/oslo_config/cfg.py:2609
2025-07-17 00:39:24.457 126216 DEBUG oslo_service.service [req-830e89af-542d-44fa-a210-26a2f641fed7 - - - - -] profiler.filter_error_trace = False log_opt_values /usr/lib/python3/dist-packages/oslo_config/cfg.py:2609
2025-07-17 00:39:24.457 126216 DEBUG oslo_service.service [req-830e89af-542d-44fa-a210-26a2f641fed7 - - - - -] profiler.hmac_keys = SECRET_KEY log_opt_values /usr/lib/python3/dist-packages/oslo_config/cfg.py:2609
2025-07-17 00:39:24.457 126216 DEBUG oslo_service.service [req-830e89af-542d-44fa-a210-26a2f641fed7 - - - - -] profiler.sentinel_service_name = mymaster log_opt_values /usr/lib/python3/dist-packages/oslo_config/cfg.py:2609
2025-07-17 00:39:24.457 126216 DEBUG oslo_service.service [req-830e89af-542d-44fa-a210-26a2f641fed7 - - - - -] profiler.socket_timeout = 0.1 log_opt_values /usr/lib/python3/dist-packages/oslo_config/cfg.py:2609
2025-07-17 00:39:24.458 126216 DEBUG oslo_service.service [req-830e89af-542d-44fa-a210-26a2f641fed7 - - - - -] profiler.trace_sqlalchemy = False log_opt_values /usr/lib/python3/dist-packages/oslo_config/cfg.py:2609
2025-07-17 00:39:24.458 126216 DEBUG oslo_service.service [req-830e89af-542d-44fa-a210-26a2f641fed7 - - - - -] remote_debug.host = None log_opt_values /usr/lib/python3/dist-packages/oslo_config/cfg.py:2609
2025-07-17 00:39:24.458 126216 DEBUG oslo_service.service [req-830e89af-542d-44fa-a210-26a2f641fed7 - - - - -] remote_debug.port = None log_opt_values /usr/lib/python3/dist-packages/oslo_config/cfg.py:2609
2025-07-17 00:39:24.458 126963 DEBUG oslo_messaging._drivers.amqpdriver [-] AMQPListener connection timeout poll /usr/lib/python3/dist-packages/oslo_messaging/_drivers/amqpdriver.py:360
2025-07-17 00:39:24.458 126963 DEBUG oslo_messaging._drivers.amqpdriver [-] Listener is running poll /usr/lib/python3/dist-packages/oslo_messaging/_drivers/amqpdriver.py:343
2025-07-17 00:39:24.458 126216 DEBUG oslo_service.service [req-830e89af-542d-44fa-a210-26a2f641fed7 - - - - -] oslo_messaging_rabbit.amqp_auto_delete = False log_opt_values /usr/lib/python3/dist-packages/oslo_config/cfg.py:2609
2025-07-17 00:39:24.458 126963 DEBUG oslo_messaging._drivers.amqpdriver [-] AMQPListener connection consume poll /usr/lib/python3/dist-packages/oslo_messaging/_drivers/amqpdriver.py:357
2025-07-17 00:39:24.458 126216 DEBUG oslo_service.service [req-830e89af-542d-44fa-a210-26a2f641fed7 - - - - -] oslo_messaging_rabbit.amqp_durable_queues = False log_opt_values /usr/lib/python3/dist-packages/oslo_config/cfg.py:2609
2025-07-17 00:39:24.461 126216 DEBUG oslo_service.service [req-830e89af-542d-44fa-a210-26a2f641fed7 - - - - -] oslo_messaging_rabbit.conn_pool_min_size = 2 log_opt_values /usr/lib/python3/dist-packages/oslo_config/cfg.py:2609
2025-07-17 00:39:24.461 126216 DEBUG oslo_service.service [req-830e89af-542d-44fa-a210-26a2f641fed7 - - - - -] oslo_messaging_rabbit.conn_pool_ttl = 1200 log_opt_values /usr/lib/python3/dist-packages/oslo_config/cfg.py:2609
2025-07-17 00:39:24.461 126216 DEBUG oslo_service.service [req-830e89af-542d-44fa-a210-26a2f641fed7 - - - - -] oslo_messaging_rabbit.direct_mandatory_flag = True log_opt_values /usr/lib/python3/dist-packages/oslo_config/cfg.py:2609
2025-07-17 00:39:24.466 126962 DEBUG oslo_messaging._drivers.amqpdriver [-] Listener is running poll /usr/lib/python3/dist-packages/oslo_messaging/_drivers/amqpdriver.py:343
2025-07-17 00:39:24.467 126216 DEBUG oslo_service.service [req-830e89af-542d-44fa-a210-26a2f641fed7 - - - - -] oslo_messaging_rabbit.enable_cancel_on_failover = False log_opt_values /usr/lib/python3/dist-packages/oslo_config/cfg.py:2609
2025-07-17 00:39:24.470 126216 DEBUG oslo_service.service [req-830e89af-542d-44fa-a210-26a2f641fed7 - - - - -] oslo_messaging_rabbit.heartbeat_in_pthread = False log_opt_values /usr/lib/python3/dist-packages/oslo_config/cfg.py:2609
2025-07-17 00:39:24.469 126962 DEBUG oslo_messaging._drivers.amqpdriver [-] AMQPListener connection consume poll /usr/lib/python3/dist-packages/oslo_messaging/_drivers/amqpdriver.py:357
2025-07-17 00:39:24.470 126216 DEBUG oslo_service.service [req-830e89af-542d-44fa-a210-26a2f641fed7 - - - - -] oslo_messaging_rabbit.heartbeat_rate = 2 log_opt_values /usr/lib/python3/dist-packages/oslo_config/cfg.py:2609
2025-07-17 00:39:24.470 126962 DEBUG nova.service [req-2acb535f-4629-4f1a-905e-1305c5d727b5 - - - - -] Join ServiceGroup membership for this service conductor start /usr/lib/python3/dist-packages/nova/service.py:199
2025-07-17 00:39:24.471 126962 DEBUG nova.servicegroup.drivers.db [req-2acb535f-4629-4f1a-905e-1305c5d727b5 - - - - -] DB_Driver: join new ServiceGroup member juju-fc8307-0-lxd-7 to the conductor group, service = join /usr/lib/python3/dist-packages/nova/servicegroup/drivers/db.py:44
2025-07-17 00:39:24.471 126216 DEBUG oslo_service.service [req-830e89af-542d-44fa-a210-26a2f641fed7 - - - - -] oslo_messaging_rabbit.heartbeat_timeout_threshold = 60 log_opt_values /usr/lib/python3/dist-packages/oslo_config/cfg.py:2609
2025-07-17 00:39:24.472 126216 DEBUG oslo_service.service [req-830e89af-542d-44fa-a210-26a2f641fed7 - - - - -] oslo_messaging_rabbit.kombu_compression = None log_opt_values /usr/lib/python3/dist-packages/oslo_config/cfg.py:2609
2025-07-17 00:39:24.472 126216 DEBUG oslo_service.service [req-830e89af-542d-44fa-a210-26a2f641fed7 - - - - -] oslo_messaging_rabbit.kombu_failover_strategy = round-robin log_opt_values /usr/lib/python3/dist-packages/oslo_config/cfg.py:2609
2025-07-17 00:39:24.473 126216 DEBUG oslo_service.service [req-830e89af-542d-44fa-a210-26a2f641fed7 - - - - -] oslo_messaging_rabbit.kombu_missing_consumer_retry_timeout = 60 log_opt_values /usr/lib/python3/dist-packages/oslo_config/cfg.py:2609
2025-07-17 00:39:24.474 126216 DEBUG oslo_service.service [req-830e89af-542d-44fa-a210-26a2f641fed7 - - - - -] oslo_messaging_rabbit.kombu_reconnect_delay = 1.0 log_opt_values /usr/lib/python3/dist-packages/oslo_config/cfg.py:2609
2025-07-17 00:39:24.474 126216 DEBUG oslo_service.service [req-830e89af-542d-44fa-a210-26a2f641fed7 - - - - -] oslo_messaging_rabbit.rabbit_ha_queues = False log_opt_values /usr/lib/python3/dist-packages/oslo_config/cfg.py:2609
2025-07-17 00:39:24.474 126216 DEBUG oslo_service.service [req-830e89af-542d-44fa-a210-26a2f641fed7 - - - - -] oslo_messaging_rabbit.rabbit_interval_max = 30 log_opt_values /usr/lib/python3/dist-packages/oslo_config/cfg.py:2609
2025-07-17 00:39:24.474 126216 DEBUG oslo_service.service [req-830e89af-542d-44fa-a210-26a2f641fed7 - - - - -] oslo_messaging_rabbit.rabbit_login_method = AMQPLAIN log_opt_values /usr/lib/python3/dist-packages/oslo_config/cfg.py:2609
2025-07-17 00:39:24.475 126216 DEBUG oslo_service.service [req-830e89af-542d-44fa-a210-26a2f641fed7 - - - - -] oslo_messaging_rabbit.rabbit_qos_prefetch_count = 0 log_opt_values /usr/lib/python3/dist-packages/oslo_config/cfg.py:2609
2025-07-17 00:39:24.475 126216 DEBUG oslo_service.service [req-830e89af-542d-44fa-a210-26a2f641fed7 - - - - -] oslo_messaging_rabbit.rabbit_quorum_queue = False log_opt_values /usr/lib/python3/dist-packages/oslo_config/cfg.py:2609
2025-07-17 00:39:24.475 126216 DEBUG oslo_service.service [req-830e89af-542d-44fa-a210-26a2f641fed7 - - - - -] oslo_messaging_rabbit.rabbit_retry_backoff = 2 log_opt_values /usr/lib/python3/dist-packages/oslo_config/cfg.py:2609
2025-07-17 00:39:24.476 126964 DEBUG oslo_messaging._drivers.amqpdriver [-] Listener is running poll /usr/lib/python3/dist-packages/oslo_messaging/_drivers/amqpdriver.py:343
2025-07-17 00:39:24.475 126216 DEBUG oslo_service.service [req-830e89af-542d-44fa-a210-26a2f641fed7 - - - - -] oslo_messaging_rabbit.rabbit_retry_interval = 1 log_opt_values /usr/lib/python3/dist-packages/oslo_config/cfg.py:2609
2025-07-17 00:39:24.477 126216 DEBUG oslo_service.service [req-830e89af-542d-44fa-a210-26a2f641fed7 - - - - -] oslo_messaging_rabbit.rabbit_transient_queues_ttl = 1800 log_opt_values /usr/lib/python3/dist-packages/oslo_config/cfg.py:2609
2025-07-17 00:39:24.477 126216 DEBUG oslo_service.service [req-830e89af-542d-44fa-a210-26a2f641fed7 - - - - -] oslo_messaging_rabbit.rpc_conn_pool_size = 30 log_opt_values /usr/lib/python3/dist-packages/oslo_config/cfg.py:2609
2025-07-17 00:39:24.477 126964 DEBUG oslo_messaging._drivers.amqpdriver [-] AMQPListener connection consume poll /usr/lib/python3/dist-packages/oslo_messaging/_drivers/amqpdriver.py:357
2025-07-17 00:39:24.478 126216 DEBUG oslo_service.service [req-830e89af-542d-44fa-a210-26a2f641fed7 - - - - -] oslo_messaging_rabbit.ssl = False log_opt_values /usr/lib/python3/dist-packages/oslo_config/cfg.py:2609
2025-07-17 00:39:24.478 126216 DEBUG oslo_service.service [req-830e89af-542d-44fa-a210-26a2f641fed7 - - - - -] oslo_messaging_rabbit.ssl_ca_file = log_opt_values /usr/lib/python3/dist-packages/oslo_config/cfg.py:2609
2025-07-17 00:39:24.478 126216 DEBUG oslo_service.service [req-830e89af-542d-44fa-a210-26a2f641fed7 - - - - -] oslo_messaging_rabbit.ssl_cert_file = log_opt_values /usr/lib/python3/dist-packages/oslo_config/cfg.py:2609
2025-07-17 00:39:24.477 126962 DEBUG oslo_messaging._drivers.amqpdriver [-] AMQPListener connection timeout poll /usr/lib/python3/dist-packages/oslo_messaging/_drivers/amqpdriver.py:360
2025-07-17 00:39:24.478 126216 DEBUG oslo_service.service [req-830e89af-542d-44fa-a210-26a2f641fed7 - - - - -] oslo_messaging_rabbit.ssl_key_file = log_opt_values /usr/lib/python3/dist-packages/oslo_config/cfg.py:2609
2025-07-17 00:39:24.478 126962 DEBUG oslo_messaging._drivers.amqpdriver [-] Listener is running poll /usr/lib/python3/dist-packages/oslo_messaging/_drivers/amqpdriver.py:343
