2025-07-17 00:37:43.917 37945 DEBUG oslo_service.service [-] database.max_pool_size = 5 log_opt_values /usr/lib/python3/dist-packages/oslo_config/cfg.py:2609
2025-07-17 00:37:43.917 37945 DEBUG oslo_service.service [-] database.max_retries = 10 log_opt_values /usr/lib/python3/dist-packages/oslo_config/cfg.py:2609
2025-07-17 00:37:43.917 37945 DEBUG oslo_service.service [-] database.mysql_enable_ndb = False log_opt_values /usr/lib/python3/dist-packages/oslo_config/cfg.py:2609
2025-07-17 00:37:43.917 37945 DEBUG oslo_service.service [-] database.mysql_sql_mode = TRADITIONAL log_opt_values /usr/lib/python3/dist-packages/oslo_config/cfg.py:2609
2025-07-17 00:37:43.918 37945 DEBUG oslo_service.service [-] database.pool_timeout = None log_opt_values /usr/lib/python3/dist-packages/oslo_config/cfg.py:2609
2025-07-17 00:37:43.918 37945 DEBUG oslo_service.service [-] database.retry_interval = 10 log_opt_values /usr/lib/python3/dist-packages/oslo_config/cfg.py:2609
2025-07-17 00:37:43.918 37945 DEBUG oslo_service.service [-] database.slave_connection = **** log_opt_values /usr/lib/python3/dist-packages/oslo_config/cfg.py:2609
2025-07-17 00:37:43.919 37945 DEBUG oslo_service.service [-] database.sqlite_synchronous = True log_opt_values /usr/lib/python3/dist-packages/oslo_config/cfg.py:2609
2025-07-17 00:37:43.919 37945 DEBUG oslo_service.service [-] database.use_db_reconnect = False log_opt_values /usr/lib/python3/dist-packages/oslo_config/cfg.py:2609
2025-07-17 00:37:43.920 37945 DEBUG oslo_service.service [-] oslo_messaging_metrics.metrics_buffer_size = 1000 log_opt_values /usr/lib/python3/dist-packages/oslo_config/cfg.py:2609
2025-07-17 00:37:43.920 37945 DEBUG oslo_service.service [-] oslo_messaging_metrics.metrics_enabled = False log_opt_values /usr/lib/python3/dist-packages/oslo_config/cfg.py:2609
2025-07-17 00:37:43.920 37945 DEBUG oslo_service.service [-] oslo_messaging_metrics.metrics_process_name = log_opt_values /usr/lib/python3/dist-packages/oslo_config/cfg.py:2609
2025-07-17 00:37:43.920 37945 DEBUG oslo_service.service [-] oslo_messaging_metrics.metrics_socket_file = /var/tmp/metrics_collector.sock log_opt_values /usr/lib/python3/dist-packages/oslo_config/cfg.py:2609
2025-07-17 00:37:43.920 37945 DEBUG oslo_service.service [-] oslo_messaging_metrics.metrics_thread_stop_timeout = 10 log_opt_values /usr/lib/python3/dist-packages/oslo_config/cfg.py:2609
2025-07-17 00:37:43.920 37945 DEBUG oslo_service.service [-] oslo_policy.enforce_new_defaults = False log_opt_values /usr/lib/python3/dist-packages/oslo_config/cfg.py:2609
2025-07-17 00:37:43.921 37945 DEBUG oslo_service.service [-] oslo_policy.enforce_scope = False log_opt_values /usr/lib/python3/dist-packages/oslo_config/cfg.py:2609
2025-07-17 00:37:43.921 37945 DEBUG oslo_service.service [-] oslo_policy.policy_default_rule = default log_opt_values /usr/lib/python3/dist-packages/oslo_config/cfg.py:2609
2025-07-17 00:37:43.921 37945 DEBUG oslo_service.service [-] oslo_policy.policy_dirs = ['policy.d'] log_opt_values /usr/lib/python3/dist-packages/oslo_config/cfg.py:2609
2025-07-17 00:37:43.921 37945 DEBUG oslo_service.service [-] oslo_policy.policy_file = policy.yaml log_opt_values /usr/lib/python3/dist-packages/oslo_config/cfg.py:2609
2025-07-17 00:37:43.921 37945 DEBUG oslo_service.service [-] oslo_policy.remote_content_type = application/x-www-form-urlencoded log_opt_values /usr/lib/python3/dist-packages/oslo_config/cfg.py:2609
2025-07-17 00:37:43.921 37945 DEBUG oslo_service.service [-] oslo_policy.remote_ssl_ca_crt_file = None log_opt_values /usr/lib/python3/dist-packages/oslo_config/cfg.py:2609
2025-07-17 00:37:43.921 37945 DEBUG oslo_service.service [-] oslo_policy.remote_ssl_client_crt_file = None log_opt_values /usr/lib/python3/dist-packages/oslo_config/cfg.py:2609
2025-07-17 00:37:43.922 37945 DEBUG oslo_service.service [-] oslo_policy.remote_ssl_client_key_file = None log_opt_values /usr/lib/python3/dist-packages/oslo_config/cfg.py:2609
2025-07-17 00:37:43.922 37945 DEBUG oslo_service.service [-] oslo_policy.remote_ssl_verify_server_crt = False log_opt_values /usr/lib/python3/dist-packages/oslo_config/cfg.py:2609
2025-07-17 00:37:43.922 37945 DEBUG oslo_service.service [-] trustee.auth_section = None log_opt_values /usr/lib/python3/dist-packages/oslo_config/cfg.py:2609
2025-07-17 00:37:43.922 37945 WARNING oslo_config.cfg [-] Deprecated: Option "auth_plugin" from group "trustee" is deprecated. Use option "auth_type" from group "trustee".
2025-07-17 00:37:43.922 37945 DEBUG oslo_service.service [-] trustee.auth_type = password log_opt_values /usr/lib/python3/dist-packages/oslo_config/cfg.py:2609
2025-07-17 00:37:43.922 37945 DEBUG oslo_service.service [-] oslo_versionedobjects.fatal_exception_format_errors = False log_opt_values /usr/lib/python3/dist-packages/oslo_config/cfg.py:2609
2025-07-17 00:37:43.923 37945 DEBUG oslo_service.service [-] oslo_messaging_rabbit.amqp_auto_delete = False log_opt_values /usr/lib/python3/dist-packages/oslo_config/cfg.py:2609
2025-07-17 00:37:43.923 37945 DEBUG oslo_service.service [-] oslo_messaging_rabbit.amqp_durable_queues = False log_opt_values /usr/lib/python3/dist-packages/oslo_config/cfg.py:2609
2025-07-17 00:37:43.923 37945 DEBUG oslo_service.service [-] oslo_messaging_rabbit.conn_pool_min_size = 2 log_opt_values /usr/lib/python3/dist-packages/oslo_config/cfg.py:2609
2025-07-17 00:37:43.923 37945 DEBUG oslo_service.service [-] oslo_messaging_rabbit.conn_pool_ttl = 1200 log_opt_values /usr/lib/python3/dist-packages/oslo_config/cfg.py:2609
2025-07-17 00:37:43.923 38162 INFO heat.engine.worker [-] Starting engine_worker (1.4) in engine a7e82dc3-11a1-4e09-8d45-f2442a3e0e98.
2025-07-17 00:37:43.923 37945 DEBUG oslo_service.service [-] oslo_messaging_rabbit.direct_mandatory_flag = True log_opt_values /usr/lib/python3/dist-packages/oslo_config/cfg.py:2609
2025-07-17 00:37:43.923 37945 DEBUG oslo_service.service [-] oslo_messaging_rabbit.enable_cancel_on_failover = False log_opt_values /usr/lib/python3/dist-packages/oslo_config/cfg.py:2609
2025-07-17 00:37:43.923 37945 DEBUG oslo_service.service [-] oslo_messaging_rabbit.heartbeat_in_pthread = False log_opt_values /usr/lib/python3/dist-packages/oslo_config/cfg.py:2609
2025-07-17 00:37:43.923 37945 DEBUG oslo_service.service [-] oslo_messaging_rabbit.heartbeat_rate = 2 log_opt_values /usr/lib/python3/dist-packages/oslo_config/cfg.py:2609
2025-07-17 00:37:43.923 37945 DEBUG oslo_service.service [-] oslo_messaging_rabbit.heartbeat_timeout_threshold = 60 log_opt_values /usr/lib/python3/dist-packages/oslo_config/cfg.py:2609
2025-07-17 00:37:43.924 37945 DEBUG oslo_service.service [-] oslo_messaging_rabbit.kombu_compression = None log_opt_values /usr/lib/python3/dist-packages/oslo_config/cfg.py:2609
2025-07-17 00:37:43.924 37945 DEBUG oslo_service.service [-] oslo_messaging_rabbit.kombu_failover_strategy = round-robin log_opt_values /usr/lib/python3/dist-packages/oslo_config/cfg.py:2609
2025-07-17 00:37:43.924 37945 DEBUG oslo_service.service [-] oslo_messaging_rabbit.kombu_missing_consumer_retry_timeout = 60 log_opt_values /usr/lib/python3/dist-packages/oslo_config/cfg.py:2609
2025-07-17 00:37:43.924 37945 DEBUG oslo_service.service [-] oslo_messaging_rabbit.kombu_reconnect_delay = 1.0 log_opt_values /usr/lib/python3/dist-packages/oslo_config/cfg.py:2609
2025-07-17 00:37:43.924 37945 DEBUG oslo_service.service [-] oslo_messaging_rabbit.rabbit_ha_queues = False log_opt_values /usr/lib/python3/dist-packages/oslo_config/cfg.py:2609
2025-07-17 00:37:43.924 37945 DEBUG oslo_service.service [-] oslo_messaging_rabbit.rabbit_interval_max = 30 log_opt_values /usr/lib/python3/dist-packages/oslo_config/cfg.py:2609
2025-07-17 00:37:43.924 37945 DEBUG oslo_service.service [-] oslo_messaging_rabbit.rabbit_login_method = AMQPLAIN log_opt_values /usr/lib/python3/dist-packages/oslo_config/cfg.py:2609
2025-07-17 00:37:43.924 37945 DEBUG oslo_service.service [-] oslo_messaging_rabbit.rabbit_qos_prefetch_count = 0 log_opt_values /usr/lib/python3/dist-packages/oslo_config/cfg.py:2609
2025-07-17 00:37:43.925 37945 DEBUG oslo_service.service [-] oslo_messaging_rabbit.rabbit_quorum_queue = False log_opt_values /usr/lib/python3/dist-packages/oslo_config/cfg.py:2609
2025-07-17 00:37:43.925 37945 DEBUG oslo_service.service [-] oslo_messaging_rabbit.rabbit_retry_backoff = 2 log_opt_values /usr/lib/python3/dist-packages/oslo_config/cfg.py:2609
2025-07-17 00:37:43.925 37945 DEBUG oslo_service.service [-] oslo_messaging_rabbit.rabbit_retry_interval = 1 log_opt_values /usr/lib/python3/dist-packages/oslo_config/cfg.py:2609
2025-07-17 00:37:43.925 37945 DEBUG oslo_service.service [-] oslo_messaging_rabbit.rabbit_transient_queues_ttl = 1800 log_opt_values /usr/lib/python3/dist-packages/oslo_config/cfg.py:2609
2025-07-17 00:37:43.925 37945 DEBUG oslo_service.service [-] oslo_messaging_rabbit.rpc_conn_pool_size = 30 log_opt_values /usr/lib/python3/dist-packages/oslo_config/cfg.py:2609
2025-07-17 00:37:43.925 37945 DEBUG oslo_service.service [-] oslo_messaging_rabbit.ssl = False log_opt_values /usr/lib/python3/dist-packages/oslo_config/cfg.py:2609
2025-07-17 00:37:43.925 37945 DEBUG oslo_service.service [-] oslo_messaging_rabbit.ssl_ca_file = log_opt_values /usr/lib/python3/dist-packages/oslo_config/cfg.py:2609
2025-07-17 00:37:43.926 37945 DEBUG oslo_service.service [-] oslo_messaging_rabbit.ssl_cert_file = log_opt_values /usr/lib/python3/dist-packages/oslo_config/cfg.py:2609
2025-07-17 00:37:43.926 37945 DEBUG oslo_service.service [-] oslo_messaging_rabbit.ssl_key_file = log_opt_values /usr/lib/python3/dist-packages/oslo_config/cfg.py:2609
2025-07-17 00:37:43.926 37945 DEBUG oslo_service.service [-] oslo_messaging_rabbit.ssl_version = log_opt_values /usr/lib/python3/dist-packages/oslo_config/cfg.py:2609
2025-07-17 00:37:43.926 37945 DEBUG oslo_service.service [-] oslo_messaging_notifications.driver = [] log_opt_values /usr/lib/python3/dist-packages/oslo_config/cfg.py:2609
2025-07-17 00:37:43.926 37945 DEBUG oslo_service.service [-] oslo_messaging_notifications.retry = -1 log_opt_values /usr/lib/python3/dist-packages/oslo_config/cfg.py:2609
2025-07-17 00:37:43.926 38163 INFO heat.engine.worker [-] Starting engine_worker (1.4) in engine 8a5561e1-08b3-43b9-b41c-97ab6079b031.
2025-07-17 00:37:43.926 37945 DEBUG oslo_service.service [-] oslo_messaging_notifications.topics = ['notifications'] log_opt_values /usr/lib/python3/dist-packages/oslo_config/cfg.py:2609
2025-07-17 00:37:43.926 37945 DEBUG oslo_service.service [-] oslo_messaging_notifications.transport_url = **** log_opt_values /usr/lib/python3/dist-packages/oslo_config/cfg.py:2609
2025-07-17 00:37:43.927 37945 DEBUG oslo_service.service [-] cache.backend = dogpile.cache.null log_opt_values /usr/lib/python3/dist-packages/oslo_config/cfg.py:2609
2025-07-17 00:37:43.927 37945 DEBUG oslo_service.service [-] cache.backend_argument = **** log_opt_values /usr/lib/python3/dist-packages/oslo_config/cfg.py:2609
2025-07-17 00:37:43.927 37945 DEBUG oslo_service.service [-] cache.config_prefix = cache.oslo log_opt_values /usr/lib/python3/dist-packages/oslo_config/cfg.py:2609
2025-07-17 00:37:43.927 37945 DEBUG oslo_service.service [-] cache.debug_cache_backend = False log_opt_values /usr/lib/python3/dist-packages/oslo_config/cfg.py:2609
2025-07-17 00:37:43.927 37945 DEBUG oslo_service.service [-] cache.enabled = False log_opt_values /usr/lib/python3/dist-packages/oslo_config/cfg.py:2609
2025-07-17 00:37:43.927 37945 DEBUG oslo_service.service [-] cache.expiration_time = 600 log_opt_values /usr/lib/python3/dist-packages/oslo_config/cfg.py:2609
2025-07-17 00:37:43.927 37945 DEBUG oslo_service.service [-] cache.memcache_dead_retry = 300 log_opt_values /usr/lib/python3/dist-packages/oslo_config/cfg.py:2609
2025-07-17 00:37:43.928 37945 DEBUG oslo_service.service [-] cache.memcache_pool_connection_get_timeout = 10 log_opt_values /usr/lib/python3/dist-packages/oslo_config/cfg.py:2609
2025-07-17 00:37:43.928 37945 DEBUG oslo_service.service [-] cache.memcache_pool_flush_on_reconnect = False log_opt_values /usr/lib/python3/dist-packages/oslo_config/cfg.py:2609
2025-07-17 00:37:43.928 37945 DEBUG oslo_service.service [-] cache.memcache_pool_maxsize = 10 log_opt_values /usr/lib/python3/dist-packages/oslo_config/cfg.py:2609
2025-07-17 00:37:43.928 37945 DEBUG oslo_service.service [-] cache.memcache_pool_unused_timeout = 60 log_opt_values /usr/lib/python3/dist-packages/oslo_config/cfg.py:2609
2025-07-17 00:37:43.929 37945 DEBUG oslo_service.service [-] cache.memcache_servers = ['localhost:11211'] log_opt_values /usr/lib/python3/dist-packages/oslo_config/cfg.py:2609
2025-07-17 00:37:43.929 37945 DEBUG oslo_service.service [-] cache.memcache_socket_timeout = 1.0 log_opt_values /usr/lib/python3/dist-packages/oslo_config/cfg.py:2609
2025-07-17 00:37:43.929 37945 DEBUG oslo_service.service [-] cache.proxies = [] log_opt_values /usr/lib/python3/dist-packages/oslo_config/cfg.py:2609
2025-07-17 00:37:43.929 37945 DEBUG oslo_service.service [-] cache.tls_allowed_ciphers = None log_opt_values /usr/lib/python3/dist-packages/oslo_config/cfg.py:2609
2025-07-17 00:37:43.929 37945 DEBUG oslo_service.service [-] cache.tls_cafile = None log_opt_values /usr/lib/python3/dist-packages/oslo_config/cfg.py:2609
2025-07-17 00:37:43.929 37945 DEBUG oslo_service.service [-] cache.tls_certfile = None log_opt_values /usr/lib/python3/dist-packages/oslo_config/cfg.py:2609
2025-07-17 00:37:43.929 37945 DEBUG oslo_service.service [-] cache.tls_enabled = False log_opt_values /usr/lib/python3/dist-packages/oslo_config/cfg.py:2609
2025-07-17 00:37:43.929 37945 DEBUG oslo_service.service [-] cache.tls_keyfile = None log_opt_values /usr/lib/python3/dist-packages/oslo_config/cfg.py:2609
2025-07-17 00:37:43.930 37945 DEBUG oslo_service.service [-] constraint_validation_cache.caching = True log_opt_values /usr/lib/python3/dist-packages/oslo_config/cfg.py:2609
2025-07-17 00:37:43.930 37945 DEBUG oslo_service.service [-] constraint_validation_cache.expiration_time = 60 log_opt_values /usr/lib/python3/dist-packages/oslo_config/cfg.py:2609
2025-07-17 00:37:43.930 37945 DEBUG oslo_service.service [-] service_extension_cache.caching = True log_opt_values /usr/lib/python3/dist-packages/oslo_config/cfg.py:2609
2025-07-17 00:37:43.930 37945 DEBUG oslo_service.service [-] service_extension_cache.expiration_time = 3600 log_opt_values /usr/lib/python3/dist-packages/oslo_config/cfg.py:2609
2025-07-17 00:37:43.930 37945 DEBUG oslo_service.service [-] resource_finder_cache.caching = True log_opt_values /usr/lib/python3/dist-packages/oslo_config/cfg.py:2609
2025-07-17 00:37:43.930 37945 DEBUG oslo_service.service [-] resource_finder_cache.expiration_time = 3600 log_opt_values /usr/lib/python3/dist-packages/oslo_config/cfg.py:2609
2025-07-17 00:37:43.931 37945 DEBUG oslo_service.service [-] yaql.limit_iterators = 200 log_opt_values /usr/lib/python3/dist-packages/oslo_config/cfg.py:2609
2025-07-17 00:37:43.931 37945 DEBUG oslo_service.service [-] yaql.memory_quota = 10000 log_opt_values /usr/lib/python3/dist-packages/oslo_config/cfg.py:2609
2025-07-17 00:37:43.931 37945 DEBUG oslo_service.service [-] ******************************************************************************** log_opt_values /usr/lib/python3/dist-packages/oslo_config/cfg.py:2613
2025-07-17 00:37:43.937 38165 INFO heat.engine.worker [-] Starting engine_worker (1.4) in engine e42b9509-8f57-424c-bb1e-d8750006dc75.
2025-07-17 00:37:44.046 38163 DEBUG oslo_db.sqlalchemy.engines [req-d1b474ef-7ed7-43d3-9256-f310512e7749 - - - - -] MySQL server mode set to STRICT_TRANS_TABLES,STRICT_ALL_TABLES,NO_ZERO_IN_DATE,NO_ZERO_DATE,ERROR_FOR_DIVISION_BY_ZERO,TRADITIONAL,NO_ENGINE_SUBSTITUTION _check_effective_sql_mode /usr/lib/python3/dist-packages/oslo_db/sqlalchemy/engines.py:314
2025-07-17 00:37:44.047 38164 DEBUG oslo_db.sqlalchemy.engines [req-e1301c2c-46b7-45b0-8b8a-eb713d498406 - - - - -] MySQL server mode set to STRICT_TRANS_TABLES,STRICT_ALL_TABLES,NO_ZERO_IN_DATE,NO_ZERO_DATE,ERROR_FOR_DIVISION_BY_ZERO,TRADITIONAL,NO_ENGINE_SUBSTITUTION _check_effective_sql_mode /usr/lib/python3/dist-packages/oslo_db/sqlalchemy/engines.py:314
2025-07-17 00:37:44.054 38162 DEBUG oslo_db.sqlalchemy.engines [req-f59fb41a-b07d-4457-aa19-0b1a35f10b06 - - - - -] MySQL server mode set to STRICT_TRANS_TABLES,STRICT_ALL_TABLES,NO_ZERO_IN_DATE,NO_ZERO_DATE,ERROR_FOR_DIVISION_BY_ZERO,TRADITIONAL,NO_ENGINE_SUBSTITUTION _check_effective_sql_mode /usr/lib/python3/dist-packages/oslo_db/sqlalchemy/engines.py:314
2025-07-17 00:37:44.059 38165 DEBUG oslo_db.sqlalchemy.engines [req-17bdfd0e-5044-429a-9cd9-033583b9fa9a - - - - -] MySQL server mode set to STRICT_TRANS_TABLES,STRICT_ALL_TABLES,NO_ZERO_IN_DATE,NO_ZERO_DATE,ERROR_FOR_DIVISION_BY_ZERO,TRADITIONAL,NO_ENGINE_SUBSTITUTION _check_effective_sql_mode /usr/lib/python3/dist-packages/oslo_db/sqlalchemy/engines.py:314
2025-07-17 00:37:44.131 38164 DEBUG heat.engine.service [req-5f42a9a4-6171-46b5-b1f5-dd41fa60b5a9 - - - - -] Service c77b6711-8453-47cd-a21e-c3f3023ef4a0 is started service_manage_report /usr/lib/python3/dist-packages/heat/engine/service.py:2363
2025-07-17 00:37:44.168 38165 DEBUG heat.engine.service [req-878312b3-6f6a-47dd-904b-c34f923c65b0 - - - - -] Service e354896a-3122-4cd3-9728-edcb487b90bc is started service_manage_report /usr/lib/python3/dist-packages/heat/engine/service.py:2363
2025-07-17 00:37:44.172 38163 DEBUG heat.engine.service [req-9ada7f59-f4ce-4367-bdfe-347ce677aa46 - - - - -] Service 82bb719c-b49d-488a-87a0-1f0ce8a945d8 is started service_manage_report /usr/lib/python3/dist-packages/heat/engine/service.py:2363
2025-07-17 00:37:44.177 38164 DEBUG heat.engine.service [req-5f42a9a4-6171-46b5-b1f5-dd41fa60b5a9 - - - - -] Service c77b6711-8453-47cd-a21e-c3f3023ef4a0 is updated service_manage_report /usr/lib/python3/dist-packages/heat/engine/service.py:2370
2025-07-17 00:37:44.187 38162 DEBUG heat.engine.service [req-ba9c62c1-1d3b-4e80-ad69-e49f5dc5afec - - - - -] Service a13cf688-9693-481a-8c9b-bb8f0f242f1b is started service_manage_report /usr/lib/python3/dist-packages/heat/engine/service.py:2363
2025-07-17 00:37:44.192 38165 DEBUG heat.engine.service [req-878312b3-6f6a-47dd-904b-c34f923c65b0 - - - - -] Service e354896a-3122-4cd3-9728-edcb487b90bc is updated service_manage_report /usr/lib/python3/dist-packages/heat/engine/service.py:2370
2025-07-17 00:37:44.200 38163 DEBUG heat.engine.service [req-9ada7f59-f4ce-4367-bdfe-347ce677aa46 - - - - -] Service 82bb719c-b49d-488a-87a0-1f0ce8a945d8 is updated service_manage_report /usr/lib/python3/dist-packages/heat/engine/service.py:2370
2025-07-17 00:37:44.206 38162 DEBUG heat.engine.service [req-ba9c62c1-1d3b-4e80-ad69-e49f5dc5afec - - - - -] Service a13cf688-9693-481a-8c9b-bb8f0f242f1b is updated service_manage_report /usr/lib/python3/dist-packages/heat/engine/service.py:2370
2025-07-17 00:38:44.122 38164 DEBUG heat.engine.service [req-f03887e8-2693-4ed6-9635-27be06a3cca8 - - - - -] Service c77b6711-8453-47cd-a21e-c3f3023ef4a0 is updated service_manage_report /usr/lib/python3/dist-packages/heat/engine/service.py:2370
2025-07-17 00:38:44.141 38165 DEBUG heat.engine.service [req-62a5b1ab-7cdf-4e54-bfe0-95104f00957d - - - - -] Service e354896a-3122-4cd3-9728-edcb487b90bc is updated service_manage_report /usr/lib/python3/dist-packages/heat/engine/service.py:2370
2025-07-17 00:38:44.149 38163 DEBUG heat.engine.service [req-bc0357e6-dbcb-473f-9490-2cbac8913757 - - - - -] Service 82bb719c-b49d-488a-87a0-1f0ce8a945d8 is updated service_manage_report /usr/lib/python3/dist-packages/heat/engine/service.py:2370
2025-07-17 00:38:44.152 38162 DEBUG heat.engine.service [req-89f0a38f-0ba1-409e-9da6-64453d641411 - - - - -] Service a13cf688-9693-481a-8c9b-bb8f0f242f1b is updated service_manage_report /usr/lib/python3/dist-packages/heat/engine/service.py:2370
2025-07-17 00:39:44.128 38164 DEBUG heat.engine.service [req-f2589796-17c0-4714-9681-9e141bcb3fdb - - - - -] Service c77b6711-8453-47cd-a21e-c3f3023ef4a0 is updated service_manage_report /usr/lib/python3/dist-packages/heat/engine/service.py:2370
2025-07-17 00:39:44.141 38165 DEBUG heat.engine.service [req-fc630d12-583d-4226-9fd1-ccf4ac1671aa - - - - -] Service e354896a-3122-4cd3-9728-edcb487b90bc is updated service_manage_report /usr/lib/python3/dist-packages/heat/engine/service.py:2370
2025-07-17 00:39:44.151 38163 DEBUG heat.engine.service [req-81964e9b-c302-4570-ab5a-0d8095c571e3 - - - - -] Service 82bb719c-b49d-488a-87a0-1f0ce8a945d8 is updated service_manage_report /usr/lib/python3/dist-packages/heat/engine/service.py:2370
2025-07-17 00:39:44.152 38162 DEBUG heat.engine.service [req-1c69ab6d-7eb3-4eff-806b-be4de3414686 - - - - -] Service a13cf688-9693-481a-8c9b-bb8f0f242f1b is updated service_manage_report /usr/lib/python3/dist-packages/heat/engine/service.py:2370
2025-07-17 00:40:44.134 38164 DEBUG heat.engine.service [req-a4f9f042-3b7e-42fb-ba6f-1d291845c641 - - - - -] Service c77b6711-8453-47cd-a21e-c3f3023ef4a0 is updated service_manage_report /usr/lib/python3/dist-packages/heat/engine/service.py:2370
2025-07-17 00:40:44.137 38165 DEBUG heat.engine.service [req-a39c20ae-a9db-4fb3-bc8f-1259867fb6ba - - - - -] Service e354896a-3122-4cd3-9728-edcb487b90bc is updated service_manage_report /usr/lib/python3/dist-packages/heat/engine/service.py:2370
2025-07-17 00:40:44.144 38163 DEBUG heat.engine.service [req-7e695cb0-fec5-4940-a079-ade9f2a433bd - - - - -] Service 82bb719c-b49d-488a-87a0-1f0ce8a945d8 is updated service_manage_report /usr/lib/python3/dist-packages/heat/engine/service.py:2370
2025-07-17 00:40:44.148 38162 DEBUG heat.engine.service [req-3f33712e-6a68-4153-88e4-7e15e3dc67f1 - - - - -] Service a13cf688-9693-481a-8c9b-bb8f0f242f1b is updated service_manage_report /usr/lib/python3/dist-packages/heat/engine/service.py:2370
2025-07-17 00:41:44.132 38164 DEBUG heat.engine.service [req-8fdfb53c-46db-45f5-95ae-e530ebd52c5d - - - - -] Service c77b6711-8453-47cd-a21e-c3f3023ef4a0 is updated service_manage_report /usr/lib/python3/dist-packages/heat/engine/service.py:2370
2025-07-17 00:41:44.133 38165 DEBUG heat.engine.service [req-a486256c-0fb3-47c2-b29d-9b68153e82c4 - - - - -] Service e354896a-3122-4cd3-9728-edcb487b90bc is updated service_manage_report /usr/lib/python3/dist-packages/heat/engine/service.py:2370
2025-07-17 00:41:44.153 38163 DEBUG heat.engine.service [req-fa265a6d-c1d3-43a5-8a41-a20c159393fa - - - - -] Service 82bb719c-b49d-488a-87a0-1f0ce8a945d8 is updated service_manage_report /usr/lib/python3/dist-packages/heat/engine/service.py:2370
2025-07-17 00:41:44.157 38162 DEBUG heat.engine.service [req-d668f52a-0c0c-4565-be24-29954507d275 - - - - -] Service a13cf688-9693-481a-8c9b-bb8f0f242f1b is updated service_manage_report /usr/lib/python3/dist-packages/heat/engine/service.py:2370
2025-07-17 00:42:44.128 38164 DEBUG heat.engine.service [req-7772ff16-45e4-4412-92a0-ce25e659edde - - - - -] Service c77b6711-8453-47cd-a21e-c3f3023ef4a0 is updated service_manage_report /usr/lib/python3/dist-packages/heat/engine/service.py:2370
2025-07-17 00:42:44.130 38165 DEBUG heat.engine.service [req-e1356816-0e47-4d53-bda7-3554dc7670a1 - - - - -] Service e354896a-3122-4cd3-9728-edcb487b90bc is updated service_manage_report /usr/lib/python3/dist-packages/heat/engine/service.py:2370
2025-07-17 00:42:44.148 38163 DEBUG heat.engine.service [req-a346b1c5-7f2c-4138-97c6-e93e2be3ba53 - - - - -] Service 82bb719c-b49d-488a-87a0-1f0ce8a945d8 is updated service_manage_report /usr/lib/python3/dist-packages/heat/engine/service.py:2370
2025-07-17 00:42:44.153 38162 DEBUG heat.engine.service [req-b37a52d1-c7ac-4345-8f76-defdba3fa18c - - - - -] Service a13cf688-9693-481a-8c9b-bb8f0f242f1b is updated service_manage_report /usr/lib/python3/dist-packages/heat/engine/service.py:2370
2025-07-17 00:43:44.126 38164 DEBUG heat.engine.service [req-53bf949e-df11-4fca-9957-07b7fc62d754 - - - - -] Service c77b6711-8453-47cd-a21e-c3f3023ef4a0 is updated service_manage_report /usr/lib/python3/dist-packages/heat/engine/service.py:2370
2025-07-17 00:43:44.127 38165 DEBUG heat.engine.service [req-064a4eab-5897-4997-af47-54d7c51fa2b1 - - - - -] Service e354896a-3122-4cd3-9728-edcb487b90bc is updated service_manage_report /usr/lib/python3/dist-packages/heat/engine/service.py:2370
2025-07-17 00:43:44.154 38163 DEBUG heat.engine.service [req-137406fd-2ad7-4ea6-9c8e-1328c7cc013a - - - - -] Service 82bb719c-b49d-488a-87a0-1f0ce8a945d8 is updated service_manage_report /usr/lib/python3/dist-packages/heat/engine/service.py:2370
2025-07-17 00:43:44.161 38162 DEBUG heat.engine.service [req-bf3e3bff-f107-4851-b1bf-171d12f3c0e1 - - - - -] Service a13cf688-9693-481a-8c9b-bb8f0f242f1b is updated service_manage_report /usr/lib/python3/dist-packages/heat/engine/service.py:2370
2025-07-17 00:44:44.122 38164 DEBUG heat.engine.service [req-7e6f52e0-a7cd-4be5-8220-7dcaa2d1b463 - - - - -] Service c77b6711-8453-47cd-a21e-c3f3023ef4a0 is updated service_manage_report /usr/lib/python3/dist-packages/heat/engine/service.py:2370
2025-07-17 00:44:44.123 38165 DEBUG heat.engine.service [req-6e191619-de04-4c7f-bdd8-55704c8c027e - - - - -] Service e354896a-3122-4cd3-9728-edcb487b90bc is updated service_manage_report /usr/lib/python3/dist-packages/heat/engine/service.py:2370
2025-07-17 00:44:44.150 38163 DEBUG heat.engine.service [req-9405d1dd-e8a0-4b77-9d44-754ad3ecae67 - - - - -] Service 82bb719c-b49d-488a-87a0-1f0ce8a945d8 is updated service_manage_report /usr/lib/python3/dist-packages/heat/engine/service.py:2370
2025-07-17 00:44:44.155 38162 DEBUG heat.engine.service [req-5409c501-54fb-469c-a9da-7514f8b74b30 - - - - -] Service a13cf688-9693-481a-8c9b-bb8f0f242f1b is updated service_manage_report /usr/lib/python3/dist-packages/heat/engine/service.py:2370
2025-07-17 00:45:44.117 38165 DEBUG heat.engine.service [req-ac5f603a-c4d6-480a-91f3-e3771ee13515 - - - - -] Service e354896a-3122-4cd3-9728-edcb487b90bc is updated service_manage_report /usr/lib/python3/dist-packages/heat/engine/service.py:2370
2025-07-17 00:45:44.128 38164 DEBUG heat.engine.service [req-529dc010-fab7-4b54-ae66-165512e85864 - - - - -] Service c77b6711-8453-47cd-a21e-c3f3023ef4a0 is updated service_manage_report /usr/lib/python3/dist-packages/heat/engine/service.py:2370
2025-07-17 00:45:44.157 38163 DEBUG heat.engine.service [req-430dbf60-bcbc-486d-81b7-e2c0871468aa - - - - -] Service 82bb719c-b49d-488a-87a0-1f0ce8a945d8 is updated service_manage_report /usr/lib/python3/dist-packages/heat/engine/service.py:2370
2025-07-17 00:45:44.160 38162 DEBUG heat.engine.service [req-e8c67a0b-dd52-4da0-b439-1c0b09143a23 - - - - -] Service a13cf688-9693-481a-8c9b-bb8f0f242f1b is updated service_manage_report /usr/lib/python3/dist-packages/heat/engine/service.py:2370
2025-07-17 00:46:44.125 38164 DEBUG heat.engine.service [req-2aa98dc2-0f0c-4818-8a3c-c6682cc320b9 - - - - -] Service c77b6711-8453-47cd-a21e-c3f3023ef4a0 is updated service_manage_report /usr/lib/python3/dist-packages/heat/engine/service.py:2370
2025-07-17 00:46:44.127 38165 DEBUG heat.engine.service [req-a9a69624-7e3d-4893-ae33-7a977623e1eb - - - - -] Service e354896a-3122-4cd3-9728-edcb487b90bc is updated service_manage_report /usr/lib/python3/dist-packages/heat/engine/service.py:2370
2025-07-17 00:46:44.152 38163 DEBUG heat.engine.service [req-c35afb6f-5ff1-4884-8fbc-66a5db17c5e6 - - - - -] Service 82bb719c-b49d-488a-87a0-1f0ce8a945d8 is updated service_manage_report /usr/lib/python3/dist-packages/heat/engine/service.py:2370
2025-07-17 00:46:44.166 38162 DEBUG heat.engine.service [req-467b9dfc-49fd-4c41-9ad9-b67da5544892 - - - - -] Service a13cf688-9693-481a-8c9b-bb8f0f242f1b is updated service_manage_report /usr/lib/python3/dist-packages/heat/engine/service.py:2370
2025-07-17 00:47:44.120 38164 DEBUG heat.engine.service [req-222a53cd-28d1-4607-b785-8aa95551753f - - - - -] Service c77b6711-8453-47cd-a21e-c3f3023ef4a0 is updated service_manage_report /usr/lib/python3/dist-packages/heat/engine/service.py:2370
2025-07-17 00:47:44.122 38165 DEBUG heat.engine.service [req-1cc8a52c-1797-4260-80ab-51d8c5fc4e15 - - - - -] Service e354896a-3122-4cd3-9728-edcb487b90bc is updated service_manage_report /usr/lib/python3/dist-packages/heat/engine/service.py:2370
2025-07-17 00:47:44.156 38163 DEBUG heat.engine.service [req-d54b306b-20ce-4cd1-a975-781ddb19290f - - - - -] Service 82bb719c-b49d-488a-87a0-1f0ce8a945d8 is updated service_manage_report /usr/lib/python3/dist-packages/heat/engine/service.py:2370
2025-07-17 00:47:44.172 38162 DEBUG heat.engine.service [req-7f4245c4-f42b-44b1-9217-0477edef3d75 - - - - -] Service a13cf688-9693-481a-8c9b-bb8f0f242f1b is updated service_manage_report /usr/lib/python3/dist-packages/heat/engine/service.py:2370
2025-07-17 00:48:44.121 38165 DEBUG heat.engine.service [req-5e6a26be-e41b-4808-9a53-459cda9757eb - - - - -] Service e354896a-3122-4cd3-9728-edcb487b90bc is updated service_manage_report /usr/lib/python3/dist-packages/heat/engine/service.py:2370
2025-07-17 00:48:44.127 38164 DEBUG heat.engine.service [req-a4bb350f-b975-45d5-87ca-2f1da68f9a69 - - - - -] Service c77b6711-8453-47cd-a21e-c3f3023ef4a0 is updated service_manage_report /usr/lib/python3/dist-packages/heat/engine/service.py:2370
2025-07-17 00:48:44.160 38163 DEBUG heat.engine.service [req-383caf69-349e-427b-8c79-e29e0fd131ed - - - - -] Service 82bb719c-b49d-488a-87a0-1f0ce8a945d8 is updated service_manage_report /usr/lib/python3/dist-packages/heat/engine/service.py:2370
2025-07-17 00:48:44.167 38162 DEBUG heat.engine.service [req-05095d32-3933-45d4-a479-207b4e3a8558 - - - - -] Service a13cf688-9693-481a-8c9b-bb8f0f242f1b is updated service_manage_report /usr/lib/python3/dist-packages/heat/engine/service.py:2370
2025-07-17 00:49:44.117 38165 DEBUG heat.engine.service [req-c74982dd-d3e8-499f-9c47-593f9cd14d59 - - - - -] Service e354896a-3122-4cd3-9728-edcb487b90bc is updated service_manage_report /usr/lib/python3/dist-packages/heat/engine/service.py:2370
2025-07-17 00:49:44.122 38164 DEBUG heat.engine.service [req-e7e3074a-0674-458d-9190-6415bfd806ec - - - - -] Service c77b6711-8453-47cd-a21e-c3f3023ef4a0 is updated service_manage_report /usr/lib/python3/dist-packages/heat/engine/service.py:2370
2025-07-17 00:49:44.165 38163 DEBUG heat.engine.service [req-a93c81c5-5208-4235-b80c-db28b56d41eb - - - - -] Service 82bb719c-b49d-488a-87a0-1f0ce8a945d8 is updated service_manage_report /usr/lib/python3/dist-packages/heat/engine/service.py:2370
2025-07-17 00:49:44.173 38162 DEBUG heat.engine.service [req-84933673-3f5f-43cb-9e74-eae80dfbae4d - - - - -] Service a13cf688-9693-481a-8c9b-bb8f0f242f1b is updated service_manage_report /usr/lib/python3/dist-packages/heat/engine/service.py:2370
2025-07-17 00:50:44.122 38165 DEBUG heat.engine.service [req-4587c5f9-d638-4b89-8ad8-7151e22702c5 - - - - -] Service e354896a-3122-4cd3-9728-edcb487b90bc is updated service_manage_report /usr/lib/python3/dist-packages/heat/engine/service.py:2370
2025-07-17 00:50:44.126 38164 DEBUG heat.engine.service [req-bb515c63-8464-449e-a7d8-5a0f5e5b3f4f - - - - -] Service c77b6711-8453-47cd-a21e-c3f3023ef4a0 is updated service_manage_report /usr/lib/python3/dist-packages/heat/engine/service.py:2370
2025-07-17 00:50:44.169 38162 DEBUG heat.engine.service [req-4239cf7d-24af-49a9-9d85-365b8befc012 - - - - -] Service a13cf688-9693-481a-8c9b-bb8f0f242f1b is updated service_manage_report /usr/lib/python3/dist-packages/heat/engine/service.py:2370
2025-07-17 00:50:44.172 38163 DEBUG heat.engine.service [req-a0b375d4-68c7-46fa-9e00-4f60a393704a - - - - -] Service 82bb719c-b49d-488a-87a0-1f0ce8a945d8 is updated service_manage_report /usr/lib/python3/dist-packages/heat/engine/service.py:2370
2025-07-17 00:51:44.129 38165 DEBUG heat.engine.service [req-22a8af89-365a-4bb9-a0c2-953bd8695249 - - - - -] Service e354896a-3122-4cd3-9728-edcb487b90bc is updated service_manage_report /usr/lib/python3/dist-packages/heat/engine/service.py:2370
2025-07-17 00:51:44.131 38164 DEBUG heat.engine.service [req-64c0d1fe-7df3-4f0a-8327-b624130898a4 - - - - -] Service c77b6711-8453-47cd-a21e-c3f3023ef4a0 is updated service_manage_report /usr/lib/python3/dist-packages/heat/engine/service.py:2370
2025-07-17 00:51:44.169 38163 DEBUG heat.engine.service [req-f31eb764-9f22-4dce-9e30-fa2014238eb1 - - - - -] Service 82bb719c-b49d-488a-87a0-1f0ce8a945d8 is updated service_manage_report /usr/lib/python3/dist-packages/heat/engine/service.py:2370
2025-07-17 00:51:44.175 38162 DEBUG heat.engine.service [req-09842229-73c1-4fa7-aceb-0811df2381b0 - - - - -] Service a13cf688-9693-481a-8c9b-bb8f0f242f1b is updated service_manage_report /usr/lib/python3/dist-packages/heat/engine/service.py:2370
2025-07-17 00:52:44.124 38165 DEBUG heat.engine.service [req-6ca6088e-09af-43c5-80af-fab86d4eaaa0 - - - - -] Service e354896a-3122-4cd3-9728-edcb487b90bc is updated service_manage_report /usr/lib/python3/dist-packages/heat/engine/service.py:2370
2025-07-17 00:52:44.138 38164 DEBUG heat.engine.service [req-99f051c8-4825-4886-935e-7d2629876c9e - - - - -] Service c77b6711-8453-47cd-a21e-c3f3023ef4a0 is updated service_manage_report /usr/lib/python3/dist-packages/heat/engine/service.py:2370
2025-07-17 00:52:44.165 38163 DEBUG heat.engine.service [req-c41afe5b-71e7-4c24-85df-007831d3063c - - - - -] Service 82bb719c-b49d-488a-87a0-1f0ce8a945d8 is updated service_manage_report /usr/lib/python3/dist-packages/heat/engine/service.py:2370
2025-07-17 00:52:44.172 38162 DEBUG heat.engine.service [req-a047bb73-28a3-4fc7-b783-4053c4cc01fb - - - - -] Service a13cf688-9693-481a-8c9b-bb8f0f242f1b is updated service_manage_report /usr/lib/python3/dist-packages/heat/engine/service.py:2370
2025-07-17 00:53:44.131 38165 DEBUG heat.engine.service [req-e94c3472-6839-420c-8356-576ef9683cc8 - - - - -] Service e354896a-3122-4cd3-9728-edcb487b90bc is updated service_manage_report /usr/lib/python3/dist-packages/heat/engine/service.py:2370
2025-07-17 00:53:44.133 38164 DEBUG heat.engine.service [req-2f6f1a65-613a-4eab-9af9-5bfd73f997e2 - - - - -] Service c77b6711-8453-47cd-a21e-c3f3023ef4a0 is updated service_manage_report /usr/lib/python3/dist-packages/heat/engine/service.py:2370
2025-07-17 00:53:44.161 38163 DEBUG heat.engine.service [req-cdc0d9b5-2e0e-4a4c-aa53-e45243cd4a5b - - - - -] Service 82bb719c-b49d-488a-87a0-1f0ce8a945d8 is updated service_manage_report /usr/lib/python3/dist-packages/heat/engine/service.py:2370
2025-07-17 00:53:44.166 38162 DEBUG heat.engine.service [req-2701c620-42aa-4bd0-af83-8397ca6ac11f - - - - -] Service a13cf688-9693-481a-8c9b-bb8f0f242f1b is updated service_manage_report /usr/lib/python3/dist-packages/heat/engine/service.py:2370
2025-07-17 00:54:44.131 38165 DEBUG heat.engine.service [req-91fb6217-6c05-4267-a7ce-41d9f6178040 - - - - -] Service e354896a-3122-4cd3-9728-edcb487b90bc is updated service_manage_report /usr/lib/python3/dist-packages/heat/engine/service.py:2370
2025-07-17 00:54:44.137 38164 DEBUG heat.engine.service [req-a0644e5d-18dd-4793-a703-d3c1006b69bb - - - - -] Service c77b6711-8453-47cd-a21e-c3f3023ef4a0 is updated service_manage_report /usr/lib/python3/dist-packages/heat/engine/service.py:2370
2025-07-17 00:54:44.155 38163 DEBUG heat.engine.service [req-ba47a452-41d8-49be-ae13-5351aa0b5f59 - - - - -] Service 82bb719c-b49d-488a-87a0-1f0ce8a945d8 is updated service_manage_report /usr/lib/python3/dist-packages/heat/engine/service.py:2370
2025-07-17 00:54:44.171 38162 DEBUG heat.engine.service [req-3df92f18-c626-4d56-95cf-92e2fe143cc4 - - - - -] Service a13cf688-9693-481a-8c9b-bb8f0f242f1b is updated service_manage_report /usr/lib/python3/dist-packages/heat/engine/service.py:2370
2025-07-17 00:55:44.127 38165 DEBUG heat.engine.service [req-d6e724c7-f54f-4444-a8fd-45dc73aa9f2b - - - - -] Service e354896a-3122-4cd3-9728-edcb487b90bc is updated service_manage_report /usr/lib/python3/dist-packages/heat/engine/service.py:2370
2025-07-17 00:55:44.143 38164 DEBUG heat.engine.service [req-c5714b0f-40f1-4739-97ba-6383ed7dab3b - - - - -] Service c77b6711-8453-47cd-a21e-c3f3023ef4a0 is updated service_manage_report /usr/lib/python3/dist-packages/heat/engine/service.py:2370
2025-07-17 00:55:44.161 38163 DEBUG heat.engine.service [req-56dae11b-2c7d-4e68-8a00-00b7d9317a2c - - - - -] Service 82bb719c-b49d-488a-87a0-1f0ce8a945d8 is updated service_manage_report /usr/lib/python3/dist-packages/heat/engine/service.py:2370
2025-07-17 00:55:44.176 38162 DEBUG heat.engine.service [req-77891cb0-704a-4872-a077-50182f7110ae - - - - -] Service a13cf688-9693-481a-8c9b-bb8f0f242f1b is updated service_manage_report /usr/lib/python3/dist-packages/heat/engine/service.py:2370
2025-07-17 00:56:44.123 38165 DEBUG heat.engine.service [req-0054c4c2-1676-498b-8dac-83a852747ffd - - - - -] Service e354896a-3122-4cd3-9728-edcb487b90bc is updated service_manage_report /usr/lib/python3/dist-packages/heat/engine/service.py:2370
2025-07-17 00:56:44.150 38164 DEBUG heat.engine.service [req-8cb02eed-8feb-40d0-a149-5d1348d52429 - - - - -] Service c77b6711-8453-47cd-a21e-c3f3023ef4a0 is updated service_manage_report /usr/lib/python3/dist-packages/heat/engine/service.py:2370
2025-07-17 00:56:44.163 38163 DEBUG heat.engine.service [req-c5764bce-d49e-4bf3-88f7-22203d889379 - - - - -] Service 82bb719c-b49d-488a-87a0-1f0ce8a945d8 is updated service_manage_report /usr/lib/python3/dist-packages/heat/engine/service.py:2370
2025-07-17 00:56:44.180 38162 DEBUG heat.engine.service [req-7da952fc-9dcb-4a83-a62f-e18fd155a7dd - - - - -] Service a13cf688-9693-481a-8c9b-bb8f0f242f1b is updated service_manage_report /usr/lib/python3/dist-packages/heat/engine/service.py:2370
2025-07-17 00:57:44.128 38165 DEBUG heat.engine.service [req-200fd7df-ce6c-4442-a083-7bd3c6fc0300 - - - - -] Service e354896a-3122-4cd3-9728-edcb487b90bc is updated service_manage_report /usr/lib/python3/dist-packages/heat/engine/service.py:2370
2025-07-17 00:57:44.152 38164 DEBUG heat.engine.service [req-54d0bb08-ed49-4b86-95da-06b268587d17 - - - - -] Service c77b6711-8453-47cd-a21e-c3f3023ef4a0 is updated service_manage_report /usr/lib/python3/dist-packages/heat/engine/service.py:2370
2025-07-17 00:57:44.168 38163 DEBUG heat.engine.service [req-b70cecc5-8e0a-4f83-88ca-10020a12bdb6 - - - - -] Service 82bb719c-b49d-488a-87a0-1f0ce8a945d8 is updated service_manage_report /usr/lib/python3/dist-packages/heat/engine/service.py:2370
2025-07-17 00:57:44.184 38162 DEBUG heat.engine.service [req-36d4153a-207a-49fb-b52b-b2e15fc9caee - - - - -] Service a13cf688-9693-481a-8c9b-bb8f0f242f1b is updated service_manage_report /usr/lib/python3/dist-packages/heat/engine/service.py:2370
2025-07-17 00:58:44.126 38165 DEBUG heat.engine.service [req-fc77cb43-c903-44a3-b62b-7ba75a5e36ce - - - - -] Service e354896a-3122-4cd3-9728-edcb487b90bc is updated service_manage_report /usr/lib/python3/dist-packages/heat/engine/service.py:2370
2025-07-17 00:58:44.145 38164 DEBUG heat.engine.service [req-af7ae6a6-3b25-46b4-9ca7-b83fb3e4f71c - - - - -] Service c77b6711-8453-47cd-a21e-c3f3023ef4a0 is updated service_manage_report /usr/lib/python3/dist-packages/heat/engine/service.py:2370
2025-07-17 00:58:44.172 38163 DEBUG heat.engine.service [req-4535edc6-276a-4917-b496-2a6f631a2742 - - - - -] Service 82bb719c-b49d-488a-87a0-1f0ce8a945d8 is updated service_manage_report /usr/lib/python3/dist-packages/heat/engine/service.py:2370
2025-07-17 00:58:44.188 38162 DEBUG heat.engine.service [req-ed4b571b-af61-4501-93c9-6331816fd556 - - - - -] Service a13cf688-9693-481a-8c9b-bb8f0f242f1b is updated service_manage_report /usr/lib/python3/dist-packages/heat/engine/service.py:2370
2025-07-17 00:59:44.126 38165 DEBUG heat.engine.service [req-75ce3746-fe10-4ef9-b832-ffdc0141bb93 - - - - -] Service e354896a-3122-4cd3-9728-edcb487b90bc is updated service_manage_report /usr/lib/python3/dist-packages/heat/engine/service.py:2370
2025-07-17 00:59:44.154 38164 DEBUG heat.engine.service [req-b5471e2b-936b-4e87-9f3a-b6fd4643b41b - - - - -] Service c77b6711-8453-47cd-a21e-c3f3023ef4a0 is updated service_manage_report /usr/lib/python3/dist-packages/heat/engine/service.py:2370
2025-07-17 00:59:44.180 38163 DEBUG heat.engine.service [req-67976715-68a7-4a0f-bd77-dec10639d1eb - - - - -] Service 82bb719c-b49d-488a-87a0-1f0ce8a945d8 is updated service_manage_report /usr/lib/python3/dist-packages/heat/engine/service.py:2370
2025-07-17 00:59:44.193 38162 DEBUG heat.engine.service [req-b024d8db-c69c-4862-8af7-9bcb1df4e25f - - - - -] Service a13cf688-9693-481a-8c9b-bb8f0f242f1b is updated service_manage_report /usr/lib/python3/dist-packages/heat/engine/service.py:2370
2025-07-17 01:00:44.122 38165 DEBUG heat.engine.service [req-bf36f5c7-719f-4c87-ac7d-aa1e4c125f1a - - - - -] Service e354896a-3122-4cd3-9728-edcb487b90bc is updated service_manage_report /usr/lib/python3/dist-packages/heat/engine/service.py:2370
2025-07-17 01:00:44.150 38164 DEBUG heat.engine.service [req-15719646-f305-4280-8b46-1b8ecb6f3b71 - - - - -] Service c77b6711-8453-47cd-a21e-c3f3023ef4a0 is updated service_manage_report /usr/lib/python3/dist-packages/heat/engine/service.py:2370
2025-07-17 01:00:44.176 38163 DEBUG heat.engine.service [req-b9b50538-8383-46fe-a915-d5b73d17ac3e - - - - -] Service 82bb719c-b49d-488a-87a0-1f0ce8a945d8 is updated service_manage_report /usr/lib/python3/dist-packages/heat/engine/service.py:2370
2025-07-17 01:00:44.198 38162 DEBUG heat.engine.service [req-ff04f1ad-c5e4-4c16-8ac9-b1775d9becc3 - - - - -] Service a13cf688-9693-481a-8c9b-bb8f0f242f1b is updated service_manage_report /usr/lib/python3/dist-packages/heat/engine/service.py:2370
2025-07-17 01:01:44.117 38165 DEBUG heat.engine.service [req-f96ae4e6-5990-4d7b-91f0-dcb7f5f4f0f2 - - - - -] Service e354896a-3122-4cd3-9728-edcb487b90bc is updated service_manage_report /usr/lib/python3/dist-packages/heat/engine/service.py:2370
2025-07-17 01:01:44.144 38164 DEBUG heat.engine.service [req-a27d20a7-9764-49d1-82ab-ea5cd4649468 - - - - -] Service c77b6711-8453-47cd-a21e-c3f3023ef4a0 is updated service_manage_report /usr/lib/python3/dist-packages/heat/engine/service.py:2370
2025-07-17 01:01:44.172 38163 DEBUG heat.engine.service [req-dca4ad45-11f5-41c7-86a1-7fc39209d172 - - - - -] Service 82bb719c-b49d-488a-87a0-1f0ce8a945d8 is updated service_manage_report /usr/lib/python3/dist-packages/heat/engine/service.py:2370
2025-07-17 01:01:44.201 38162 DEBUG heat.engine.service [req-dc76d788-4ff6-43a9-bedd-0c1f16a690e7 - - - - -] Service a13cf688-9693-481a-8c9b-bb8f0f242f1b is updated service_manage_report /usr/lib/python3/dist-packages/heat/engine/service.py:2370
2025-07-17 01:02:44.122 38165 DEBUG heat.engine.service [req-b86ae60e-2df3-4e2c-9091-615f92e80718 - - - - -] Service e354896a-3122-4cd3-9728-edcb487b90bc is updated service_manage_report /usr/lib/python3/dist-packages/heat/engine/service.py:2370
2025-07-17 01:02:44.146 38164 DEBUG heat.engine.service [req-a1c18cd5-d02b-40c0-acdd-66efd43d2941 - - - - -] Service c77b6711-8453-47cd-a21e-c3f3023ef4a0 is updated service_manage_report /usr/lib/python3/dist-packages/heat/engine/service.py:2370
2025-07-17 01:02:44.178 38163 DEBUG heat.engine.service [req-93395923-cb7e-467c-ad40-557402d95a8d - - - - -] Service 82bb719c-b49d-488a-87a0-1f0ce8a945d8 is updated service_manage_report /usr/lib/python3/dist-packages/heat/engine/service.py:2370
2025-07-17 01:02:44.206 38162 DEBUG heat.engine.service [req-1b56d8c2-32b9-4f12-8fcb-2e7d4b27953c - - - - -] Service a13cf688-9693-481a-8c9b-bb8f0f242f1b is updated service_manage_report /usr/lib/python3/dist-packages/heat/engine/service.py:2370
2025-07-17 01:03:44.128 38165 DEBUG heat.engine.service [req-6778f9c8-bb8e-4646-971e-897962017f08 - - - - -] Service e354896a-3122-4cd3-9728-edcb487b90bc is updated service_manage_report /usr/lib/python3/dist-packages/heat/engine/service.py:2370
2025-07-17 01:03:44.150 38164 DEBUG heat.engine.service [req-8e1f1f16-1df5-4014-9bf1-6f84081c8f3f - - - - -] Service c77b6711-8453-47cd-a21e-c3f3023ef4a0 is updated service_manage_report /usr/lib/python3/dist-packages/heat/engine/service.py:2370
2025-07-17 01:03:44.182 38163 DEBUG heat.engine.service [req-bef7b7cf-bcae-4a0a-8009-c6a21105c110 - - - - -] Service 82bb719c-b49d-488a-87a0-1f0ce8a945d8 is updated service_manage_report /usr/lib/python3/dist-packages/heat/engine/service.py:2370
2025-07-17 01:03:44.212 38162 DEBUG heat.engine.service [req-66731726-e21d-4b80-9435-d6d3763a6bee - - - - -] Service a13cf688-9693-481a-8c9b-bb8f0f242f1b is updated service_manage_report /usr/lib/python3/dist-packages/heat/engine/service.py:2370
2025-07-17 01:04:44.125 38165 DEBUG heat.engine.service [req-687a9f82-e3e6-41e8-8205-50176c68ab25 - - - - -] Service e354896a-3122-4cd3-9728-edcb487b90bc is updated service_manage_report /usr/lib/python3/dist-packages/heat/engine/service.py:2370
2025-07-17 01:04:44.154 38164 DEBUG heat.engine.service [req-bce95e95-0c23-421a-85f9-14f9e04d79c3 - - - - -] Service c77b6711-8453-47cd-a21e-c3f3023ef4a0 is updated service_manage_report /usr/lib/python3/dist-packages/heat/engine/service.py:2370
2025-07-17 01:04:44.187 38163 DEBUG heat.engine.service [req-ba8524b1-2693-4e63-afd4-8cb2f7bdb0fa - - - - -] Service 82bb719c-b49d-488a-87a0-1f0ce8a945d8 is updated service_manage_report /usr/lib/python3/dist-packages/heat/engine/service.py:2370
2025-07-17 01:04:44.208 38162 DEBUG heat.engine.service [req-915eaac8-6b59-4e86-98ca-5a249bcdab77 - - - - -] Service a13cf688-9693-481a-8c9b-bb8f0f242f1b is updated service_manage_report /usr/lib/python3/dist-packages/heat/engine/service.py:2370
2025-07-17 01:05:44.121 38165 DEBUG heat.engine.service [req-7d3ac1e3-9dbe-4972-8be3-64b1bfbfa833 - - - - -] Service e354896a-3122-4cd3-9728-edcb487b90bc is updated service_manage_report /usr/lib/python3/dist-packages/heat/engine/service.py:2370
2025-07-17 01:05:44.162 38164 DEBUG heat.engine.service [req-abf2696e-2bfc-4974-adcc-26d5ac4e630d - - - - -] Service c77b6711-8453-47cd-a21e-c3f3023ef4a0 is updated service_manage_report /usr/lib/python3/dist-packages/heat/engine/service.py:2370
2025-07-17 01:05:44.196 38163 DEBUG heat.engine.service [req-95791389-6dfd-424a-b6e3-c0344600ba4e - - - - -] Service 82bb719c-b49d-488a-87a0-1f0ce8a945d8 is updated service_manage_report /usr/lib/python3/dist-packages/heat/engine/service.py:2370
2025-07-17 01:05:44.208 38162 DEBUG heat.engine.service [req-d352c019-da1b-4f93-870d-3ea0e8d88145 - - - - -] Service a13cf688-9693-481a-8c9b-bb8f0f242f1b is updated service_manage_report /usr/lib/python3/dist-packages/heat/engine/service.py:2370
2025-07-17 01:06:44.119 38165 DEBUG heat.engine.service [req-7f316809-85fe-41d6-b2a7-24509977a614 - - - - -] Service e354896a-3122-4cd3-9728-edcb487b90bc is updated service_manage_report /usr/lib/python3/dist-packages/heat/engine/service.py:2370
2025-07-17 01:06:44.158 38164 DEBUG heat.engine.service [req-d1305f66-7ac5-41ae-bc0b-3816a58bc66e - - - - -] Service c77b6711-8453-47cd-a21e-c3f3023ef4a0 is updated service_manage_report /usr/lib/python3/dist-packages/heat/engine/service.py:2370
2025-07-17 01:06:44.193 38163 DEBUG heat.engine.service [req-0d425379-8c6e-4f87-a3c9-ad4a6bff681e - - - - -] Service 82bb719c-b49d-488a-87a0-1f0ce8a945d8 is updated service_manage_report /usr/lib/python3/dist-packages/heat/engine/service.py:2370
2025-07-17 01:06:44.206 38162 DEBUG heat.engine.service [req-4170dc1a-d277-49fd-a21c-28a09e13f314 - - - - -] Service a13cf688-9693-481a-8c9b-bb8f0f242f1b is updated service_manage_report /usr/lib/python3/dist-packages/heat/engine/service.py:2370
2025-07-17 01:07:44.115 38165 DEBUG heat.engine.service [req-33ab9d3a-f998-4a88-a7bf-b46a5ca58392 - - - - -] Service e354896a-3122-4cd3-9728-edcb487b90bc is updated service_manage_report /usr/lib/python3/dist-packages/heat/engine/service.py:2370
2025-07-17 01:07:44.156 38164 DEBUG heat.engine.service [req-d3688355-7336-47c7-b36c-c26a5c975b37 - - - - -] Service c77b6711-8453-47cd-a21e-c3f3023ef4a0 is updated service_manage_report /usr/lib/python3/dist-packages/heat/engine/service.py:2370
2025-07-17 01:07:44.190 38163 DEBUG heat.engine.service [req-99cfef2d-9955-49f1-9650-1d2ea59b0c35 - - - - -] Service 82bb719c-b49d-488a-87a0-1f0ce8a945d8 is updated service_manage_report /usr/lib/python3/dist-packages/heat/engine/service.py:2370
2025-07-17 01:07:44.205 38162 DEBUG heat.engine.service [req-53660464-236a-4904-9d59-7c99eb2a9be8 - - - - -] Service a13cf688-9693-481a-8c9b-bb8f0f242f1b is updated service_manage_report /usr/lib/python3/dist-packages/heat/engine/service.py:2370
2025-07-17 01:08:44.121 38165 DEBUG heat.engine.service [req-4042ae95-652e-419f-af6d-e4d0cad58559 - - - - -] Service e354896a-3122-4cd3-9728-edcb487b90bc is updated service_manage_report /usr/lib/python3/dist-packages/heat/engine/service.py:2370
2025-07-17 01:08:44.151 38164 DEBUG heat.engine.service [req-3b2eed3e-4d25-4c57-be5c-c35b1d7d605e - - - - -] Service c77b6711-8453-47cd-a21e-c3f3023ef4a0 is updated service_manage_report /usr/lib/python3/dist-packages/heat/engine/service.py:2370
2025-07-17 01:08:44.187 38163 DEBUG heat.engine.service [req-f0ffe9aa-ec63-430e-9cff-a0db74ebad48 - - - - -] Service 82bb719c-b49d-488a-87a0-1f0ce8a945d8 is updated service_manage_report /usr/lib/python3/dist-packages/heat/engine/service.py:2370
2025-07-17 01:08:44.201 38162 DEBUG heat.engine.service [req-d22dc946-251a-49aa-bab1-5d1c4f123ddb - - - - -] Service a13cf688-9693-481a-8c9b-bb8f0f242f1b is updated service_manage_report /usr/lib/python3/dist-packages/heat/engine/service.py:2370
2025-07-17 01:09:44.117 38165 DEBUG heat.engine.service [req-5b05947f-6dbe-45dd-8bfd-288bd55f7809 - - - - -] Service e354896a-3122-4cd3-9728-edcb487b90bc is updated service_manage_report /usr/lib/python3/dist-packages/heat/engine/service.py:2370
2025-07-17 01:09:44.159 38164 DEBUG heat.engine.service [req-e974a13b-479d-48a2-8fc9-a337f73943da - - - - -] Service c77b6711-8453-47cd-a21e-c3f3023ef4a0 is updated service_manage_report /usr/lib/python3/dist-packages/heat/engine/service.py:2370
