2025-07-17 02:14:24.240 7 DEBUG oslo_service.service [-] ml2_type_gre.tunnel_id_ranges = [] log_opt_values /var/lib/kolla/venv/lib/python3.6/site-packages/oslo_config/cfg.py:2611
2025-07-17 02:14:24.240 7 DEBUG oslo_service.service [-] ml2_type_vlan.network_vlan_ranges = [] log_opt_values /var/lib/kolla/venv/lib/python3.6/site-packages/oslo_config/cfg.py:2611
2025-07-17 02:14:24.240 7 DEBUG oslo_service.service [-] ml2_type_vxlan.vni_ranges = [] log_opt_values /var/lib/kolla/venv/lib/python3.6/site-packages/oslo_config/cfg.py:2611
2025-07-17 02:14:24.240 7 DEBUG oslo_service.service [-] ml2_type_vxlan.vxlan_group = None log_opt_values /var/lib/kolla/venv/lib/python3.6/site-packages/oslo_config/cfg.py:2611
2025-07-17 02:14:24.240 7 DEBUG oslo_service.service [-] database.backend = sqlalchemy log_opt_values /var/lib/kolla/venv/lib/python3.6/site-packages/oslo_config/cfg.py:2611
2025-07-17 02:14:24.240 7 DEBUG oslo_service.service [-] database.connection = **** log_opt_values /var/lib/kolla/venv/lib/python3.6/site-packages/oslo_config/cfg.py:2611
2025-07-17 02:14:24.240 7 DEBUG oslo_service.service [-] database.connection_debug = 0 log_opt_values /var/lib/kolla/venv/lib/python3.6/site-packages/oslo_config/cfg.py:2611
2025-07-17 02:14:24.240 7 DEBUG oslo_service.service [-] database.connection_parameters = log_opt_values /var/lib/kolla/venv/lib/python3.6/site-packages/oslo_config/cfg.py:2611
2025-07-17 02:14:24.240 7 DEBUG oslo_service.service [-] database.connection_recycle_time = 10 log_opt_values /var/lib/kolla/venv/lib/python3.6/site-packages/oslo_config/cfg.py:2611
2025-07-17 02:14:24.241 7 DEBUG oslo_service.service [-] database.connection_trace = False log_opt_values /var/lib/kolla/venv/lib/python3.6/site-packages/oslo_config/cfg.py:2611
2025-07-17 02:14:24.241 7 DEBUG oslo_service.service [-] database.db_inc_retry_interval = True log_opt_values /var/lib/kolla/venv/lib/python3.6/site-packages/oslo_config/cfg.py:2611
2025-07-17 02:14:24.241 7 DEBUG oslo_service.service [-] database.db_max_retries = 20 log_opt_values /var/lib/kolla/venv/lib/python3.6/site-packages/oslo_config/cfg.py:2611
2025-07-17 02:14:24.241 7 DEBUG oslo_service.service [-] database.db_max_retry_interval = 10 log_opt_values /var/lib/kolla/venv/lib/python3.6/site-packages/oslo_config/cfg.py:2611
2025-07-17 02:14:24.241 7 DEBUG oslo_service.service [-] database.db_retry_interval = 1 log_opt_values /var/lib/kolla/venv/lib/python3.6/site-packages/oslo_config/cfg.py:2611
2025-07-17 02:14:24.241 7 DEBUG oslo_service.service [-] database.max_overflow = 50 log_opt_values /var/lib/kolla/venv/lib/python3.6/site-packages/oslo_config/cfg.py:2611
2025-07-17 02:14:24.241 7 DEBUG oslo_service.service [-] database.max_pool_size = 1 log_opt_values /var/lib/kolla/venv/lib/python3.6/site-packages/oslo_config/cfg.py:2611
2025-07-17 02:14:24.241 7 DEBUG oslo_service.service [-] database.max_retries = -1 log_opt_values /var/lib/kolla/venv/lib/python3.6/site-packages/oslo_config/cfg.py:2611
2025-07-17 02:14:24.241 7 DEBUG oslo_service.service [-] database.mysql_enable_ndb = False log_opt_values /var/lib/kolla/venv/lib/python3.6/site-packages/oslo_config/cfg.py:2611
2025-07-17 02:14:24.241 7 DEBUG oslo_service.service [-] database.mysql_sql_mode = TRADITIONAL log_opt_values /var/lib/kolla/venv/lib/python3.6/site-packages/oslo_config/cfg.py:2611
2025-07-17 02:14:24.241 7 DEBUG oslo_service.service [-] database.pool_timeout = None log_opt_values /var/lib/kolla/venv/lib/python3.6/site-packages/oslo_config/cfg.py:2611
2025-07-17 02:14:24.241 7 DEBUG oslo_service.service [-] database.retry_interval = 10 log_opt_values /var/lib/kolla/venv/lib/python3.6/site-packages/oslo_config/cfg.py:2611
2025-07-17 02:14:24.241 7 DEBUG oslo_service.service [-] database.slave_connection = **** log_opt_values /var/lib/kolla/venv/lib/python3.6/site-packages/oslo_config/cfg.py:2611
2025-07-17 02:14:24.241 7 DEBUG oslo_service.service [-] database.sqlite_synchronous = True log_opt_values /var/lib/kolla/venv/lib/python3.6/site-packages/oslo_config/cfg.py:2611
2025-07-17 02:14:24.241 7 DEBUG oslo_service.service [-] database.use_db_reconnect = False log_opt_values /var/lib/kolla/venv/lib/python3.6/site-packages/oslo_config/cfg.py:2611
2025-07-17 02:14:24.241 7 DEBUG oslo_service.service [-] ******************************************************************************** log_opt_values /var/lib/kolla/venv/lib/python3.6/site-packages/oslo_config/cfg.py:2613
2025-07-17 02:14:26.003 22 DEBUG neutron.wsgi [-] (22) accepted ('10.0.0.49', 50864) server /var/lib/kolla/venv/lib/python3.6/site-packages/eventlet/wsgi.py:1004
2025-07-17 02:14:26.009 22 INFO neutron.wsgi [-] 10.0.0.49 "GET / HTTP/1.1" status: 200 len: 227 time: 0.0048494
2025-07-17 02:14:27.858 25 DEBUG neutron.api.rpc.handlers.dhcp_rpc [req-cb356d62-4700-40d8-aa80-eef205053213 - - - - -] get_active_networks_info from cn-jenkins-deploy-platform-ansible-os-3651-1 get_active_networks_info /var/lib/kolla/venv/lib/python3.6/site-packages/neutron/api/rpc/handlers/dhcp_rpc.py:159
2025-07-17 02:14:27.878 27 DEBUG neutron_lib.callbacks.manager [req-e88afe1e-db63-47cc-8ce9-7f59f9da662e - - - - -] Publish callbacks ['neutron.services.segments.db._update_segment_host_mapping_for_agent-8775411893568', 'neutron.services.l3_router.l3_router_plugin.DVRResourceOperationHandler.create_fip_agent_gw_ports-567741'] for agent (d49de995-0659-42bd-a4e2-f2c8fe612a60), after_create _notify_loop /var/lib/kolla/venv/lib/python3.6/site-packages/neutron_lib/callbacks/manager.py:177
2025-07-17 02:14:27.898 25 DEBUG neutron.scheduler.dhcp_agent_scheduler [req-cb356d62-4700-40d8-aa80-eef205053213 - - - - -] No non-hosted networks auto_schedule_networks /var/lib/kolla/venv/lib/python3.6/site-packages/neutron/scheduler/dhcp_agent_scheduler.py:60
2025-07-17 02:14:46.425 28 DEBUG neutron_lib.callbacks.manager [req-0b68f39e-3110-4777-95fb-0002c6351f5a - - - - -] Publish callbacks ['neutron.services.segments.db._update_segment_host_mapping_for_agent-8775411893568', 'neutron.services.l3_router.l3_router_plugin.DVRResourceOperationHandler.create_fip_agent_gw_ports-567741'] for agent (9a0f4d1b-3d92-4324-8eb3-b253eac4c6db), after_create _notify_loop /var/lib/kolla/venv/lib/python3.6/site-packages/neutron_lib/callbacks/manager.py:177
2025-07-17 02:14:56.053 22 DEBUG neutron.wsgi [-] (22) accepted ('10.0.0.49', 59686) server /var/lib/kolla/venv/lib/python3.6/site-packages/eventlet/wsgi.py:1004
2025-07-17 02:14:56.056 22 INFO neutron.wsgi [-] 10.0.0.49 "GET / HTTP/1.1" status: 200 len: 227 time: 0.0027578
2025-07-17 02:14:57.862 26 DEBUG neutron_lib.callbacks.manager [req-cadd0217-e3dc-4de5-ad46-d7f140bfc115 - - - - -] Publish callbacks ['neutron.services.segments.db._update_segment_host_mapping_for_agent-8775411893568', 'neutron.plugins.ml2.plugin.Ml2Plugin._retry_binding_revived_agents-1341459'] for agent (d49de995-0659-42bd-a4e2-f2c8fe612a60), after_update _notify_loop /var/lib/kolla/venv/lib/python3.6/site-packages/neutron_lib/callbacks/manager.py:177
2025-07-17 02:15:16.400 25 DEBUG neutron_lib.callbacks.manager [req-0b68f39e-3110-4777-95fb-0002c6351f5a - - - - -] Publish callbacks ['neutron.services.segments.db._update_segment_host_mapping_for_agent-8775411893568', 'neutron.plugins.ml2.plugin.Ml2Plugin._retry_binding_revived_agents-1341459'] for agent (9a0f4d1b-3d92-4324-8eb3-b253eac4c6db), after_update _notify_loop /var/lib/kolla/venv/lib/python3.6/site-packages/neutron_lib/callbacks/manager.py:177
2025-07-17 02:15:17.206 29 DEBUG neutron.db.agents_db [req-60e26174-567e-4e6b-a0e6-4a5a3fa66f87 - - - - -] Agent healthcheck: found 2 active agents agent_health_check /var/lib/kolla/venv/lib/python3.6/site-packages/neutron/db/agents_db.py:318
2025-07-17 02:15:26.097 22 DEBUG neutron.wsgi [-] (22) accepted ('10.0.0.49', 34198) server /var/lib/kolla/venv/lib/python3.6/site-packages/eventlet/wsgi.py:1004
2025-07-17 02:15:26.101 22 INFO neutron.wsgi [-] 10.0.0.49 "GET / HTTP/1.1" status: 200 len: 227 time: 0.0025234
2025-07-17 02:15:27.867 23 DEBUG neutron_lib.callbacks.manager [req-42432cfb-9acc-499a-9803-63b97a7c5991 - - - - -] Publish callbacks ['neutron.services.segments.db._update_segment_host_mapping_for_agent-8775411893568', 'neutron.plugins.ml2.plugin.Ml2Plugin._retry_binding_revived_agents-1341459'] for agent (d49de995-0659-42bd-a4e2-f2c8fe612a60), after_update _notify_loop /var/lib/kolla/venv/lib/python3.6/site-packages/neutron_lib/callbacks/manager.py:177
2025-07-17 02:15:46.410 24 DEBUG neutron_lib.callbacks.manager [req-0b68f39e-3110-4777-95fb-0002c6351f5a - - - - -] Publish callbacks ['neutron.services.segments.db._update_segment_host_mapping_for_agent-8775411893568', 'neutron.plugins.ml2.plugin.Ml2Plugin._retry_binding_revived_agents-1341459'] for agent (9a0f4d1b-3d92-4324-8eb3-b253eac4c6db), after_update _notify_loop /var/lib/kolla/venv/lib/python3.6/site-packages/neutron_lib/callbacks/manager.py:177
2025-07-17 02:15:54.202 29 DEBUG neutron.db.agents_db [req-60e26174-567e-4e6b-a0e6-4a5a3fa66f87 - - - - -] Agent healthcheck: found 2 active agents agent_health_check /var/lib/kolla/venv/lib/python3.6/site-packages/neutron/db/agents_db.py:318
2025-07-17 02:15:56.141 22 DEBUG neutron.wsgi [-] (22) accepted ('10.0.0.49', 41314) server /var/lib/kolla/venv/lib/python3.6/site-packages/eventlet/wsgi.py:1004
2025-07-17 02:15:56.144 22 INFO neutron.wsgi [-] 10.0.0.49 "GET / HTTP/1.1" status: 200 len: 227 time: 0.0027483
2025-07-17 02:15:57.858 27 DEBUG neutron_lib.callbacks.manager [req-dfecb42e-aeea-4eac-94fc-751646ddfb18 - - - - -] Publish callbacks ['neutron.services.segments.db._update_segment_host_mapping_for_agent-8775411893568', 'neutron.plugins.ml2.plugin.Ml2Plugin._retry_binding_revived_agents-1341459'] for agent (d49de995-0659-42bd-a4e2-f2c8fe612a60), after_update _notify_loop /var/lib/kolla/venv/lib/python3.6/site-packages/neutron_lib/callbacks/manager.py:177
2025-07-17 02:16:16.406 28 DEBUG neutron_lib.callbacks.manager [req-0b68f39e-3110-4777-95fb-0002c6351f5a - - - - -] Publish callbacks ['neutron.services.segments.db._update_segment_host_mapping_for_agent-8775411893568', 'neutron.plugins.ml2.plugin.Ml2Plugin._retry_binding_revived_agents-1341459'] for agent (9a0f4d1b-3d92-4324-8eb3-b253eac4c6db), after_update _notify_loop /var/lib/kolla/venv/lib/python3.6/site-packages/neutron_lib/callbacks/manager.py:177
2025-07-17 02:16:26.185 22 DEBUG neutron.wsgi [-] (22) accepted ('10.0.0.49', 48114) server /var/lib/kolla/venv/lib/python3.6/site-packages/eventlet/wsgi.py:1004
2025-07-17 02:16:26.188 22 INFO neutron.wsgi [-] 10.0.0.49 "GET / HTTP/1.1" status: 200 len: 227 time: 0.0030653
2025-07-17 02:16:27.862 26 DEBUG neutron_lib.callbacks.manager [req-55ad084f-ac09-4c41-ac53-0731f440a210 - - - - -] Publish callbacks ['neutron.services.segments.db._update_segment_host_mapping_for_agent-8775411893568', 'neutron.plugins.ml2.plugin.Ml2Plugin._retry_binding_revived_agents-1341459'] for agent (d49de995-0659-42bd-a4e2-f2c8fe612a60), after_update _notify_loop /var/lib/kolla/venv/lib/python3.6/site-packages/neutron_lib/callbacks/manager.py:177
2025-07-17 02:16:31.208 29 DEBUG neutron.db.agents_db [req-60e26174-567e-4e6b-a0e6-4a5a3fa66f87 - - - - -] Agent healthcheck: found 2 active agents agent_health_check /var/lib/kolla/venv/lib/python3.6/site-packages/neutron/db/agents_db.py:318
2025-07-17 02:16:46.401 25 DEBUG neutron_lib.callbacks.manager [req-0b68f39e-3110-4777-95fb-0002c6351f5a - - - - -] Publish callbacks ['neutron.services.segments.db._update_segment_host_mapping_for_agent-8775411893568', 'neutron.plugins.ml2.plugin.Ml2Plugin._retry_binding_revived_agents-1341459'] for agent (9a0f4d1b-3d92-4324-8eb3-b253eac4c6db), after_update _notify_loop /var/lib/kolla/venv/lib/python3.6/site-packages/neutron_lib/callbacks/manager.py:177
2025-07-17 02:16:56.228 22 DEBUG neutron.wsgi [-] (22) accepted ('10.0.0.49', 52648) server /var/lib/kolla/venv/lib/python3.6/site-packages/eventlet/wsgi.py:1004
2025-07-17 02:16:56.233 22 INFO neutron.wsgi [-] 10.0.0.49 "GET / HTTP/1.1" status: 200 len: 227 time: 0.0043266
2025-07-17 02:16:57.866 23 DEBUG neutron_lib.callbacks.manager [req-6c2423f7-8b5d-4513-a72d-12b4d186fe25 - - - - -] Publish callbacks ['neutron.services.segments.db._update_segment_host_mapping_for_agent-8775411893568', 'neutron.plugins.ml2.plugin.Ml2Plugin._retry_binding_revived_agents-1341459'] for agent (d49de995-0659-42bd-a4e2-f2c8fe612a60), after_update _notify_loop /var/lib/kolla/venv/lib/python3.6/site-packages/neutron_lib/callbacks/manager.py:177
2025-07-17 02:17:08.218 29 DEBUG neutron.db.agents_db [req-60e26174-567e-4e6b-a0e6-4a5a3fa66f87 - - - - -] Agent healthcheck: found 2 active agents agent_health_check /var/lib/kolla/venv/lib/python3.6/site-packages/neutron/db/agents_db.py:318
2025-07-17 02:17:16.403 24 DEBUG neutron_lib.callbacks.manager [req-0b68f39e-3110-4777-95fb-0002c6351f5a - - - - -] Publish callbacks ['neutron.services.segments.db._update_segment_host_mapping_for_agent-8775411893568', 'neutron.plugins.ml2.plugin.Ml2Plugin._retry_binding_revived_agents-1341459'] for agent (9a0f4d1b-3d92-4324-8eb3-b253eac4c6db), after_update _notify_loop /var/lib/kolla/venv/lib/python3.6/site-packages/neutron_lib/callbacks/manager.py:177
2025-07-17 02:17:26.275 22 DEBUG neutron.wsgi [-] (22) accepted ('10.0.0.49', 51966) server /var/lib/kolla/venv/lib/python3.6/site-packages/eventlet/wsgi.py:1004
2025-07-17 02:17:26.279 22 INFO neutron.wsgi [-] 10.0.0.49 "GET / HTTP/1.1" status: 200 len: 227 time: 0.0031860
2025-07-17 02:17:27.870 27 DEBUG neutron_lib.callbacks.manager [req-0fe9275d-c81f-47ea-b6eb-5e00abad3ed1 - - - - -] Publish callbacks ['neutron.services.segments.db._update_segment_host_mapping_for_agent-8775411893568', 'neutron.plugins.ml2.plugin.Ml2Plugin._retry_binding_revived_agents-1341459'] for agent (d49de995-0659-42bd-a4e2-f2c8fe612a60), after_update _notify_loop /var/lib/kolla/venv/lib/python3.6/site-packages/neutron_lib/callbacks/manager.py:177
2025-07-17 02:17:45.224 29 DEBUG neutron.db.agents_db [req-60e26174-567e-4e6b-a0e6-4a5a3fa66f87 - - - - -] Agent healthcheck: found 2 active agents agent_health_check /var/lib/kolla/venv/lib/python3.6/site-packages/neutron/db/agents_db.py:318
2025-07-17 02:17:46.405 28 DEBUG neutron_lib.callbacks.manager [req-0b68f39e-3110-4777-95fb-0002c6351f5a - - - - -] Publish callbacks ['neutron.services.segments.db._update_segment_host_mapping_for_agent-8775411893568', 'neutron.plugins.ml2.plugin.Ml2Plugin._retry_binding_revived_agents-1341459'] for agent (9a0f4d1b-3d92-4324-8eb3-b253eac4c6db), after_update _notify_loop /var/lib/kolla/venv/lib/python3.6/site-packages/neutron_lib/callbacks/manager.py:177
2025-07-17 02:17:56.323 22 DEBUG neutron.wsgi [-] (22) accepted ('10.0.0.49', 43796) server /var/lib/kolla/venv/lib/python3.6/site-packages/eventlet/wsgi.py:1004
2025-07-17 02:17:56.326 22 INFO neutron.wsgi [-] 10.0.0.49 "GET / HTTP/1.1" status: 200 len: 227 time: 0.0024202
2025-07-17 02:17:57.875 26 DEBUG neutron_lib.callbacks.manager [req-fff1032a-0ce7-413b-b421-5458f1bc3120 - - - - -] Publish callbacks ['neutron.services.segments.db._update_segment_host_mapping_for_agent-8775411893568', 'neutron.plugins.ml2.plugin.Ml2Plugin._retry_binding_revived_agents-1341459'] for agent (d49de995-0659-42bd-a4e2-f2c8fe612a60), after_update _notify_loop /var/lib/kolla/venv/lib/python3.6/site-packages/neutron_lib/callbacks/manager.py:177
2025-07-17 02:18:16.408 25 DEBUG neutron_lib.callbacks.manager [req-0b68f39e-3110-4777-95fb-0002c6351f5a - - - - -] Publish callbacks ['neutron.services.segments.db._update_segment_host_mapping_for_agent-8775411893568', 'neutron.plugins.ml2.plugin.Ml2Plugin._retry_binding_revived_agents-1341459'] for agent (9a0f4d1b-3d92-4324-8eb3-b253eac4c6db), after_update _notify_loop /var/lib/kolla/venv/lib/python3.6/site-packages/neutron_lib/callbacks/manager.py:177
2025-07-17 02:18:22.233 29 DEBUG neutron.db.agents_db [req-60e26174-567e-4e6b-a0e6-4a5a3fa66f87 - - - - -] Agent healthcheck: found 2 active agents agent_health_check /var/lib/kolla/venv/lib/python3.6/site-packages/neutron/db/agents_db.py:318
2025-07-17 02:18:26.366 22 DEBUG neutron.wsgi [-] (22) accepted ('10.0.0.49', 60074) server /var/lib/kolla/venv/lib/python3.6/site-packages/eventlet/wsgi.py:1004
2025-07-17 02:18:26.369 22 INFO neutron.wsgi [-] 10.0.0.49 "GET / HTTP/1.1" status: 200 len: 227 time: 0.0024347
2025-07-17 02:18:27.880 23 DEBUG neutron_lib.callbacks.manager [req-501b25d6-695f-4175-af90-537b81e5fd6b - - - - -] Publish callbacks ['neutron.services.segments.db._update_segment_host_mapping_for_agent-8775411893568', 'neutron.plugins.ml2.plugin.Ml2Plugin._retry_binding_revived_agents-1341459'] for agent (d49de995-0659-42bd-a4e2-f2c8fe612a60), after_update _notify_loop /var/lib/kolla/venv/lib/python3.6/site-packages/neutron_lib/callbacks/manager.py:177
2025-07-17 02:18:46.409 24 DEBUG neutron_lib.callbacks.manager [req-0b68f39e-3110-4777-95fb-0002c6351f5a - - - - -] Publish callbacks ['neutron.services.segments.db._update_segment_host_mapping_for_agent-8775411893568', 'neutron.plugins.ml2.plugin.Ml2Plugin._retry_binding_revived_agents-1341459'] for agent (9a0f4d1b-3d92-4324-8eb3-b253eac4c6db), after_update _notify_loop /var/lib/kolla/venv/lib/python3.6/site-packages/neutron_lib/callbacks/manager.py:177
2025-07-17 02:18:56.415 22 DEBUG neutron.wsgi [-] (22) accepted ('10.0.0.49', 32834) server /var/lib/kolla/venv/lib/python3.6/site-packages/eventlet/wsgi.py:1004
2025-07-17 02:18:56.419 22 INFO neutron.wsgi [-] 10.0.0.49 "GET / HTTP/1.1" status: 200 len: 227 time: 0.0026090
2025-07-17 02:18:57.884 27 DEBUG neutron_lib.callbacks.manager [req-1602952d-8d07-45c3-bf9f-ac180577f339 - - - - -] Publish callbacks ['neutron.services.segments.db._update_segment_host_mapping_for_agent-8775411893568', 'neutron.plugins.ml2.plugin.Ml2Plugin._retry_binding_revived_agents-1341459'] for agent (d49de995-0659-42bd-a4e2-f2c8fe612a60), after_update _notify_loop /var/lib/kolla/venv/lib/python3.6/site-packages/neutron_lib/callbacks/manager.py:177
2025-07-17 02:18:59.229 29 DEBUG neutron.db.agents_db [req-60e26174-567e-4e6b-a0e6-4a5a3fa66f87 - - - - -] Agent healthcheck: found 2 active agents agent_health_check /var/lib/kolla/venv/lib/python3.6/site-packages/neutron/db/agents_db.py:318
2025-07-17 02:19:16.411 28 DEBUG neutron_lib.callbacks.manager [req-0b68f39e-3110-4777-95fb-0002c6351f5a - - - - -] Publish callbacks ['neutron.services.segments.db._update_segment_host_mapping_for_agent-8775411893568', 'neutron.plugins.ml2.plugin.Ml2Plugin._retry_binding_revived_agents-1341459'] for agent (9a0f4d1b-3d92-4324-8eb3-b253eac4c6db), after_update _notify_loop /var/lib/kolla/venv/lib/python3.6/site-packages/neutron_lib/callbacks/manager.py:177
2025-07-17 02:19:26.476 22 DEBUG neutron.wsgi [-] (22) accepted ('10.0.0.49', 54724) server /var/lib/kolla/venv/lib/python3.6/site-packages/eventlet/wsgi.py:1004
2025-07-17 02:19:26.480 22 INFO neutron.wsgi [-] 10.0.0.49 "GET / HTTP/1.1" status: 200 len: 227 time: 0.0028093
2025-07-17 02:19:27.892 26 DEBUG neutron_lib.callbacks.manager [req-befc3e31-d346-42dc-830d-5770d3ee7534 - - - - -] Publish callbacks ['neutron.services.segments.db._update_segment_host_mapping_for_agent-8775411893568', 'neutron.plugins.ml2.plugin.Ml2Plugin._retry_binding_revived_agents-1341459'] for agent (d49de995-0659-42bd-a4e2-f2c8fe612a60), after_update _notify_loop /var/lib/kolla/venv/lib/python3.6/site-packages/neutron_lib/callbacks/manager.py:177
2025-07-17 02:19:36.235 29 DEBUG neutron.db.agents_db [req-60e26174-567e-4e6b-a0e6-4a5a3fa66f87 - - - - -] Agent healthcheck: found 2 active agents agent_health_check /var/lib/kolla/venv/lib/python3.6/site-packages/neutron/db/agents_db.py:318
2025-07-17 02:19:46.419 25 DEBUG neutron_lib.callbacks.manager [req-0b68f39e-3110-4777-95fb-0002c6351f5a - - - - -] Publish callbacks ['neutron.services.segments.db._update_segment_host_mapping_for_agent-8775411893568', 'neutron.plugins.ml2.plugin.Ml2Plugin._retry_binding_revived_agents-1341459'] for agent (9a0f4d1b-3d92-4324-8eb3-b253eac4c6db), after_update _notify_loop /var/lib/kolla/venv/lib/python3.6/site-packages/neutron_lib/callbacks/manager.py:177
2025-07-17 02:19:56.521 22 DEBUG neutron.wsgi [-] (22) accepted ('10.0.0.49', 56856) server /var/lib/kolla/venv/lib/python3.6/site-packages/eventlet/wsgi.py:1004
2025-07-17 02:19:56.525 22 INFO neutron.wsgi [-] 10.0.0.49 "GET / HTTP/1.1" status: 200 len: 227 time: 0.0027583
2025-07-17 02:19:57.888 23 DEBUG neutron_lib.callbacks.manager [req-1bfd6e31-acc9-4af5-9f0f-aa86735dda05 - - - - -] Publish callbacks ['neutron.services.segments.db._update_segment_host_mapping_for_agent-8775411893568', 'neutron.plugins.ml2.plugin.Ml2Plugin._retry_binding_revived_agents-1341459'] for agent (d49de995-0659-42bd-a4e2-f2c8fe612a60), after_update _notify_loop /var/lib/kolla/venv/lib/python3.6/site-packages/neutron_lib/callbacks/manager.py:177
2025-07-17 02:20:13.241 29 DEBUG neutron.db.agents_db [req-60e26174-567e-4e6b-a0e6-4a5a3fa66f87 - - - - -] Agent healthcheck: found 2 active agents agent_health_check /var/lib/kolla/venv/lib/python3.6/site-packages/neutron/db/agents_db.py:318
2025-07-17 02:20:16.418 24 DEBUG neutron_lib.callbacks.manager [req-0b68f39e-3110-4777-95fb-0002c6351f5a - - - - -] Publish callbacks ['neutron.services.segments.db._update_segment_host_mapping_for_agent-8775411893568', 'neutron.plugins.ml2.plugin.Ml2Plugin._retry_binding_revived_agents-1341459'] for agent (9a0f4d1b-3d92-4324-8eb3-b253eac4c6db), after_update _notify_loop /var/lib/kolla/venv/lib/python3.6/site-packages/neutron_lib/callbacks/manager.py:177
2025-07-17 02:20:26.564 22 DEBUG neutron.wsgi [-] (22) accepted ('10.0.0.49', 35738) server /var/lib/kolla/venv/lib/python3.6/site-packages/eventlet/wsgi.py:1004
2025-07-17 02:20:26.567 22 INFO neutron.wsgi [-] 10.0.0.49 "GET / HTTP/1.1" status: 200 len: 227 time: 0.0025620
2025-07-17 02:20:27.892 27 DEBUG neutron_lib.callbacks.manager [req-8319daca-4b65-4815-bc5e-78dc20125a95 - - - - -] Publish callbacks ['neutron.services.segments.db._update_segment_host_mapping_for_agent-8775411893568', 'neutron.plugins.ml2.plugin.Ml2Plugin._retry_binding_revived_agents-1341459'] for agent (d49de995-0659-42bd-a4e2-f2c8fe612a60), after_update _notify_loop /var/lib/kolla/venv/lib/python3.6/site-packages/neutron_lib/callbacks/manager.py:177
2025-07-17 02:20:46.418 28 DEBUG neutron_lib.callbacks.manager [req-0b68f39e-3110-4777-95fb-0002c6351f5a - - - - -] Publish callbacks ['neutron.services.segments.db._update_segment_host_mapping_for_agent-8775411893568', 'neutron.plugins.ml2.plugin.Ml2Plugin._retry_binding_revived_agents-1341459'] for agent (9a0f4d1b-3d92-4324-8eb3-b253eac4c6db), after_update _notify_loop /var/lib/kolla/venv/lib/python3.6/site-packages/neutron_lib/callbacks/manager.py:177
2025-07-17 02:20:50.248 29 DEBUG neutron.db.agents_db [req-60e26174-567e-4e6b-a0e6-4a5a3fa66f87 - - - - -] Agent healthcheck: found 2 active agents agent_health_check /var/lib/kolla/venv/lib/python3.6/site-packages/neutron/db/agents_db.py:318
2025-07-17 02:20:56.609 22 DEBUG neutron.wsgi [-] (22) accepted ('10.0.0.49', 50688) server /var/lib/kolla/venv/lib/python3.6/site-packages/eventlet/wsgi.py:1004
2025-07-17 02:20:56.612 22 INFO neutron.wsgi [-] 10.0.0.49 "GET / HTTP/1.1" status: 200 len: 227 time: 0.0027144
2025-07-17 02:20:57.897 26 DEBUG neutron_lib.callbacks.manager [req-21fe3309-660d-429a-a48e-c52652bdd060 - - - - -] Publish callbacks ['neutron.services.segments.db._update_segment_host_mapping_for_agent-8775411893568', 'neutron.plugins.ml2.plugin.Ml2Plugin._retry_binding_revived_agents-1341459'] for agent (d49de995-0659-42bd-a4e2-f2c8fe612a60), after_update _notify_loop /var/lib/kolla/venv/lib/python3.6/site-packages/neutron_lib/callbacks/manager.py:177
2025-07-17 02:21:16.432 25 DEBUG neutron_lib.callbacks.manager [req-0b68f39e-3110-4777-95fb-0002c6351f5a - - - - -] Publish callbacks ['neutron.services.segments.db._update_segment_host_mapping_for_agent-8775411893568', 'neutron.plugins.ml2.plugin.Ml2Plugin._retry_binding_revived_agents-1341459'] for agent (9a0f4d1b-3d92-4324-8eb3-b253eac4c6db), after_update _notify_loop /var/lib/kolla/venv/lib/python3.6/site-packages/neutron_lib/callbacks/manager.py:177
2025-07-17 02:21:26.653 22 DEBUG neutron.wsgi [-] (22) accepted ('10.0.0.49', 54950) server /var/lib/kolla/venv/lib/python3.6/site-packages/eventlet/wsgi.py:1004
2025-07-17 02:21:26.656 22 INFO neutron.wsgi [-] 10.0.0.49 "GET / HTTP/1.1" status: 200 len: 227 time: 0.0023916
2025-07-17 02:21:27.246 29 DEBUG neutron.db.agents_db [req-60e26174-567e-4e6b-a0e6-4a5a3fa66f87 - - - - -] Agent healthcheck: found 2 active agents agent_health_check /var/lib/kolla/venv/lib/python3.6/site-packages/neutron/db/agents_db.py:318
2025-07-17 02:21:27.901 23 DEBUG neutron_lib.callbacks.manager [req-a252c8ab-7505-49ff-b085-ec6dc5f94f20 - - - - -] Publish callbacks ['neutron.services.segments.db._update_segment_host_mapping_for_agent-8775411893568', 'neutron.plugins.ml2.plugin.Ml2Plugin._retry_binding_revived_agents-1341459'] for agent (d49de995-0659-42bd-a4e2-f2c8fe612a60), after_update _notify_loop /var/lib/kolla/venv/lib/python3.6/site-packages/neutron_lib/callbacks/manager.py:177
2025-07-17 02:21:46.422 24 DEBUG neutron_lib.callbacks.manager [req-0b68f39e-3110-4777-95fb-0002c6351f5a - - - - -] Publish callbacks ['neutron.services.segments.db._update_segment_host_mapping_for_agent-8775411893568', 'neutron.plugins.ml2.plugin.Ml2Plugin._retry_binding_revived_agents-1341459'] for agent (9a0f4d1b-3d92-4324-8eb3-b253eac4c6db), after_update _notify_loop /var/lib/kolla/venv/lib/python3.6/site-packages/neutron_lib/callbacks/manager.py:177
2025-07-17 02:21:56.696 22 DEBUG neutron.wsgi [-] (22) accepted ('10.0.0.49', 58542) server /var/lib/kolla/venv/lib/python3.6/site-packages/eventlet/wsgi.py:1004
2025-07-17 02:21:56.699 22 INFO neutron.wsgi [-] 10.0.0.49 "GET / HTTP/1.1" status: 200 len: 227 time: 0.0026550
2025-07-17 02:21:57.905 27 DEBUG neutron_lib.callbacks.manager [req-4c2e1cef-eeb4-4122-acc3-09589614ad9b - - - - -] Publish callbacks ['neutron.services.segments.db._update_segment_host_mapping_for_agent-8775411893568', 'neutron.plugins.ml2.plugin.Ml2Plugin._retry_binding_revived_agents-1341459'] for agent (d49de995-0659-42bd-a4e2-f2c8fe612a60), after_update _notify_loop /var/lib/kolla/venv/lib/python3.6/site-packages/neutron_lib/callbacks/manager.py:177
2025-07-17 02:22:04.242 29 DEBUG neutron.db.agents_db [req-60e26174-567e-4e6b-a0e6-4a5a3fa66f87 - - - - -] Agent healthcheck: found 2 active agents agent_health_check /var/lib/kolla/venv/lib/python3.6/site-packages/neutron/db/agents_db.py:318
2025-07-17 02:22:16.423 28 DEBUG neutron_lib.callbacks.manager [req-0b68f39e-3110-4777-95fb-0002c6351f5a - - - - -] Publish callbacks ['neutron.services.segments.db._update_segment_host_mapping_for_agent-8775411893568', 'neutron.plugins.ml2.plugin.Ml2Plugin._retry_binding_revived_agents-1341459'] for agent (9a0f4d1b-3d92-4324-8eb3-b253eac4c6db), after_update _notify_loop /var/lib/kolla/venv/lib/python3.6/site-packages/neutron_lib/callbacks/manager.py:177
2025-07-17 02:22:22.404 7 INFO oslo_service.service [-] Caught SIGTERM, stopping children
2025-07-17 02:22:22.405 7 DEBUG oslo_concurrency.lockutils [-] Acquired lock "singleton_lock" lock /var/lib/kolla/venv/lib/python3.6/site-packages/oslo_concurrency/lockutils.py:294
2025-07-17 02:22:22.405 7 DEBUG oslo_concurrency.lockutils [-] Releasing lock "singleton_lock" lock /var/lib/kolla/venv/lib/python3.6/site-packages/oslo_concurrency/lockutils.py:312
2025-07-17 02:22:22.405 7 DEBUG oslo_service.service [-] Stop services. stop /var/lib/kolla/venv/lib/python3.6/site-packages/oslo_service/service.py:695
2025-07-17 02:22:22.405 7 DEBUG neutron.service [-] calling RpcWorker stop() stop /var/lib/kolla/venv/lib/python3.6/site-packages/neutron/service.py:138
2025-07-17 02:22:22.405 7 DEBUG neutron.service [-] calling RpcWorker stop() stop /var/lib/kolla/venv/lib/python3.6/site-packages/neutron/service.py:138
2025-07-17 02:22:22.406 7 DEBUG oslo_service.service [-] Killing children. stop /var/lib/kolla/venv/lib/python3.6/site-packages/oslo_service/service.py:700
2025-07-17 02:22:22.406 7 INFO oslo_service.service [-] Waiting on 8 children to exit
2025-07-17 02:22:22.406 22 INFO neutron.wsgi [-] (22) wsgi exited, is_accepting=True
2025-07-17 02:22:22.406 29 DEBUG neutron.service [-] calling RpcWorker stop() stop /var/lib/kolla/venv/lib/python3.6/site-packages/neutron/service.py:138
2025-07-17 02:22:22.407 22 DEBUG oslo_concurrency.lockutils [req-525a133f-242c-4b6e-9bfa-1ac00583324a - - - - -] Acquired lock "singleton_lock" lock /var/lib/kolla/venv/lib/python3.6/site-packages/oslo_concurrency/lockutils.py:294
2025-07-17 02:22:22.407 22 DEBUG oslo_concurrency.lockutils [req-525a133f-242c-4b6e-9bfa-1ac00583324a - - - - -] Releasing lock "singleton_lock" lock /var/lib/kolla/venv/lib/python3.6/site-packages/oslo_concurrency/lockutils.py:312
2025-07-17 02:22:22.407 25 DEBUG neutron.service [-] calling RpcWorker stop() stop /var/lib/kolla/venv/lib/python3.6/site-packages/neutron/service.py:138
2025-07-17 02:22:22.407 29 DEBUG neutron.service [-] calling stop on stop /var/lib/kolla/venv/lib/python3.6/site-packages/neutron/service.py:141
2025-07-17 02:22:22.407 25 DEBUG neutron.service [-] calling stop on stop /var/lib/kolla/venv/lib/python3.6/site-packages/neutron/service.py:141
2025-07-17 02:22:22.409 23 DEBUG neutron.service [-] calling RpcWorker stop() stop /var/lib/kolla/venv/lib/python3.6/site-packages/neutron/service.py:138
2025-07-17 02:22:22.410 24 DEBUG neutron.service [-] calling RpcWorker stop() stop /var/lib/kolla/venv/lib/python3.6/site-packages/neutron/service.py:138
2025-07-17 02:22:22.410 27 DEBUG neutron.service [-] calling RpcWorker stop() stop /var/lib/kolla/venv/lib/python3.6/site-packages/neutron/service.py:138
2025-07-17 02:22:22.410 24 DEBUG neutron.service [-] calling stop on stop /var/lib/kolla/venv/lib/python3.6/site-packages/neutron/service.py:141
2025-07-17 02:22:22.412 7 INFO oslo_service.service [-] Child 22 exited with status 0
2025-07-17 02:22:22.411 27 DEBUG neutron.service [-] calling stop on stop /var/lib/kolla/venv/lib/python3.6/site-packages/neutron/service.py:141
2025-07-17 02:22:22.409 23 DEBUG neutron.service [-] calling stop on stop /var/lib/kolla/venv/lib/python3.6/site-packages/neutron/service.py:141
2025-07-17 02:22:22.420 26 DEBUG neutron.service [-] calling RpcWorker stop() stop /var/lib/kolla/venv/lib/python3.6/site-packages/neutron/service.py:138
2025-07-17 02:22:22.420 28 DEBUG neutron.service [-] calling RpcWorker stop() stop /var/lib/kolla/venv/lib/python3.6/site-packages/neutron/service.py:138
2025-07-17 02:22:22.421 26 DEBUG neutron.service [-] calling stop on stop /var/lib/kolla/venv/lib/python3.6/site-packages/neutron/service.py:141
2025-07-17 02:22:22.421 28 DEBUG neutron.service [-] calling stop on stop /var/lib/kolla/venv/lib/python3.6/site-packages/neutron/service.py:141
2025-07-17 02:22:24.617 28 DEBUG oslo_concurrency.lockutils [req-525a133f-242c-4b6e-9bfa-1ac00583324a - - - - -] Acquired lock "singleton_lock" lock /var/lib/kolla/venv/lib/python3.6/site-packages/oslo_concurrency/lockutils.py:294
2025-07-17 02:22:24.617 28 DEBUG oslo_concurrency.lockutils [req-525a133f-242c-4b6e-9bfa-1ac00583324a - - - - -] Releasing lock "singleton_lock" lock /var/lib/kolla/venv/lib/python3.6/site-packages/oslo_concurrency/lockutils.py:312
2025-07-17 02:22:24.618 28 DEBUG neutron.service [req-525a133f-242c-4b6e-9bfa-1ac00583324a - - - - -] calling RpcWorker wait() _wait /var/lib/kolla/venv/lib/python3.6/site-packages/neutron/service.py:128
2025-07-17 02:22:24.618 28 DEBUG neutron.service [req-525a133f-242c-4b6e-9bfa-1ac00583324a - - - - -] calling wait on _wait /var/lib/kolla/venv/lib/python3.6/site-packages/neutron/service.py:131
2025-07-17 02:22:24.624 28 WARNING amqp [req-525a133f-242c-4b6e-9bfa-1ac00583324a - - - - -] Received method (60, 30) during closing channel 1. This method will be ignored
2025-07-17 02:22:24.625 28 DEBUG neutron.service [req-525a133f-242c-4b6e-9bfa-1ac00583324a - - - - -] returning from RpcWorker wait() _wait /var/lib/kolla/venv/lib/python3.6/site-packages/neutron/service.py:135
2025-07-17 02:22:24.629 7 INFO oslo_service.service [-] Child 28 exited with status 0
2025-07-17 02:22:26.103 27 DEBUG oslo_concurrency.lockutils [req-525a133f-242c-4b6e-9bfa-1ac00583324a - - - - -] Acquired lock "singleton_lock" lock /var/lib/kolla/venv/lib/python3.6/site-packages/oslo_concurrency/lockutils.py:294
2025-07-17 02:22:26.104 27 DEBUG oslo_concurrency.lockutils [req-525a133f-242c-4b6e-9bfa-1ac00583324a - - - - -] Releasing lock "singleton_lock" lock /var/lib/kolla/venv/lib/python3.6/site-packages/oslo_concurrency/lockutils.py:312
2025-07-17 02:22:26.104 27 DEBUG neutron.service [req-525a133f-242c-4b6e-9bfa-1ac00583324a - - - - -] calling RpcWorker wait() _wait /var/lib/kolla/venv/lib/python3.6/site-packages/neutron/service.py:128
2025-07-17 02:22:26.104 27 DEBUG neutron.service [req-525a133f-242c-4b6e-9bfa-1ac00583324a - - - - -] calling wait on _wait /var/lib/kolla/venv/lib/python3.6/site-packages/neutron/service.py:131
2025-07-17 02:22:26.110 27 WARNING amqp [req-525a133f-242c-4b6e-9bfa-1ac00583324a - - - - -] Received method (60, 30) during closing channel 1. This method will be ignored
2025-07-17 02:22:26.111 27 DEBUG neutron.service [req-525a133f-242c-4b6e-9bfa-1ac00583324a - - - - -] returning from RpcWorker wait() _wait /var/lib/kolla/venv/lib/python3.6/site-packages/neutron/service.py:135
2025-07-17 02:22:26.115 7 INFO oslo_service.service [-] Child 27 exited with status 0
2025-07-17 02:22:27.904 26 DEBUG oslo_concurrency.lockutils [req-525a133f-242c-4b6e-9bfa-1ac00583324a - - - - -] Acquired lock "singleton_lock" lock /var/lib/kolla/venv/lib/python3.6/site-packages/oslo_concurrency/lockutils.py:294
2025-07-17 02:22:27.905 26 DEBUG oslo_concurrency.lockutils [req-525a133f-242c-4b6e-9bfa-1ac00583324a - - - - -] Releasing lock "singleton_lock" lock /var/lib/kolla/venv/lib/python3.6/site-packages/oslo_concurrency/lockutils.py:312
2025-07-17 02:22:27.905 26 DEBUG neutron.service [req-525a133f-242c-4b6e-9bfa-1ac00583324a - - - - -] calling RpcWorker wait() _wait /var/lib/kolla/venv/lib/python3.6/site-packages/neutron/service.py:128
2025-07-17 02:22:27.905 26 DEBUG neutron.service [req-525a133f-242c-4b6e-9bfa-1ac00583324a - - - - -] calling wait on _wait /var/lib/kolla/venv/lib/python3.6/site-packages/neutron/service.py:131
2025-07-17 02:22:27.915 26 DEBUG neutron_lib.callbacks.manager [req-808a753e-edc5-471f-a026-cf7923ebef8a - - - - -] Publish callbacks ['neutron.services.segments.db._update_segment_host_mapping_for_agent-8775411893568', 'neutron.plugins.ml2.plugin.Ml2Plugin._retry_binding_revived_agents-1341459'] for agent (d49de995-0659-42bd-a4e2-f2c8fe612a60), after_update _notify_loop /var/lib/kolla/venv/lib/python3.6/site-packages/neutron_lib/callbacks/manager.py:177
2025-07-17 02:22:27.923 26 WARNING amqp [req-525a133f-242c-4b6e-9bfa-1ac00583324a - - - - -] Received method (60, 30) during closing channel 1. This method will be ignored
2025-07-17 02:22:27.924 26 DEBUG neutron.service [req-525a133f-242c-4b6e-9bfa-1ac00583324a - - - - -] returning from RpcWorker wait() _wait /var/lib/kolla/venv/lib/python3.6/site-packages/neutron/service.py:135
2025-07-17 02:22:27.930 7 INFO oslo_service.service [-] Child 26 exited with status 0
2025-07-17 02:22:29.183 23 DEBUG neutron.service [-] calling stop on stop /var/lib/kolla/venv/lib/python3.6/site-packages/neutron/service.py:141
2025-07-17 02:22:29.189 24 DEBUG neutron.service [-] calling stop on stop /var/lib/kolla/venv/lib/python3.6/site-packages/neutron/service.py:141
2025-07-17 02:22:29.189 25 DEBUG neutron.service [-] calling stop on stop /var/lib/kolla/venv/lib/python3.6/site-packages/neutron/service.py:141
2025-07-17 02:22:29.206 25 DEBUG neutron.service [-] calling stop on stop /var/lib/kolla/venv/lib/python3.6/site-packages/neutron/service.py:141
2025-07-17 02:22:29.211 23 DEBUG neutron.service [-] calling stop on stop /var/lib/kolla/venv/lib/python3.6/site-packages/neutron/service.py:141
2025-07-17 02:22:29.213 29 DEBUG oslo_concurrency.lockutils [req-525a133f-242c-4b6e-9bfa-1ac00583324a - - - - -] Acquired lock "singleton_lock" lock /var/lib/kolla/venv/lib/python3.6/site-packages/oslo_concurrency/lockutils.py:294
2025-07-17 02:22:29.213 29 DEBUG oslo_concurrency.lockutils [req-525a133f-242c-4b6e-9bfa-1ac00583324a - - - - -] Releasing lock "singleton_lock" lock /var/lib/kolla/venv/lib/python3.6/site-packages/oslo_concurrency/lockutils.py:312
2025-07-17 02:22:29.213 29 DEBUG neutron.service [req-525a133f-242c-4b6e-9bfa-1ac00583324a - - - - -] calling RpcWorker wait() _wait /var/lib/kolla/venv/lib/python3.6/site-packages/neutron/service.py:128
2025-07-17 02:22:29.214 29 DEBUG neutron.service [req-525a133f-242c-4b6e-9bfa-1ac00583324a - - - - -] calling wait on _wait /var/lib/kolla/venv/lib/python3.6/site-packages/neutron/service.py:131
2025-07-17 02:22:29.219 29 WARNING amqp [req-525a133f-242c-4b6e-9bfa-1ac00583324a - - - - -] Received method (60, 30) during closing channel 1. This method will be ignored
2025-07-17 02:22:29.220 29 DEBUG neutron.service [req-525a133f-242c-4b6e-9bfa-1ac00583324a - - - - -] returning from RpcWorker wait() _wait /var/lib/kolla/venv/lib/python3.6/site-packages/neutron/service.py:135
2025-07-17 02:22:29.222 24 DEBUG neutron.service [-] calling stop on stop /var/lib/kolla/venv/lib/python3.6/site-packages/neutron/service.py:141
2025-07-17 02:22:29.225 7 INFO oslo_service.service [-] Child 29 exited with status 0
2025-07-17 02:22:29.225 25 DEBUG neutron.service [-] calling stop on stop /var/lib/kolla/venv/lib/python3.6/site-packages/neutron/service.py:141
2025-07-17 02:22:29.229 23 DEBUG neutron.service [-] calling stop on stop /var/lib/kolla/venv/lib/python3.6/site-packages/neutron/service.py:141
2025-07-17 02:22:29.237 25 DEBUG oslo_concurrency.lockutils [req-525a133f-242c-4b6e-9bfa-1ac00583324a - - - - -] Acquired lock "singleton_lock" lock /var/lib/kolla/venv/lib/python3.6/site-packages/oslo_concurrency/lockutils.py:294
2025-07-17 02:22:29.237 25 DEBUG oslo_concurrency.lockutils [req-525a133f-242c-4b6e-9bfa-1ac00583324a - - - - -] Releasing lock "singleton_lock" lock /var/lib/kolla/venv/lib/python3.6/site-packages/oslo_concurrency/lockutils.py:312
2025-07-17 02:22:29.237 24 DEBUG neutron.service [-] calling stop on stop /var/lib/kolla/venv/lib/python3.6/site-packages/neutron/service.py:141
2025-07-17 02:22:29.237 25 DEBUG neutron.service [req-525a133f-242c-4b6e-9bfa-1ac00583324a - - - - -] calling RpcWorker wait() _wait /var/lib/kolla/venv/lib/python3.6/site-packages/neutron/service.py:128
2025-07-17 02:22:29.238 25 DEBUG neutron.service [req-525a133f-242c-4b6e-9bfa-1ac00583324a - - - - -] calling wait on _wait /var/lib/kolla/venv/lib/python3.6/site-packages/neutron/service.py:131
2025-07-17 02:22:29.239 23 DEBUG oslo_concurrency.lockutils [req-525a133f-242c-4b6e-9bfa-1ac00583324a - - - - -] Acquired lock "singleton_lock" lock /var/lib/kolla/venv/lib/python3.6/site-packages/oslo_concurrency/lockutils.py:294
2025-07-17 02:22:29.240 23 DEBUG oslo_concurrency.lockutils [req-525a133f-242c-4b6e-9bfa-1ac00583324a - - - - -] Releasing lock "singleton_lock" lock /var/lib/kolla/venv/lib/python3.6/site-packages/oslo_concurrency/lockutils.py:312
2025-07-17 02:22:29.240 23 DEBUG neutron.service [req-525a133f-242c-4b6e-9bfa-1ac00583324a - - - - -] calling RpcWorker wait() _wait /var/lib/kolla/venv/lib/python3.6/site-packages/neutron/service.py:128
2025-07-17 02:22:29.240 23 DEBUG neutron.service [req-525a133f-242c-4b6e-9bfa-1ac00583324a - - - - -] calling wait on _wait /var/lib/kolla/venv/lib/python3.6/site-packages/neutron/service.py:131
2025-07-17 02:22:29.242 25 WARNING amqp [req-525a133f-242c-4b6e-9bfa-1ac00583324a - - - - -] Received method (60, 30) during closing channel 1. This method will be ignored
2025-07-17 02:22:29.243 25 DEBUG neutron.service [req-525a133f-242c-4b6e-9bfa-1ac00583324a - - - - -] calling wait on _wait /var/lib/kolla/venv/lib/python3.6/site-packages/neutron/service.py:131
2025-07-17 02:22:29.244 23 WARNING amqp [req-525a133f-242c-4b6e-9bfa-1ac00583324a - - - - -] Received method (60, 30) during closing channel 1. This method will be ignored
2025-07-17 02:22:29.245 23 DEBUG neutron.service [req-525a133f-242c-4b6e-9bfa-1ac00583324a - - - - -] calling wait on _wait /var/lib/kolla/venv/lib/python3.6/site-packages/neutron/service.py:131
2025-07-17 02:22:29.247 25 WARNING amqp [req-525a133f-242c-4b6e-9bfa-1ac00583324a - - - - -] Received method (60, 30) during closing channel 1. This method will be ignored
2025-07-17 02:22:29.247 25 DEBUG neutron.service [req-525a133f-242c-4b6e-9bfa-1ac00583324a - - - - -] calling wait on _wait /var/lib/kolla/venv/lib/python3.6/site-packages/neutron/service.py:131
2025-07-17 02:22:29.250 23 WARNING amqp [req-525a133f-242c-4b6e-9bfa-1ac00583324a - - - - -] Received method (60, 30) during closing channel 1. This method will be ignored
2025-07-17 02:22:29.250 23 DEBUG neutron.service [req-525a133f-242c-4b6e-9bfa-1ac00583324a - - - - -] calling wait on _wait /var/lib/kolla/venv/lib/python3.6/site-packages/neutron/service.py:131
2025-07-17 02:22:29.251 24 DEBUG oslo_concurrency.lockutils [req-525a133f-242c-4b6e-9bfa-1ac00583324a - - - - -] Acquired lock "singleton_lock" lock /var/lib/kolla/venv/lib/python3.6/site-packages/oslo_concurrency/lockutils.py:294
2025-07-17 02:22:29.252 24 DEBUG oslo_concurrency.lockutils [req-525a133f-242c-4b6e-9bfa-1ac00583324a - - - - -] Releasing lock "singleton_lock" lock /var/lib/kolla/venv/lib/python3.6/site-packages/oslo_concurrency/lockutils.py:312
2025-07-17 02:22:29.252 24 DEBUG neutron.service [req-525a133f-242c-4b6e-9bfa-1ac00583324a - - - - -] calling RpcWorker wait() _wait /var/lib/kolla/venv/lib/python3.6/site-packages/neutron/service.py:128
2025-07-17 02:22:29.252 24 DEBUG neutron.service [req-525a133f-242c-4b6e-9bfa-1ac00583324a - - - - -] calling wait on _wait /var/lib/kolla/venv/lib/python3.6/site-packages/neutron/service.py:131
2025-07-17 02:22:29.252 25 WARNING amqp [req-525a133f-242c-4b6e-9bfa-1ac00583324a - - - - -] Received method (60, 30) during closing channel 1. This method will be ignored
2025-07-17 02:22:29.253 25 DEBUG neutron.service [req-525a133f-242c-4b6e-9bfa-1ac00583324a - - - - -] calling wait on _wait /var/lib/kolla/venv/lib/python3.6/site-packages/neutron/service.py:131
2025-07-17 02:22:29.255 23 WARNING amqp [req-525a133f-242c-4b6e-9bfa-1ac00583324a - - - - -] Received method (60, 30) during closing channel 1. This method will be ignored
2025-07-17 02:22:29.255 23 DEBUG neutron.service [req-525a133f-242c-4b6e-9bfa-1ac00583324a - - - - -] calling wait on _wait /var/lib/kolla/venv/lib/python3.6/site-packages/neutron/service.py:131
2025-07-17 02:22:29.259 25 WARNING amqp [req-525a133f-242c-4b6e-9bfa-1ac00583324a - - - - -] Received method (60, 30) during closing channel 1. This method will be ignored
2025-07-17 02:22:29.259 24 WARNING amqp [req-525a133f-242c-4b6e-9bfa-1ac00583324a - - - - -] Received method (60, 30) during closing channel 1. This method will be ignored
2025-07-17 02:22:29.260 25 DEBUG neutron.service [req-525a133f-242c-4b6e-9bfa-1ac00583324a - - - - -] returning from RpcWorker wait() _wait /var/lib/kolla/venv/lib/python3.6/site-packages/neutron/service.py:135
2025-07-17 02:22:29.260 24 DEBUG neutron.service [req-525a133f-242c-4b6e-9bfa-1ac00583324a - - - - -] calling wait on _wait /var/lib/kolla/venv/lib/python3.6/site-packages/neutron/service.py:131
2025-07-17 02:22:29.264 23 WARNING amqp [req-525a133f-242c-4b6e-9bfa-1ac00583324a - - - - -] Received method (60, 30) during closing channel 1. This method will be ignored
2025-07-17 02:22:29.264 7 INFO oslo_service.service [-] Child 25 exited with status 0
2025-07-17 02:22:29.264 23 DEBUG neutron.service [req-525a133f-242c-4b6e-9bfa-1ac00583324a - - - - -] returning from RpcWorker wait() _wait /var/lib/kolla/venv/lib/python3.6/site-packages/neutron/service.py:135
2025-07-17 02:22:29.266 24 WARNING amqp [req-525a133f-242c-4b6e-9bfa-1ac00583324a - - - - -] Received method (60, 30) during closing channel 1. This method will be ignored
2025-07-17 02:22:29.266 24 DEBUG neutron.service [req-525a133f-242c-4b6e-9bfa-1ac00583324a - - - - -] calling wait on _wait /var/lib/kolla/venv/lib/python3.6/site-packages/neutron/service.py:131
2025-07-17 02:22:29.269 7 INFO oslo_service.service [-] Child 23 exited with status 0
2025-07-17 02:22:29.270 24 WARNING amqp [req-525a133f-242c-4b6e-9bfa-1ac00583324a - - - - -] Received method (60, 30) during closing channel 1. This method will be ignored
2025-07-17 02:22:29.271 24 DEBUG neutron.service [req-525a133f-242c-4b6e-9bfa-1ac00583324a - - - - -] calling wait on _wait /var/lib/kolla/venv/lib/python3.6/site-packages/neutron/service.py:131
2025-07-17 02:22:29.282 24 WARNING amqp [req-525a133f-242c-4b6e-9bfa-1ac00583324a - - - - -] Received method (60, 30) during closing channel 1. This method will be ignored
2025-07-17 02:22:29.282 24 DEBUG neutron.service [req-525a133f-242c-4b6e-9bfa-1ac00583324a - - - - -] returning from RpcWorker wait() _wait /var/lib/kolla/venv/lib/python3.6/site-packages/neutron/service.py:135
2025-07-17 02:22:29.287 7 INFO oslo_service.service [-] Child 24 exited with status 0
2025-07-17 02:22:29.287 7 INFO oslo_service.service [-] Wait called after thread killed. Cleaning up.
2025-07-17 02:22:29.287 7 DEBUG oslo_service.service [-] Stop services. stop /var/lib/kolla/venv/lib/python3.6/site-packages/oslo_service/service.py:695
2025-07-17 02:22:29.287 7 DEBUG oslo_service.service [-] Killing children. stop /var/lib/kolla/venv/lib/python3.6/site-packages/oslo_service/service.py:700
2025-07-17 02:22:32.942 7 INFO neutron.common.config [-] Logging enabled!
2025-07-17 02:22:32.943 7 INFO neutron.common.config [-] /var/lib/kolla/venv/bin/neutron-server version 20.5.1.dev23
2025-07-17 02:22:32.943 7 DEBUG neutron.common.config [-] command line: /var/lib/kolla/venv/bin/neutron-server --config-file /etc/neutron/neutron.conf --config-file /etc/neutron/ContrailPlugin.ini --config-file /etc/neutron/api-paste.ini setup_logging /var/lib/kolla/venv/lib/python3.6/site-packages/neutron/common/config.py:115
2025-07-17 02:22:32.948 7 INFO neutron.common.config [-] Logging enabled!
2025-07-17 02:22:32.949 7 INFO neutron.common.config [-] /var/lib/kolla/venv/bin/neutron-server version 20.5.1.dev23
2025-07-17 02:22:32.950 7 DEBUG neutron.common.config [-] command line: /var/lib/kolla/venv/bin/neutron-server --config-file /etc/neutron/neutron.conf --config-file /etc/neutron/ContrailPlugin.ini --config-file /etc/neutron/api-paste.ini setup_logging /var/lib/kolla/venv/lib/python3.6/site-packages/neutron/common/config.py:115
2025-07-17 02:22:32.950 7 DEBUG neutron.common.config [-] ******************************************************************************** log_opt_values /var/lib/kolla/venv/lib/python3.6/site-packages/oslo_config/cfg.py:2589
2025-07-17 02:22:32.950 7 DEBUG neutron.common.config [-] Configuration options gathered from: log_opt_values /var/lib/kolla/venv/lib/python3.6/site-packages/oslo_config/cfg.py:2590
2025-07-17 02:22:32.950 7 DEBUG neutron.common.config [-] command line args: ['--config-file', '/etc/neutron/neutron.conf', '--config-file', '/etc/neutron/ContrailPlugin.ini', '--config-file', '/etc/neutron/api-paste.ini'] log_opt_values /var/lib/kolla/venv/lib/python3.6/site-packages/oslo_config/cfg.py:2591
2025-07-17 02:22:32.951 7 DEBUG neutron.common.config [-] config files: ['/etc/neutron/neutron.conf', '/etc/neutron/ContrailPlugin.ini', '/etc/neutron/api-paste.ini'] log_opt_values /var/lib/kolla/venv/lib/python3.6/site-packages/oslo_config/cfg.py:2593
2025-07-17 02:22:32.951 7 DEBUG neutron.common.config [-] ================================================================================ log_opt_values /var/lib/kolla/venv/lib/python3.6/site-packages/oslo_config/cfg.py:2594
2025-07-17 02:22:32.951 7 DEBUG neutron.common.config [-] allow_bulk = True log_opt_values /var/lib/kolla/venv/lib/python3.6/site-packages/oslo_config/cfg.py:2603
2025-07-17 02:22:32.952 7 WARNING oslo_config.cfg [-] Deprecated: Option "allow_overlapping_ips" from group "DEFAULT" is deprecated for removal. Its value may be silently ignored in the future.
2025-07-17 02:22:32.952 7 DEBUG neutron.common.config [-] allow_overlapping_ips = True log_opt_values /var/lib/kolla/venv/lib/python3.6/site-packages/oslo_config/cfg.py:2603
2025-07-17 02:22:32.952 7 DEBUG neutron.common.config [-] api_extensions_path = /opt/plugin/site-packages/neutron_plugin_contrail/extensions:/opt/plugin/site-packages/neutron_lbaas/extensions log_opt_values /var/lib/kolla/venv/lib/python3.6/site-packages/oslo_config/cfg.py:2603
2025-07-17 02:22:32.952 7 DEBUG neutron.common.config [-] api_paste_config = /etc/neutron/api-paste.ini log_opt_values /var/lib/kolla/venv/lib/python3.6/site-packages/oslo_config/cfg.py:2603
2025-07-17 02:22:32.953 7 DEBUG neutron.common.config [-] api_workers = 1 log_opt_values /var/lib/kolla/venv/lib/python3.6/site-packages/oslo_config/cfg.py:2603
2025-07-17 02:22:32.953 7 DEBUG neutron.common.config [-] auth_strategy = keystone log_opt_values /var/lib/kolla/venv/lib/python3.6/site-packages/oslo_config/cfg.py:2603
2025-07-17 02:22:32.953 7 DEBUG neutron.common.config [-] backlog = 4096 log_opt_values /var/lib/kolla/venv/lib/python3.6/site-packages/oslo_config/cfg.py:2603
2025-07-17 02:22:32.953 7 DEBUG neutron.common.config [-] base_mac = fa:16:3e:00:00:00 log_opt_values /var/lib/kolla/venv/lib/python3.6/site-packages/oslo_config/cfg.py:2603
2025-07-17 02:22:32.953 7 DEBUG neutron.common.config [-] bind_host = 10.0.0.49 log_opt_values /var/lib/kolla/venv/lib/python3.6/site-packages/oslo_config/cfg.py:2603
